HEX
Server: Apache
System: Linux msm5694.mjhst.com 3.10.0-1160.119.1.el7.x86_64 #1 SMP Tue Jun 4 14:43:51 UTC 2024 x86_64
User: camjab_ssh (1000)
PHP: 5.3.29
Disabled: NONE
Upload Files
File: //home/httpd/logs/harmonytube.com_access_log.3
51.68.107.150 - - [27/Jan/2026:04:40:03 -0500] "GET /robots.txt HTTP/1.1" 302 275 "-" "Mozilla/5.0 (compatible; MJ12bot/v2.0.4; http://mj12bot.com/)"
51.68.107.150 - - [27/Jan/2026:04:40:03 -0500] "GET / HTTP/1.1" 302 275 "-" "Mozilla/5.0 (compatible; MJ12bot/v2.0.4; http://mj12bot.com/)"
143.198.152.181 - - [27/Jan/2026:04:48:20 -0500] "GET / HTTP/1.1" 301 - "-" "Mozilla/5.0 (X11; Linux x86_64) AppleWebKit/537.36 (KHTML, like Gecko) Chrome/142.0.0.0 Safari/537.36"
43.157.149.188 - - [27/Jan/2026:05:23:47 -0500] "GET / HTTP/1.1" 301 - "-" "Mozilla/5.0 (iPhone; CPU iPhone OS 13_2_3 like Mac OS X) AppleWebKit/605.1.15 (KHTML, like Gecko) Version/13.0.3 Mobile/15E148 Safari/604.1"
74.206.190.67 - - [27/Jan/2026:05:23:48 -0500] "POST /wp-cron.php?doing_wp_cron=1769509428.8793499469757080078125 HTTP/1.1" 200 - "-" "WordPress/3.6.1; http://www.harmonytube.com"
43.157.149.188 - - [27/Jan/2026:05:23:48 -0500] "GET / HTTP/1.1" 200 58900 "http://harmonytube.com" "Mozilla/5.0 (iPhone; CPU iPhone OS 13_2_3 like Mac OS X) AppleWebKit/605.1.15 (KHTML, like Gecko) Version/13.0.3 Mobile/15E148 Safari/604.1"
104.168.28.15 - - [27/Jan/2026:05:50:59 -0500] "GET / HTTP/1.1" 301 - "-" "Mozilla/5.0 (Macintosh; Intel Mac OS X 15_7_3) AppleWebKit/605.1.15 (KHTML, like Gecko) Version/26.0 Safari/605.1.15"
104.168.28.15 - - [27/Jan/2026:05:50:59 -0500] "GET / HTTP/1.1" 200 58900 "http://harmonytube.com/" "Mozilla/5.0 (Macintosh; Intel Mac OS X 15_7_3) AppleWebKit/605.1.15 (KHTML, like Gecko) Version/26.0 Safari/605.1.15"
74.206.190.67 - - [27/Jan/2026:06:02:08 -0500] "POST /wp-cron.php?doing_wp_cron=1769511728.1015169620513916015625 HTTP/1.1" 200 - "-" "WordPress/3.6.1; http://www.harmonytube.com"
45.140.207.153 - - [27/Jan/2026:06:02:08 -0500] "GET /wp-login.php HTTP/1.1" 200 2283 "-" "Mozilla/5.0 (Windows NT 10.0; Win64; x64) AppleWebKit/537.36 (KHTML, like Gecko) Chrome/124.0.6367.207 Safari/537.36"
45.140.207.153 - - [27/Jan/2026:06:02:08 -0500] "POST /xmlrpc.php HTTP/1.1" 302 279 "-" "Mozilla/5.0 (Windows NT 10.0; Win64; x64; rv:127.0) Gecko/20100101 Firefox/127.0"
83.142.55.206 - - [27/Jan/2026:06:02:09 -0500] "POST /xmlrpc.php HTTP/1.1" 302 279 "-" "Mozilla/5.0 (Macintosh; Intel Mac OS X 13_5) AppleWebKit/605.1.15 (KHTML, like Gecko) Version/17.5 Safari/605.1.15"
45.159.20.209 - - [27/Jan/2026:06:02:09 -0500] "POST /xmlrpc.php HTTP/1.1" 302 279 "-" "Mozilla/5.0 (Windows NT 10.0; Win64; x64) AppleWebKit/537.36 (KHTML, like Gecko) Chrome/124.0.6367.207 Safari/537.36"
193.187.95.109 - - [27/Jan/2026:06:02:10 -0500] "POST /xmlrpc.php HTTP/1.1" 302 279 "-" "Mozilla/5.0 (Windows NT 10.0; Win64; x64; rv:127.0) Gecko/20100101 Firefox/127.0"
170.168.243.243 - - [27/Jan/2026:06:02:11 -0500] "POST /xmlrpc.php HTTP/1.1" 302 279 "-" "Mozilla/5.0 (Windows NT 10.0; Win64; x64; rv:127.0) Gecko/20100101 Firefox/127.0"
185.202.108.76 - - [27/Jan/2026:06:02:12 -0500] "POST /xmlrpc.php HTTP/1.1" 302 279 "-" "Mozilla/5.0 (Windows NT 10.0; Win64; x64) AppleWebKit/537.36 (KHTML, like Gecko) Chrome/124.0.6367.207 Safari/537.36"
77.220.194.215 - - [27/Jan/2026:06:02:13 -0500] "POST /xmlrpc.php HTTP/1.1" 302 279 "-" "Mozilla/5.0 (Windows NT 10.0; Win64; x64; rv:127.0) Gecko/20100101 Firefox/127.0"
77.83.24.22 - - [27/Jan/2026:06:02:14 -0500] "POST /xmlrpc.php HTTP/1.1" 302 279 "-" "Mozilla/5.0 (Windows NT 10.0; Win64; x64) AppleWebKit/537.36 (KHTML, like Gecko) Chrome/124.0.6367.207 Safari/537.36"
185.96.37.146 - - [27/Jan/2026:06:02:28 -0500] "POST /xmlrpc.php HTTP/1.1" 302 279 "-" "Mozilla/5.0 (Macintosh; Intel Mac OS X 13_5) AppleWebKit/605.1.15 (KHTML, like Gecko) Version/17.5 Safari/605.1.15"
130.49.79.116 - - [27/Jan/2026:06:02:32 -0500] "POST /xmlrpc.php HTTP/1.1" 302 279 "-" "Mozilla/5.0 (Windows NT 10.0; Win64; x64) AppleWebKit/537.36 (KHTML, like Gecko) Chrome/124.0.6367.207 Safari/537.36"
193.151.191.187 - - [27/Jan/2026:06:02:33 -0500] "POST /xmlrpc.php HTTP/1.1" 302 279 "-" "Mozilla/5.0 (Windows NT 10.0; Win64; x64; rv:127.0) Gecko/20100101 Firefox/127.0"
45.140.207.153 - - [27/Jan/2026:06:02:33 -0500] "GET /wp-login.php?wp_lang=en_US HTTP/1.1" 200 2283 "-" "Mozilla/5.0 (Windows NT 10.0; Win64; x64) AppleWebKit/537.36 (KHTML, like Gecko) Chrome/124.0.6367.207 Safari/537.36"
45.140.207.153 - - [27/Jan/2026:06:02:34 -0500] "POST /wp-login.php?wp_lang=en_US HTTP/1.1" 302 - "http://www.harmonytube.com/wp-login.php?wp_lang=en_US" "Mozilla/5.0 (Windows NT 10.0; Win64; x64) AppleWebKit/537.36 (KHTML, like Gecko) Chrome/124.0.6367.207 Safari/537.36"
45.140.207.153 - - [27/Jan/2026:06:02:34 -0500] "GET /wp-admin/ HTTP/1.1" 200 68698 "http://www.harmonytube.com/wp-login.php?wp_lang=en_US" "Mozilla/5.0 (Windows NT 10.0; Win64; x64) AppleWebKit/537.36 (KHTML, like Gecko) Chrome/124.0.6367.207 Safari/537.36"
45.140.207.153 - - [27/Jan/2026:06:02:35 -0500] "GET /wp-admin/admin-ajax.php?action=rest-nonce HTTP/1.1" 200 1 "-" "Mozilla/5.0 (Windows NT 10.0; Win64; x64) AppleWebKit/537.36 (KHTML, like Gecko) Chrome/124.0.6367.207 Safari/537.36"
45.140.207.153 - - [27/Jan/2026:06:02:35 -0500] "GET /wp-admin/admin-ajax.php?action=rest-nonce HTTP/1.1" 200 1 "-" "Mozilla/5.0 (Windows NT 10.0; Win64; x64) AppleWebKit/537.36 (KHTML, like Gecko) Chrome/124.0.6367.207 Safari/537.36"
45.140.207.153 - - [27/Jan/2026:06:02:35 -0500] "GET /wp-admin/admin-ajax.php?action=rest-nonce HTTP/1.1" 200 1 "-" "Mozilla/5.0 (Windows NT 10.0; Win64; x64) AppleWebKit/537.36 (KHTML, like Gecko) Chrome/124.0.6367.207 Safari/537.36"
80.66.79.42 - - [27/Jan/2026:06:38:59 -0500] "GET / HTTP/1.1" 301 - "-" "Mozilla/5.0 (compatible; DomainChecker/2.0)"
80.66.79.42 - - [27/Jan/2026:06:39:08 -0500] "GET / HTTP/1.1" 301 - "-" "Mozilla/5.0 (compatible; DomainChecker/2.0)"
80.66.79.42 - - [27/Jan/2026:06:39:11 -0500] "GET / HTTP/1.1" 200 58900 "-" "Mozilla/5.0 (compatible; DomainChecker/2.0)"
80.66.79.42 - - [27/Jan/2026:06:39:18 -0500] "GET / HTTP/1.1" 301 - "-" "Mozilla/5.0 (compatible; DomainChecker/2.0)"
80.66.79.42 - - [27/Jan/2026:06:39:22 -0500] "GET / HTTP/1.1" 200 58900 "-" "Mozilla/5.0 (compatible; DomainChecker/2.0)"
74.206.190.67 - - [27/Jan/2026:06:57:23 -0500] "POST /wp-cron.php?doing_wp_cron=1769515043.2614030838012695312500 HTTP/1.1" 200 - "-" "WordPress/3.6.1; http://www.harmonytube.com"
43.153.96.79 - - [27/Jan/2026:06:57:23 -0500] "GET / HTTP/1.1" 200 58900 "-" "Mozilla/5.0 (iPhone; CPU iPhone OS 13_2_3 like Mac OS X) AppleWebKit/605.1.15 (KHTML, like Gecko) Version/13.0.3 Mobile/15E148 Safari/604.1"
114.119.151.152 - - [27/Jan/2026:07:09:10 -0500] "GET /index.php/cum-gay/gay-men-looking.html HTTP/1.1" 200 12517 "http://www.harmonytube.com/index.php/page/4" "Mozilla/5.0 (Linux; Android 7.0;) AppleWebKit/537.36 (KHTML, like Gecko) Mobile Safari/537.36 (compatible; PetalBot;+https://webmaster.petalsearch.com/site/petalbot)"
66.249.64.231 - - [27/Jan/2026:07:28:01 -0500] "GET /robots.txt HTTP/1.1" 200 24 "-" "Mozilla/5.0 (compatible; Googlebot/2.1; +http://www.google.com/bot.html)"
114.119.159.40 - - [27/Jan/2026:07:49:13 -0500] "GET /index.php/cum-gay/gay-harmony-squirt.html HTTP/1.1" 200 16283 "http://www.harmonytube.com/index.php/cum-gay/two-gay-harmony.html" "Mozilla/5.0 (Linux; Android 7.0;) AppleWebKit/537.36 (KHTML, like Gecko) Mobile Safari/537.36 (compatible; PetalBot;+https://webmaster.petalsearch.com/site/petalbot)"
114.119.143.135 - - [27/Jan/2026:07:50:37 -0500] "GET /index.php/cum-gay/gay-sex-trick.html HTTP/1.1" 200 12559 "http://www.harmonytube.com/index.php/page/4" "Mozilla/5.0 (Linux; Android 7.0;) AppleWebKit/537.36 (KHTML, like Gecko) Mobile Safari/537.36 (compatible; PetalBot;+https://webmaster.petalsearch.com/site/petalbot)"
74.206.190.67 - - [27/Jan/2026:08:09:07 -0500] "POST /wp-cron.php?doing_wp_cron=1769519347.8927569389343261718750 HTTP/1.1" 200 - "-" "WordPress/3.6.1; http://www.harmonytube.com"
107.189.29.231 - - [27/Jan/2026:08:09:07 -0500] "GET /wp-login.php HTTP/1.1" 200 2283 "-" "Mozilla/5.0 (Windows NT 6.2; WOW64) AppleWebKit/537.36 (KHTML, like Gecko) Chrome/36.0.1985.125 Safari/537.36"
107.189.29.231 - - [27/Jan/2026:08:09:08 -0500] "POST /wp-login.php HTTP/1.1" 200 3227 "-" "Mozilla/5.0 (Windows NT 6.2; WOW64) AppleWebKit/537.36 (KHTML, like Gecko) Chrome/36.0.1985.125 Safari/537.36"
104.244.73.251 - - [27/Jan/2026:08:12:30 -0500] "GET /wp-login.php HTTP/1.1" 200 2283 "-" "Mozilla/5.0 (Macintosh; Intel Mac OS X 10_10) AppleWebKit/600.1.3 (KHTML, like Gecko) Version/8.0 Safari/600.1.3"
104.244.73.251 - - [27/Jan/2026:08:12:31 -0500] "POST /wp-login.php HTTP/1.1" 200 3182 "-" "Mozilla/5.0 (Macintosh; Intel Mac OS X 10_10) AppleWebKit/600.1.3 (KHTML, like Gecko) Version/8.0 Safari/600.1.3"
114.119.151.156 - - [27/Jan/2026:08:14:48 -0500] "GET /index.php/gay-harmony/gay-harcore-porn.html HTTP/1.1" 301 - "http://www.harmonytube.com/index.php/category/cum-gay" "Mozilla/5.0 (Linux; Android 7.0;) AppleWebKit/537.36 (KHTML, like Gecko) Mobile Safari/537.36 (compatible; PetalBot;+https://webmaster.petalsearch.com/site/petalbot)"
114.119.151.156 - - [27/Jan/2026:08:14:49 -0500] "GET /index.php/cum-gay/gay-harcore-porn.html HTTP/1.1" 200 12415 "http://www.harmonytube.com/index.php/category/cum-gay" "Mozilla/5.0 (Linux; Android 7.0;) AppleWebKit/537.36 (KHTML, like Gecko) Mobile Safari/537.36 (compatible; PetalBot;+https://webmaster.petalsearch.com/site/petalbot)"
114.119.151.74 - - [27/Jan/2026:08:17:45 -0500] "GET /index.php/cum-gay/gay-hardcore-tube-2.html HTTP/1.1" 200 12511 "http://www.harmonytube.com/" "Mozilla/5.0 (Linux; Android 7.0;) AppleWebKit/537.36 (KHTML, like Gecko) Mobile Safari/537.36 (compatible; PetalBot;+https://webmaster.petalsearch.com/site/petalbot)"
114.119.134.80 - - [27/Jan/2026:08:18:32 -0500] "GET /index.php/cum-gay/gay-cum-fart.html HTTP/1.1" 200 16222 "http://www.harmonytube.com/index.php/page/5" "Mozilla/5.0 (Linux; Android 7.0;) AppleWebKit/537.36 (KHTML, like Gecko) Mobile Safari/537.36 (compatible; PetalBot;+https://webmaster.petalsearch.com/site/petalbot)"
114.119.145.78 - - [27/Jan/2026:08:32:38 -0500] "GET /index.php/tag/gay HTTP/1.1" 200 45776 "http://www.harmonytube.com/index.php/cum-gay/two-gay-harmony.html" "Mozilla/5.0 (Linux; Android 7.0;) AppleWebKit/537.36 (KHTML, like Gecko) Mobile Safari/537.36 (compatible; PetalBot;+https://webmaster.petalsearch.com/site/petalbot)"
182.44.8.254 - - [27/Jan/2026:08:32:56 -0500] "GET / HTTP/1.1" 301 - "-" "Mozilla/5.0 (iPhone; CPU iPhone OS 13_2_3 like Mac OS X) AppleWebKit/605.1.15 (KHTML, like Gecko) Version/13.0.3 Mobile/15E148 Safari/604.1"
4.194.179.26 - - [27/Jan/2026:08:37:26 -0500] "GET //wp-content/plugins/fix/up.php HTTP/1.1" 302 275 "-" "Mozilla/5.0 (Windows NT 10.0; Win64; x64) AppleWebKit/537.36 (KHTML, like Gecko) Chrome/85.0.4183.102 Safari/537.36"
74.206.190.67 - - [27/Jan/2026:09:20:28 -0500] "POST /wp-cron.php?doing_wp_cron=1769523628.7313580513000488281250 HTTP/1.1" 200 - "-" "WordPress/3.6.1; http://www.harmonytube.com"
95.85.238.20 - - [27/Jan/2026:09:20:25 -0500] "GET /wp-login.php HTTP/1.1" 200 2283 "-" "Mozilla/5.0 (Macintosh; Intel Mac OS X 10.7; rv:31.0) Gecko/20100101 Firefox/31.0"
95.85.238.20 - - [27/Jan/2026:09:20:30 -0500] "POST /wp-login.php HTTP/1.1" 200 3227 "-" "Mozilla/5.0 (Macintosh; Intel Mac OS X 10.7; rv:31.0) Gecko/20100101 Firefox/31.0"
198.98.56.172 - - [27/Jan/2026:09:24:34 -0500] "GET /wp-login.php HTTP/1.1" 200 2391 "-" "Mozilla/5.0 (iPhone; CPU iPhone OS 7_1_2 like Mac OS X) AppleWebKit/537.51.1 (KHTML, like Gecko) GSA/4.1.0.31802 Mobile/11D257 Safari/9537.53"
198.98.56.172 - - [27/Jan/2026:09:24:34 -0500] "POST /wp-login.php HTTP/1.1" 200 2609 "-" "Mozilla/5.0 (iPhone; CPU iPhone OS 7_1_2 like Mac OS X) AppleWebKit/537.51.1 (KHTML, like Gecko) GSA/4.1.0.31802 Mobile/11D257 Safari/9537.53"
205.210.31.110 - - [27/Jan/2026:09:52:58 -0500] "GET / HTTP/1.1" 301 - "-" "Hello from Palo Alto Networks, find out more about our scans in https://docs-cortex.paloaltonetworks.com/r/1/Cortex-Xpanse/Scanning-activity"
74.206.190.67 - - [27/Jan/2026:10:48:30 -0500] "POST /wp-cron.php?doing_wp_cron=1769528910.2959260940551757812500 HTTP/1.1" 200 - "-" "WordPress/3.6.1; http://www.harmonytube.com"
113.187.69.205 - - [27/Jan/2026:10:48:30 -0500] "GET /index.php/cum-gay/gay-hardcore-men.html HTTP/1.1" 200 12347 "-" "Mozilla/5.0 (Macintosh; Intel Mac OS X 10_10_3) AppleWebKit/537.36 (KHTML, like Gecko) Chrome/65.0.3325.44 Safari/537.36"
43.135.138.128 - - [27/Jan/2026:10:56:40 -0500] "GET / HTTP/1.1" 301 - "-" "Mozilla/5.0 (iPhone; CPU iPhone OS 13_2_3 like Mac OS X) AppleWebKit/605.1.15 (KHTML, like Gecko) Version/13.0.3 Mobile/15E148 Safari/604.1"
74.206.190.67 - - [27/Jan/2026:10:56:41 -0500] "POST /wp-cron.php?doing_wp_cron=1769529401.1039409637451171875000 HTTP/1.1" 200 - "-" "WordPress/3.6.1; http://www.harmonytube.com"
43.135.138.128 - - [27/Jan/2026:10:56:41 -0500] "GET / HTTP/1.1" 200 58900 "http://harmonytube.com" "Mozilla/5.0 (iPhone; CPU iPhone OS 13_2_3 like Mac OS X) AppleWebKit/605.1.15 (KHTML, like Gecko) Version/13.0.3 Mobile/15E148 Safari/604.1"
195.250.31.127 - - [27/Jan/2026:12:04:41 -0500] "GET /.env HTTP/1.1" 302 275 "-" "-"
77.83.39.184 - - [27/Jan/2026:12:06:51 -0500] "GET //www.hairy-whores.com/xmlrpc.php HTTP/1.1" 302 279 "-" "Mozilla/5.0 (Macintosh; Intel Mac OS X 10.8; rv:21.0) Gecko/20100101 Firefox/21.0"
77.83.39.184 - - [27/Jan/2026:12:06:53 -0500] "GET //www.hairy-whores.com/index.php HTTP/1.1" 302 279 "-" "Mozilla/5.0 (Windows NT 10.0; Win64; x64) AppleWebKit/537.36 (KHTML, like Gecko) Chrome/75.0.3770.80 Safari/537.36"
77.83.39.184 - - [27/Jan/2026:12:07:23 -0500] "GET //www.hairy-whores.com/index.php HTTP/1.1" 302 279 "-" "Mozilla/5.0 (iPhone; CPU iPhone OS 9_2 like Mac OS X) AppleWebKit/601.1.46 (KHTML, like Gecko) Version/9.0 Mobile/13C75 Safari/601.1"
74.206.190.67 - - [27/Jan/2026:12:21:16 -0500] "POST /wp-cron.php?doing_wp_cron=1769534476.4875979423522949218750 HTTP/1.1" 200 - "-" "WordPress/3.6.1; http://www.harmonytube.com"
43.155.157.239 - - [27/Jan/2026:12:21:16 -0500] "GET / HTTP/1.1" 200 58900 "-" "Mozilla/5.0 (iPhone; CPU iPhone OS 13_2_3 like Mac OS X) AppleWebKit/605.1.15 (KHTML, like Gecko) Version/13.0.3 Mobile/15E148 Safari/604.1"
107.189.11.186 - - [27/Jan/2026:12:34:18 -0500] "GET /wp-login.php HTTP/1.1" 200 2283 "-" "Mozilla/5.0 (Windows NT 6.1) AppleWebKit/537.36 (KHTML, like Gecko) Chrome/36.0.1985.125 Safari/537.36"
107.189.11.186 - - [27/Jan/2026:12:34:20 -0500] "POST /wp-login.php HTTP/1.1" 200 3182 "-" "Mozilla/5.0 (Windows NT 6.1) AppleWebKit/537.36 (KHTML, like Gecko) Chrome/36.0.1985.125 Safari/537.36"
74.206.190.67 - - [27/Jan/2026:13:29:58 -0500] "POST /wp-cron.php?doing_wp_cron=1769538598.4807679653167724609375 HTTP/1.1" 200 - "-" "WordPress/3.6.1; http://www.harmonytube.com"
114.119.151.156 - - [27/Jan/2026:13:29:58 -0500] "GET /index.php/category/cum-gay HTTP/1.1" 200 58979 "http://www.harmonytube.com/index.php/cum-gay/gay-hot-men.html" "Mozilla/5.0 (Linux; Android 7.0;) AppleWebKit/537.36 (KHTML, like Gecko) Mobile Safari/537.36 (compatible; PetalBot;+https://webmaster.petalsearch.com/site/petalbot)"
198.98.53.57 - - [27/Jan/2026:13:45:03 -0500] "GET /wp-login.php HTTP/1.1" 200 2283 "-" "Mozilla/5.0 (Macintosh; Intel Mac OS X 10.9; rv:30.0) Gecko/20100101 Firefox/30.0"
198.98.53.57 - - [27/Jan/2026:13:45:04 -0500] "POST /wp-login.php HTTP/1.1" 200 3227 "-" "Mozilla/5.0 (Macintosh; Intel Mac OS X 10.9; rv:30.0) Gecko/20100101 Firefox/30.0"
116.76.38.88 - - [27/Jan/2026:13:46:09 -0500] "GET /robots.txt HTTP/1.1" 200 24 "-" "Mozilla/5.0 (Windows NT 10.0; Win64; x64) AppleWebKit/537.36 (KHTML, like Gecko) Chrome/55.0.4315.146 Safari/537.36 Edge/18.18362"
205.185.126.5 - - [27/Jan/2026:13:46:12 -0500] "GET /wp-login.php HTTP/1.1" 200 2283 "-" "Mozilla/5.0 (compatible; MSIE 9.0; Windows NT 6.1; WOW64; Trident/5.0)"
205.185.126.5 - - [27/Jan/2026:13:46:13 -0500] "POST /wp-login.php HTTP/1.1" 200 3182 "-" "Mozilla/5.0 (compatible; MSIE 9.0; Windows NT 6.1; WOW64; Trident/5.0)"
74.206.190.67 - - [27/Jan/2026:14:01:23 -0500] "POST /wp-cron.php?doing_wp_cron=1769540483.8341538906097412109375 HTTP/1.1" 200 - "-" "WordPress/3.6.1; http://www.harmonytube.com"
114.119.134.80 - - [27/Jan/2026:14:01:23 -0500] "GET /index.php/gay-harmony/gay-hardcore-men.html HTTP/1.1" 301 - "http://www.harmonytube.com/index.php/category/cum-gay" "Mozilla/5.0 (Linux; Android 7.0;) AppleWebKit/537.36 (KHTML, like Gecko) Mobile Safari/537.36 (compatible; PetalBot;+https://webmaster.petalsearch.com/site/petalbot)"
114.119.134.80 - - [27/Jan/2026:14:01:24 -0500] "GET /index.php/cum-gay/gay-hardcore-men.html HTTP/1.1" 200 12347 "http://www.harmonytube.com/index.php/category/cum-gay" "Mozilla/5.0 (Linux; Android 7.0;) AppleWebKit/537.36 (KHTML, like Gecko) Mobile Safari/537.36 (compatible; PetalBot;+https://webmaster.petalsearch.com/site/petalbot)"
45.61.188.5 - - [27/Jan/2026:14:50:59 -0500] "GET /wp-login.php HTTP/1.1" 200 2283 "-" "Mozilla/5.0 (Macintosh; Intel Mac OS X 10.8; rv:30.0) Gecko/20100101 Firefox/30.0"
45.61.188.5 - - [27/Jan/2026:14:51:00 -0500] "POST /wp-login.php HTTP/1.1" 200 3182 "-" "Mozilla/5.0 (Macintosh; Intel Mac OS X 10.8; rv:30.0) Gecko/20100101 Firefox/30.0"
45.61.187.77 - - [27/Jan/2026:14:53:17 -0500] "GET /wp-login.php HTTP/1.1" 200 2283 "-" "Mozilla/5.0 (Macintosh; Intel Mac OS X 10_7_5) AppleWebKit/537.77.4 (KHTML, like Gecko) Version/6.1.5 Safari/537.77.4"
45.61.187.77 - - [27/Jan/2026:14:53:26 -0500] "POST /wp-login.php HTTP/1.1" 200 3245 "-" "Mozilla/5.0 (Macintosh; Intel Mac OS X 10_7_5) AppleWebKit/537.77.4 (KHTML, like Gecko) Version/6.1.5 Safari/537.77.4"
74.206.190.67 - - [27/Jan/2026:15:00:15 -0500] "POST /wp-cron.php?doing_wp_cron=1769544015.2647550106048583984375 HTTP/1.1" 200 - "-" "WordPress/3.6.1; http://www.harmonytube.com"
43.138.68.113 - - [27/Jan/2026:15:00:15 -0500] "GET / HTTP/1.1" 200 58900 "-" "Mozilla/5.0 (iPhone; CPU iPhone OS 13_2_3 like Mac OS X) AppleWebKit/605.1.15 (KHTML, like Gecko) Version/13.0.3 Mobile/15E148 Safari/604.1"
114.119.145.78 - - [27/Jan/2026:15:32:05 -0500] "GET /index.php/cum-gay/gay-tube-sex-tape.html HTTP/1.1" 200 12466 "http://www.harmonytube.com/index.php/page/3" "Mozilla/5.0 (Linux; Android 7.0;) AppleWebKit/537.36 (KHTML, like Gecko) Mobile Safari/537.36 (compatible; PetalBot;+https://webmaster.petalsearch.com/site/petalbot)"
74.206.190.67 - - [27/Jan/2026:15:58:22 -0500] "POST /wp-cron.php?doing_wp_cron=1769547502.0627760887145996093750 HTTP/1.1" 200 - "-" "WordPress/3.6.1; http://www.harmonytube.com"
114.119.142.236 - - [27/Jan/2026:15:58:21 -0500] "GET /index.php/cum-gay/gay-sex-tube-2.html HTTP/1.1" 200 12424 "http://www.harmonytube.com/index.php/page/2" "Mozilla/5.0 (Linux; Android 7.0;) AppleWebKit/537.36 (KHTML, like Gecko) Mobile Safari/537.36 (compatible; PetalBot;+https://webmaster.petalsearch.com/site/petalbot)"
178.16.53.170 - - [27/Jan/2026:15:58:38 -0500] "GET /wp-login.php HTTP/1.1" 301 - "-" "Mozilla/5.0"
178.16.53.170 - - [27/Jan/2026:15:58:38 -0500] "GET /wp-login.php HTTP/1.1" 301 - "-" "Mozilla/5.0"
114.119.145.78 - - [27/Jan/2026:16:05:08 -0500] "GET /index.php/cum-gay/ass-cum.html HTTP/1.1" 200 16276 "http://www.harmonytube.com/index.php/cum-gay/two-gay-harmony.html" "Mozilla/5.0 (Linux; Android 7.0;) AppleWebKit/537.36 (KHTML, like Gecko) Mobile Safari/537.36 (compatible; PetalBot;+https://webmaster.petalsearch.com/site/petalbot)"
114.119.159.40 - - [27/Jan/2026:16:17:12 -0500] "GET /index.php/cum-gay/gay-horny-sex.html HTTP/1.1" 200 12470 "http://www.harmonytube.com/index.php/page/3" "Mozilla/5.0 (Linux; Android 7.0;) AppleWebKit/537.36 (KHTML, like Gecko) Mobile Safari/537.36 (compatible; PetalBot;+https://webmaster.petalsearch.com/site/petalbot)"
114.119.145.78 - - [27/Jan/2026:16:41:55 -0500] "GET /index.php/cum-gay/gay-cumshot-tube-2.html HTTP/1.1" 200 12439 "http://www.harmonytube.com/index.php/page/2" "Mozilla/5.0 (Linux; Android 7.0;) AppleWebKit/537.36 (KHTML, like Gecko) Mobile Safari/537.36 (compatible; PetalBot;+https://webmaster.petalsearch.com/site/petalbot)"
43.130.47.33 - - [27/Jan/2026:16:44:41 -0500] "GET / HTTP/1.1" 301 - "-" "Mozilla/5.0 (iPhone; CPU iPhone OS 13_2_3 like Mac OS X) AppleWebKit/605.1.15 (KHTML, like Gecko) Version/13.0.3 Mobile/15E148 Safari/604.1"
43.130.47.33 - - [27/Jan/2026:16:44:42 -0500] "GET / HTTP/1.1" 200 58900 "http://harmonytube.com" "Mozilla/5.0 (iPhone; CPU iPhone OS 13_2_3 like Mac OS X) AppleWebKit/605.1.15 (KHTML, like Gecko) Version/13.0.3 Mobile/15E148 Safari/604.1"
34.63.49.72 - - [27/Jan/2026:17:07:53 -0500] "HEAD /wordpress/ HTTP/1.1" 302 - "-" "Mozilla/5.0 (iPhone; CPU iPhone OS 16_7 like Mac OS X) AppleWebKit/605.1.15 (KHTML, like Gecko) Version/16.7 Mobile/15E148 Safari/604.1"
34.63.49.72 - - [27/Jan/2026:17:07:53 -0500] "HEAD /blog/ HTTP/1.1" 302 - "-" "Mozilla/5.0 (Linux; Android 10; vivo 1904) AppleWebKit/537.36 (KHTML, like Gecko) Chrome/117.0.5938.60 Mobile Safari/537.36"
34.63.49.72 - - [27/Jan/2026:17:07:53 -0500] "HEAD /backup/ HTTP/1.1" 302 - "-" "Mozilla/5.0 (Linux; Android 11; moto g31) AppleWebKit/537.36 (KHTML, like Gecko) Chrome/122.0.6261.96 Mobile Safari/537.36"
34.63.49.72 - - [27/Jan/2026:17:07:53 -0500] "HEAD /old/ HTTP/1.1" 302 - "-" "Mozilla/5.0 (Macintosh; Intel Mac OS X 14_5) AppleWebKit/605.1.15 (KHTML, like Gecko) Version/17.5 Safari/605.1.15"
34.63.49.72 - - [27/Jan/2026:17:07:53 -0500] "HEAD /wp/ HTTP/1.1" 302 - "-" "Mozilla/5.0 (Windows NT 11.0; Win64; x64) AppleWebKit/537.36 (KHTML, like Gecko) Edg/128.0.2790.25 Chrome/128.0.6540.22 Safari/537.36"
34.63.49.72 - - [27/Jan/2026:17:07:53 -0500] "HEAD /new/ HTTP/1.1" 302 - "-" "Mozilla/5.0 (Linux; U; Android 10; en-US; CPH2015) AppleWebKit/537.36 (KHTML, like Gecko) UCBrowser/13.5.8.1311 Mobile Safari/537.36"
34.63.49.72 - - [27/Jan/2026:17:07:53 -0500] "HEAD / HTTP/1.1" 301 - "-" "Mozilla/5.0 (Windows NT 10.0; Win64; x64) AppleWebKit/537.36 (KHTML, like Gecko) Chrome/126.0.6478.70 Safari/537.36 Vivaldi/6.7.3200.25"
74.206.190.67 - - [27/Jan/2026:17:07:54 -0500] "POST /wp-cron.php?doing_wp_cron=1769551674.2028579711914062500000 HTTP/1.1" 200 - "-" "WordPress/3.6.1; http://www.harmonytube.com"
34.63.49.72 - - [27/Jan/2026:17:07:54 -0500] "HEAD / HTTP/1.1" 200 - "http://harmonytube.com/" "Mozilla/5.0 (Windows NT 10.0; Win64; x64) AppleWebKit/537.36 (KHTML, like Gecko) Chrome/126.0.6478.70 Safari/537.36 Vivaldi/6.7.3200.25"
93.158.90.66 - - [27/Jan/2026:17:08:10 -0500] "GET / HTTP/1.1" 301 - "-" "Mozilla/5.0 (Linux; Android 14; SM-S901B) AppleWebKit/537.36 (KHTML, like Gecko) Chrome/120.0.6099.280 Mobile Safari/537.36 OPR/80.4.4244.7786"
93.158.90.65 - - [27/Jan/2026:17:08:10 -0500] "GET / HTTP/1.1" 200 58900 "http://harmonytube.com/" "Mozilla/5.0 (Linux; Android 14; SM-S901B) AppleWebKit/537.36 (KHTML, like Gecko) Chrome/120.0.6099.280 Mobile Safari/537.36 OPR/80.4.4244.7786"
93.158.90.67 - - [27/Jan/2026:17:08:11 -0500] "GET /index.php/cum-gay/bareback-hardcore-tube.html HTTP/1.1" 200 12336 "-" "Mozilla/5.0 (Linux; Android 14; SM-S901B) AppleWebKit/537.36 (KHTML, like Gecko) Chrome/120.0.6099.280 Mobile Safari/537.36 OPR/80.4.4244.7786"
93.158.90.73 - - [27/Jan/2026:17:08:12 -0500] "GET /index.php/cum-gay/bareback-gay-hardcore.html HTTP/1.1" 200 12506 "-" "Mozilla/5.0 (Linux; Android 14; SM-S901B) AppleWebKit/537.36 (KHTML, like Gecko) Chrome/120.0.6099.280 Mobile Safari/537.36 OPR/80.4.4244.7786"
93.158.90.71 - - [27/Jan/2026:17:08:13 -0500] "GET /index.php/cum-gay/gay-hardcore-tube-2.html HTTP/1.1" 200 12511 "-" "Mozilla/5.0 (Linux; Android 14; SM-S901B) AppleWebKit/537.36 (KHTML, like Gecko) Chrome/120.0.6099.280 Mobile Safari/537.36 OPR/80.4.4244.7786"
95.85.238.20 - - [27/Jan/2026:17:46:21 -0500] "GET /wp-login.php HTTP/1.1" 200 2283 "-" "Mozilla/5.0 (Macintosh; Intel Mac OS X 10_9_4) AppleWebKit/537.36 (KHTML, like Gecko) Chrome/36.0.1985.143 Safari/537.36"
95.85.238.20 - - [27/Jan/2026:17:46:22 -0500] "POST /wp-login.php HTTP/1.1" 200 3182 "-" "Mozilla/5.0 (Macintosh; Intel Mac OS X 10_9_4) AppleWebKit/537.36 (KHTML, like Gecko) Chrome/36.0.1985.143 Safari/537.36"
114.119.134.80 - - [27/Jan/2026:17:50:05 -0500] "GET /index.php/cum-gay/gay-long-movies.html HTTP/1.1" 200 12495 "http://www.harmonytube.com/index.php/category/cum-gay/" "Mozilla/5.0 (Linux; Android 7.0;) AppleWebKit/537.36 (KHTML, like Gecko) Mobile Safari/537.36 (compatible; PetalBot;+https://webmaster.petalsearch.com/site/petalbot)"
74.206.190.67 - - [27/Jan/2026:18:08:16 -0500] "POST /wp-cron.php?doing_wp_cron=1769555296.8821630477905273437500 HTTP/1.1" 200 - "-" "WordPress/3.6.1; http://www.harmonytube.com"
147.78.180.199 - - [27/Jan/2026:18:08:16 -0500] "GET /wp-login.php HTTP/1.1" 200 2283 "-" "Mozilla/5.0 (Macintosh; Intel Mac OS X 13_5) AppleWebKit/605.1.15 (KHTML, like Gecko) Version/17.5 Safari/605.1.15"
147.78.180.199 - - [27/Jan/2026:18:08:20 -0500] "GET /wp-login.php?wp_lang=en_US HTTP/1.1" 200 2283 "-" "Mozilla/5.0 (Windows NT 10.0; Win64; x64) AppleWebKit/537.36 (KHTML, like Gecko) Chrome/124.0.6367.207 Safari/537.36"
147.78.180.199 - - [27/Jan/2026:18:08:22 -0500] "POST /wp-login.php?wp_lang=en_US HTTP/1.1" 302 - "http://www.harmonytube.com/wp-login.php?wp_lang=en_US" "Mozilla/5.0 (Windows NT 10.0; Win64; x64) AppleWebKit/537.36 (KHTML, like Gecko) Chrome/124.0.6367.207 Safari/537.36"
147.78.180.199 - - [27/Jan/2026:18:08:23 -0500] "GET /wp-admin/ HTTP/1.1" 200 68698 "http://www.harmonytube.com/wp-login.php?wp_lang=en_US" "Mozilla/5.0 (Windows NT 10.0; Win64; x64) AppleWebKit/537.36 (KHTML, like Gecko) Chrome/124.0.6367.207 Safari/537.36"
147.78.180.199 - - [27/Jan/2026:18:08:27 -0500] "GET /wp-admin/plugin-install.php HTTP/1.1" 200 46288 "-" "Mozilla/5.0 (Windows NT 10.0; Win64; x64) AppleWebKit/537.36 (KHTML, like Gecko) Chrome/124.0.6367.207 Safari/537.36"
147.78.180.199 - - [27/Jan/2026:18:08:29 -0500] "GET /wp-admin/plugin-install.php HTTP/1.1" 200 46288 "-" "Mozilla/5.0 (Windows NT 10.0; Win64; x64) AppleWebKit/537.36 (KHTML, like Gecko) Chrome/124.0.6367.207 Safari/537.36"
147.78.180.199 - - [27/Jan/2026:18:08:32 -0500] "GET /wp-admin/plugin-install.php HTTP/1.1" 200 46288 "-" "Mozilla/5.0 (Windows NT 10.0; Win64; x64) AppleWebKit/537.36 (KHTML, like Gecko) Chrome/124.0.6367.207 Safari/537.36"
147.78.180.199 - - [27/Jan/2026:18:08:34 -0500] "GET /wp-admin/plugin-install.php HTTP/1.1" 200 46288 "-" "Mozilla/5.0 (Windows NT 10.0; Win64; x64) AppleWebKit/537.36 (KHTML, like Gecko) Chrome/124.0.6367.207 Safari/537.36"
147.78.180.199 - - [27/Jan/2026:18:08:37 -0500] "GET /wp-admin/plugin-install.php HTTP/1.1" 200 46288 "-" "Mozilla/5.0 (Windows NT 10.0; Win64; x64) AppleWebKit/537.36 (KHTML, like Gecko) Chrome/124.0.6367.207 Safari/537.36"
147.78.180.199 - - [27/Jan/2026:18:08:40 -0500] "GET /wp-admin/theme-editor.php HTTP/1.1" 200 40941 "-" "Mozilla/5.0 (Windows NT 10.0; Win64; x64) AppleWebKit/537.36 (KHTML, like Gecko) Chrome/124.0.6367.207 Safari/537.36"
147.78.180.199 - - [27/Jan/2026:18:08:42 -0500] "GET /wp-admin/plugins.php HTTP/1.1" 200 68285 "-" "Mozilla/5.0 (Windows NT 10.0; Win64; x64) AppleWebKit/537.36 (KHTML, like Gecko) Chrome/124.0.6367.207 Safari/537.36"
114.119.145.78 - - [27/Jan/2026:18:10:17 -0500] "GET /index.php/gay-harmony/cock-facial.html HTTP/1.1" 301 - "http://www.harmonytube.com/index.php/tag/gay" "Mozilla/5.0 (Linux; Android 7.0;) AppleWebKit/537.36 (KHTML, like Gecko) Mobile Safari/537.36 (compatible; PetalBot;+https://webmaster.petalsearch.com/site/petalbot)"
114.119.145.78 - - [27/Jan/2026:18:10:18 -0500] "GET /index.php/cum-gay/cock-facial.html HTTP/1.1" 200 16270 "http://www.harmonytube.com/index.php/tag/gay" "Mozilla/5.0 (Linux; Android 7.0;) AppleWebKit/537.36 (KHTML, like Gecko) Mobile Safari/537.36 (compatible; PetalBot;+https://webmaster.petalsearch.com/site/petalbot)"
43.173.1.69 - - [27/Jan/2026:18:11:55 -0500] "GET / HTTP/1.1" 200 58900 "-" "Mozilla/5.0 (iPhone; CPU iPhone OS 13_2_3 like Mac OS X) AppleWebKit/605.1.15 (KHTML, like Gecko) Version/13.0.3 Mobile/15E148 Safari/604.1"
185.194.178.58 - - [27/Jan/2026:18:26:08 -0500] "GET /vendor/phpunit/phpunit/phpunit.xsd HTTP/1.1" 302 275 "-" "Mozilla/5.0 (X11; Linux x86_64; rv:52.0) Gecko/20100101 Firefox/52.0"
114.119.145.78 - - [27/Jan/2026:18:35:18 -0500] "GET /index.php/gay-harmony/gay-studtube.html HTTP/1.1" 301 - "http://www.harmonytube.com/index.php/page/2" "Mozilla/5.0 (Linux; Android 7.0;) AppleWebKit/537.36 (KHTML, like Gecko) Mobile Safari/537.36 (compatible; PetalBot;+https://webmaster.petalsearch.com/site/petalbot)"
114.119.145.78 - - [27/Jan/2026:18:35:19 -0500] "GET /index.php/cum-gay/gay-studtube.html HTTP/1.1" 200 12349 "http://www.harmonytube.com/index.php/page/2" "Mozilla/5.0 (Linux; Android 7.0;) AppleWebKit/537.36 (KHTML, like Gecko) Mobile Safari/537.36 (compatible; PetalBot;+https://webmaster.petalsearch.com/site/petalbot)"
74.206.190.67 - - [27/Jan/2026:18:56:38 -0500] "POST /wp-cron.php?doing_wp_cron=1769558198.6258020401000976562500 HTTP/1.1" 200 - "-" "WordPress/3.6.1; http://www.harmonytube.com"
104.244.75.194 - - [27/Jan/2026:18:56:38 -0500] "GET /wp-login.php HTTP/1.1" 200 2283 "-" "Mozilla/5.0 (Windows NT 5.1; rv:30.0) Gecko/20100101 Firefox/30.0"
104.244.75.194 - - [27/Jan/2026:18:56:39 -0500] "POST /wp-login.php HTTP/1.1" 200 3227 "-" "Mozilla/5.0 (Windows NT 5.1; rv:30.0) Gecko/20100101 Firefox/30.0"
104.244.74.96 - - [27/Jan/2026:19:21:46 -0500] "GET /wp-login.php HTTP/1.1" 200 2283 "-" "Mozilla/5.0 (Windows NT 6.1; WOW64; Trident/7.0; rv:11.0) like Gecko"
104.244.74.96 - - [27/Jan/2026:19:21:46 -0500] "POST /wp-login.php HTTP/1.1" 200 3200 "-" "Mozilla/5.0 (Windows NT 6.1; WOW64; Trident/7.0; rv:11.0) like Gecko"
114.119.142.236 - - [27/Jan/2026:19:25:04 -0500] "GET /index.php/cum-gay/gay-sexy-time.html HTTP/1.1" 200 12458 "http://www.harmonytube.com/index.php/category/cum-gay/" "Mozilla/5.0 (Linux; Android 7.0;) AppleWebKit/537.36 (KHTML, like Gecko) Mobile Safari/537.36 (compatible; PetalBot;+https://webmaster.petalsearch.com/site/petalbot)"
107.189.14.99 - - [27/Jan/2026:19:48:04 -0500] "GET /wp-login.php HTTP/1.1" 200 2283 "-" "Mozilla/5.0 (X11; Linux x86_64; rv:30.0) Gecko/20100101 Firefox/30.0"
107.189.14.99 - - [27/Jan/2026:19:48:06 -0500] "POST /wp-login.php HTTP/1.1" 200 3182 "-" "Mozilla/5.0 (X11; Linux x86_64; rv:30.0) Gecko/20100101 Firefox/30.0"
95.85.238.21 - - [27/Jan/2026:19:51:31 -0500] "GET /wp-login.php HTTP/1.1" 200 2283 "-" "Mozilla/5.0 (Windows NT 6.3; WOW64; rv:31.0) Gecko/20100101 Firefox/31.0"
95.85.238.21 - - [27/Jan/2026:19:51:33 -0500] "POST /wp-login.php HTTP/1.1" 200 3227 "-" "Mozilla/5.0 (Windows NT 6.3; WOW64; rv:31.0) Gecko/20100101 Firefox/31.0"
45.141.215.16 - - [27/Jan/2026:20:17:03 -0500] "GET / HTTP/1.1" 301 - "harmonytube.com" "Mozilla/5.0 (Windows NT 10.0; Win64; x64) AppleWebKit/537.36 (KHTML, like Gecko) Chrome/125.0.0.0 Safari/537.36"
74.206.190.67 - - [27/Jan/2026:20:17:04 -0500] "POST /wp-cron.php?doing_wp_cron=1769563024.6755349636077880859375 HTTP/1.1" 200 - "-" "WordPress/3.6.1; http://www.harmonytube.com"
45.141.215.16 - - [27/Jan/2026:20:17:04 -0500] "GET / HTTP/1.1" 200 58900 "harmonytube.com" "Mozilla/5.0 (Windows NT 10.0; Win64; x64) AppleWebKit/537.36 (KHTML, like Gecko) Chrome/125.0.0.0 Safari/537.36"
45.141.215.16 - - [27/Jan/2026:20:17:05 -0500] "GET / HTTP/1.1" 200 58900 "http://www.harmonytube.com" "Mozilla/5.0 (Windows NT 10.0; Win64; x64) AppleWebKit/537.36 (KHTML, like Gecko) Chrome/125.0.0.0 Safari/537.36"
185.220.101.62 - - [27/Jan/2026:20:17:07 -0500] "GET /index.php/feed HTTP/1.1" 200 10674 "http://www.harmonytube.com/index.php/feed" "Mozilla/5.0 (Windows NT 10.0; Win64; x64) AppleWebKit/537.36 (KHTML, like Gecko) Chrome/125.0.0.0 Safari/537.36"
185.220.101.62 - - [27/Jan/2026:20:17:07 -0500] "GET /xmlrpc.php?rsd HTTP/1.1" 302 279 "http://www.harmonytube.com/xmlrpc.php?rsd" "Mozilla/5.0 (Windows NT 10.0; Win64; x64) AppleWebKit/537.36 (KHTML, like Gecko) Chrome/125.0.0.0 Safari/537.36"
185.220.101.62 - - [27/Jan/2026:20:17:09 -0500] "GET /index.php/page/2 HTTP/1.1" 200 58989 "http://www.harmonytube.com/index.php/page/2" "Mozilla/5.0 (Windows NT 10.0; Win64; x64) AppleWebKit/537.36 (KHTML, like Gecko) Chrome/125.0.0.0 Safari/537.36"
192.42.116.175 - - [27/Jan/2026:20:17:10 -0500] "GET /index.php/page/3 HTTP/1.1" 200 58885 "http://www.harmonytube.com/index.php/page/3" "Mozilla/5.0 (Windows NT 10.0; Win64; x64) AppleWebKit/537.36 (KHTML, like Gecko) Chrome/125.0.0.0 Safari/537.36"
31.133.0.235 - - [27/Jan/2026:20:17:11 -0500] "GET /index.php/page/4 HTTP/1.1" 200 59146 "http://www.harmonytube.com/index.php/page/4" "Mozilla/5.0 (Windows NT 10.0; Win64; x64) AppleWebKit/537.36 (KHTML, like Gecko) Chrome/125.0.0.0 Safari/537.36"
31.133.0.235 - - [27/Jan/2026:20:17:13 -0500] "GET /index.php/page/5 HTTP/1.1" 200 36844 "http://www.harmonytube.com/index.php/page/5" "Mozilla/5.0 (Windows NT 10.0; Win64; x64) AppleWebKit/537.36 (KHTML, like Gecko) Chrome/125.0.0.0 Safari/537.36"
31.133.0.235 - - [27/Jan/2026:20:17:14 -0500] "GET /index.php/category/cum-gay HTTP/1.1" 200 58979 "http://www.harmonytube.com/index.php/category/cum-gay" "Mozilla/5.0 (Windows NT 10.0; Win64; x64) AppleWebKit/537.36 (KHTML, like Gecko) Chrome/125.0.0.0 Safari/537.36"
192.42.116.175 - - [27/Jan/2026:20:17:16 -0500] "GET /index.php/cum-gay/258.html HTTP/1.1" 200 12429 "http://www.harmonytube.com/index.php/cum-gay/258.html" "Mozilla/5.0 (Windows NT 10.0; Win64; x64) AppleWebKit/537.36 (KHTML, like Gecko) Chrome/125.0.0.0 Safari/537.36"
192.42.116.175 - - [27/Jan/2026:20:17:17 -0500] "GET /index.php/gay-harmony/v.html HTTP/1.1" 200 12498 "http://www.harmonytube.com/index.php/gay-harmony/v.html" "Mozilla/5.0 (Windows NT 10.0; Win64; x64) AppleWebKit/537.36 (KHTML, like Gecko) Chrome/125.0.0.0 Safari/537.36"
148.251.250.49 - - [27/Jan/2026:20:27:21 -0500] "GET / HTTP/1.1" 301 - "-" "Mozilla/5.0 (iPhone; CPU iPhone OS 17_7_2 like Mac OS X) AppleWebKit/605.1.15 (KHTML, like Gecko) Version/18.3 Mobile/15E148 Safari/604.1"
148.251.250.49 - - [27/Jan/2026:20:27:22 -0500] "GET / HTTP/1.1" 200 58900 "http://harmonytube.com/" "Mozilla/5.0 (iPhone; CPU iPhone OS 17_7_2 like Mac OS X) AppleWebKit/605.1.15 (KHTML, like Gecko) Version/18.3 Mobile/15E148 Safari/604.1"
182.44.9.147 - - [27/Jan/2026:21:06:43 -0500] "GET / HTTP/1.1" 301 - "-" "Mozilla/5.0 (iPhone; CPU iPhone OS 13_2_3 like Mac OS X) AppleWebKit/605.1.15 (KHTML, like Gecko) Version/13.0.3 Mobile/15E148 Safari/604.1"
104.28.235.57 - - [27/Jan/2026:21:43:02 -0500] "GET /style.php HTTP/1.1" 302 275 "-" "Go-http-client/1.1"
188.143.244.139 - - [27/Jan/2026:22:01:06 -0500] "GET /index.php/cum-gay/ HTTP/1.1" 301 - "-" "Mozilla/5.0 X11; Ubuntu; Linux x86_64; rv:126.0 Gecko/20100101 Firefox/126.0"
74.206.190.67 - - [27/Jan/2026:22:01:06 -0500] "POST /wp-cron.php?doing_wp_cron=1769569266.9537339210510253906250 HTTP/1.1" 200 - "-" "WordPress/3.6.1; http://www.harmonytube.com"
188.143.244.139 - - [27/Jan/2026:22:01:06 -0500] "GET /index.php/cum-gay/ HTTP/1.1" 301 - "http://harmonytube.com/index.php/cum-gay/#respond" "Mozilla/5.0 X11; Ubuntu; Linux x86_64; rv:126.0 Gecko/20100101 Firefox/126.0"
188.143.244.139 - - [27/Jan/2026:22:01:07 -0500] "GET /index.php/cum-gay HTTP/1.1" 200 58934 "http://www.harmonytube.com/index.php/cum-gay/" "Mozilla/5.0 X11; Ubuntu; Linux x86_64; rv:126.0 Gecko/20100101 Firefox/126.0"
188.143.244.139 - - [27/Jan/2026:22:01:10 -0500] "GET /index.php/gay-harmony/ HTTP/1.1" 301 - "-" "Mozilla/5.0 X11; Ubuntu; Linux x86_64; rv:126.0 Gecko/20100101 Firefox/126.0"
188.143.244.139 - - [27/Jan/2026:22:01:10 -0500] "GET /index.php/gay-harmony/ HTTP/1.1" 301 - "http://harmonytube.com/index.php/gay-harmony/#respond" "Mozilla/5.0 X11; Ubuntu; Linux x86_64; rv:126.0 Gecko/20100101 Firefox/126.0"
188.143.244.139 - - [27/Jan/2026:22:01:11 -0500] "GET /index.php/gay-harmony HTTP/1.1" 200 39582 "http://www.harmonytube.com/index.php/gay-harmony/" "Mozilla/5.0 X11; Ubuntu; Linux x86_64; rv:126.0 Gecko/20100101 Firefox/126.0"
188.143.244.139 - - [27/Jan/2026:22:01:14 -0500] "GET /index.php/tag/gay HTTP/1.1" 301 - "-" "Mozilla/5.0 X11; Ubuntu; Linux x86_64; rv:126.0 Gecko/20100101 Firefox/126.0"
188.143.244.139 - - [27/Jan/2026:22:01:14 -0500] "GET /index.php/tag/gay HTTP/1.1" 200 45776 "http://harmonytube.com/index.php/tag/gay" "Mozilla/5.0 X11; Ubuntu; Linux x86_64; rv:126.0 Gecko/20100101 Firefox/126.0"
188.143.244.139 - - [27/Jan/2026:22:01:17 -0500] "GET /index.php/category/cum-gay/ HTTP/1.1" 301 - "-" "Mozilla/5.0 X11; Ubuntu; Linux x86_64; rv:126.0 Gecko/20100101 Firefox/126.0"
188.143.244.139 - - [27/Jan/2026:22:01:18 -0500] "GET /index.php/category/cum-gay/ HTTP/1.1" 301 - "http://harmonytube.com/index.php/category/cum-gay/" "Mozilla/5.0 X11; Ubuntu; Linux x86_64; rv:126.0 Gecko/20100101 Firefox/126.0"
188.143.244.139 - - [27/Jan/2026:22:01:18 -0500] "GET /index.php/category/cum-gay HTTP/1.1" 200 58979 "http://www.harmonytube.com/index.php/category/cum-gay/" "Mozilla/5.0 X11; Ubuntu; Linux x86_64; rv:126.0 Gecko/20100101 Firefox/126.0"
188.143.244.139 - - [27/Jan/2026:22:01:21 -0500] "GET /index.php/cum-gay/gay-bareback.html HTTP/1.1" 301 - "-" "Mozilla/5.0 X11; Ubuntu; Linux x86_64; rv:126.0 Gecko/20100101 Firefox/126.0"
188.143.244.139 - - [27/Jan/2026:22:01:21 -0500] "GET /index.php/cum-gay/gay-bareback.html HTTP/1.1" 200 12417 "http://harmonytube.com/index.php/cum-gay/gay-bareback.html" "Mozilla/5.0 X11; Ubuntu; Linux x86_64; rv:126.0 Gecko/20100101 Firefox/126.0"
188.143.244.139 - - [27/Jan/2026:22:01:24 -0500] "GET /index.php/cum-gay/gay-ass-fucking.html HTTP/1.1" 301 - "-" "Mozilla/5.0 X11; Ubuntu; Linux x86_64; rv:126.0 Gecko/20100101 Firefox/126.0"
188.143.244.139 - - [27/Jan/2026:22:01:25 -0500] "GET /index.php/cum-gay/gay-ass-fucking.html HTTP/1.1" 200 12423 "http://harmonytube.com/index.php/cum-gay/gay-ass-fucking.html" "Mozilla/5.0 X11; Ubuntu; Linux x86_64; rv:126.0 Gecko/20100101 Firefox/126.0"
188.143.244.139 - - [27/Jan/2026:22:01:28 -0500] "GET /index.php/cum-gay/ass-cum.html HTTP/1.1" 301 - "-" "Mozilla/5.0 X11; Ubuntu; Linux x86_64; rv:126.0 Gecko/20100101 Firefox/126.0"
188.143.244.139 - - [27/Jan/2026:22:01:28 -0500] "GET /index.php/cum-gay/ass-cum.html HTTP/1.1" 200 16276 "http://harmonytube.com/index.php/cum-gay/ass-cum.html" "Mozilla/5.0 X11; Ubuntu; Linux x86_64; rv:126.0 Gecko/20100101 Firefox/126.0"
188.143.244.139 - - [27/Jan/2026:22:01:31 -0500] "GET /index.php/gay-harmony/gay-sexy-men.html HTTP/1.1" 301 - "-" "Mozilla/5.0 X11; Ubuntu; Linux x86_64; rv:126.0 Gecko/20100101 Firefox/126.0"
188.143.244.139 - - [27/Jan/2026:22:01:31 -0500] "GET /index.php/gay-harmony/gay-sexy-men.html HTTP/1.1" 200 12321 "http://harmonytube.com/index.php/gay-harmony/gay-sexy-men.html" "Mozilla/5.0 X11; Ubuntu; Linux x86_64; rv:126.0 Gecko/20100101 Firefox/126.0"
188.143.244.139 - - [27/Jan/2026:22:01:34 -0500] "GET /index.php/cum-gay/gay-horny-sex.html HTTP/1.1" 301 - "-" "Mozilla/5.0 X11; Ubuntu; Linux x86_64; rv:126.0 Gecko/20100101 Firefox/126.0"
188.143.244.139 - - [27/Jan/2026:22:01:35 -0500] "GET /index.php/cum-gay/gay-horny-sex.html HTTP/1.1" 200 12470 "http://harmonytube.com/index.php/cum-gay/gay-horny-sex.html" "Mozilla/5.0 X11; Ubuntu; Linux x86_64; rv:126.0 Gecko/20100101 Firefox/126.0"
188.143.244.139 - - [27/Jan/2026:22:01:38 -0500] "GET /index.php/gay-harmony/gay-sex-cumshot.html HTTP/1.1" 301 - "-" "Mozilla/5.0 X11; Ubuntu; Linux x86_64; rv:126.0 Gecko/20100101 Firefox/126.0"
188.143.244.139 - - [27/Jan/2026:22:01:38 -0500] "GET /index.php/gay-harmony/gay-sex-cumshot.html HTTP/1.1" 200 12340 "http://harmonytube.com/index.php/gay-harmony/gay-sex-cumshot.html" "Mozilla/5.0 X11; Ubuntu; Linux x86_64; rv:126.0 Gecko/20100101 Firefox/126.0"
188.143.244.139 - - [27/Jan/2026:22:01:41 -0500] "GET /index.php/cum-gay/gay-harmony-squirt.html HTTP/1.1" 301 - "-" "Mozilla/5.0 X11; Ubuntu; Linux x86_64; rv:126.0 Gecko/20100101 Firefox/126.0"
188.143.244.139 - - [27/Jan/2026:22:01:42 -0500] "GET /index.php/cum-gay/gay-harmony-squirt.html HTTP/1.1" 200 16283 "http://harmonytube.com/index.php/cum-gay/gay-harmony-squirt.html" "Mozilla/5.0 X11; Ubuntu; Linux x86_64; rv:126.0 Gecko/20100101 Firefox/126.0"
188.143.244.139 - - [27/Jan/2026:22:01:45 -0500] "GET /index.php/gay-harmony/gay-hot-sexy-time.html HTTP/1.1" 301 - "-" "Mozilla/5.0 X11; Ubuntu; Linux x86_64; rv:126.0 Gecko/20100101 Firefox/126.0"
188.143.244.139 - - [27/Jan/2026:22:01:45 -0500] "GET /index.php/gay-harmony/gay-hot-sexy-time.html HTTP/1.1" 200 12406 "http://harmonytube.com/index.php/gay-harmony/gay-hot-sexy-time.html" "Mozilla/5.0 X11; Ubuntu; Linux x86_64; rv:126.0 Gecko/20100101 Firefox/126.0"
188.143.244.139 - - [27/Jan/2026:22:01:48 -0500] "GET /index.php/cum-gay/gay-men-looking.html HTTP/1.1" 301 - "-" "Mozilla/5.0 X11; Ubuntu; Linux x86_64; rv:126.0 Gecko/20100101 Firefox/126.0"
188.143.244.139 - - [27/Jan/2026:22:01:48 -0500] "GET /index.php/cum-gay/gay-men-looking.html HTTP/1.1" 200 12517 "http://harmonytube.com/index.php/cum-gay/gay-men-looking.html" "Mozilla/5.0 X11; Ubuntu; Linux x86_64; rv:126.0 Gecko/20100101 Firefox/126.0"
188.143.244.139 - - [27/Jan/2026:22:01:51 -0500] "GET /index.php/cum-gay/cum-farting.html HTTP/1.1" 301 - "-" "Mozilla/5.0 X11; Ubuntu; Linux x86_64; rv:126.0 Gecko/20100101 Firefox/126.0"
188.143.244.139 - - [27/Jan/2026:22:01:52 -0500] "GET /index.php/cum-gay/cum-farting.html HTTP/1.1" 200 16168 "http://harmonytube.com/index.php/cum-gay/cum-farting.html" "Mozilla/5.0 X11; Ubuntu; Linux x86_64; rv:126.0 Gecko/20100101 Firefox/126.0"
188.143.244.139 - - [27/Jan/2026:22:01:55 -0500] "GET /index.php/cum-gay/cumshot-gay.html HTTP/1.1" 301 - "-" "Mozilla/5.0 X11; Ubuntu; Linux x86_64; rv:126.0 Gecko/20100101 Firefox/126.0"
188.143.244.139 - - [27/Jan/2026:22:01:55 -0500] "GET /index.php/cum-gay/cumshot-gay.html HTTP/1.1" 200 16242 "http://harmonytube.com/index.php/cum-gay/cumshot-gay.html" "Mozilla/5.0 X11; Ubuntu; Linux x86_64; rv:126.0 Gecko/20100101 Firefox/126.0"
188.143.244.139 - - [27/Jan/2026:22:01:58 -0500] "GET /index.php/cum-gay/gay-studs-fucking.html HTTP/1.1" 301 - "-" "Mozilla/5.0 X11; Ubuntu; Linux x86_64; rv:126.0 Gecko/20100101 Firefox/126.0"
188.143.244.139 - - [27/Jan/2026:22:01:58 -0500] "GET /index.php/cum-gay/gay-studs-fucking.html HTTP/1.1" 200 12419 "http://harmonytube.com/index.php/cum-gay/gay-studs-fucking.html" "Mozilla/5.0 X11; Ubuntu; Linux x86_64; rv:126.0 Gecko/20100101 Firefox/126.0"
188.143.244.139 - - [27/Jan/2026:22:02:01 -0500] "GET /index.php/cum-gay/derek-cum-face.html HTTP/1.1" 301 - "-" "Mozilla/5.0 X11; Ubuntu; Linux x86_64; rv:126.0 Gecko/20100101 Firefox/126.0"
188.143.244.139 - - [27/Jan/2026:22:02:02 -0500] "GET /index.php/cum-gay/derek-cum-face.html HTTP/1.1" 200 16293 "http://harmonytube.com/index.php/cum-gay/derek-cum-face.html" "Mozilla/5.0 X11; Ubuntu; Linux x86_64; rv:126.0 Gecko/20100101 Firefox/126.0"
188.143.244.139 - - [27/Jan/2026:22:02:05 -0500] "GET /index.php/cum-gay/gay-ass-slamming.html HTTP/1.1" 301 - "-" "Mozilla/5.0 X11; Ubuntu; Linux x86_64; rv:126.0 Gecko/20100101 Firefox/126.0"
188.143.244.139 - - [27/Jan/2026:22:02:05 -0500] "GET /index.php/cum-gay/gay-ass-slamming.html HTTP/1.1" 200 12405 "http://harmonytube.com/index.php/cum-gay/gay-ass-slamming.html" "Mozilla/5.0 X11; Ubuntu; Linux x86_64; rv:126.0 Gecko/20100101 Firefox/126.0"
188.143.244.139 - - [27/Jan/2026:22:02:08 -0500] "GET /index.php/cum-gay/gay-cumshot-tube-2.html HTTP/1.1" 301 - "-" "Mozilla/5.0 X11; Ubuntu; Linux x86_64; rv:126.0 Gecko/20100101 Firefox/126.0"
188.143.244.139 - - [27/Jan/2026:22:02:08 -0500] "GET /index.php/cum-gay/gay-cumshot-tube-2.html HTTP/1.1" 200 12439 "http://harmonytube.com/index.php/cum-gay/gay-cumshot-tube-2.html" "Mozilla/5.0 X11; Ubuntu; Linux x86_64; rv:126.0 Gecko/20100101 Firefox/126.0"
188.143.244.139 - - [27/Jan/2026:22:02:11 -0500] "GET /index.php/cum-gay/gay-cum-shot.html HTTP/1.1" 301 - "-" "Mozilla/5.0 X11; Ubuntu; Linux x86_64; rv:126.0 Gecko/20100101 Firefox/126.0"
188.143.244.139 - - [27/Jan/2026:22:02:12 -0500] "GET /index.php/cum-gay/gay-cum-shot.html HTTP/1.1" 200 12417 "http://harmonytube.com/index.php/cum-gay/gay-cum-shot.html" "Mozilla/5.0 X11; Ubuntu; Linux x86_64; rv:126.0 Gecko/20100101 Firefox/126.0"
188.143.244.139 - - [27/Jan/2026:22:02:15 -0500] "GET /index.php/cum-gay/gay-cummers.html HTTP/1.1" 301 - "-" "Mozilla/5.0 X11; Ubuntu; Linux x86_64; rv:126.0 Gecko/20100101 Firefox/126.0"
188.143.244.139 - - [27/Jan/2026:22:02:15 -0500] "GET /index.php/cum-gay/gay-cummers.html HTTP/1.1" 200 16268 "http://harmonytube.com/index.php/cum-gay/gay-cummers.html" "Mozilla/5.0 X11; Ubuntu; Linux x86_64; rv:126.0 Gecko/20100101 Firefox/126.0"
188.143.244.139 - - [27/Jan/2026:22:02:18 -0500] "GET /index.php/gay-harmony/gay-internal-cumshot.html HTTP/1.1" 301 - "-" "Mozilla/5.0 X11; Ubuntu; Linux x86_64; rv:126.0 Gecko/20100101 Firefox/126.0"
188.143.244.139 - - [27/Jan/2026:22:02:18 -0500] "GET /index.php/gay-harmony/gay-internal-cumshot.html HTTP/1.1" 200 12540 "http://harmonytube.com/index.php/gay-harmony/gay-internal-cumshot.html" "Mozilla/5.0 X11; Ubuntu; Linux x86_64; rv:126.0 Gecko/20100101 Firefox/126.0"
188.143.244.139 - - [27/Jan/2026:22:02:21 -0500] "GET /index.php/category/cum-gay/page/3 HTTP/1.1" 301 - "-" "Mozilla/5.0 X11; Ubuntu; Linux x86_64; rv:126.0 Gecko/20100101 Firefox/126.0"
188.143.244.139 - - [27/Jan/2026:22:02:22 -0500] "GET /index.php/category/cum-gay/page/3 HTTP/1.1" 200 59076 "http://harmonytube.com/index.php/category/cum-gay/page/3" "Mozilla/5.0 X11; Ubuntu; Linux x86_64; rv:126.0 Gecko/20100101 Firefox/126.0"
188.143.244.139 - - [27/Jan/2026:22:02:25 -0500] "GET /index.php/cum-gay/man-butter-tube.html HTTP/1.1" 301 - "-" "Mozilla/5.0 X11; Ubuntu; Linux x86_64; rv:126.0 Gecko/20100101 Firefox/126.0"
188.143.244.139 - - [27/Jan/2026:22:02:25 -0500] "GET /index.php/cum-gay/man-butter-tube.html HTTP/1.1" 200 12396 "http://harmonytube.com/index.php/cum-gay/man-butter-tube.html" "Mozilla/5.0 X11; Ubuntu; Linux x86_64; rv:126.0 Gecko/20100101 Firefox/126.0"
188.143.244.139 - - [27/Jan/2026:22:02:28 -0500] "GET /index.php/cum-gay/gay-long-movies.html HTTP/1.1" 301 - "-" "Mozilla/5.0 X11; Ubuntu; Linux x86_64; rv:126.0 Gecko/20100101 Firefox/126.0"
188.143.244.139 - - [27/Jan/2026:22:02:28 -0500] "GET /index.php/cum-gay/gay-long-movies.html HTTP/1.1" 200 12495 "http://harmonytube.com/index.php/cum-gay/gay-long-movies.html" "Mozilla/5.0 X11; Ubuntu; Linux x86_64; rv:126.0 Gecko/20100101 Firefox/126.0"
188.143.244.139 - - [27/Jan/2026:22:02:31 -0500] "GET /index.php/cum-gay/gay-sex-tape.html HTTP/1.1" 301 - "-" "Mozilla/5.0 X11; Ubuntu; Linux x86_64; rv:126.0 Gecko/20100101 Firefox/126.0"
188.143.244.139 - - [27/Jan/2026:22:02:32 -0500] "GET /index.php/cum-gay/gay-sex-tape.html HTTP/1.1" 200 12375 "http://harmonytube.com/index.php/cum-gay/gay-sex-tape.html" "Mozilla/5.0 X11; Ubuntu; Linux x86_64; rv:126.0 Gecko/20100101 Firefox/126.0"
188.143.244.139 - - [27/Jan/2026:22:02:35 -0500] "GET /index.php/cum-gay/gay-match.html HTTP/1.1" 301 - "-" "Mozilla/5.0 X11; Ubuntu; Linux x86_64; rv:126.0 Gecko/20100101 Firefox/126.0"
188.143.244.139 - - [27/Jan/2026:22:02:35 -0500] "GET /index.php/cum-gay/gay-match.html HTTP/1.1" 200 12527 "http://harmonytube.com/index.php/cum-gay/gay-match.html" "Mozilla/5.0 X11; Ubuntu; Linux x86_64; rv:126.0 Gecko/20100101 Firefox/126.0"
188.143.244.139 - - [27/Jan/2026:22:02:38 -0500] "GET /index.php/cum-gay/gay-hookups.html HTTP/1.1" 301 - "-" "Mozilla/5.0 X11; Ubuntu; Linux x86_64; rv:126.0 Gecko/20100101 Firefox/126.0"
188.143.244.139 - - [27/Jan/2026:22:02:39 -0500] "GET /index.php/cum-gay/gay-hookups.html HTTP/1.1" 200 12387 "http://harmonytube.com/index.php/cum-gay/gay-hookups.html" "Mozilla/5.0 X11; Ubuntu; Linux x86_64; rv:126.0 Gecko/20100101 Firefox/126.0"
188.143.244.139 - - [27/Jan/2026:22:02:41 -0500] "GET /index.php/cum-gay/gay-harmony.html HTTP/1.1" 301 - "-" "Mozilla/5.0 X11; Ubuntu; Linux x86_64; rv:126.0 Gecko/20100101 Firefox/126.0"
188.143.244.139 - - [27/Jan/2026:22:02:42 -0500] "GET /index.php/cum-gay/gay-harmony.html HTTP/1.1" 200 16197 "http://harmonytube.com/index.php/cum-gay/gay-harmony.html" "Mozilla/5.0 X11; Ubuntu; Linux x86_64; rv:126.0 Gecko/20100101 Firefox/126.0"
188.143.244.139 - - [27/Jan/2026:22:02:45 -0500] "GET /index.php/gay-harmony/gay-sex-tube-download.html HTTP/1.1" 301 - "-" "Mozilla/5.0 X11; Ubuntu; Linux x86_64; rv:126.0 Gecko/20100101 Firefox/126.0"
188.143.244.139 - - [27/Jan/2026:22:02:45 -0500] "GET /index.php/gay-harmony/gay-sex-tube-download.html HTTP/1.1" 200 12508 "http://harmonytube.com/index.php/gay-harmony/gay-sex-tube-download.html" "Mozilla/5.0 X11; Ubuntu; Linux x86_64; rv:126.0 Gecko/20100101 Firefox/126.0"
188.143.244.139 - - [27/Jan/2026:22:02:48 -0500] "GET /index.php/cum-gay/gay-sex-movies.html HTTP/1.1" 301 - "-" "Mozilla/5.0 X11; Ubuntu; Linux x86_64; rv:126.0 Gecko/20100101 Firefox/126.0"
188.143.244.139 - - [27/Jan/2026:22:02:48 -0500] "GET /index.php/cum-gay/gay-sex-movies.html HTTP/1.1" 200 12218 "http://harmonytube.com/index.php/cum-gay/gay-sex-movies.html" "Mozilla/5.0 X11; Ubuntu; Linux x86_64; rv:126.0 Gecko/20100101 Firefox/126.0"
188.143.244.139 - - [27/Jan/2026:22:02:51 -0500] "GET /index.php/cum-gay/gay-cum.html HTTP/1.1" 301 - "-" "Mozilla/5.0 X11; Ubuntu; Linux x86_64; rv:126.0 Gecko/20100101 Firefox/126.0"
188.143.244.139 - - [27/Jan/2026:22:02:52 -0500] "GET /index.php/cum-gay/gay-cum.html HTTP/1.1" 200 16131 "http://harmonytube.com/index.php/cum-gay/gay-cum.html" "Mozilla/5.0 X11; Ubuntu; Linux x86_64; rv:126.0 Gecko/20100101 Firefox/126.0"
188.143.244.139 - - [27/Jan/2026:22:02:55 -0500] "GET /index.php/cum-gay/gay-sex-dating.html HTTP/1.1" 301 - "-" "Mozilla/5.0 X11; Ubuntu; Linux x86_64; rv:126.0 Gecko/20100101 Firefox/126.0"
