43.166.239.145 - - [30/Jan/2026:18:33:17 -0500] "GET /index.php/hardcore-movies/hardcore-virgin-tube.html HTTP/1.1" 200 20277 "http://www.hardercopy.com/?p=3" "Mozilla/5.0 (iPhone; CPU iPhone OS 13_2_3 like Mac OS X) AppleWebKit/605.1.15 (KHTML, like Gecko) Version/13.0.3 Mobile/15E148 Safari/604.1"
119.28.140.106 - - [30/Jan/2026:18:44:14 -0500] "GET /index.php/tag/codi-carmichael/feed HTTP/1.1" 200 2131 "-" "Mozilla/5.0 (iPhone; CPU iPhone OS 13_2_3 like Mac OS X) AppleWebKit/605.1.15 (KHTML, like Gecko) Version/13.0.3 Mobile/15E148 Safari/604.1"
5.61.209.92 - - [30/Jan/2026:18:46:48 -0500] "GET /SDK/webLanguage HTTP/1.1" 302 289 "-" "Mozilla/5.0 (Windows NT 10.0; Win64; x64) AppleWebKit/537.36 (KHTML, like Gecko) Chrome/90.0.4430.85 Safari/537.36 Edg/90.0.818.46"
204.76.203.212 - - [30/Jan/2026:18:48:32 -0500] "GET / HTTP/1.1" 301 - "-" "Mozilla/5.0 (Windows NT 10.0; Win64; x64) AppleWebKit/537.36 (KHTML, like Gecko) Chrome/90.0.4430.85 Safari/537.36 Edg/90.0.818.46"
43.153.35.128 - - [30/Jan/2026:18:51:49 -0500] "GET /index.php/tag/hardcore-anal HTTP/1.1" 200 27035 "-" "Mozilla/5.0 (iPhone; CPU iPhone OS 13_2_3 like Mac OS X) AppleWebKit/605.1.15 (KHTML, like Gecko) Version/13.0.3 Mobile/15E148 Safari/604.1"
204.76.203.206 - - [30/Jan/2026:18:52:32 -0500] "GET / HTTP/1.1" 301 - "-" "Mozilla/5.0 (Windows NT 10.0; Win64; x64) AppleWebKit/537.36 (KHTML, like Gecko) Chrome/90.0.4430.85 Safari/537.36 Edg/90.0.818.46"
37.59.21.100 - - [30/Jan/2026:19:01:09 -0500] "GET /index.php/tag/diddylicious/feed HTTP/1.1" 200 907 "-" "Mozilla/5.0 (X11; Linux i686) AppleWebKit/537.36 (KHTML, like Gecko) Chrome/30.0.1599.66 Safari/537.36"
43.155.195.141 - - [30/Jan/2026:19:01:25 -0500] "GET /?p=41 HTTP/1.1" 301 - "-" "Mozilla/5.0 (iPhone; CPU iPhone OS 13_2_3 like Mac OS X) AppleWebKit/605.1.15 (KHTML, like Gecko) Version/13.0.3 Mobile/15E148 Safari/604.1"
43.155.195.141 - - [30/Jan/2026:19:01:29 -0500] "GET /index.php/hardcore-teen/young-tube-sex.html HTTP/1.1" 200 26953 "http://www.hardercopy.com/?p=41" "Mozilla/5.0 (iPhone; CPU iPhone OS 13_2_3 like Mac OS X) AppleWebKit/605.1.15 (KHTML, like Gecko) Version/13.0.3 Mobile/15E148 Safari/604.1"
89.42.231.200 - - [30/Jan/2026:19:02:07 -0500] "GET /SDK/webLanguage HTTP/1.1" 302 289 "-" "Mozilla/5.0 (Windows NT 10.0; Win64; x64) AppleWebKit/537.36 (KHTML, like Gecko) Chrome/90.0.4430.85 Safari/537.36 Edg/90.0.818.46"
204.76.203.212 - - [30/Jan/2026:19:14:33 -0500] "GET / HTTP/1.1" 301 - "-" "Mozilla/5.0 (Windows NT 10.0; Win64; x64) AppleWebKit/537.36 (KHTML, like Gecko) Chrome/90.0.4430.85 Safari/537.36 Edg/90.0.818.46"
170.106.152.218 - - [30/Jan/2026:19:17:40 -0500] "GET / HTTP/1.1" 301 - "-" "Mozilla/5.0 (iPhone; CPU iPhone OS 13_2_3 like Mac OS X) AppleWebKit/605.1.15 (KHTML, like Gecko) Version/13.0.3 Mobile/15E148 Safari/604.1"
204.76.203.206 - - [30/Jan/2026:19:23:23 -0500] "GET / HTTP/1.1" 301 - "-" "Mozilla/5.0 (Windows NT 10.0; Win64; x64) AppleWebKit/537.36 (KHTML, like Gecko) Chrome/90.0.4430.85 Safari/537.36 Edg/90.0.818.46"
92.63.197.197 - - [30/Jan/2026:19:29:09 -0500] "GET / HTTP/1.1" 301 - "-" "Mozilla/5.0 (Macintosh; Intel Mac OS X 10_11) AppleWebKit/601.1.56 (KHTML, like Gecko) Version/9.0 Safari/601.1.56"
20.199.113.235 - - [30/Jan/2026:19:29:33 -0500] "GET /wp-content/plugins/hellopress/wp_filemanager.php HTTP/1.1" 302 289 "-" "-"
20.199.113.235 - - [30/Jan/2026:19:29:34 -0500] "GET /8xyz.php HTTP/1.1" 302 289 "-" "-"
204.76.203.212 - - [30/Jan/2026:19:40:26 -0500] "GET / HTTP/1.1" 301 - "-" "Mozilla/5.0 (Windows NT 10.0; Win64; x64) AppleWebKit/537.36 (KHTML, like Gecko) Chrome/90.0.4430.85 Safari/537.36 Edg/90.0.818.46"
205.210.31.14 - - [30/Jan/2026:19:42:58 -0500] "GET /webshell HTTP/1.1" 302 294 "-" "Hello from Palo Alto Networks, find out more about our scans in https://docs-cortex.paloaltonetworks.com/r/1/Cortex-Xpanse/Scanning-activity"
147.185.132.255 - - [30/Jan/2026:19:43:25 -0500] "GET /shell HTTP/1.1" 302 294 "-" "Hello from Palo Alto Networks, find out more about our scans in https://docs-cortex.paloaltonetworks.com/r/1/Cortex-Xpanse/Scanning-activity"
147.185.132.255 - - [30/Jan/2026:19:43:25 -0500] "GET /shell.php HTTP/1.1" 302 294 "-" "Hello from Palo Alto Networks, find out more about our scans in https://docs-cortex.paloaltonetworks.com/r/1/Cortex-Xpanse/Scanning-activity"
43.159.149.56 - - [30/Jan/2026:19:47:21 -0500] "GET / HTTP/1.1" 301 - "-" "Mozilla/5.0 (iPhone; CPU iPhone OS 13_2_3 like Mac OS X) AppleWebKit/605.1.15 (KHTML, like Gecko) Version/13.0.3 Mobile/15E148 Safari/604.1"
3.95.184.121 - - [30/Jan/2026:19:51:20 -0500] "GET / HTTP/1.1" 301 - "-" "Go-http-client/1.1"
204.76.203.206 - - [30/Jan/2026:19:54:22 -0500] "GET / HTTP/1.1" 301 - "-" "Mozilla/5.0 (Windows NT 10.0; Win64; x64) AppleWebKit/537.36 (KHTML, like Gecko) Chrome/90.0.4430.85 Safari/537.36 Edg/90.0.818.46"
204.76.203.69 - - [30/Jan/2026:19:58:00 -0500] "GET / HTTP/1.1" 301 - "-" "Mozilla/5.0 (Windows NT 10.0; Win64; x64) AppleWebKit/537.36 (KHTML, like Gecko) Chrome/90.0.4430.85 Safari/537.36 Edg/90.0.818.46"
198.235.24.131 - - [30/Jan/2026:20:03:09 -0500] "GET /webshell.php HTTP/1.1" 302 294 "-" "Hello from Palo Alto Networks, find out more about our scans in https://docs-cortex.paloaltonetworks.com/r/1/Cortex-Xpanse/Scanning-activity"
204.76.203.212 - - [30/Jan/2026:20:03:33 -0500] "GET / HTTP/1.1" 301 - "-" "Mozilla/5.0 (Windows NT 10.0; Win64; x64) AppleWebKit/537.36 (KHTML, like Gecko) Chrome/90.0.4430.85 Safari/537.36 Edg/90.0.818.46"
193.142.147.209 - - [30/Jan/2026:20:10:11 -0500] "POST / HTTP/1.1" 301 - "-" "Mozilla/5.0 (Windows NT 10.0; Win64; x64) AppleWebKit/537.36"
43.166.136.153 - - [30/Jan/2026:20:10:32 -0500] "GET / HTTP/1.1" 301 - "-" "Mozilla/5.0 (iPhone; CPU iPhone OS 13_2_3 like Mac OS X) AppleWebKit/605.1.15 (KHTML, like Gecko) Version/13.0.3 Mobile/15E148 Safari/604.1"
205.210.31.90 - - [30/Jan/2026:20:11:42 -0500] "GET / HTTP/1.1" 301 - "-" "Hello from Palo Alto Networks, find out more about our scans in https://docs-cortex.paloaltonetworks.com/r/1/Cortex-Xpanse/Scanning-activity"
143.198.48.97 - - [30/Jan/2026:20:17:45 -0500] "GET / HTTP/1.1" 301 - "-" "Mozilla/5.0 (X11; Linux x86_64) AppleWebKit/537.36 (KHTML, like Gecko) Chrome/142.0.0.0 Safari/537.36"
204.76.203.206 - - [30/Jan/2026:20:24:33 -0500] "GET / HTTP/1.1" 301 - "-" "Mozilla/5.0 (Windows NT 10.0; Win64; x64) AppleWebKit/537.36 (KHTML, like Gecko) Chrome/90.0.4430.85 Safari/537.36 Edg/90.0.818.46"
74.206.190.67 - - [30/Jan/2026:20:28:19 -0500] "POST /wp-cron.php?doing_wp_cron=1769822899.3013401031494140625000 HTTP/1.1" 200 - "-" "WordPress/3.6.1; http://www.hardercopy.com"
114.119.159.26 - - [30/Jan/2026:20:28:19 -0500] "GET /index.php/category/hardcore-movies HTTP/1.1" 200 18150 "http://www.hardercopy.com/index.php/tag/hardcore-porn/page/1" "Mozilla/5.0 (Linux; Android 7.0;) AppleWebKit/537.36 (KHTML, like Gecko) Mobile Safari/537.36 (compatible; PetalBot;+https://webmaster.petalsearch.com/site/petalbot)"
204.76.203.212 - - [30/Jan/2026:20:29:44 -0500] "GET / HTTP/1.1" 301 - "-" "Mozilla/5.0 (Windows NT 10.0; Win64; x64) AppleWebKit/537.36 (KHTML, like Gecko) Chrome/90.0.4430.85 Safari/537.36 Edg/90.0.818.46"
43.167.245.18 - - [30/Jan/2026:20:31:55 -0500] "GET / HTTP/1.1" 200 26912 "-" "Mozilla/5.0 (iPhone; CPU iPhone OS 13_2_3 like Mac OS X) AppleWebKit/605.1.15 (KHTML, like Gecko) Version/13.0.3 Mobile/15E148 Safari/604.1"
124.156.179.141 - - [30/Jan/2026:20:33:30 -0500] "GET / HTTP/1.1" 301 - "-" "Mozilla/5.0 (iPhone; CPU iPhone OS 13_2_3 like Mac OS X) AppleWebKit/605.1.15 (KHTML, like Gecko) Version/13.0.3 Mobile/15E148 Safari/604.1"
162.142.125.194 - - [30/Jan/2026:20:40:22 -0500] "GET / HTTP/1.1" 301 - "-" "Mozilla/5.0 (compatible; CensysInspect/1.1; +https://about.censys.io/)"
162.142.125.194 - - [30/Jan/2026:20:40:31 -0500] "GET /wiki HTTP/1.1" 302 289 "-" "Mozilla/5.0 (compatible; CensysInspect/1.1; +https://about.censys.io/)"
20.65.194.68 - - [30/Jan/2026:20:45:37 -0500] "GET / HTTP/1.1" 301 - "-" "Mozilla/5.0 zgrab/0.x"
204.76.203.69 - - [30/Jan/2026:20:49:28 -0500] "GET / HTTP/1.1" 301 - "-" "-"
43.164.195.17 - - [30/Jan/2026:20:51:17 -0500] "GET / HTTP/1.1" 301 - "-" "Mozilla/5.0 (iPhone; CPU iPhone OS 13_2_3 like Mac OS X) AppleWebKit/605.1.15 (KHTML, like Gecko) Version/13.0.3 Mobile/15E148 Safari/604.1"
204.76.203.212 - - [30/Jan/2026:20:55:04 -0500] "GET / HTTP/1.1" 301 - "-" "Mozilla/5.0 (Windows NT 10.0; Win64; x64) AppleWebKit/537.36 (KHTML, like Gecko) Chrome/90.0.4430.85 Safari/537.36 Edg/90.0.818.46"
204.76.203.206 - - [30/Jan/2026:20:55:15 -0500] "GET / HTTP/1.1" 301 - "-" "Mozilla/5.0 (Windows NT 10.0; Win64; x64) AppleWebKit/537.36 (KHTML, like Gecko) Chrome/90.0.4430.85 Safari/537.36 Edg/90.0.818.46"
43.159.145.153 - - [30/Jan/2026:20:56:28 -0500] "GET /index.php/hardcore-teen/nikki-rhodes-does-hardcore.html HTTP/1.1" 200 22510 "-" "Mozilla/5.0 (iPhone; CPU iPhone OS 13_2_3 like Mac OS X) AppleWebKit/605.1.15 (KHTML, like Gecko) Version/13.0.3 Mobile/15E148 Safari/604.1"
220.181.108.112 - - [30/Jan/2026:21:01:10 -0500] "GET /index.php/page/4 HTTP/1.1" 302 294 "-" "Mozilla/5.0 (compatible; Baiduspider/2.0; +http://www.baidu.com/search/spider.html)"
116.179.37.53 - - [30/Jan/2026:21:01:17 -0500] "GET /index.php/page/4 HTTP/1.1" 302 294 "-" "Mozilla/5.0 (compatible; Baiduspider-render/2.0; +http://www.baidu.com/search/spider.html)"
170.106.11.141 - - [30/Jan/2026:21:11:27 -0500] "GET / HTTP/1.1" 301 - "-" "Mozilla/5.0 (iPhone; CPU iPhone OS 13_2_3 like Mac OS X) AppleWebKit/605.1.15 (KHTML, like Gecko) Version/13.0.3 Mobile/15E148 Safari/604.1"
74.206.190.67 - - [30/Jan/2026:21:16:58 -0500] "POST /wp-cron.php?doing_wp_cron=1769825818.5809919834136962890625 HTTP/1.1" 200 - "-" "WordPress/3.6.1; http://www.hardercopy.com"
43.156.168.214 - - [30/Jan/2026:21:16:58 -0500] "GET /index.php/hardcore-brunette/hardcore-porn-tube.html HTTP/1.1" 200 22519 "-" "Mozilla/5.0 (iPhone; CPU iPhone OS 13_2_3 like Mac OS X) AppleWebKit/605.1.15 (KHTML, like Gecko) Version/13.0.3 Mobile/15E148 Safari/604.1"
204.76.203.212 - - [30/Jan/2026:21:19:13 -0500] "GET / HTTP/1.1" 301 - "-" "Mozilla/5.0 (Windows NT 10.0; Win64; x64) AppleWebKit/537.36 (KHTML, like Gecko) Chrome/90.0.4430.85 Safari/537.36 Edg/90.0.818.46"
204.76.203.206 - - [30/Jan/2026:21:25:21 -0500] "GET / HTTP/1.1" 301 - "-" "Mozilla/5.0 (Windows NT 10.0; Win64; x64) AppleWebKit/537.36 (KHTML, like Gecko) Chrome/90.0.4430.85 Safari/537.36 Edg/90.0.818.46"
43.166.224.244 - - [30/Jan/2026:21:28:49 -0500] "GET /index.php/hardcore-teen/nikki-rhodes-does-hardcore.html HTTP/1.1" 200 22510 "-" "Mozilla/5.0 (iPhone; CPU iPhone OS 13_2_3 like Mac OS X) AppleWebKit/605.1.15 (KHTML, like Gecko) Version/13.0.3 Mobile/15E148 Safari/604.1"
43.157.98.187 - - [30/Jan/2026:21:34:30 -0500] "GET / HTTP/1.1" 301 - "-" "Mozilla/5.0 (iPhone; CPU iPhone OS 13_2_3 like Mac OS X) AppleWebKit/605.1.15 (KHTML, like Gecko) Version/13.0.3 Mobile/15E148 Safari/604.1"
43.135.145.117 - - [30/Jan/2026:21:36:49 -0500] "GET /?p=79 HTTP/1.1" 301 - "-" "Mozilla/5.0 (iPhone; CPU iPhone OS 13_2_3 like Mac OS X) AppleWebKit/605.1.15 (KHTML, like Gecko) Version/13.0.3 Mobile/15E148 Safari/604.1"
43.135.145.117 - - [30/Jan/2026:21:36:52 -0500] "GET /index.php/hardcore-teen/nikki-rhodes-does-hardcore.html HTTP/1.1" 200 22510 "http://www.hardercopy.com/?p=79" "Mozilla/5.0 (iPhone; CPU iPhone OS 13_2_3 like Mac OS X) AppleWebKit/605.1.15 (KHTML, like Gecko) Version/13.0.3 Mobile/15E148 Safari/604.1"
37.59.21.100 - - [30/Jan/2026:21:37:07 -0500] "GET /index.php/category/hardcore-movies/feed HTTP/1.1" 200 4542 "-" "Mozilla/5.0 (X11; Linux i686) AppleWebKit/537.36 (KHTML, like Gecko) Chrome/30.0.1599.66 Safari/537.36"
114.119.155.55 - - [30/Jan/2026:21:39:31 -0500] "GET /index.php/hardcore-teen/hardcore-elli-fox.html HTTP/1.1" 200 22629 "http://www.hardercopy.com/index.php/tag/hardcore-porn/page/1" "Mozilla/5.0 (Linux; Android 7.0;) AppleWebKit/537.36 (KHTML, like Gecko) Mobile Safari/537.36 (compatible; PetalBot;+https://webmaster.petalsearch.com/site/petalbot)"
43.153.9.143 - - [30/Jan/2026:21:41:23 -0500] "GET / HTTP/1.1" 301 - "-" "Mozilla/5.0 (iPhone; CPU iPhone OS 13_2_3 like Mac OS X) AppleWebKit/605.1.15 (KHTML, like Gecko) Version/13.0.3 Mobile/15E148 Safari/604.1"
43.130.47.33 - - [30/Jan/2026:21:45:10 -0500] "GET / HTTP/1.1" 301 - "-" "Mozilla/5.0 (iPhone; CPU iPhone OS 13_2_3 like Mac OS X) AppleWebKit/605.1.15 (KHTML, like Gecko) Version/13.0.3 Mobile/15E148 Safari/604.1"
204.76.203.212 - - [30/Jan/2026:21:47:11 -0500] "GET / HTTP/1.1" 301 - "-" "Mozilla/5.0 (Windows NT 10.0; Win64; x64) AppleWebKit/537.36 (KHTML, like Gecko) Chrome/90.0.4430.85 Safari/537.36 Edg/90.0.818.46"
43.152.72.247 - - [30/Jan/2026:21:51:16 -0500] "GET / HTTP/1.1" 301 - "-" "Mozilla/5.0 (iPhone; CPU iPhone OS 13_2_3 like Mac OS X) AppleWebKit/605.1.15 (KHTML, like Gecko) Version/13.0.3 Mobile/15E148 Safari/604.1"
204.76.203.206 - - [30/Jan/2026:21:55:50 -0500] "GET / HTTP/1.1" 301 - "-" "Mozilla/5.0 (Windows NT 10.0; Win64; x64) AppleWebKit/537.36 (KHTML, like Gecko) Chrome/90.0.4430.85 Safari/537.36 Edg/90.0.818.46"
43.130.3.122 - - [30/Jan/2026:21:56:55 -0500] "GET /index.php/hardcore-teen/kates-playground-hardcore.html HTTP/1.1" 200 23527 "-" "Mozilla/5.0 (iPhone; CPU iPhone OS 13_2_3 like Mac OS X) AppleWebKit/605.1.15 (KHTML, like Gecko) Version/13.0.3 Mobile/15E148 Safari/604.1"
43.135.172.89 - - [30/Jan/2026:22:03:13 -0500] "GET / HTTP/1.1" 301 - "-" "Mozilla/5.0 (iPhone; CPU iPhone OS 13_2_3 like Mac OS X) AppleWebKit/605.1.15 (KHTML, like Gecko) Version/13.0.3 Mobile/15E148 Safari/604.1"
74.206.190.67 - - [30/Jan/2026:22:08:18 -0500] "POST /wp-cron.php?doing_wp_cron=1769828898.6891639232635498046875 HTTP/1.1" 200 - "-" "WordPress/3.6.1; http://www.hardercopy.com"
37.59.21.100 - - [30/Jan/2026:22:08:18 -0500] "GET /index.php/category/hardcore-teen/feed HTTP/1.1" 200 9000 "-" "Mozilla/5.0 (X11; Linux i686) AppleWebKit/537.36 (KHTML, like Gecko) Chrome/30.0.1599.66 Safari/537.36"
204.76.203.212 - - [30/Jan/2026:22:10:20 -0500] "GET / HTTP/1.1" 301 - "-" "Mozilla/5.0 (Windows NT 10.0; Win64; x64) AppleWebKit/537.36 (KHTML, like Gecko) Chrome/90.0.4430.85 Safari/537.36 Edg/90.0.818.46"
24.0.91.203 - - [30/Jan/2026:22:11:14 -0500] "GET / HTTP/1.1" 301 - "-" "Go-http-client/1.1"
43.135.148.92 - - [30/Jan/2026:22:13:38 -0500] "GET / HTTP/1.1" 301 - "-" "Mozilla/5.0 (iPhone; CPU iPhone OS 13_2_3 like Mac OS X) AppleWebKit/605.1.15 (KHTML, like Gecko) Version/13.0.3 Mobile/15E148 Safari/604.1"
43.153.102.138 - - [30/Jan/2026:22:16:55 -0500] "GET /index.php/tag/hardcore-sex HTTP/1.1" 200 27029 "-" "Mozilla/5.0 (iPhone; CPU iPhone OS 13_2_3 like Mac OS X) AppleWebKit/605.1.15 (KHTML, like Gecko) Version/13.0.3 Mobile/15E148 Safari/604.1"
43.154.140.188 - - [30/Jan/2026:22:26:51 -0500] "GET /index.php/hardcore-teen/kates-playground-hardcore.html HTTP/1.1" 200 23527 "-" "Mozilla/5.0 (iPhone; CPU iPhone OS 13_2_3 like Mac OS X) AppleWebKit/605.1.15 (KHTML, like Gecko) Version/13.0.3 Mobile/15E148 Safari/604.1"
101.32.49.171 - - [30/Jan/2026:22:27:45 -0500] "GET / HTTP/1.1" 301 - "-" "Mozilla/5.0 (iPhone; CPU iPhone OS 13_2_3 like Mac OS X) AppleWebKit/605.1.15 (KHTML, like Gecko) Version/13.0.3 Mobile/15E148 Safari/604.1"
193.142.147.209 - - [30/Jan/2026:22:28:37 -0500] "POST / HTTP/1.1" 301 - "-" "Mozilla/5.0 (Windows NT 10.0; Win64; x64) AppleWebKit/537.36"
51.222.95.39 - - [30/Jan/2026:22:29:07 -0500] "GET /robots.txt HTTP/1.1" 302 294 "-" "Mozilla/5.0 (compatible; AhrefsBot/7.0; +http://ahrefs.com/robot/)"
54.39.89.88 - - [30/Jan/2026:22:29:11 -0500] "GET / HTTP/1.1" 302 294 "-" "Mozilla/5.0 (compatible; AhrefsBot/7.0; +http://ahrefs.com/robot/)"
204.76.203.206 - - [30/Jan/2026:22:30:09 -0500] "GET / HTTP/1.1" 301 - "-" "Mozilla/5.0 (Windows NT 10.0; Win64; x64) AppleWebKit/537.36 (KHTML, like Gecko) Chrome/90.0.4430.85 Safari/537.36 Edg/90.0.818.46"
43.166.237.57 - - [30/Jan/2026:22:35:15 -0500] "GET / HTTP/1.1" 301 - "-" "Mozilla/5.0 (iPhone; CPU iPhone OS 13_2_3 like Mac OS X) AppleWebKit/605.1.15 (KHTML, like Gecko) Version/13.0.3 Mobile/15E148 Safari/604.1"
134.209.228.124 - - [30/Jan/2026:22:36:02 -0500] "GET /.git/config HTTP/1.1" 302 289 "-" "Mozilla/5.0 (Windows NT 10.0; Win64; x64) AppleWebKit/537.36"
204.76.203.212 - - [30/Jan/2026:22:37:41 -0500] "GET / HTTP/1.1" 301 - "-" "Mozilla/5.0 (Windows NT 10.0; Win64; x64) AppleWebKit/537.36 (KHTML, like Gecko) Chrome/90.0.4430.85 Safari/537.36 Edg/90.0.818.46"
43.130.174.37 - - [30/Jan/2026:22:38:10 -0500] "GET /?p=9 HTTP/1.1" 301 - "-" "Mozilla/5.0 (iPhone; CPU iPhone OS 13_2_3 like Mac OS X) AppleWebKit/605.1.15 (KHTML, like Gecko) Version/13.0.3 Mobile/15E148 Safari/604.1"
43.130.174.37 - - [30/Jan/2026:22:38:13 -0500] "GET /index.php/hardcore-teen/kates-playground-hardcore.html HTTP/1.1" 200 23527 "http://www.hardercopy.com/?p=9" "Mozilla/5.0 (iPhone; CPU iPhone OS 13_2_3 like Mac OS X) AppleWebKit/605.1.15 (KHTML, like Gecko) Version/13.0.3 Mobile/15E148 Safari/604.1"
20.118.24.61 - - [30/Jan/2026:22:39:16 -0500] "GET /developmentserver/metadatauploader HTTP/1.1" 302 289 "-" "Mozilla/5.0 zgrab/0.x"
43.167.232.38 - - [30/Jan/2026:22:44:21 -0500] "GET / HTTP/1.1" 301 - "-" "Mozilla/5.0 (iPhone; CPU iPhone OS 13_2_3 like Mac OS X) AppleWebKit/605.1.15 (KHTML, like Gecko) Version/13.0.3 Mobile/15E148 Safari/604.1"
43.130.12.43 - - [30/Jan/2026:22:54:46 -0500] "GET / HTTP/1.1" 301 - "-" "Mozilla/5.0 (iPhone; CPU iPhone OS 13_2_3 like Mac OS X) AppleWebKit/605.1.15 (KHTML, like Gecko) Version/13.0.3 Mobile/15E148 Safari/604.1"
43.153.135.208 - - [30/Jan/2026:22:55:22 -0500] "GET /index.php/tag/kates-playground HTTP/1.1" 200 16746 "-" "Mozilla/5.0 (iPhone; CPU iPhone OS 13_2_3 like Mac OS X) AppleWebKit/605.1.15 (KHTML, like Gecko) Version/13.0.3 Mobile/15E148 Safari/604.1"
204.76.203.206 - - [30/Jan/2026:22:59:38 -0500] "GET / HTTP/1.1" 301 - "-" "Mozilla/5.0 (Windows NT 10.0; Win64; x64) AppleWebKit/537.36 (KHTML, like Gecko) Chrome/90.0.4430.85 Safari/537.36 Edg/90.0.818.46"
204.76.203.212 - - [30/Jan/2026:23:02:10 -0500] "GET / HTTP/1.1" 301 - "-" "Mozilla/5.0 (Windows NT 10.0; Win64; x64) AppleWebKit/537.36 (KHTML, like Gecko) Chrome/90.0.4430.85 Safari/537.36 Edg/90.0.818.46"
43.135.133.194 - - [30/Jan/2026:23:04:26 -0500] "GET / HTTP/1.1" 301 - "-" "Mozilla/5.0 (iPhone; CPU iPhone OS 13_2_3 like Mac OS X) AppleWebKit/605.1.15 (KHTML, like Gecko) Version/13.0.3 Mobile/15E148 Safari/604.1"
43.166.131.228 - - [30/Jan/2026:23:14:43 -0500] "GET / HTTP/1.1" 301 - "-" "Mozilla/5.0 (iPhone; CPU iPhone OS 13_2_3 like Mac OS X) AppleWebKit/605.1.15 (KHTML, like Gecko) Version/13.0.3 Mobile/15E148 Safari/604.1"
43.166.7.113 - - [30/Jan/2026:23:24:33 -0500] "GET / HTTP/1.1" 301 - "-" "Mozilla/5.0 (iPhone; CPU iPhone OS 13_2_3 like Mac OS X) AppleWebKit/605.1.15 (KHTML, like Gecko) Version/13.0.3 Mobile/15E148 Safari/604.1"
204.76.203.212 - - [30/Jan/2026:23:26:03 -0500] "GET / HTTP/1.1" 301 - "-" "Mozilla/5.0 (Windows NT 10.0; Win64; x64) AppleWebKit/537.36 (KHTML, like Gecko) Chrome/90.0.4430.85 Safari/537.36 Edg/90.0.818.46"
204.76.203.206 - - [30/Jan/2026:23:28:01 -0500] "GET / HTTP/1.1" 301 - "-" "Mozilla/5.0 (Windows NT 10.0; Win64; x64) AppleWebKit/537.36 (KHTML, like Gecko) Chrome/90.0.4430.85 Safari/537.36 Edg/90.0.818.46"
43.166.240.231 - - [30/Jan/2026:23:42:56 -0500] "GET / HTTP/1.1" 301 - "-" "Mozilla/5.0 (iPhone; CPU iPhone OS 13_2_3 like Mac OS X) AppleWebKit/605.1.15 (KHTML, like Gecko) Version/13.0.3 Mobile/15E148 Safari/604.1"
74.206.190.67 - - [30/Jan/2026:23:50:39 -0500] "POST /wp-cron.php?doing_wp_cron=1769835039.0444231033325195312500 HTTP/1.1" 200 - "-" "WordPress/3.6.1; http://www.hardercopy.com"
93.174.93.12 - - [30/Jan/2026:23:50:38 -0500] "GET / HTTP/1.1" 200 26912 "-" "Googlebot-News"
204.76.203.212 - - [30/Jan/2026:23:51:38 -0500] "GET / HTTP/1.1" 301 - "-" "Mozilla/5.0 (Windows NT 10.0; Win64; x64) AppleWebKit/537.36 (KHTML, like Gecko) Chrome/90.0.4430.85 Safari/537.36 Edg/90.0.818.46"
43.130.15.147 - - [31/Jan/2026:00:00:28 -0500] "GET / HTTP/1.1" 301 - "-" "Mozilla/5.0 (iPhone; CPU iPhone OS 13_2_3 like Mac OS X) AppleWebKit/605.1.15 (KHTML, like Gecko) Version/13.0.3 Mobile/15E148 Safari/604.1"
204.76.203.206 - - [31/Jan/2026:00:03:28 -0500] "GET / HTTP/1.1" 301 - "-" "Mozilla/5.0 (Windows NT 10.0; Win64; x64) AppleWebKit/537.36 (KHTML, like Gecko) Chrome/90.0.4430.85 Safari/537.36 Edg/90.0.818.46"
204.76.203.212 - - [31/Jan/2026:00:16:41 -0500] "GET / HTTP/1.1" 301 - "-" "Mozilla/5.0 (Windows NT 10.0; Win64; x64) AppleWebKit/537.36 (KHTML, like Gecko) Chrome/90.0.4430.85 Safari/537.36 Edg/90.0.818.46"
49.51.183.75 - - [31/Jan/2026:00:19:15 -0500] "GET / HTTP/1.1" 301 - "-" "Mozilla/5.0 (iPhone; CPU iPhone OS 13_2_3 like Mac OS X) AppleWebKit/605.1.15 (KHTML, like Gecko) Version/13.0.3 Mobile/15E148 Safari/604.1"
204.76.203.206 - - [31/Jan/2026:00:29:27 -0500] "GET / HTTP/1.1" 301 - "-" "Mozilla/5.0 (Windows NT 10.0; Win64; x64) AppleWebKit/537.36 (KHTML, like Gecko) Chrome/90.0.4430.85 Safari/537.36 Edg/90.0.818.46"
91.224.92.127 - - [31/Jan/2026:00:29:35 -0500] "GET /admin.php?action=p&api=p&path=p&token=ana_ghadi_ldar HTTP/1.1" 302 290 "-" "Mozlila/5.0 (Linux; Android 7.0; SM-G892A Bulid/NRD90M; wv) AppleWebKit/537.36 (KHTML, like Gecko) Version/4.0 Chrome/60.0.3112.107 Moblie Safari/537.36"
91.224.92.127 - - [31/Jan/2026:00:29:36 -0500] "GET /about.php?action=p&api=p&path=p&token=ana_ghadi_ldar HTTP/1.1" 302 290 "-" "Mozlila/5.0 (Linux; Android 7.0; SM-G892A Bulid/NRD90M; wv) AppleWebKit/537.36 (KHTML, like Gecko) Version/4.0 Chrome/60.0.3112.107 Moblie Safari/537.36"
91.224.92.127 - - [31/Jan/2026:00:29:39 -0500] "GET /admin.php?ac=p&api=p&path=ddz&t=ana_ghadi_ldar HTTP/1.1" 302 290 "-" "Mozlila/5.0 (Linux; Android 7.0; SM-G892A Bulid/NRD90M; wv) AppleWebKit/537.36 (KHTML, like Gecko) Version/4.0 Chrome/60.0.3112.107 Moblie Safari/537.36"
91.224.92.127 - - [31/Jan/2026:00:29:42 -0500] "GET /about.php?ac=p&api=p&path=ddz&t=ana_ghadi_ldar HTTP/1.1" 302 290 "-" "Mozlila/5.0 (Linux; Android 7.0; SM-G892A Bulid/NRD90M; wv) AppleWebKit/537.36 (KHTML, like Gecko) Version/4.0 Chrome/60.0.3112.107 Moblie Safari/537.36"
20.199.113.235 - - [31/Jan/2026:00:39:43 -0500] "GET /wp-content/plugins/hellopress/wp_filemanager.php HTTP/1.1" 302 290 "-" "-"
20.199.113.235 - - [31/Jan/2026:00:39:44 -0500] "GET /baidu.php HTTP/1.1" 302 290 "-" "-"
20.199.113.235 - - [31/Jan/2026:00:39:44 -0500] "GET /Jcrop.php HTTP/1.1" 302 290 "-" "-"
20.199.113.235 - - [31/Jan/2026:00:39:45 -0500] "GET //xfile25.php HTTP/1.1" 302 290 "-" "-"
20.199.113.235 - - [31/Jan/2026:00:39:45 -0500] "GET /aurax.php HTTP/1.1" 302 290 "-" "-"
20.199.113.235 - - [31/Jan/2026:00:39:45 -0500] "GET /ok.php HTTP/1.1" 302 290 "-" "-"
20.199.113.235 - - [31/Jan/2026:00:39:45 -0500] "GET /tourpa.php HTTP/1.1" 302 290 "-" "-"
20.199.113.235 - - [31/Jan/2026:00:39:45 -0500] "GET /wxpass.php HTTP/1.1" 302 290 "-" "-"
20.199.113.235 - - [31/Jan/2026:00:39:46 -0500] "GET /il.php HTTP/1.1" 302 290 "-" "-"
20.199.113.235 - - [31/Jan/2026:00:39:46 -0500] "GET /muzu.php HTTP/1.1" 302 290 "-" "-"
20.199.113.235 - - [31/Jan/2026:00:39:46 -0500] "GET /sd.php HTTP/1.1" 302 290 "-" "-"
20.199.113.235 - - [31/Jan/2026:00:39:46 -0500] "GET /fi.php HTTP/1.1" 302 290 "-" "-"
20.199.113.235 - - [31/Jan/2026:00:39:46 -0500] "GET //zfe.php?p= HTTP/1.1" 302 290 "-" "-"
20.199.113.235 - - [31/Jan/2026:00:39:47 -0500] "GET /save.php HTTP/1.1" 302 290 "-" "-"
20.199.113.235 - - [31/Jan/2026:00:39:47 -0500] "GET /X5fCS.php HTTP/1.1" 302 290 "-" "-"
20.199.113.235 - - [31/Jan/2026:00:39:47 -0500] "GET /jsond.php HTTP/1.1" 302 290 "-" "-"
20.199.113.235 - - [31/Jan/2026:00:39:47 -0500] "GET /aa2.php HTTP/1.1" 302 290 "-" "-"
20.199.113.235 - - [31/Jan/2026:00:39:47 -0500] "GET /reze.php HTTP/1.1" 302 290 "-" "-"
20.199.113.235 - - [31/Jan/2026:00:39:48 -0500] "GET /ph33w.php HTTP/1.1" 302 290 "-" "-"
20.199.113.235 - - [31/Jan/2026:00:39:48 -0500] "GET /styll.php HTTP/1.1" 302 290 "-" "-"
20.199.113.235 - - [31/Jan/2026:00:39:48 -0500] "GET /it.php HTTP/1.1" 302 290 "-" "-"
20.199.113.235 - - [31/Jan/2026:00:39:48 -0500] "GET /wwx.php HTTP/1.1" 302 290 "-" "-"
20.199.113.235 - - [31/Jan/2026:00:39:48 -0500] "GET /x7.php HTTP/1.1" 302 290 "-" "-"
20.199.113.235 - - [31/Jan/2026:00:39:49 -0500] "GET /1a.php HTTP/1.1" 302 290 "-" "-"
20.199.113.235 - - [31/Jan/2026:00:39:49 -0500] "GET /thebe.php HTTP/1.1" 302 290 "-" "-"
20.199.113.235 - - [31/Jan/2026:00:39:49 -0500] "GET /ddd.php HTTP/1.1" 302 290 "-" "-"
20.199.113.235 - - [31/Jan/2026:00:39:49 -0500] "GET /ccs.php HTTP/1.1" 302 290 "-" "-"
20.199.113.235 - - [31/Jan/2026:00:39:49 -0500] "GET /sad5.php HTTP/1.1" 302 290 "-" "-"
20.199.113.235 - - [31/Jan/2026:00:39:50 -0500] "GET /xvde.php HTTP/1.1" 302 290 "-" "-"
20.199.113.235 - - [31/Jan/2026:00:39:50 -0500] "GET /wp-content/shell.php HTTP/1.1" 302 290 "-" "-"
20.199.113.235 - - [31/Jan/2026:00:39:50 -0500] "GET /f355.php HTTP/1.1" 302 290 "-" "-"
20.199.113.235 - - [31/Jan/2026:00:39:50 -0500] "GET /bgymj.php HTTP/1.1" 302 290 "-" "-"
20.199.113.235 - - [31/Jan/2026:00:39:50 -0500] "GET /wp-mt.php HTTP/1.1" 302 290 "-" "-"
20.199.113.235 - - [31/Jan/2026:00:39:51 -0500] "GET //lala.php HTTP/1.1" 302 290 "-" "-"
20.199.113.235 - - [31/Jan/2026:00:39:51 -0500] "GET /8xyz.php HTTP/1.1" 302 290 "-" "-"
20.199.113.235 - - [31/Jan/2026:00:39:51 -0500] "GET /la.php HTTP/1.1" 302 290 "-" "-"
20.199.113.235 - - [31/Jan/2026:00:39:51 -0500] "GET /ioxi.php HTTP/1.1" 302 290 "-" "-"
20.199.113.235 - - [31/Jan/2026:00:39:51 -0500] "GET /xpwer1.php HTTP/1.1" 302 290 "-" "-"
20.199.113.235 - - [31/Jan/2026:00:39:52 -0500] "GET //about.php HTTP/1.1" 302 290 "-" "-"
20.199.113.235 - - [31/Jan/2026:00:39:52 -0500] "GET /wp-admin/images/commentv.php HTTP/1.1" 302 290 "-" "-"
20.199.113.235 - - [31/Jan/2026:00:39:52 -0500] "GET //la.php HTTP/1.1" 302 290 "-" "-"
20.199.113.235 - - [31/Jan/2026:00:39:52 -0500] "GET //cgi-bin/index.php HTTP/1.1" 302 290 "-" "-"
20.199.113.235 - - [31/Jan/2026:00:39:52 -0500] "GET /admin.php/admin.php HTTP/1.1" 302 290 "-" "-"
20.199.113.235 - - [31/Jan/2026:00:39:53 -0500] "GET //wp-admin/images/wp-conflg.php?p= HTTP/1.1" 302 290 "-" "-"
20.199.113.235 - - [31/Jan/2026:00:39:53 -0500] "GET /info.php HTTP/1.1" 302 290 "-" "-"
20.199.113.235 - - [31/Jan/2026:00:39:53 -0500] "GET /about.php HTTP/1.1" 302 290 "-" "-"
20.199.113.235 - - [31/Jan/2026:00:39:53 -0500] "GET /x/ HTTP/1.1" 302 290 "-" "-"
20.199.113.235 - - [31/Jan/2026:00:39:54 -0500] "GET /ss1.php HTTP/1.1" 302 290 "-" "-"
20.199.113.235 - - [31/Jan/2026:00:39:54 -0500] "GET //assets/css/index.php?p= HTTP/1.1" 302 290 "-" "-"
20.199.113.235 - - [31/Jan/2026:00:39:54 -0500] "GET //goods.php HTTP/1.1" 302 290 "-" "-"
20.199.113.235 - - [31/Jan/2026:00:39:54 -0500] "GET /222.php HTTP/1.1" 302 290 "-" "-"
20.199.113.235 - - [31/Jan/2026:00:39:54 -0500] "GET /abcd.php HTTP/1.1" 302 290 "-" "-"
20.199.113.235 - - [31/Jan/2026:00:39:55 -0500] "GET /wp-includes/blocks/code/ HTTP/1.1" 302 290 "-" "-"
20.199.113.235 - - [31/Jan/2026:00:39:55 -0500] "GET //adminfuns.php HTTP/1.1" 302 290 "-" "-"
20.199.113.235 - - [31/Jan/2026:00:39:55 -0500] "GET /ioxi-o.php HTTP/1.1" 302 290 "-" "-"
20.199.113.235 - - [31/Jan/2026:00:39:55 -0500] "GET /wp-content/ HTTP/1.1" 200 - "-" "-"
20.199.113.235 - - [31/Jan/2026:00:39:55 -0500] "GET /goat.php HTTP/1.1" 302 290 "-" "-"
20.199.113.235 - - [31/Jan/2026:00:39:55 -0500] "GET /wp-includes/PHPMailer/ HTTP/1.1" 302 290 "-" "-"
20.199.113.235 - - [31/Jan/2026:00:39:56 -0500] "GET /xx.php HTTP/1.1" 302 290 "-" "-"
20.199.113.235 - - [31/Jan/2026:00:39:56 -0500] "GET /.well-known/ HTTP/1.1" 302 290 "-" "-"
20.199.113.235 - - [31/Jan/2026:00:39:56 -0500] "GET /wp-admin/js/wp-conflg.php?p= HTTP/1.1" 302 290 "-" "-"
20.199.113.235 - - [31/Jan/2026:00:39:56 -0500] "GET /f5.php HTTP/1.1" 302 290 "-" "-"
20.199.113.235 - - [31/Jan/2026:00:39:56 -0500] "GET /doc.php HTTP/1.1" 302 290 "-" "-"
20.199.113.235 - - [31/Jan/2026:00:39:57 -0500] "GET /xtride.php HTTP/1.1" 302 290 "-" "-"
20.199.113.235 - - [31/Jan/2026:00:39:57 -0500] "GET /flower.php HTTP/1.1" 302 290 "-" "-"
20.199.113.235 - - [31/Jan/2026:00:39:57 -0500] "GET /flower2.php HTTP/1.1" 302 290 "-" "-"
20.199.113.235 - - [31/Jan/2026:00:39:57 -0500] "GET //f6.php HTTP/1.1" 302 290 "-" "-"
20.199.113.235 - - [31/Jan/2026:00:39:58 -0500] "GET //edit.php HTTP/1.1" 302 290 "-" "-"
20.199.113.235 - - [31/Jan/2026:00:39:58 -0500] "GET //aa.php HTTP/1.1" 302 290 "-" "-"
20.199.113.235 - - [31/Jan/2026:00:39:58 -0500] "GET /ext.php HTTP/1.1" 302 290 "-" "-"
20.199.113.235 - - [31/Jan/2026:00:39:58 -0500] "GET //wp-includes/js/dist/ HTTP/1.1" 302 290 "-" "-"
20.199.113.235 - - [31/Jan/2026:00:39:58 -0500] "GET /wp-includes/SimplePie/ HTTP/1.1" 302 290 "-" "-"
20.199.113.235 - - [31/Jan/2026:00:39:59 -0500] "GET //av.php HTTP/1.1" 302 290 "-" "-"
20.199.113.235 - - [31/Jan/2026:00:39:59 -0500] "GET /wp-includes/Text/Diff/Engine/about.php HTTP/1.1" 302 290 "-" "-"
20.199.113.235 - - [31/Jan/2026:00:39:59 -0500] "GET /wsd.php HTTP/1.1" 302 290 "-" "-"
20.199.113.235 - - [31/Jan/2026:00:39:59 -0500] "GET /jane.php HTTP/1.1" 302 290 "-" "-"
20.199.113.235 - - [31/Jan/2026:00:39:59 -0500] "GET /classwithtostring.php HTTP/1.1" 302 290 "-" "-"
20.199.113.235 - - [31/Jan/2026:00:40:00 -0500] "GET /wp-admin/css/colors/blue/index.php HTTP/1.1" 302 290 "-" "-"
20.199.113.235 - - [31/Jan/2026:00:40:00 -0500] "GET /css.php HTTP/1.1" 302 290 "-" "-"
20.199.113.235 - - [31/Jan/2026:00:40:00 -0500] "GET /alfa.php HTTP/1.1" 302 290 "-" "-"
20.199.113.235 - - [31/Jan/2026:00:40:00 -0500] "GET /wen.php HTTP/1.1" 302 290 "-" "-"
20.199.113.235 - - [31/Jan/2026:00:40:00 -0500] "GET /x.php HTTP/1.1" 302 290 "-" "-"
20.199.113.235 - - [31/Jan/2026:00:40:01 -0500] "GET /xxxx.php HTTP/1.1" 302 290 "-" "-"
20.199.113.235 - - [31/Jan/2026:00:40:01 -0500] "GET //class.php HTTP/1.1" 302 290 "-" "-"
20.199.113.235 - - [31/Jan/2026:00:40:01 -0500] "GET /wp-admin/css/colors/midnight/about.php?p= HTTP/1.1" 302 290 "-" "-"
20.199.113.235 - - [31/Jan/2026:00:40:01 -0500] "GET /gec.php HTTP/1.1" 302 290 "-" "-"
20.199.113.235 - - [31/Jan/2026:00:40:01 -0500] "GET /f35.php HTTP/1.1" 302 290 "-" "-"
20.199.113.235 - - [31/Jan/2026:00:40:02 -0500] "GET /wp-admin/about.php HTTP/1.1" 301 - "-" "-"
74.206.190.67 - - [31/Jan/2026:00:40:03 -0500] "POST /wp-cron.php?doing_wp_cron=1769838003.0885720252990722656250 HTTP/1.1" 200 - "-" "WordPress/3.6.1; http://www.hardercopy.com"
20.199.113.235 - - [31/Jan/2026:00:40:02 -0500] "GET /wp-admin/about.php HTTP/1.1" 302 - "-" "-"
20.199.113.235 - - [31/Jan/2026:00:40:03 -0500] "GET /wp-login.php?redirect_to=http%3A%2F%2Fwww.hardercopy.com%2Fwp-admin%2Fabout.php&reauth=1 HTTP/1.1" 200 2288 "-" "-"
20.199.113.235 - - [31/Jan/2026:00:40:03 -0500] "GET /pp.php HTTP/1.1" 302 290 "-" "-"
20.199.113.235 - - [31/Jan/2026:00:40:04 -0500] "GET /update/f35.php HTTP/1.1" 302 290 "-" "-"
20.199.113.235 - - [31/Jan/2026:00:40:04 -0500] "GET /wp-content/themes/about.php HTTP/1.1" 302 290 "-" "-"
20.199.113.235 - - [31/Jan/2026:00:40:04 -0500] "GET //lock360.php HTTP/1.1" 302 290 "-" "-"
20.199.113.235 - - [31/Jan/2026:00:40:04 -0500] "GET /as.php HTTP/1.1" 302 290 "-" "-"
20.199.113.235 - - [31/Jan/2026:00:40:04 -0500] "GET /class-t.api.php HTTP/1.1" 302 290 "-" "-"
20.199.113.235 - - [31/Jan/2026:00:40:05 -0500] "GET /bipas.php HTTP/1.1" 302 290 "-" "-"
20.199.113.235 - - [31/Jan/2026:00:40:05 -0500] "GET /shoyo.php HTTP/1.1" 302 290 "-" "-"
20.199.113.235 - - [31/Jan/2026:00:40:05 -0500] "GET /admin.php HTTP/1.1" 302 290 "-" "-"
20.199.113.235 - - [31/Jan/2026:00:40:05 -0500] "GET /ar.php HTTP/1.1" 302 290 "-" "-"
20.199.113.235 - - [31/Jan/2026:00:40:05 -0500] "GET /blurbs18.php HTTP/1.1" 302 290 "-" "-"
20.199.113.235 - - [31/Jan/2026:00:40:06 -0500] "GET /radio.php HTTP/1.1" 302 290 "-" "-"
20.199.113.235 - - [31/Jan/2026:00:40:06 -0500] "GET /wp-good.php HTTP/1.1" 302 290 "-" "-"
20.199.113.235 - - [31/Jan/2026:00:40:06 -0500] "GET /bless14.php HTTP/1.1" 302 290 "-" "-"
20.199.113.235 - - [31/Jan/2026:00:40:06 -0500] "GET /ol.php HTTP/1.1" 302 290 "-" "-"
20.199.113.235 - - [31/Jan/2026:00:40:07 -0500] "GET /.well-known/gecko-litespeed.php HTTP/1.1" 302 290 "-" "-"
20.199.113.235 - - [31/Jan/2026:00:40:07 -0500] "GET /wp-admin/maint/about.php HTTP/1.1" 302 290 "-" "-"
20.199.113.235 - - [31/Jan/2026:00:40:07 -0500] "GET /wp-content/admin.php HTTP/1.1" 302 290 "-" "-"
20.199.113.235 - - [31/Jan/2026:00:40:07 -0500] "GET /wp-admin/setup-config.php HTTP/1.1" 500 4274 "-" "-"
20.199.113.235 - - [31/Jan/2026:00:40:08 -0500] "GET /wp-includes/ID3/about.php?p= HTTP/1.1" 302 290 "-" "-"
20.199.113.235 - - [31/Jan/2026:00:40:08 -0500] "GET /.well-known/admin.php HTTP/1.1" 302 290 "-" "-"
20.199.113.235 - - [31/Jan/2026:00:40:08 -0500] "GET /init.php HTTP/1.1" 302 290 "-" "-"
20.199.113.235 - - [31/Jan/2026:00:40:08 -0500] "GET /wp-content/plugins/pwnd/as.php HTTP/1.1" 302 290 "-" "-"
20.199.113.235 - - [31/Jan/2026:00:40:08 -0500] "GET /about.php//about.php HTTP/1.1" 302 290 "-" "-"
20.199.113.235 - - [31/Jan/2026:00:40:09 -0500] "GET /k.php HTTP/1.1" 302 290 "-" "-"
20.199.113.235 - - [31/Jan/2026:00:40:09 -0500] "GET /bless.php HTTP/1.1" 302 290 "-" "-"
20.199.113.235 - - [31/Jan/2026:00:40:09 -0500] "GET /X7x.php HTTP/1.1" 302 290 "-" "-"
20.199.113.235 - - [31/Jan/2026:00:40:09 -0500] "GET /class20.php HTTP/1.1" 302 290 "-" "-"
20.199.113.235 - - [31/Jan/2026:00:40:10 -0500] "GET /lock360.php HTTP/1.1" 302 290 "-" "-"
20.199.113.235 - - [31/Jan/2026:00:40:10 -0500] "GET //wp-content/themes/about.php HTTP/1.1" 302 290 "-" "-"
20.199.113.235 - - [31/Jan/2026:00:40:10 -0500] "GET /themes.php HTTP/1.1" 302 290 "-" "-"
20.199.113.235 - - [31/Jan/2026:00:40:10 -0500] "GET /gifclass4.php HTTP/1.1" 302 290 "-" "-"
20.199.113.235 - - [31/Jan/2026:00:40:10 -0500] "GET /xvent.php HTTP/1.1" 302 290 "-" "-"
20.199.113.235 - - [31/Jan/2026:00:40:11 -0500] "GET /file21.php HTTP/1.1" 302 290 "-" "-"
20.199.113.235 - - [31/Jan/2026:00:40:11 -0500] "GET /class19.php HTTP/1.1" 302 290 "-" "-"
20.199.113.235 - - [31/Jan/2026:00:40:11 -0500] "GET /166.php HTTP/1.1" 302 290 "-" "-"
20.199.113.235 - - [31/Jan/2026:00:40:11 -0500] "GET /bypass.php HTTP/1.1" 302 290 "-" "-"
20.199.113.235 - - [31/Jan/2026:00:40:11 -0500] "GET /plss3.php HTTP/1.1" 302 290 "-" "-"
20.199.113.235 - - [31/Jan/2026:00:40:12 -0500] "GET /t.php HTTP/1.1" 302 290 "-" "-"
20.199.113.235 - - [31/Jan/2026:00:40:12 -0500] "GET /bp.php HTTP/1.1" 302 290 "-" "-"
20.199.113.235 - - [31/Jan/2026:00:40:12 -0500] "GET /wp-admin/user/about.php HTTP/1.1" 301 - "-" "-"
20.199.113.235 - - [31/Jan/2026:00:40:12 -0500] "GET /wp-admin/user/about.php HTTP/1.1" 302 - "-" "-"
20.199.113.235 - - [31/Jan/2026:00:40:12 -0500] "GET /wp-login.php?redirect_to=http%3A%2F%2Fwww.hardercopy.com%2Fwp-admin%2Fuser%2Fabout.php&reauth=1 HTTP/1.1" 200 2293 "-" "-"
20.199.113.235 - - [31/Jan/2026:00:40:13 -0500] "GET /geck.php HTTP/1.1" 302 290 "-" "-"
20.199.113.235 - - [31/Jan/2026:00:40:13 -0500] "GET /wp-update.php HTTP/1.1" 302 290 "-" "-"
20.199.113.235 - - [31/Jan/2026:00:40:13 -0500] "GET /a.php HTTP/1.1" 302 290 "-" "-"
20.199.113.235 - - [31/Jan/2026:00:40:13 -0500] "GET /admins.php HTTP/1.1" 302 290 "-" "-"
20.199.113.235 - - [31/Jan/2026:00:40:14 -0500] "GET /wp-configs.php HTTP/1.1" 302 290 "-" "-"
20.199.113.235 - - [31/Jan/2026:00:40:14 -0500] "GET /temp.php/wp-update.php HTTP/1.1" 302 290 "-" "-"
20.199.113.235 - - [31/Jan/2026:00:40:14 -0500] "GET /wp.php HTTP/1.1" 302 290 "-" "-"
20.199.113.235 - - [31/Jan/2026:00:40:14 -0500] "GET /main.php HTTP/1.1" 302 290 "-" "-"
20.199.113.235 - - [31/Jan/2026:00:40:14 -0500] "GET /a1.php HTTP/1.1" 302 290 "-" "-"
20.199.113.235 - - [31/Jan/2026:00:40:15 -0500] "GET /class.1.php HTTP/1.1" 302 290 "-" "-"
20.199.113.235 - - [31/Jan/2026:00:40:15 -0500] "GET /lala.php HTTP/1.1" 302 290 "-" "-"
20.199.113.235 - - [31/Jan/2026:00:40:15 -0500] "GET /tox.php HTTP/1.1" 302 290 "-" "-"
20.199.113.235 - - [31/Jan/2026:00:40:15 -0500] "GET /gg.php HTTP/1.1" 302 290 "-" "-"
20.199.113.235 - - [31/Jan/2026:00:40:15 -0500] "GET /aaa.php HTTP/1.1" 302 290 "-" "-"
20.199.113.235 - - [31/Jan/2026:00:40:16 -0500] "GET /a2.php HTTP/1.1" 302 290 "-" "-"
20.199.113.235 - - [31/Jan/2026:00:40:16 -0500] "GET /wp-content/upgrade/about.php HTTP/1.1" 302 290 "-" "-"
20.199.113.235 - - [31/Jan/2026:00:40:16 -0500] "GET /index/function.php HTTP/1.1" 302 290 "-" "-"
20.199.113.235 - - [31/Jan/2026:00:40:16 -0500] "GET /admin/function.php HTTP/1.1" 302 290 "-" "-"
20.199.113.235 - - [31/Jan/2026:00:40:16 -0500] "GET /wp-includes/assets/index.php HTTP/1.1" 302 290 "-" "-"
20.199.113.235 - - [31/Jan/2026:00:40:17 -0500] "GET /wp-admin/images/index.php HTTP/1.1" 302 290 "-" "-"
20.199.113.235 - - [31/Jan/2026:00:40:17 -0500] "GET /to.php HTTP/1.1" 302 290 "-" "-"
20.199.113.235 - - [31/Jan/2026:00:40:17 -0500] "GET /class-admin.php HTTP/1.1" 302 290 "-" "-"
20.199.113.235 - - [31/Jan/2026:00:40:17 -0500] "GET /nyan.php HTTP/1.1" 302 290 "-" "-"
74.7.228.48 - - [31/Jan/2026:00:40:28 -0500] "GET /robots.txt HTTP/1.1" 200 24 "-" "Mozilla/5.0 (Macintosh; Intel Mac OS X 10_15_7) AppleWebKit/537.36 (KHTML, like Gecko) Chrome/131.0.0.0 Safari/537.36; compatible; OAI-SearchBot/1.3; robots.txt; +https://openai.com/searchbot"
74.7.242.38 - - [31/Jan/2026:00:40:28 -0500] "GET /mugshots/arrested.html HTTP/1.1" 302 294 "http://www.nastylisting.com" "Mozilla/5.0 AppleWebKit/537.36 (KHTML, like Gecko; compatible; GPTBot/1.3; +https://openai.com/gptbot)"
52.53.230.5 - - [31/Jan/2026:00:42:38 -0500] "GET / HTTP/1.1" 301 - "-" "Mozilla/5.0 (X11; Linux x86_64) AppleWebKit/537.36 (KHTML, like Gecko) Chrome/137.0.0.0 Safari/537.36"
52.53.230.5 - - [31/Jan/2026:00:42:38 -0500] "GET / HTTP/1.1" 200 26912 "-" "Mozilla/5.0 (X11; Linux x86_64) AppleWebKit/537.36 (KHTML, like Gecko) Chrome/137.0.0.0 Safari/537.36"
204.76.203.212 - - [31/Jan/2026:00:43:30 -0500] "GET / HTTP/1.1" 301 - "-" "Mozilla/5.0 (Windows NT 10.0; Win64; x64) AppleWebKit/537.36 (KHTML, like Gecko) Chrome/90.0.4430.85 Safari/537.36 Edg/90.0.818.46"
193.142.147.209 - - [31/Jan/2026:00:45:01 -0500] "POST / HTTP/1.1" 301 - "-" "Mozilla/5.0 (Windows NT 10.0; Win64; x64) AppleWebKit/537.36"
165.154.41.201 - - [31/Jan/2026:00:46:30 -0500] "GET / HTTP/1.1" 301 - "-" "curl/7.29.0"
152.32.128.85 - - [31/Jan/2026:00:46:43 -0500] "GET / HTTP/1.1" 301 - "-" "Mozilla/5.0 (X11; Linux x86_64) AppleWebKit/548.50 (KHTML, like Gecko) Chrome/77.0.789 Safari/537.36"
43.166.131.228 - - [31/Jan/2026:00:47:04 -0500] "GET / HTTP/1.1" 301 - "-" "Mozilla/5.0 (iPhone; CPU iPhone OS 13_2_3 like Mac OS X) AppleWebKit/605.1.15 (KHTML, like Gecko) Version/13.0.3 Mobile/15E148 Safari/604.1"
204.76.203.206 - - [31/Jan/2026:01:01:01 -0500] "GET / HTTP/1.1" 301 - "-" "Mozilla/5.0 (Windows NT 10.0; Win64; x64) AppleWebKit/537.36 (KHTML, like Gecko) Chrome/90.0.4430.85 Safari/537.36 Edg/90.0.818.46"
43.130.40.120 - - [31/Jan/2026:01:02:32 -0500] "GET / HTTP/1.1" 301 - "-" "Mozilla/5.0 (iPhone; CPU iPhone OS 13_2_3 like Mac OS X) AppleWebKit/605.1.15 (KHTML, like Gecko) Version/13.0.3 Mobile/15E148 Safari/604.1"
74.7.242.38 - - [31/Jan/2026:01:06:48 -0500] "GET /celebrity/bettie-page/ HTTP/1.1" 302 294 "http://www.nastylisting.com" "Mozilla/5.0 AppleWebKit/537.36 (KHTML, like Gecko; compatible; GPTBot/1.3; +https://openai.com/gptbot)"
204.76.203.212 - - [31/Jan/2026:01:07:03 -0500] "GET / HTTP/1.1" 301 - "-" "Mozilla/5.0 (Windows NT 10.0; Win64; x64) AppleWebKit/537.36 (KHTML, like Gecko) Chrome/90.0.4430.85 Safari/537.36 Edg/90.0.818.46"
74.206.190.67 - - [31/Jan/2026:01:11:26 -0500] "POST /wp-cron.php?doing_wp_cron=1769839886.1710569858551025390625 HTTP/1.1" 200 - "-" "WordPress/3.6.1; http://www.hardercopy.com"
114.119.130.12 - - [31/Jan/2026:01:11:26 -0500] "GET /index.php/hardcore-blonde/eden-adams.html HTTP/1.1" 200 25267 "http://www.hardercopy.com/index.php/uncategorized/hardcore-tube.html" "Mozilla/5.0 (Linux; Android 7.0;) AppleWebKit/537.36 (KHTML, like Gecko) Mobile Safari/537.36 (compatible; PetalBot;+https://webmaster.petalsearch.com/site/petalbot)"
64.62.197.137 - - [31/Jan/2026:01:19:21 -0500] "GET / HTTP/1.1" 301 - "-" "Mozilla/5.0 (X11; Linux x86_64) AppleWebKit/537.36 (KHTML, like Gecko) Chrome/122.0.0.0 Safari/537.36"
64.62.197.137 - - [31/Jan/2026:01:20:08 -0500] "GET /webui/ HTTP/1.1" 302 289 "-" "Mozilla/5.0 (Windows NT 10.0; Win64; x64; rv:141.0) Gecko/20100101 Firefox/141.0"
64.62.197.140 - - [31/Jan/2026:01:20:51 -0500] "GET / HTTP/1.1" 301 - "-" "Mozilla/5.0 (Windows NT 10.0; Win64; x64; rv:141.0) Gecko/20100101 Firefox/141.0"
64.62.197.137 - - [31/Jan/2026:01:22:18 -0500] "GET /geoserver/web/ HTTP/1.1" 302 289 "-" "Mozilla/5.0 (X11; Linux x86_64) AppleWebKit/537.36 (KHTML, like Gecko) Chrome/122.0.0.0 Safari/537.36"
43.157.52.37 - - [31/Jan/2026:01:26:45 -0500] "GET / HTTP/1.1" 301 - "-" "Mozilla/5.0 (iPhone; CPU iPhone OS 13_2_3 like Mac OS X) AppleWebKit/605.1.15 (KHTML, like Gecko) Version/13.0.3 Mobile/15E148 Safari/604.1"
204.76.203.206 - - [31/Jan/2026:01:33:44 -0500] "GET / HTTP/1.1" 301 - "-" "Mozilla/5.0 (Windows NT 10.0; Win64; x64) AppleWebKit/537.36 (KHTML, like Gecko) Chrome/90.0.4430.85 Safari/537.36 Edg/90.0.818.46"
204.76.203.212 - - [31/Jan/2026:01:34:23 -0500] "GET / HTTP/1.1" 301 - "-" "Mozilla/5.0 (Windows NT 10.0; Win64; x64) AppleWebKit/537.36 (KHTML, like Gecko) Chrome/90.0.4430.85 Safari/537.36 Edg/90.0.818.46"
80.71.159.87 - - [31/Jan/2026:01:35:30 -0500] "GET / HTTP/1.1" 301 - "http://hardercopy.com/" "Mozilla/5.0 (Windows NT 10.0; Win64; x64) AppleWebKit/537.36 (KHTML, like Gecko) Chrome/131.0.0.0 Safari/537.36"
80.71.159.87 - - [31/Jan/2026:01:35:31 -0500] "GET / HTTP/1.1" 200 26912 "http://www.hardercopy.com/" "Mozilla/5.0 (Windows NT 10.0; Win64; x64) AppleWebKit/537.36 (KHTML, like Gecko) Chrome/131.0.0.0 Safari/537.36"
204.76.203.212 - - [31/Jan/2026:01:58:32 -0500] "GET / HTTP/1.1" 301 - "-" "Mozilla/5.0 (Windows NT 10.0; Win64; x64) AppleWebKit/537.36 (KHTML, like Gecko) Chrome/90.0.4430.85 Safari/537.36 Edg/90.0.818.46"
204.76.203.206 - - [31/Jan/2026:02:04:50 -0500] "GET / HTTP/1.1" 301 - "-" "Mozilla/5.0 (Windows NT 10.0; Win64; x64) AppleWebKit/537.36 (KHTML, like Gecko) Chrome/90.0.4430.85 Safari/537.36 Edg/90.0.818.46"
74.206.190.67 - - [31/Jan/2026:02:10:02 -0500] "POST /wp-cron.php?doing_wp_cron=1769843402.3031070232391357421875 HTTP/1.1" 200 - "-" "WordPress/3.6.1; http://www.hardercopy.com"
114.119.159.26 - - [31/Jan/2026:02:10:02 -0500] "GET /index.php/hardcore-blonde/hardcore-tube.html HTTP/1.1" 200 25167 "http://www.hardercopy.com/index.php/uncategorized/hardcore-tube.html" "Mozilla/5.0 (Linux; Android 7.0;) AppleWebKit/537.36 (KHTML, like Gecko) Mobile Safari/537.36 (compatible; PetalBot;+https://webmaster.petalsearch.com/site/petalbot)"
114.119.146.45 - - [31/Jan/2026:02:13:37 -0500] "GET /index.php/hardcore-blonde/cheerleader-tube.html HTTP/1.1" 200 25465 "http://www.hardercopy.com/index.php/uncategorized/hardcore-tube.html" "Mozilla/5.0 (Linux; Android 7.0;) AppleWebKit/537.36 (KHTML, like Gecko) Mobile Safari/537.36 (compatible; PetalBot;+https://webmaster.petalsearch.com/site/petalbot)"
204.76.203.212 - - [31/Jan/2026:02:23:41 -0500] "GET / HTTP/1.1" 301 - "-" "Mozilla/5.0 (Windows NT 10.0; Win64; x64) AppleWebKit/537.36 (KHTML, like Gecko) Chrome/90.0.4430.85 Safari/537.36 Edg/90.0.818.46"
204.76.203.206 - - [31/Jan/2026:02:33:32 -0500] "GET / HTTP/1.1" 301 - "-" "Mozilla/5.0 (Windows NT 10.0; Win64; x64) AppleWebKit/537.36 (KHTML, like Gecko) Chrome/90.0.4430.85 Safari/537.36 Edg/90.0.818.46"
54.194.235.159 - - [31/Jan/2026:02:36:10 -0500] "GET /.env HTTP/1.1" 302 290 "-" "python-requests/2.26.0"
54.194.235.159 - - [31/Jan/2026:02:36:11 -0500] "POST / HTTP/1.1" 301 - "-" "python-requests/2.26.0"
54.194.235.159 - - [31/Jan/2026:02:36:11 -0500] "GET / HTTP/1.1" 200 26912 "-" "python-requests/2.26.0"
204.76.203.212 - - [31/Jan/2026:02:48:19 -0500] "GET / HTTP/1.1" 301 - "-" "Mozilla/5.0 (Windows NT 10.0; Win64; x64) AppleWebKit/537.36 (KHTML, like Gecko) Chrome/90.0.4430.85 Safari/537.36 Edg/90.0.818.46"
40.77.167.184 - - [31/Jan/2026:02:49:30 -0500] "GET /robots.txt HTTP/1.1" 200 24 "-" "Mozilla/5.0 AppleWebKit/537.36 (KHTML, like Gecko; compatible; bingbot/2.0; +http://www.bing.com/bingbot.htm) Chrome/116.0.1938.76 Safari/537.36"
207.46.13.87 - - [31/Jan/2026:02:49:38 -0500] "GET /index.php/feed HTTP/1.1" 200 11760 "-" "Mozilla/5.0 AppleWebKit/537.36 (KHTML, like Gecko; compatible; bingbot/2.0; +http://www.bing.com/bingbot.htm) Chrome/116.0.1938.76 Safari/537.36"
5.61.209.92 - - [31/Jan/2026:02:57:29 -0500] "GET /SDK/webLanguage HTTP/1.1" 302 289 "-" "Mozilla/5.0 (Windows NT 10.0; Win64; x64) AppleWebKit/537.36 (KHTML, like Gecko) Chrome/90.0.4430.85 Safari/537.36 Edg/90.0.818.46"
204.76.203.206 - - [31/Jan/2026:03:05:01 -0500] "GET / HTTP/1.1" 301 - "-" "Mozilla/5.0 (Windows NT 10.0; Win64; x64) AppleWebKit/537.36 (KHTML, like Gecko) Chrome/90.0.4430.85 Safari/537.36 Edg/90.0.818.46"
74.206.190.67 - - [31/Jan/2026:03:10:44 -0500] "POST /wp-cron.php?doing_wp_cron=1769847044.8546230792999267578125 HTTP/1.1" 200 - "-" "WordPress/3.6.1; http://www.hardercopy.com"
114.119.152.54 - - [31/Jan/2026:03:10:44 -0500] "GET /index.php/hardcore-blonde/hardcore-sex-tube.html HTTP/1.1" 200 25376 "http://www.hardercopy.com/index.php/uncategorized/hardcore-tube.html" "Mozilla/5.0 (Linux; Android 7.0;) AppleWebKit/537.36 (KHTML, like Gecko) Mobile Safari/537.36 (compatible; PetalBot;+https://webmaster.petalsearch.com/site/petalbot)"
49.51.50.147 - - [31/Jan/2026:03:14:05 -0500] "GET / HTTP/1.1" 301 - "-" "Mozilla/5.0 (iPhone; CPU iPhone OS 13_2_3 like Mac OS X) AppleWebKit/605.1.15 (KHTML, like Gecko) Version/13.0.3 Mobile/15E148 Safari/604.1"
204.76.203.212 - - [31/Jan/2026:03:15:35 -0500] "GET / HTTP/1.1" 301 - "-" "Mozilla/5.0 (Windows NT 10.0; Win64; x64) AppleWebKit/537.36 (KHTML, like Gecko) Chrome/90.0.4430.85 Safari/537.36 Edg/90.0.818.46"
193.142.147.209 - - [31/Jan/2026:03:26:04 -0500] "POST / HTTP/1.1" 301 - "-" "Mozilla/5.0 (Windows NT 10.0; Win64; x64) AppleWebKit/537.36"
54.194.235.159 - - [31/Jan/2026:03:28:00 -0500] "GET /.env HTTP/1.1" 302 289 "-" "python-requests/2.26.0"
54.194.235.159 - - [31/Jan/2026:03:28:00 -0500] "POST / HTTP/1.1" 301 - "-" "python-requests/2.26.0"
204.76.203.206 - - [31/Jan/2026:03:35:06 -0500] "GET / HTTP/1.1" 301 - "-" "Mozilla/5.0 (Windows NT 10.0; Win64; x64) AppleWebKit/537.36 (KHTML, like Gecko) Chrome/90.0.4430.85 Safari/537.36 Edg/90.0.818.46"
204.76.203.212 - - [31/Jan/2026:03:37:25 -0500] "GET / HTTP/1.1" 301 - "-" "Mozilla/5.0 (Windows NT 10.0; Win64; x64) AppleWebKit/537.36 (KHTML, like Gecko) Chrome/90.0.4430.85 Safari/537.36 Edg/90.0.818.46"
205.210.31.254 - - [31/Jan/2026:03:46:00 -0500] "GET / HTTP/1.1" 200 26912 "-" "Hello from Palo Alto Networks, find out more about our scans in https://docs-cortex.paloaltonetworks.com/r/1/Cortex-Xpanse/Scanning-activity"
3.137.73.221 - - [31/Jan/2026:03:49:00 -0500] "GET / HTTP/1.1" 301 - "-" "cypex.ai/scanning Mozilla/5.0 (Macintosh; Intel Mac OS X 10_15_7) Chrome/126.0.0.0 Safari/537.36"
37.59.21.100 - - [31/Jan/2026:03:51:50 -0500] "GET /index.php/category/hardcore-amateur/feed HTTP/1.1" 200 4427 "-" "Mozilla/5.0 (X11; Linux i686) AppleWebKit/537.36 (KHTML, like Gecko) Chrome/30.0.1599.66 Safari/537.36"
80.82.70.133 - - [31/Jan/2026:03:59:17 -0500] "GET / HTTP/1.1" 200 26912 "-" "Mozilla/5.0 (iPhone; CPU iPhone OS 12_4 like Mac OS X) AppleWebKit/605.1.15 (KHTML, like Gecko) CriOS/76.0.3809.81 Mobile/15E148 Safari/605.1"
80.82.77.202 - - [31/Jan/2026:03:59:35 -0500] "GET /aaa9 HTTP/1.1" 302 289 "-" "Mozilla/5.0 (Windows NT 10.0; Win64; x64) AppleWebKit/537.36 (KHTML, like Gecko) Chrome/70.0.3538.77 Safari/537.36"
80.82.77.202 - - [31/Jan/2026:03:59:36 -0500] "GET /aab9 HTTP/1.1" 302 289 "-" "Mozilla/5.0 (Windows NT 10.0; Win64; x64) AppleWebKit/537.36 (KHTML, like Gecko) Chrome/70.0.3538.77 Safari/537.36"