51.254.59.113 - - [08/Feb/2026:14:45:23 -0500] "GET / HTTP/1.1" 301 - "-" "Mozilla/5.0 (Windows NT 6.1) AppleWebKit/537.36 (KHTML, like Gecko) Chrome/41.0.2228.0 Safari/537.36"
43.157.38.131 - - [08/Feb/2026:14:50:39 -0500] "GET / HTTP/1.1" 301 - "-" "Mozilla/5.0 (iPhone; CPU iPhone OS 13_2_3 like Mac OS X) AppleWebKit/605.1.15 (KHTML, like Gecko) Version/13.0.3 Mobile/15E148 Safari/604.1"
93.174.93.12 - - [08/Feb/2026:14:52:05 -0500] "GET / HTTP/1.1" 200 26912 "-" "Mozilla/5.0 (iPhone; CPU iPhone OS 12_2 like Mac OS X) AppleWebKit/605.1.15 (KHTML, like Gecko) Version/12.1 Mobile/15E148 Safari/604.1"
204.76.203.212 - - [08/Feb/2026:14:57:25 -0500] "GET / HTTP/1.1" 301 - "-" "Mozilla/5.0 (Windows NT 10.0; Win64; x64) AppleWebKit/537.36 (KHTML, like Gecko) Chrome/90.0.4430.85 Safari/537.36 Edg/90.0.818.46"
35.202.9.133 - - [08/Feb/2026:15:01:35 -0500] "GET / HTTP/1.1" 301 - "-" "Mozilla/5.0 (compatible; tchelebi/1.0; +http://tchelebi.io)"
145.220.91.19 - - [08/Feb/2026:15:02:08 -0500] "GET / HTTP/1.1" 200 26912 "-" "Mozilla/5.0 (Macintosh; Intel Mac OS X 10.15; rv:122.0) Gecko/20100101 Firefox/122.0"
43.155.162.41 - - [08/Feb/2026:15:08:42 -0500] "GET / HTTP/1.1" 301 - "-" "Mozilla/5.0 (iPhone; CPU iPhone OS 13_2_3 like Mac OS X) AppleWebKit/605.1.15 (KHTML, like Gecko) Version/13.0.3 Mobile/15E148 Safari/604.1"
185.213.174.141 - - [08/Feb/2026:15:14:53 -0500] "GET / HTTP/1.1" 301 - "-" "Mozilla/5.0"
193.142.147.209 - - [08/Feb/2026:15:20:40 -0500] "POST / HTTP/1.1" 301 - "-" "Mozilla/5.0 (Windows NT 10.0; Win64; x64) AppleWebKit/537.36"
204.76.203.212 - - [08/Feb/2026:15:23:44 -0500] "GET / HTTP/1.1" 301 - "-" "Mozilla/5.0 (Windows NT 10.0; Win64; x64) AppleWebKit/537.36 (KHTML, like Gecko) Chrome/90.0.4430.85 Safari/537.36 Edg/90.0.818.46"
170.64.220.173 - - [08/Feb/2026:15:24:08 -0500] "GET /.git/config HTTP/1.1" 302 289 "-" "Mozilla/5.0 (X11; Linux x86_64) AppleWebKit/537.36 (KHTML, like Gecko) Chrome/81.0.4044.129 Safari/537.36"
204.76.203.69 - - [08/Feb/2026:15:24:09 -0500] "GET / HTTP/1.1" 301 - "-" "Mozilla/5.0 (Windows NT 10.0; Win64; x64) AppleWebKit/537.36 (KHTML, like Gecko) Chrome/90.0.4430.85 Safari/537.36 Edg/90.0.818.46"
220.181.108.80 - - [08/Feb/2026:15:42:24 -0500] "GET /index.php/hardcore-teen/nikki-rhodes-does-hardcore.html HTTP/1.1" 302 294 "-" "Mozilla/5.0 (compatible; Baiduspider/2.0; +http://www.baidu.com/search/spider.html)"
204.76.203.212 - - [08/Feb/2026:15:52:08 -0500] "GET / HTTP/1.1" 301 - "-" "Mozilla/5.0 (Windows NT 10.0; Win64; x64) AppleWebKit/537.36 (KHTML, like Gecko) Chrome/90.0.4430.85 Safari/537.36 Edg/90.0.818.46"
194.26.192.26 - - [08/Feb/2026:15:55:48 -0500] "GET /ss.php?f_c=1 HTTP/1.1" 302 290 "-" "Mozilla/5.0 (Linux; Android 7.0; SM-G892A Build/NRD90M; wv) AppleWebKit/537.36 (KHTML, like Gecko) Version/4.0 Chrome/60.0.3112.107 Mobile Safari/537.36"
170.64.220.173 - - [08/Feb/2026:15:57:07 -0500] "GET /.git/config HTTP/1.1" 302 289 "-" "Mozilla/5.0 (X11; Linux x86_64) AppleWebKit/537.36 (KHTML, like Gecko) Chrome/81.0.4044.129 Safari/537.36"
74.206.190.67 - - [08/Feb/2026:15:58:09 -0500] "POST /wp-cron.php?doing_wp_cron=1770584289.5291180610656738281250 HTTP/1.1" 200 - "-" "WordPress/3.6.1; http://www.hardercopy.com"
119.249.100.50 - - [08/Feb/2026:15:58:09 -0500] "GET /index.php/tag/hardcore-fucking HTTP/1.1" 200 27053 "-" "Mozilla/5.0 (Windows NT 10.0; WOW64) AppleWebKit/537.36 (KHTML, like Gecko) Chrome/48.0.2564.116 Safari/537.36"
103.138.185.177 - - [08/Feb/2026:15:58:46 -0500] "GET / HTTP/1.1" 301 - "-" "Mozilla/5.0 (Windows NT 6.1; WOW64) AppleWebKit/537.36 (KHTML, like Gecko) Chrome/52.0.2743.116 Safari/537.36"
37.59.21.100 - - [08/Feb/2026:16:02:15 -0500] "GET /index.php/tag/cheerleader/feed HTTP/1.1" 200 2036 "-" "Mozilla/5.0 (X11; Linux i686) AppleWebKit/537.36 (KHTML, like Gecko) Chrome/30.0.1599.66 Safari/537.36"
74.206.190.67 - - [08/Feb/2026:16:07:09 -0500] "POST /wp-cron.php?doing_wp_cron=1770584829.1988289356231689453125 HTTP/1.1" 200 - "-" "WordPress/3.6.1; http://www.hardercopy.com"
114.119.152.54 - - [08/Feb/2026:16:07:09 -0500] "GET /index.php/tag/play-with-paris HTTP/1.1" 200 16282 "http://www.hardercopy.com/index.php/hardcore-teen/play-with-paris-hardcore-tube.html" "Mozilla/5.0 (Linux; Android 7.0;) AppleWebKit/537.36 (KHTML, like Gecko) Mobile Safari/537.36 (compatible; PetalBot;+https://webmaster.petalsearch.com/site/petalbot)"
74.7.228.52 - - [08/Feb/2026:16:09:06 -0500] "GET /robots.txt HTTP/1.1" 200 24 "-" "Mozilla/5.0 (Macintosh; Intel Mac OS X 10_15_7) AppleWebKit/537.36 (KHTML, like Gecko) Chrome/131.0.0.0 Safari/537.36; compatible; OAI-SearchBot/1.3; robots.txt; +https://openai.com/searchbot"
114.119.146.45 - - [08/Feb/2026:16:09:18 -0500] "GET /index.php/hardcore-blonde/hardcore-alexis-texas.html HTTP/1.1" 200 25338 "http://www.hardercopy.com/index.php/category/hardcore-blonde" "Mozilla/5.0 (Linux; Android 7.0;) AppleWebKit/537.36 (KHTML, like Gecko) Mobile Safari/537.36 (compatible; PetalBot;+https://webmaster.petalsearch.com/site/petalbot)"
74.7.227.133 - - [08/Feb/2026:16:09:38 -0500] "GET / HTTP/1.1" 301 - "http://www.prashikshan.in" "Mozilla/5.0 AppleWebKit/537.36 (KHTML, like Gecko; compatible; GPTBot/1.3; +https://openai.com/gptbot)"
74.7.230.3 - - [08/Feb/2026:16:09:39 -0500] "GET /robots.txt HTTP/1.1" 200 24 "-" "Mozilla/5.0 (Macintosh; Intel Mac OS X 10_15_7) AppleWebKit/537.36 (KHTML, like Gecko) Chrome/131.0.0.0 Safari/537.36; compatible; OAI-SearchBot/1.3; robots.txt; +https://openai.com/searchbot"
74.7.227.151 - - [08/Feb/2026:16:09:41 -0500] "GET / HTTP/1.1" 200 26912 "http://hardercopy.com" "Mozilla/5.0 AppleWebKit/537.36 (KHTML, like Gecko; compatible; GPTBot/1.3; +https://openai.com/gptbot)"
74.7.227.151 - - [08/Feb/2026:16:09:44 -0500] "GET /index.php/feed HTTP/1.1" 200 11760 "http://www.hardercopy.com/" "Mozilla/5.0 AppleWebKit/537.36 (KHTML, like Gecko; compatible; GPTBot/1.3; +https://openai.com/gptbot)"
74.7.227.151 - - [08/Feb/2026:16:09:46 -0500] "GET /index.php/category/hardcore-blonde HTTP/1.1" 200 23873 "http://www.hardercopy.com/" "Mozilla/5.0 AppleWebKit/537.36 (KHTML, like Gecko; compatible; GPTBot/1.3; +https://openai.com/gptbot)"
74.7.227.151 - - [08/Feb/2026:16:09:50 -0500] "GET /index.php/category/hardcore-movies HTTP/1.1" 200 18150 "http://www.hardercopy.com/" "Mozilla/5.0 AppleWebKit/537.36 (KHTML, like Gecko; compatible; GPTBot/1.3; +https://openai.com/gptbot)"
74.7.227.151 - - [08/Feb/2026:16:09:52 -0500] "GET /index.php/category/hardcore-amateur HTTP/1.1" 200 18142 "http://www.hardercopy.com/" "Mozilla/5.0 AppleWebKit/537.36 (KHTML, like Gecko; compatible; GPTBot/1.3; +https://openai.com/gptbot)"
74.7.227.151 - - [08/Feb/2026:16:09:56 -0500] "GET /index.php/hardcore-teen/nikki-rhodes-does-hardcore.html HTTP/1.1" 200 22510 "http://www.hardercopy.com/" "Mozilla/5.0 AppleWebKit/537.36 (KHTML, like Gecko; compatible; GPTBot/1.3; +https://openai.com/gptbot)"
74.7.227.151 - - [08/Feb/2026:16:09:58 -0500] "GET /?p=76 HTTP/1.1" 301 - "http://www.hardercopy.com/index.php/feed" "Mozilla/5.0 AppleWebKit/537.36 (KHTML, like Gecko; compatible; GPTBot/1.3; +https://openai.com/gptbot)"
74.7.227.151 - - [08/Feb/2026:16:09:59 -0500] "GET /index.php/hardcore-blonde/shawna-lenee-hardcore.html HTTP/1.1" 200 25181 "http://www.hardercopy.com/?p=76" "Mozilla/5.0 AppleWebKit/537.36 (KHTML, like Gecko; compatible; GPTBot/1.3; +https://openai.com/gptbot)"
180.149.126.15 - - [08/Feb/2026:16:09:59 -0500] "GET /stalker_portal/server/tools/auth_simple.php HTTP/1.1" 302 289 "-" "Mozilla/5.0 (Windows NT 5.1; Win64; x64) AppleWebKit/537.36 (KHTML, like Gecko) Chrome/60.0.3112.90 Safari/537.36"
74.7.227.151 - - [08/Feb/2026:16:09:59 -0500] "GET /?p=102 HTTP/1.1" 301 - "http://www.hardercopy.com/index.php/feed" "Mozilla/5.0 AppleWebKit/537.36 (KHTML, like Gecko; compatible; GPTBot/1.3; +https://openai.com/gptbot)"
74.7.227.151 - - [08/Feb/2026:16:10:00 -0500] "GET /index.php/hardcore-brunette/hardcore-porn-tube.html HTTP/1.1" 200 22519 "http://www.hardercopy.com/?p=102" "Mozilla/5.0 AppleWebKit/537.36 (KHTML, like Gecko; compatible; GPTBot/1.3; +https://openai.com/gptbot)"
74.7.227.151 - - [08/Feb/2026:16:10:01 -0500] "GET /?p=91 HTTP/1.1" 301 - "http://www.hardercopy.com/index.php/feed" "Mozilla/5.0 AppleWebKit/537.36 (KHTML, like Gecko; compatible; GPTBot/1.3; +https://openai.com/gptbot)"
74.7.227.151 - - [08/Feb/2026:16:10:01 -0500] "GET /index.php/hardcore-blonde/hardcore-sex-tube.html HTTP/1.1" 200 25376 "http://www.hardercopy.com/?p=91" "Mozilla/5.0 AppleWebKit/537.36 (KHTML, like Gecko; compatible; GPTBot/1.3; +https://openai.com/gptbot)"
74.7.227.151 - - [08/Feb/2026:16:10:02 -0500] "GET /?p=106 HTTP/1.1" 301 - "http://www.hardercopy.com/index.php/feed" "Mozilla/5.0 AppleWebKit/537.36 (KHTML, like Gecko; compatible; GPTBot/1.3; +https://openai.com/gptbot)"
74.7.227.151 - - [08/Feb/2026:16:10:02 -0500] "GET /index.php/hardcore-brunette/hardcore-brunette.html HTTP/1.1" 200 22467 "http://www.hardercopy.com/?p=106" "Mozilla/5.0 AppleWebKit/537.36 (KHTML, like Gecko; compatible; GPTBot/1.3; +https://openai.com/gptbot)"
74.7.227.151 - - [08/Feb/2026:16:10:03 -0500] "GET /?p=97 HTTP/1.1" 301 - "http://www.hardercopy.com/index.php/feed" "Mozilla/5.0 AppleWebKit/537.36 (KHTML, like Gecko; compatible; GPTBot/1.3; +https://openai.com/gptbot)"
74.7.227.151 - - [08/Feb/2026:16:10:03 -0500] "GET /index.php/hardcore-blonde/blonde-pornstar-hardcore-sex.html HTTP/1.1" 200 25426 "http://www.hardercopy.com/?p=97" "Mozilla/5.0 AppleWebKit/537.36 (KHTML, like Gecko; compatible; GPTBot/1.3; +https://openai.com/gptbot)"
74.7.227.151 - - [08/Feb/2026:16:10:03 -0500] "GET /?p=89 HTTP/1.1" 301 - "http://www.hardercopy.com/index.php/feed" "Mozilla/5.0 AppleWebKit/537.36 (KHTML, like Gecko; compatible; GPTBot/1.3; +https://openai.com/gptbot)"
74.7.227.151 - - [08/Feb/2026:16:10:03 -0500] "GET /index.php/hardcore-brunette/hardcore-threesome.html HTTP/1.1" 200 22513 "http://www.hardercopy.com/?p=89" "Mozilla/5.0 AppleWebKit/537.36 (KHTML, like Gecko; compatible; GPTBot/1.3; +https://openai.com/gptbot)"
74.7.227.151 - - [08/Feb/2026:16:10:04 -0500] "GET /?p=79 HTTP/1.1" 301 - "http://www.hardercopy.com/index.php/feed" "Mozilla/5.0 AppleWebKit/537.36 (KHTML, like Gecko; compatible; GPTBot/1.3; +https://openai.com/gptbot)"
74.7.227.151 - - [08/Feb/2026:16:10:04 -0500] "GET /index.php/hardcore-teen/nikki-rhodes-does-hardcore.html HTTP/1.1" 200 22510 "http://www.hardercopy.com/?p=79" "Mozilla/5.0 AppleWebKit/537.36 (KHTML, like Gecko; compatible; GPTBot/1.3; +https://openai.com/gptbot)"
74.7.227.151 - - [08/Feb/2026:16:10:05 -0500] "GET /?p=82 HTTP/1.1" 301 - "http://www.hardercopy.com/index.php/feed" "Mozilla/5.0 AppleWebKit/537.36 (KHTML, like Gecko; compatible; GPTBot/1.3; +https://openai.com/gptbot)"
74.7.227.151 - - [08/Feb/2026:16:10:05 -0500] "GET /index.php/hardcore-brunette/london-keys-tube.html HTTP/1.1" 200 22394 "http://www.hardercopy.com/?p=82" "Mozilla/5.0 AppleWebKit/537.36 (KHTML, like Gecko; compatible; GPTBot/1.3; +https://openai.com/gptbot)"
74.7.227.151 - - [08/Feb/2026:16:10:05 -0500] "GET /?p=85 HTTP/1.1" 301 - "http://www.hardercopy.com/index.php/feed" "Mozilla/5.0 AppleWebKit/537.36 (KHTML, like Gecko; compatible; GPTBot/1.3; +https://openai.com/gptbot)"
74.7.227.151 - - [08/Feb/2026:16:10:06 -0500] "GET /index.php/hardcore-blonde/hardcore-tube.html HTTP/1.1" 200 25167 "http://www.hardercopy.com/?p=85" "Mozilla/5.0 AppleWebKit/537.36 (KHTML, like Gecko; compatible; GPTBot/1.3; +https://openai.com/gptbot)"
74.7.227.151 - - [08/Feb/2026:16:10:06 -0500] "GET /?p=99 HTTP/1.1" 301 - "http://www.hardercopy.com/index.php/feed" "Mozilla/5.0 AppleWebKit/537.36 (KHTML, like Gecko; compatible; GPTBot/1.3; +https://openai.com/gptbot)"
74.7.227.151 - - [08/Feb/2026:16:10:06 -0500] "GET /index.php/hardcore-blonde/hardcore-alexis-texas.html HTTP/1.1" 200 25338 "http://www.hardercopy.com/?p=99" "Mozilla/5.0 AppleWebKit/537.36 (KHTML, like Gecko; compatible; GPTBot/1.3; +https://openai.com/gptbot)"
74.7.227.151 - - [08/Feb/2026:16:10:07 -0500] "GET /wp-content/themes/tubetheme-2017-v3-filled/scripts/'+a+' HTTP/1.1" 302 294 "http://www.hardercopy.com/wp-content/themes/tubetheme-2017-v3-filled/scripts/video.js" "Mozilla/5.0 AppleWebKit/537.36 (KHTML, like Gecko; compatible; GPTBot/1.3; +https://openai.com/gptbot)"
74.7.227.151 - - [08/Feb/2026:16:10:07 -0500] "GET /index.php/category/hardcore-blonde/feed HTTP/1.1" 200 12164 "http://www.hardercopy.com/index.php/category/hardcore-blonde" "Mozilla/5.0 AppleWebKit/537.36 (KHTML, like Gecko; compatible; GPTBot/1.3; +https://openai.com/gptbot)"
74.7.227.151 - - [08/Feb/2026:16:10:07 -0500] "GET /index.php/category/hardcore-movies/feed HTTP/1.1" 200 4542 "http://www.hardercopy.com/index.php/category/hardcore-movies" "Mozilla/5.0 AppleWebKit/537.36 (KHTML, like Gecko; compatible; GPTBot/1.3; +https://openai.com/gptbot)"
74.7.227.151 - - [08/Feb/2026:16:10:08 -0500] "GET /index.php/category/hardcore-amateur/feed HTTP/1.1" 200 4427 "http://www.hardercopy.com/index.php/category/hardcore-amateur" "Mozilla/5.0 AppleWebKit/537.36 (KHTML, like Gecko; compatible; GPTBot/1.3; +https://openai.com/gptbot)"
74.7.227.151 - - [08/Feb/2026:16:10:08 -0500] "GET /?p=38 HTTP/1.1" 301 - "http://www.hardercopy.com/index.php/category/hardcore-blonde/feed" "Mozilla/5.0 AppleWebKit/537.36 (KHTML, like Gecko; compatible; GPTBot/1.3; +https://openai.com/gptbot)"
74.7.227.151 - - [08/Feb/2026:16:10:09 -0500] "GET /index.php/hardcore-movies/school-girl-tube.html HTTP/1.1" 200 26955 "http://www.hardercopy.com/?p=38" "Mozilla/5.0 AppleWebKit/537.36 (KHTML, like Gecko; compatible; GPTBot/1.3; +https://openai.com/gptbot)"
74.7.227.151 - - [08/Feb/2026:16:10:09 -0500] "GET /index.php/hardcore-blonde/nikki-james-hardcore.html/feed HTTP/1.1" 200 823 "http://www.hardercopy.com/index.php/category/hardcore-blonde/feed" "Mozilla/5.0 AppleWebKit/537.36 (KHTML, like Gecko; compatible; GPTBot/1.3; +https://openai.com/gptbot)"
74.7.227.151 - - [08/Feb/2026:16:10:10 -0500] "GET /?p=49 HTTP/1.1" 301 - "http://www.hardercopy.com/index.php/category/hardcore-blonde/feed" "Mozilla/5.0 AppleWebKit/537.36 (KHTML, like Gecko; compatible; GPTBot/1.3; +https://openai.com/gptbot)"
74.7.227.151 - - [08/Feb/2026:16:10:10 -0500] "GET /index.php/hardcore-blonde/paris-gables.html HTTP/1.1" 200 25244 "http://www.hardercopy.com/?p=49" "Mozilla/5.0 AppleWebKit/537.36 (KHTML, like Gecko; compatible; GPTBot/1.3; +https://openai.com/gptbot)"
74.7.227.151 - - [08/Feb/2026:16:10:10 -0500] "GET /?p=68 HTTP/1.1" 301 - "http://www.hardercopy.com/index.php/category/hardcore-blonde/feed" "Mozilla/5.0 AppleWebKit/537.36 (KHTML, like Gecko; compatible; GPTBot/1.3; +https://openai.com/gptbot)"
74.7.227.151 - - [08/Feb/2026:16:10:10 -0500] "GET /index.php/hardcore-movies/codi-carmichael-hardcore-tube.html HTTP/1.1" 200 25915 "http://www.hardercopy.com/?p=68" "Mozilla/5.0 AppleWebKit/537.36 (KHTML, like Gecko; compatible; GPTBot/1.3; +https://openai.com/gptbot)"
74.7.227.151 - - [08/Feb/2026:16:10:11 -0500] "GET /?p=72 HTTP/1.1" 301 - "http://www.hardercopy.com/index.php/category/hardcore-blonde/feed" "Mozilla/5.0 AppleWebKit/537.36 (KHTML, like Gecko; compatible; GPTBot/1.3; +https://openai.com/gptbot)"
74.7.227.151 - - [08/Feb/2026:16:10:11 -0500] "GET /index.php/hardcore-blonde/nikki-james-hardcore.html HTTP/1.1" 200 25250 "http://www.hardercopy.com/?p=72" "Mozilla/5.0 AppleWebKit/537.36 (KHTML, like Gecko; compatible; GPTBot/1.3; +https://openai.com/gptbot)"
74.7.227.151 - - [08/Feb/2026:16:10:11 -0500] "GET /?p=47 HTTP/1.1" 301 - "http://www.hardercopy.com/index.php/category/hardcore-blonde/feed" "Mozilla/5.0 AppleWebKit/537.36 (KHTML, like Gecko; compatible; GPTBot/1.3; +https://openai.com/gptbot)"
74.7.227.151 - - [08/Feb/2026:16:10:11 -0500] "GET /index.php/hardcore-blonde/eden-adams.html HTTP/1.1" 200 25267 "http://www.hardercopy.com/?p=47" "Mozilla/5.0 AppleWebKit/537.36 (KHTML, like Gecko; compatible; GPTBot/1.3; +https://openai.com/gptbot)"
74.7.227.151 - - [08/Feb/2026:16:10:12 -0500] "GET /?p=3 HTTP/1.1" 301 - "http://www.hardercopy.com/index.php/category/hardcore-movies/feed" "Mozilla/5.0 AppleWebKit/537.36 (KHTML, like Gecko; compatible; GPTBot/1.3; +https://openai.com/gptbot)"
74.7.227.151 - - [08/Feb/2026:16:10:12 -0500] "GET /index.php/hardcore-movies/hardcore-virgin-tube.html HTTP/1.1" 200 20277 "http://www.hardercopy.com/?p=3" "Mozilla/5.0 AppleWebKit/537.36 (KHTML, like Gecko; compatible; GPTBot/1.3; +https://openai.com/gptbot)"
74.7.227.151 - - [08/Feb/2026:16:10:12 -0500] "GET /?p=13 HTTP/1.1" 301 - "http://www.hardercopy.com/index.php/category/hardcore-amateur/feed" "Mozilla/5.0 AppleWebKit/537.36 (KHTML, like Gecko; compatible; GPTBot/1.3; +https://openai.com/gptbot)"
74.7.227.151 - - [08/Feb/2026:16:10:12 -0500] "GET /index.php/hardcore-amateur/ex-girlfriend-hardcore-tube.html HTTP/1.1" 200 20978 "http://www.hardercopy.com/?p=13" "Mozilla/5.0 AppleWebKit/537.36 (KHTML, like Gecko; compatible; GPTBot/1.3; +https://openai.com/gptbot)"
74.7.227.151 - - [08/Feb/2026:16:10:13 -0500] "GET /?p=51 HTTP/1.1" 301 - "http://www.hardercopy.com/index.php/category/hardcore-amateur/feed" "Mozilla/5.0 AppleWebKit/537.36 (KHTML, like Gecko; compatible; GPTBot/1.3; +https://openai.com/gptbot)"
74.7.227.151 - - [08/Feb/2026:16:10:13 -0500] "GET /index.php/hardcore-teen/amber-rayne-tube.html HTTP/1.1" 200 23325 "http://www.hardercopy.com/?p=51" "Mozilla/5.0 AppleWebKit/537.36 (KHTML, like Gecko; compatible; GPTBot/1.3; +https://openai.com/gptbot)"
74.7.227.151 - - [08/Feb/2026:16:10:13 -0500] "GET /?p=41 HTTP/1.1" 301 - "http://www.hardercopy.com/index.php/category/hardcore-amateur/feed" "Mozilla/5.0 AppleWebKit/537.36 (KHTML, like Gecko; compatible; GPTBot/1.3; +https://openai.com/gptbot)"
74.7.227.151 - - [08/Feb/2026:16:10:13 -0500] "GET /index.php/hardcore-teen/young-tube-sex.html HTTP/1.1" 200 26953 "http://www.hardercopy.com/?p=41" "Mozilla/5.0 AppleWebKit/537.36 (KHTML, like Gecko; compatible; GPTBot/1.3; +https://openai.com/gptbot)"
204.76.203.212 - - [08/Feb/2026:16:17:45 -0500] "GET / HTTP/1.1" 301 - "-" "Mozilla/5.0 (Windows NT 10.0; Win64; x64) AppleWebKit/537.36 (KHTML, like Gecko) Chrome/90.0.4430.85 Safari/537.36 Edg/90.0.818.46"
204.76.203.69 - - [08/Feb/2026:16:28:33 -0500] "GET / HTTP/1.1" 301 - "-" "-"
170.64.220.173 - - [08/Feb/2026:16:33:37 -0500] "GET /.git/config HTTP/1.1" 302 289 "-" "Mozilla/5.0 (X11; Linux x86_64) AppleWebKit/537.36 (KHTML, like Gecko) Chrome/81.0.4044.129 Safari/537.36"
204.76.203.18 - - [08/Feb/2026:16:39:48 -0500] "GET / HTTP/1.1" 301 - "-" "-"
204.76.203.212 - - [08/Feb/2026:16:42:24 -0500] "GET / HTTP/1.1" 301 - "-" "Mozilla/5.0 (Windows NT 10.0; Win64; x64) AppleWebKit/537.36 (KHTML, like Gecko) Chrome/90.0.4430.85 Safari/537.36 Edg/90.0.818.46"
193.142.147.209 - - [08/Feb/2026:16:44:22 -0500] "POST / HTTP/1.1" 301 - "-" "Mozilla/5.0 (Windows NT 10.0; Win64; x64) AppleWebKit/537.36"
37.59.21.100 - - [08/Feb/2026:17:01:40 -0500] "GET /index.php/category/hardcore-teen/feed HTTP/1.1" 200 9000 "-" "Mozilla/5.0 (X11; Linux i686) AppleWebKit/537.36 (KHTML, like Gecko) Chrome/30.0.1599.66 Safari/537.36"
204.76.203.212 - - [08/Feb/2026:17:07:36 -0500] "GET / HTTP/1.1" 301 - "-" "Mozilla/5.0 (Windows NT 10.0; Win64; x64) AppleWebKit/537.36 (KHTML, like Gecko) Chrome/90.0.4430.85 Safari/537.36 Edg/90.0.818.46"
101.33.55.204 - - [08/Feb/2026:17:08:51 -0500] "GET / HTTP/1.1" 301 - "-" "Mozilla/5.0 (iPhone; CPU iPhone OS 13_2_3 like Mac OS X) AppleWebKit/605.1.15 (KHTML, like Gecko) Version/13.0.3 Mobile/15E148 Safari/604.1"
104.219.238.86 - - [08/Feb/2026:17:10:24 -0500] "GET / HTTP/1.1" 301 - "-" "Mozilla/5.0 (Windows NT 10.0; Win64; x64) AppleWebKit/537.36 (KHTML, like Gecko) Chrome/91.0.4472.124 Safari/537.36"
74.206.190.67 - - [08/Feb/2026:17:10:24 -0500] "POST /wp-cron.php?doing_wp_cron=1770588624.8115940093994140625000 HTTP/1.1" 200 - "-" "WordPress/3.6.1; http://www.hardercopy.com"
104.219.238.86 - - [08/Feb/2026:17:10:24 -0500] "GET / HTTP/1.1" 200 26912 "http://hardercopy.com" "Mozilla/5.0 (Windows NT 10.0; Win64; x64) AppleWebKit/537.36 (KHTML, like Gecko) Chrome/91.0.4472.124 Safari/537.36"
204.76.203.212 - - [08/Feb/2026:17:31:36 -0500] "GET / HTTP/1.1" 301 - "-" "Mozilla/5.0 (Windows NT 10.0; Win64; x64) AppleWebKit/537.36 (KHTML, like Gecko) Chrome/90.0.4430.85 Safari/537.36 Edg/90.0.818.46"
176.65.139.8 - - [08/Feb/2026:17:46:34 -0500] "GET / HTTP/1.1" 301 - "-" "-"
89.42.231.200 - - [08/Feb/2026:17:55:18 -0500] "GET /SDK/webLanguage HTTP/1.1" 302 289 "-" "Mozilla/5.0 (Windows NT 10.0; Win64; x64) AppleWebKit/537.36 (KHTML, like Gecko) Chrome/90.0.4430.85 Safari/537.36 Edg/90.0.818.46"
204.76.203.212 - - [08/Feb/2026:17:57:12 -0500] "GET / HTTP/1.1" 301 - "-" "Mozilla/5.0 (Windows NT 10.0; Win64; x64) AppleWebKit/537.36 (KHTML, like Gecko) Chrome/90.0.4430.85 Safari/537.36 Edg/90.0.818.46"