File: //home/httpd/logs/hardercopy.com_access_log
204.76.203.212 - - [08/Feb/2026:04:21:13 -0500] "GET / HTTP/1.1" 301 - "-" "Mozilla/5.0 (Windows NT 10.0; Win64; x64) AppleWebKit/537.36 (KHTML, like Gecko) Chrome/90.0.4430.85 Safari/537.36 Edg/90.0.818.46"
74.206.190.67 - - [08/Feb/2026:04:36:11 -0500] "POST /wp-cron.php?doing_wp_cron=1770543371.6699600219726562500000 HTTP/1.1" 200 - "-" "WordPress/3.6.1; http://www.hardercopy.com"
37.59.21.100 - - [08/Feb/2026:04:36:11 -0500] "GET /index.php/tag/cheerleader/feed HTTP/1.1" 200 2036 "-" "Mozilla/5.0 (X11; Linux i686) AppleWebKit/537.36 (KHTML, like Gecko) Chrome/30.0.1599.66 Safari/537.36"
43.167.236.228 - - [08/Feb/2026:04:42:01 -0500] "GET / HTTP/1.1" 301 - "-" "Mozilla/5.0 (iPhone; CPU iPhone OS 13_2_3 like Mac OS X) AppleWebKit/605.1.15 (KHTML, like Gecko) Version/13.0.3 Mobile/15E148 Safari/604.1"
43.167.236.228 - - [08/Feb/2026:04:42:02 -0500] "GET / HTTP/1.1" 200 26912 "http://hardercopy.com" "Mozilla/5.0 (iPhone; CPU iPhone OS 13_2_3 like Mac OS X) AppleWebKit/605.1.15 (KHTML, like Gecko) Version/13.0.3 Mobile/15E148 Safari/604.1"
193.142.147.209 - - [08/Feb/2026:04:47:15 -0500] "POST / HTTP/1.1" 301 - "-" "Mozilla/5.0 (Windows NT 10.0; Win64; x64) AppleWebKit/537.36"
43.153.58.28 - - [08/Feb/2026:04:48:59 -0500] "GET / HTTP/1.1" 301 - "-" "Mozilla/5.0 (iPhone; CPU iPhone OS 13_2_3 like Mac OS X) AppleWebKit/605.1.15 (KHTML, like Gecko) Version/13.0.3 Mobile/15E148 Safari/604.1"
37.59.21.100 - - [08/Feb/2026:04:55:36 -0500] "GET /index.php/category/hardcore-teen/feed HTTP/1.1" 200 9000 "-" "Mozilla/5.0 (X11; Linux i686) AppleWebKit/537.36 (KHTML, like Gecko) Chrome/30.0.1599.66 Safari/537.36"
20.238.51.51 - - [08/Feb/2026:05:04:05 -0500] "GET /wp-content/plugins/hellopress/wp_filemanager.php HTTP/1.1" 302 289 "-" "-"
43.133.220.37 - - [08/Feb/2026:05:05:25 -0500] "GET / HTTP/1.1" 301 - "-" "Mozilla/5.0 (iPhone; CPU iPhone OS 13_2_3 like Mac OS X) AppleWebKit/605.1.15 (KHTML, like Gecko) Version/13.0.3 Mobile/15E148 Safari/604.1"
95.164.5.48 - - [08/Feb/2026:05:07:22 -0500] "GET /.env HTTP/1.1" 302 289 "-" "Mozilla/5.0 (Linux; U; Android 4.4.2; en-US; HM NOTE 1W Build/KOT49H) AppleWebKit/534.30 (KHTML, like Gecko) Version/4.0 UCBrowser/11.0.5.850 U3/0.8.0 Mobile Safari/534.30"
95.164.5.48 - - [08/Feb/2026:05:07:25 -0500] "POST / HTTP/1.1" 301 - "-" "Mozilla/5.0 (Linux; U; Android 4.4.2; en-US; HM NOTE 1W Build/KOT49H) AppleWebKit/534.30 (KHTML, like Gecko) Version/4.0 UCBrowser/11.0.5.850 U3/0.8.0 Mobile Safari/534.30"
95.164.5.48 - - [08/Feb/2026:05:07:34 -0500] "GET /vendor/phpunit/phpunit/src/Util/PHP/eval-stdin.php HTTP/1.1" 302 289 "-" "python-requests/2.25.1"
204.76.203.212 - - [08/Feb/2026:05:14:44 -0500] "GET / HTTP/1.1" 301 - "-" "Mozilla/5.0 (Windows NT 10.0; Win64; x64) AppleWebKit/537.36 (KHTML, like Gecko) Chrome/90.0.4430.85 Safari/537.36 Edg/90.0.818.46"
68.221.72.62 - - [08/Feb/2026:05:22:50 -0500] "GET /wp-content/plugins/hellopress/wp_filemanager.php HTTP/1.1" 302 289 "-" "-"
68.221.72.62 - - [08/Feb/2026:05:22:51 -0500] "GET /grsiuk.php HTTP/1.1" 302 289 "-" "-"
68.221.72.62 - - [08/Feb/2026:05:22:51 -0500] "GET /fs.php HTTP/1.1" 302 289 "-" "-"
68.221.72.62 - - [08/Feb/2026:05:22:51 -0500] "GET /;k.php HTTP/1.1" 302 289 "-" "-"
182.42.104.32 - - [08/Feb/2026:05:23:45 -0500] "GET / HTTP/1.1" 301 - "-" "Mozilla/5.0 (iPhone; CPU iPhone OS 13_2_3 like Mac OS X) AppleWebKit/605.1.15 (KHTML, like Gecko) Version/13.0.3 Mobile/15E148 Safari/604.1"
74.206.190.67 - - [08/Feb/2026:05:23:49 -0500] "POST /wp-cron.php?doing_wp_cron=1770546229.0897769927978515625000 HTTP/1.1" 200 - "-" "WordPress/3.6.1; http://www.hardercopy.com"
182.42.104.32 - - [08/Feb/2026:05:23:49 -0500] "GET / HTTP/1.1" 200 26912 "http://hardercopy.com" "Mozilla/5.0 (iPhone; CPU iPhone OS 13_2_3 like Mac OS X) AppleWebKit/605.1.15 (KHTML, like Gecko) Version/13.0.3 Mobile/15E148 Safari/604.1"
43.157.180.116 - - [08/Feb/2026:05:25:21 -0500] "GET / HTTP/1.1" 301 - "-" "Mozilla/5.0 (iPhone; CPU iPhone OS 13_2_3 like Mac OS X) AppleWebKit/605.1.15 (KHTML, like Gecko) Version/13.0.3 Mobile/15E148 Safari/604.1"
216.180.246.247 - - [08/Feb/2026:05:27:28 -0500] "GET / HTTP/1.1" 200 26912 "-" "'Mozilla/5.0 (compatible; GenomeCrawlerd/1.0; +https://www.nokia.com/genomecrawler)'"
145.239.10.137 - - [08/Feb/2026:05:28:15 -0500] "GET /p.php HTTP/1.1" 302 290 "http://hardercopy.com/p.php" "Mozilla/5.0 (iPhone; CPU iPhone OS 17_5_1 like Mac OS X) AppleWebKit/605.1.15 (KHTML, like Gecko) Version/17.5 Mobile/15E148 Safari/604.1"
45.194.92.11 - - [08/Feb/2026:05:29:30 -0500] "GET /dispatch.asp HTTP/1.1" 302 289 "-" "Mozilla/5.0 (Windows NT 10.0; Win64; x64) AppleWebKit/537.36 (KHTML, like Gecko) Chrome/90.0.4430.85 Safari/537.36 Edg/90.0.818.46"
162.216.149.158 - - [08/Feb/2026:05:33:07 -0500] "GET / HTTP/1.1" 301 - "-" "Hello from Palo Alto Networks, find out more about our scans in https://docs-cortex.paloaltonetworks.com/r/1/Cortex-Xpanse/Scanning-activity"
204.76.203.212 - - [08/Feb/2026:05:36:55 -0500] "GET / HTTP/1.1" 301 - "-" "Mozilla/5.0 (Windows NT 10.0; Win64; x64) AppleWebKit/537.36 (KHTML, like Gecko) Chrome/90.0.4430.85 Safari/537.36 Edg/90.0.818.46"
47.91.125.252 - - [08/Feb/2026:05:37:36 -0500] "GET / HTTP/1.1" 301 - "-" "Mozilla/5.0 zgrab/0.x"
204.76.203.18 - - [08/Feb/2026:05:40:54 -0500] "GET /bin/ HTTP/1.1" 302 289 "-" "-"
170.106.180.139 - - [08/Feb/2026:05:41:08 -0500] "GET / HTTP/1.1" 301 - "-" "Mozilla/5.0 (iPhone; CPU iPhone OS 13_2_3 like Mac OS X) AppleWebKit/605.1.15 (KHTML, like Gecko) Version/13.0.3 Mobile/15E148 Safari/604.1"
170.64.220.173 - - [08/Feb/2026:05:43:21 -0500] "GET /.git/config HTTP/1.1" 302 289 "-" "Mozilla/5.0 (X11; Linux x86_64) AppleWebKit/537.36 (KHTML, like Gecko) Chrome/81.0.4044.129 Safari/537.36"
52.167.144.172 - - [08/Feb/2026:05:46:55 -0500] "GET /index.php/feed HTTP/1.1" 200 11760 "-" "Mozilla/5.0 AppleWebKit/537.36 (KHTML, like Gecko; compatible; bingbot/2.0; +http://www.bing.com/bingbot.htm) Chrome/116.0.1938.76 Safari/537.36"
43.153.123.4 - - [08/Feb/2026:05:56:08 -0500] "GET / HTTP/1.1" 301 - "-" "Mozilla/5.0 (iPhone; CPU iPhone OS 13_2_3 like Mac OS X) AppleWebKit/605.1.15 (KHTML, like Gecko) Version/13.0.3 Mobile/15E148 Safari/604.1"
210.177.178.148 - - [08/Feb/2026:05:58:33 -0500] "GET /wp-json/wp/v2/posts HTTP/1.1" 302 290 "-" "Mozilla/5.0 (Windows NT 10.0; Win64; x64) AppleWebKit/537.36 (KHTML, like Gecko) Chrome/120.0.0.0 Safari/537.36"
204.76.203.212 - - [08/Feb/2026:06:05:14 -0500] "GET / HTTP/1.1" 301 - "-" "Mozilla/5.0 (Windows NT 10.0; Win64; x64) AppleWebKit/537.36 (KHTML, like Gecko) Chrome/90.0.4430.85 Safari/537.36 Edg/90.0.818.46"
23.82.99.105 - - [08/Feb/2026:06:05:44 -0500] "POST /hello.world?%ADd+allow_url_include%3d1+%ADd+auto_prepend_file%3dphp://input HTTP/1.1" 302 289 "-" "libredtail-http"
193.142.147.209 - - [08/Feb/2026:06:11:02 -0500] "POST / HTTP/1.1" 301 - "-" "Mozilla/5.0 (Windows NT 10.0; Win64; x64) AppleWebKit/537.36"
43.166.244.66 - - [08/Feb/2026:06:19:42 -0500] "GET / HTTP/1.1" 301 - "-" "Mozilla/5.0 (iPhone; CPU iPhone OS 13_2_3 like Mac OS X) AppleWebKit/605.1.15 (KHTML, like Gecko) Version/13.0.3 Mobile/15E148 Safari/604.1"
135.237.126.18 - - [08/Feb/2026:06:24:09 -0500] "GET /druid/index.html HTTP/1.1" 302 289 "-" "Mozilla/5.0 zgrab/0.x"
68.221.72.62 - - [08/Feb/2026:06:27:29 -0500] "GET /wp-content/plugins/hellopress/wp_filemanager.php HTTP/1.1" 302 289 "-" "-"
68.221.72.62 - - [08/Feb/2026:06:27:30 -0500] "GET /grsiuk.php HTTP/1.1" 302 289 "-" "-"
68.221.72.62 - - [08/Feb/2026:06:27:30 -0500] "GET /fs.php HTTP/1.1" 302 289 "-" "-"
68.221.72.62 - - [08/Feb/2026:06:27:30 -0500] "GET /;k.php HTTP/1.1" 302 289 "-" "-"
204.76.203.212 - - [08/Feb/2026:06:29:05 -0500] "GET / HTTP/1.1" 301 - "-" "Mozilla/5.0 (Windows NT 10.0; Win64; x64) AppleWebKit/537.36 (KHTML, like Gecko) Chrome/90.0.4430.85 Safari/537.36 Edg/90.0.818.46"
49.51.73.183 - - [08/Feb/2026:06:39:29 -0500] "GET / HTTP/1.1" 301 - "-" "Mozilla/5.0 (iPhone; CPU iPhone OS 13_2_3 like Mac OS X) AppleWebKit/605.1.15 (KHTML, like Gecko) Version/13.0.3 Mobile/15E148 Safari/604.1"
74.206.190.67 - - [08/Feb/2026:06:53:38 -0500] "POST /wp-cron.php?doing_wp_cron=1770551618.2845571041107177734375 HTTP/1.1" 200 - "-" "WordPress/3.6.1; http://www.hardercopy.com"
43.156.202.34 - - [08/Feb/2026:06:53:38 -0500] "GET / HTTP/1.1" 200 26912 "-" "Mozilla/5.0 (iPhone; CPU iPhone OS 13_2_3 like Mac OS X) AppleWebKit/605.1.15 (KHTML, like Gecko) Version/13.0.3 Mobile/15E148 Safari/604.1"
204.76.203.212 - - [08/Feb/2026:06:53:57 -0500] "GET / HTTP/1.1" 301 - "-" "Mozilla/5.0 (Windows NT 10.0; Win64; x64) AppleWebKit/537.36 (KHTML, like Gecko) Chrome/90.0.4430.85 Safari/537.36 Edg/90.0.818.46"
43.166.226.186 - - [08/Feb/2026:06:57:41 -0500] "GET / HTTP/1.1" 301 - "-" "Mozilla/5.0 (iPhone; CPU iPhone OS 13_2_3 like Mac OS X) AppleWebKit/605.1.15 (KHTML, like Gecko) Version/13.0.3 Mobile/15E148 Safari/604.1"
170.106.82.209 - - [08/Feb/2026:07:14:21 -0500] "GET / HTTP/1.1" 301 - "-" "Mozilla/5.0 (iPhone; CPU iPhone OS 13_2_3 like Mac OS X) AppleWebKit/605.1.15 (KHTML, like Gecko) Version/13.0.3 Mobile/15E148 Safari/604.1"
204.76.203.212 - - [08/Feb/2026:07:19:53 -0500] "GET / HTTP/1.1" 301 - "-" "Mozilla/5.0 (Windows NT 10.0; Win64; x64) AppleWebKit/537.36 (KHTML, like Gecko) Chrome/90.0.4430.85 Safari/537.36 Edg/90.0.818.46"
129.226.213.145 - - [08/Feb/2026:07:27:17 -0500] "GET / HTTP/1.1" 301 - "-" "Mozilla/5.0 (iPhone; CPU iPhone OS 13_2_3 like Mac OS X) AppleWebKit/605.1.15 (KHTML, like Gecko) Version/13.0.3 Mobile/15E148 Safari/604.1"
87.121.84.15 - - [08/Feb/2026:07:30:49 -0500] "GET / HTTP/1.1" 301 - "-" "Mozilla/1.0"
170.64.220.173 - - [08/Feb/2026:07:30:58 -0500] "GET /.git/config HTTP/1.1" 302 289 "-" "Mozilla/5.0 (X11; Linux x86_64) AppleWebKit/537.36 (KHTML, like Gecko) Chrome/81.0.4044.129 Safari/537.36"
47.85.13.86 - - [08/Feb/2026:07:35:36 -0500] "POST /hello.world?%ADd+allow_url_include%3d1+%ADd+auto_prepend_file%3dphp://input HTTP/1.1" 302 289 "-" "libredtail-http"
74.206.190.67 - - [08/Feb/2026:07:37:37 -0500] "POST /wp-cron.php?doing_wp_cron=1770554257.9141709804534912109375 HTTP/1.1" 200 - "-" "WordPress/3.6.1; http://www.hardercopy.com"
37.59.21.100 - - [08/Feb/2026:07:37:37 -0500] "GET /index.php/category/hardcore-teen/feed HTTP/1.1" 200 9000 "-" "Mozilla/5.0 (X11; Linux i686) AppleWebKit/537.36 (KHTML, like Gecko) Chrome/30.0.1599.66 Safari/537.36"
43.130.101.151 - - [08/Feb/2026:07:37:40 -0500] "GET / HTTP/1.1" 301 - "-" "Mozilla/5.0 (iPhone; CPU iPhone OS 13_2_3 like Mac OS X) AppleWebKit/605.1.15 (KHTML, like Gecko) Version/13.0.3 Mobile/15E148 Safari/604.1"
89.42.231.200 - - [08/Feb/2026:07:39:50 -0500] "GET /SDK/webLanguage HTTP/1.1" 302 289 "-" "Mozilla/5.0 (Windows NT 10.0; Win64; x64) AppleWebKit/537.36 (KHTML, like Gecko) Chrome/90.0.4430.85 Safari/537.36 Edg/90.0.818.46"
204.76.203.69 - - [08/Feb/2026:07:41:26 -0500] "GET / HTTP/1.1" 301 - "-" "Mozilla/5.0 (Windows NT 10.0; Win64; x64) AppleWebKit/537.36 (KHTML, like Gecko) Chrome/90.0.4430.85 Safari/537.36 Edg/90.0.818.46"
204.76.203.212 - - [08/Feb/2026:07:43:42 -0500] "GET / HTTP/1.1" 301 - "-" "Mozilla/5.0 (Windows NT 10.0; Win64; x64) AppleWebKit/537.36 (KHTML, like Gecko) Chrome/90.0.4430.85 Safari/537.36 Edg/90.0.818.46"
74.206.190.67 - - [08/Feb/2026:07:44:12 -0500] "POST /wp-cron.php?doing_wp_cron=1770554652.4584209918975830078125 HTTP/1.1" 200 - "-" "WordPress/3.6.1; http://www.hardercopy.com"
37.59.21.100 - - [08/Feb/2026:07:44:12 -0500] "GET /index.php/tag/cheerleader/feed HTTP/1.1" 200 2036 "-" "Mozilla/5.0 (X11; Linux i686) AppleWebKit/537.36 (KHTML, like Gecko) Chrome/30.0.1599.66 Safari/537.36"
43.163.104.54 - - [08/Feb/2026:07:50:17 -0500] "GET / HTTP/1.1" 301 - "-" "Mozilla/5.0 (iPhone; CPU iPhone OS 13_2_3 like Mac OS X) AppleWebKit/605.1.15 (KHTML, like Gecko) Version/13.0.3 Mobile/15E148 Safari/604.1"
114.119.153.186 - - [08/Feb/2026:07:52:10 -0500] "GET /index.php/tag/hardcore-fuck/page/1 HTTP/1.1" 301 - "http://www.hardercopy.com/index.php/tag/hardcore-fuck/page/2" "Mozilla/5.0 (Linux; Android 7.0;) AppleWebKit/537.36 (KHTML, like Gecko) Mobile Safari/537.36 (compatible; PetalBot;+https://webmaster.petalsearch.com/site/petalbot)"
114.119.153.186 - - [08/Feb/2026:07:52:10 -0500] "GET /index.php/tag/hardcore-fuck HTTP/1.1" 200 27035 "http://www.hardercopy.com/index.php/tag/hardcore-fuck/page/2" "Mozilla/5.0 (Linux; Android 7.0;) AppleWebKit/537.36 (KHTML, like Gecko) Mobile Safari/537.36 (compatible; PetalBot;+https://webmaster.petalsearch.com/site/petalbot)"
49.51.166.228 - - [08/Feb/2026:07:58:14 -0500] "GET / HTTP/1.1" 301 - "-" "Mozilla/5.0 (iPhone; CPU iPhone OS 13_2_3 like Mac OS X) AppleWebKit/605.1.15 (KHTML, like Gecko) Version/13.0.3 Mobile/15E148 Safari/604.1"
193.142.147.209 - - [08/Feb/2026:08:02:00 -0500] "POST / HTTP/1.1" 301 - "-" "Mozilla/5.0 (Windows NT 10.0; Win64; x64) AppleWebKit/537.36"
170.64.220.173 - - [08/Feb/2026:08:03:35 -0500] "GET /.git/config HTTP/1.1" 302 289 "-" "Mozilla/5.0 (X11; Linux x86_64) AppleWebKit/537.36 (KHTML, like Gecko) Chrome/81.0.4044.129 Safari/537.36"
157.245.103.95 - - [08/Feb/2026:08:06:23 -0500] "GET / HTTP/1.1" 301 - "-" "Mozilla/5.0 (compatible; IPScanner/1.0)"
146.190.212.196 - - [08/Feb/2026:08:07:45 -0500] "GET / HTTP/1.1" 301 - "-" "Mozilla/5.0 (Windows NT 10.0; Win64; x64) AppleWebKit/537.36 (KHTML, like Gecko) Chrome/140.0.0.0 Safari/537.36"
146.190.212.196 - - [08/Feb/2026:08:07:48 -0500] "GET /.well-known/robots.txt HTTP/1.1" 302 289 "-" "Mozilla/5.0 (Windows NT 10.0; Win64; x64) AppleWebKit/537.36 (KHTML, like Gecko) Chrome/140.0.0.0 Safari/537.36"
146.190.212.196 - - [08/Feb/2026:08:07:48 -0500] "GET /security.txt HTTP/1.1" 302 289 "-" "Mozilla/5.0 (Windows NT 10.0; Win64; x64) AppleWebKit/537.36 (KHTML, like Gecko) Chrome/140.0.0.0 Safari/537.36"
43.135.211.148 - - [08/Feb/2026:08:08:38 -0500] "GET / HTTP/1.1" 301 - "-" "Mozilla/5.0 (iPhone; CPU iPhone OS 13_2_3 like Mac OS X) AppleWebKit/605.1.15 (KHTML, like Gecko) Version/13.0.3 Mobile/15E148 Safari/604.1"
204.76.203.212 - - [08/Feb/2026:08:12:54 -0500] "GET / HTTP/1.1" 301 - "-" "Mozilla/5.0 (Windows NT 10.0; Win64; x64) AppleWebKit/537.36 (KHTML, like Gecko) Chrome/90.0.4430.85 Safari/537.36 Edg/90.0.818.46"
217.217.250.193 - - [08/Feb/2026:08:14:05 -0500] "GET / HTTP/1.1" 301 - "-" "Go-http-client/1.1"
74.206.190.67 - - [08/Feb/2026:08:14:07 -0500] "POST /wp-cron.php?doing_wp_cron=1770556447.2045900821685791015625 HTTP/1.1" 200 - "-" "WordPress/3.6.1; http://www.hardercopy.com"
217.217.250.193 - - [08/Feb/2026:08:14:07 -0500] "GET / HTTP/1.1" 200 26912 "http://hardercopy.com/" "Go-http-client/1.1"
43.153.96.79 - - [08/Feb/2026:08:18:25 -0500] "GET / HTTP/1.1" 301 - "-" "Mozilla/5.0 (iPhone; CPU iPhone OS 13_2_3 like Mac OS X) AppleWebKit/605.1.15 (KHTML, like Gecko) Version/13.0.3 Mobile/15E148 Safari/604.1"
124.156.225.181 - - [08/Feb/2026:08:30:32 -0500] "GET / HTTP/1.1" 301 - "-" "Mozilla/5.0 (iPhone; CPU iPhone OS 13_2_3 like Mac OS X) AppleWebKit/605.1.15 (KHTML, like Gecko) Version/13.0.3 Mobile/15E148 Safari/604.1"
204.76.203.212 - - [08/Feb/2026:08:36:10 -0500] "GET / HTTP/1.1" 301 - "-" "Mozilla/5.0 (Windows NT 10.0; Win64; x64) AppleWebKit/537.36 (KHTML, like Gecko) Chrome/90.0.4430.85 Safari/537.36 Edg/90.0.818.46"
45.194.92.11 - - [08/Feb/2026:08:40:05 -0500] "GET /dispatch.asp HTTP/1.1" 302 289 "-" "Mozilla/5.0 (Windows NT 10.0; Win64; x64) AppleWebKit/537.36 (KHTML, like Gecko) Chrome/90.0.4430.85 Safari/537.36 Edg/90.0.818.46"
170.106.11.6 - - [08/Feb/2026:08:40:54 -0500] "GET / HTTP/1.1" 301 - "-" "Mozilla/5.0 (iPhone; CPU iPhone OS 13_2_3 like Mac OS X) AppleWebKit/605.1.15 (KHTML, like Gecko) Version/13.0.3 Mobile/15E148 Safari/604.1"
114.119.146.45 - - [08/Feb/2026:08:48:34 -0500] "GET /index.php/page/1 HTTP/1.1" 200 26912 "http://www.hardercopy.com/index.php/page/2" "Mozilla/5.0 (Linux; Android 7.0;) AppleWebKit/537.36 (KHTML, like Gecko) Mobile Safari/537.36 (compatible; PetalBot;+https://webmaster.petalsearch.com/site/petalbot)"
43.135.145.77 - - [08/Feb/2026:08:50:33 -0500] "GET / HTTP/1.1" 301 - "-" "Mozilla/5.0 (iPhone; CPU iPhone OS 13_2_3 like Mac OS X) AppleWebKit/605.1.15 (KHTML, like Gecko) Version/13.0.3 Mobile/15E148 Safari/604.1"
176.65.148.66 - - [08/Feb/2026:08:57:02 -0500] "HEAD / HTTP/1.1" 301 - "-" "Mozilla/5.0 (compatible; Let's Encrypt validation server; +https://www.letsencrypt.org )"
176.65.148.66 - - [08/Feb/2026:08:57:02 -0500] "GET / HTTP/1.1" 301 - "-" "Mozilla/5.0 (compatible; Let's Encrypt validation server; +https://www.letsencrypt.org )"
176.65.148.66 - - [08/Feb/2026:08:57:03 -0500] "HEAD /_next HTTP/1.1" 302 - "-" "Mozilla/5.0 (compatible; Let's Encrypt validation server; +https://www.letsencrypt.org )"
176.65.148.66 - - [08/Feb/2026:08:57:04 -0500] "POST / HTTP/1.1" 301 - "-" "Mozilla/5.0 (compatible; Let's Encrypt validation server; +https://www.letsencrypt.org )"
176.65.148.66 - - [08/Feb/2026:08:57:06 -0500] "POST /_next HTTP/1.1" 302 289 "-" "Mozilla/5.0 (compatible; Let's Encrypt validation server; +https://www.letsencrypt.org )"
170.64.220.173 - - [08/Feb/2026:08:57:45 -0500] "GET /.git/config HTTP/1.1" 302 289 "-" "Mozilla/5.0 (X11; Linux x86_64) AppleWebKit/537.36 (KHTML, like Gecko) Chrome/81.0.4044.129 Safari/537.36"
43.157.156.190 - - [08/Feb/2026:08:59:48 -0500] "GET / HTTP/1.1" 301 - "-" "Mozilla/5.0 (iPhone; CPU iPhone OS 13_2_3 like Mac OS X) AppleWebKit/605.1.15 (KHTML, like Gecko) Version/13.0.3 Mobile/15E148 Safari/604.1"
204.76.203.212 - - [08/Feb/2026:09:00:30 -0500] "GET / HTTP/1.1" 301 - "-" "Mozilla/5.0 (Windows NT 10.0; Win64; x64) AppleWebKit/537.36 (KHTML, like Gecko) Chrome/90.0.4430.85 Safari/537.36 Edg/90.0.818.46"
204.76.203.69 - - [08/Feb/2026:09:03:06 -0500] "GET / HTTP/1.1" 301 - "-" "-"
43.153.48.240 - - [08/Feb/2026:09:11:36 -0500] "GET / HTTP/1.1" 301 - "-" "Mozilla/5.0 (iPhone; CPU iPhone OS 13_2_3 like Mac OS X) AppleWebKit/605.1.15 (KHTML, like Gecko) Version/13.0.3 Mobile/15E148 Safari/604.1"
193.142.147.209 - - [08/Feb/2026:09:13:51 -0500] "POST / HTTP/1.1" 301 - "-" "Mozilla/5.0 (Windows NT 10.0; Win64; x64) AppleWebKit/537.36"
43.159.132.207 - - [08/Feb/2026:09:21:08 -0500] "GET / HTTP/1.1" 301 - "-" "Mozilla/5.0 (iPhone; CPU iPhone OS 13_2_3 like Mac OS X) AppleWebKit/605.1.15 (KHTML, like Gecko) Version/13.0.3 Mobile/15E148 Safari/604.1"
81.168.83.103 - - [08/Feb/2026:09:24:08 -0500] "GET /.vscode/launch.json HTTP/1.1" 302 289 "-" "Mozilla/5.0 (Windows NT 10.0; Win64; x64) AppleWebKit/537.36 (KHTML, like Gecko) Chrome/124.0.0.0 Safari/537.36"
204.76.203.212 - - [08/Feb/2026:09:28:17 -0500] "GET / HTTP/1.1" 301 - "-" "Mozilla/5.0 (Windows NT 10.0; Win64; x64) AppleWebKit/537.36 (KHTML, like Gecko) Chrome/90.0.4430.85 Safari/537.36 Edg/90.0.818.46"
43.167.245.18 - - [08/Feb/2026:09:30:04 -0500] "GET / HTTP/1.1" 301 - "-" "Mozilla/5.0 (iPhone; CPU iPhone OS 13_2_3 like Mac OS X) AppleWebKit/605.1.15 (KHTML, like Gecko) Version/13.0.3 Mobile/15E148 Safari/604.1"
81.168.83.103 - - [08/Feb/2026:09:32:46 -0500] "GET /.cursorrules HTTP/1.1" 302 289 "-" "Mozilla/5.0 (Windows NT 10.0; Win64; x64) AppleWebKit/537.36 (KHTML, like Gecko) Chrome/124.0.0.0 Safari/537.36"
185.242.226.100 - - [08/Feb/2026:09:38:39 -0500] "GET / HTTP/1.1" 301 - "-" "Mozilla/5.0 (Windows NT 10.0; Win64; x64) AppleWebKit/537.36 (KHTML, like Gecko) Chrome/109.0.0.0 Safari/537.36"
20.43.35.7 - - [08/Feb/2026:09:39:57 -0500] "GET /wp-content/plugins/hellopress/wp_filemanager.php HTTP/1.1" 302 289 "-" "-"
20.43.35.7 - - [08/Feb/2026:09:39:57 -0500] "GET /fs.php HTTP/1.1" 302 289 "-" "-"
20.43.35.7 - - [08/Feb/2026:09:39:58 -0500] "GET /new.php HTTP/1.1" 302 289 "-" "-"
20.43.35.7 - - [08/Feb/2026:09:39:58 -0500] "GET /new4.php HTTP/1.1" 302 289 "-" "-"
20.43.35.7 - - [08/Feb/2026:09:39:58 -0500] "GET /hob.php HTTP/1.1" 302 289 "-" "-"
20.43.35.7 - - [08/Feb/2026:09:39:58 -0500] "GET /kal.php HTTP/1.1" 302 289 "-" "-"
20.43.35.7 - - [08/Feb/2026:09:39:58 -0500] "GET /zze.php HTTP/1.1" 302 289 "-" "-"
20.43.35.7 - - [08/Feb/2026:09:39:59 -0500] "GET /wp-xml.php HTTP/1.1" 302 289 "-" "-"
20.43.35.7 - - [08/Feb/2026:09:39:59 -0500] "GET /dop.php HTTP/1.1" 302 289 "-" "-"
20.43.35.7 - - [08/Feb/2026:09:39:59 -0500] "GET /ase.php HTTP/1.1" 302 289 "-" "-"
20.43.35.7 - - [08/Feb/2026:09:39:59 -0500] "GET /ula.php HTTP/1.1" 302 289 "-" "-"
20.43.35.7 - - [08/Feb/2026:09:40:00 -0500] "GET /wp-admin HTTP/1.1" 301 301 "-" "-"
20.43.35.7 - - [08/Feb/2026:09:40:00 -0500] "GET /wp-admin/ HTTP/1.1" 301 - "-" "-"
20.43.35.7 - - [08/Feb/2026:09:40:00 -0500] "GET /ota.php HTTP/1.1" 302 289 "-" "-"
20.43.35.7 - - [08/Feb/2026:09:40:00 -0500] "GET /JPG.php HTTP/1.1" 302 289 "-" "-"
20.43.35.7 - - [08/Feb/2026:09:40:00 -0500] "GET /output.php HTTP/1.1" 302 289 "-" "-"
20.43.35.7 - - [08/Feb/2026:09:40:01 -0500] "GET /gib.php HTTP/1.1" 302 289 "-" "-"
20.43.35.7 - - [08/Feb/2026:09:40:01 -0500] "GET /dds.php HTTP/1.1" 302 289 "-" "-"
20.43.35.7 - - [08/Feb/2026:09:40:01 -0500] "GET /pow.php HTTP/1.1" 302 289 "-" "-"
20.43.35.7 - - [08/Feb/2026:09:40:01 -0500] "GET /zuk.php HTTP/1.1" 302 289 "-" "-"
20.43.35.7 - - [08/Feb/2026:09:40:01 -0500] "GET /des.php HTTP/1.1" 302 289 "-" "-"
20.43.35.7 - - [08/Feb/2026:09:40:02 -0500] "GET /hzz.php HTTP/1.1" 302 289 "-" "-"
43.166.253.94 - - [08/Feb/2026:09:40:56 -0500] "GET / HTTP/1.1" 301 - "-" "Mozilla/5.0 (iPhone; CPU iPhone OS 13_2_3 like Mac OS X) AppleWebKit/605.1.15 (KHTML, like Gecko) Version/13.0.3 Mobile/15E148 Safari/604.1"
176.65.148.203 - - [08/Feb/2026:10:08:00 -0500] "GET / HTTP/1.1" 301 - "-" "Mozilla/1.0"
204.76.203.212 - - [08/Feb/2026:10:19:33 -0500] "GET / HTTP/1.1" 301 - "-" "Mozilla/5.0 (Windows NT 10.0; Win64; x64) AppleWebKit/537.36 (KHTML, like Gecko) Chrome/90.0.4430.85 Safari/537.36 Edg/90.0.818.46"
45.135.193.11 - - [08/Feb/2026:10:21:26 -0500] "GET / HTTP/1.1" 301 - "-" "LiteLLM-Scanner/1.0"
74.206.190.67 - - [08/Feb/2026:10:22:13 -0500] "POST /wp-cron.php?doing_wp_cron=1770564133.6710278987884521484375 HTTP/1.1" 200 - "-" "WordPress/3.6.1; http://www.hardercopy.com"
37.59.21.100 - - [08/Feb/2026:10:22:13 -0500] "GET /index.php/tag/cheerleader/feed HTTP/1.1" 200 2036 "-" "Mozilla/5.0 (X11; Linux i686) AppleWebKit/537.36 (KHTML, like Gecko) Chrome/30.0.1599.66 Safari/537.36"
204.76.203.212 - - [08/Feb/2026:10:42:17 -0500] "GET / HTTP/1.1" 301 - "-" "Mozilla/5.0 (Windows NT 10.0; Win64; x64) AppleWebKit/537.36 (KHTML, like Gecko) Chrome/90.0.4430.85 Safari/537.36 Edg/90.0.818.46"
37.59.21.100 - - [08/Feb/2026:11:02:38 -0500] "GET /index.php/category/hardcore-teen/feed HTTP/1.1" 200 9000 "-" "Mozilla/5.0 (X11; Linux i686) AppleWebKit/537.36 (KHTML, like Gecko) Chrome/30.0.1599.66 Safari/537.36"
193.142.147.209 - - [08/Feb/2026:11:04:37 -0500] "POST / HTTP/1.1" 301 - "-" "Mozilla/5.0 (Windows NT 10.0; Win64; x64) AppleWebKit/537.36"
43.156.156.96 - - [08/Feb/2026:11:04:46 -0500] "GET / HTTP/1.1" 301 - "-" "Mozilla/5.0 (iPhone; CPU iPhone OS 13_2_3 like Mac OS X) AppleWebKit/605.1.15 (KHTML, like Gecko) Version/13.0.3 Mobile/15E148 Safari/604.1"
204.76.203.212 - - [08/Feb/2026:11:10:08 -0500] "GET / HTTP/1.1" 301 - "-" "Mozilla/5.0 (Windows NT 10.0; Win64; x64) AppleWebKit/537.36 (KHTML, like Gecko) Chrome/90.0.4430.85 Safari/537.36 Edg/90.0.818.46"
170.64.220.173 - - [08/Feb/2026:11:24:50 -0500] "GET /.git/config HTTP/1.1" 302 289 "-" "Mozilla/5.0 (X11; Linux x86_64) AppleWebKit/537.36 (KHTML, like Gecko) Chrome/81.0.4044.129 Safari/537.36"
87.121.84.15 - - [08/Feb/2026:11:27:50 -0500] "GET / HTTP/1.1" 301 - "-" "Mozilla/1.0"
170.64.220.173 - - [08/Feb/2026:11:28:22 -0500] "GET /.git/config HTTP/1.1" 302 289 "-" "Mozilla/5.0 (X11; Linux x86_64) AppleWebKit/537.36 (KHTML, like Gecko) Chrome/81.0.4044.129 Safari/537.36"
204.76.203.212 - - [08/Feb/2026:11:34:01 -0500] "GET / HTTP/1.1" 301 - "-" "Mozilla/5.0 (Windows NT 10.0; Win64; x64) AppleWebKit/537.36 (KHTML, like Gecko) Chrome/90.0.4430.85 Safari/537.36 Edg/90.0.818.46"
81.168.83.103 - - [08/Feb/2026:11:39:02 -0500] "GET /.aider.conf.yml HTTP/1.1" 302 289 "-" "Mozilla/5.0 (Windows NT 10.0; Win64; x64) AppleWebKit/537.36 (KHTML, like Gecko) Chrome/124.0.0.0 Safari/537.36"
43.135.36.201 - - [08/Feb/2026:11:50:14 -0500] "GET / HTTP/1.1" 301 - "-" "Mozilla/5.0 (iPhone; CPU iPhone OS 13_2_3 like Mac OS X) AppleWebKit/605.1.15 (KHTML, like Gecko) Version/13.0.3 Mobile/15E148 Safari/604.1"
204.76.203.212 - - [08/Feb/2026:11:59:22 -0500] "GET / HTTP/1.1" 301 - "-" "Mozilla/5.0 (Windows NT 10.0; Win64; x64) AppleWebKit/537.36 (KHTML, like Gecko) Chrome/90.0.4430.85 Safari/537.36 Edg/90.0.818.46"
101.33.66.34 - - [08/Feb/2026:12:02:21 -0500] "GET / HTTP/1.1" 301 - "-" "Mozilla/5.0 (iPhone; CPU iPhone OS 13_2_3 like Mac OS X) AppleWebKit/605.1.15 (KHTML, like Gecko) Version/13.0.3 Mobile/15E148 Safari/604.1"
74.206.190.67 - - [08/Feb/2026:12:02:22 -0500] "POST /wp-cron.php?doing_wp_cron=1770570142.9424829483032226562500 HTTP/1.1" 200 - "-" "WordPress/3.6.1; http://www.hardercopy.com"
101.33.66.34 - - [08/Feb/2026:12:02:22 -0500] "GET / HTTP/1.1" 200 26912 "http://hardercopy.com" "Mozilla/5.0 (iPhone; CPU iPhone OS 13_2_3 like Mac OS X) AppleWebKit/605.1.15 (KHTML, like Gecko) Version/13.0.3 Mobile/15E148 Safari/604.1"
89.110.107.19 - - [08/Feb/2026:12:10:35 -0500] "GET / HTTP/1.1" 301 - "-" "Mozilla/5.0 (Windows NT 10.0; Win64; x64) AppleWebKit/537.36 (KHTML, like Gecko) Chrome/115.0.0.0 Safari/537.36"
74.206.190.67 - - [08/Feb/2026:12:10:36 -0500] "POST /wp-cron.php?doing_wp_cron=1770570636.1085519790649414062500 HTTP/1.1" 200 - "-" "WordPress/3.6.1; http://www.hardercopy.com"
89.110.107.19 - - [08/Feb/2026:12:10:36 -0500] "GET / HTTP/1.1" 200 26912 "-" "Mozilla/5.0 (Windows NT 10.0; Win64; x64) AppleWebKit/537.36 (KHTML, like Gecko) Chrome/115.0.0.0 Safari/537.36"
89.110.107.19 - - [08/Feb/2026:12:10:36 -0500] "GET /wp-content/ HTTP/1.1" 200 - "-" "Mozilla/5.0 (Windows NT 10.0; Win64; x64) AppleWebKit/537.36 (KHTML, like Gecko) Chrome/115.0.0.0 Safari/537.36"
89.110.107.19 - - [08/Feb/2026:12:10:36 -0500] "GET /wp-includes/ HTTP/1.1" 302 294 "-" "Mozilla/5.0 (Windows NT 10.0; Win64; x64) AppleWebKit/537.36 (KHTML, like Gecko) Chrome/115.0.0.0 Safari/537.36"
89.110.107.19 - - [08/Feb/2026:12:10:36 -0500] "GET /wp-admin/ HTTP/1.1" 302 - "-" "Mozilla/5.0 (Windows NT 10.0; Win64; x64) AppleWebKit/537.36 (KHTML, like Gecko) Chrome/115.0.0.0 Safari/537.36"
89.110.107.19 - - [08/Feb/2026:12:10:36 -0500] "GET /wp-content/uploads/ HTTP/1.1" 302 294 "-" "Mozilla/5.0 (Windows NT 10.0; Win64; x64) AppleWebKit/537.36 (KHTML, like Gecko) Chrome/115.0.0.0 Safari/537.36"
89.110.107.19 - - [08/Feb/2026:12:10:37 -0500] "GET /wp-content/uploads/2026/ HTTP/1.1" 302 294 "-" "Mozilla/5.0 (Windows NT 10.0; Win64; x64) AppleWebKit/537.36 (KHTML, like Gecko) Chrome/115.0.0.0 Safari/537.36"
89.110.107.19 - - [08/Feb/2026:12:10:37 -0500] "GET /wp-content/uploads/2025/ HTTP/1.1" 302 294 "-" "Mozilla/5.0 (Windows NT 10.0; Win64; x64) AppleWebKit/537.36 (KHTML, like Gecko) Chrome/115.0.0.0 Safari/537.36"
89.110.107.19 - - [08/Feb/2026:12:10:37 -0500] "GET /wp-content/uploads/2024/ HTTP/1.1" 302 294 "-" "Mozilla/5.0 (Windows NT 10.0; Win64; x64) AppleWebKit/537.36 (KHTML, like Gecko) Chrome/115.0.0.0 Safari/537.36"
89.110.107.19 - - [08/Feb/2026:12:10:37 -0500] "GET /wp-content/uploads/2023/ HTTP/1.1" 302 294 "-" "Mozilla/5.0 (Windows NT 10.0; Win64; x64) AppleWebKit/537.36 (KHTML, like Gecko) Chrome/115.0.0.0 Safari/537.36"
89.110.107.19 - - [08/Feb/2026:12:10:37 -0500] "GET /wp-content/uploads/2022/ HTTP/1.1" 302 294 "-" "Mozilla/5.0 (Windows NT 10.0; Win64; x64) AppleWebKit/537.36 (KHTML, like Gecko) Chrome/115.0.0.0 Safari/537.36"
89.110.107.19 - - [08/Feb/2026:12:10:37 -0500] "GET /wp-content/themes/ HTTP/1.1" 200 - "-" "Mozilla/5.0 (Windows NT 10.0; Win64; x64) AppleWebKit/537.36 (KHTML, like Gecko) Chrome/115.0.0.0 Safari/537.36"
89.110.107.19 - - [08/Feb/2026:12:10:37 -0500] "GET /wp-content/themes/twentytwentythree/ HTTP/1.1" 302 294 "-" "Mozilla/5.0 (Windows NT 10.0; Win64; x64) AppleWebKit/537.36 (KHTML, like Gecko) Chrome/115.0.0.0 Safari/537.36"
89.110.107.19 - - [08/Feb/2026:12:10:38 -0500] "GET /wp-content/themes/twentytwentytwo/ HTTP/1.1" 302 294 "-" "Mozilla/5.0 (Windows NT 10.0; Win64; x64) AppleWebKit/537.36 (KHTML, like Gecko) Chrome/115.0.0.0 Safari/537.36"
89.110.107.19 - - [08/Feb/2026:12:10:38 -0500] "GET /wp-content/themes/astra/ HTTP/1.1" 302 294 "-" "Mozilla/5.0 (Windows NT 10.0; Win64; x64) AppleWebKit/537.36 (KHTML, like Gecko) Chrome/115.0.0.0 Safari/537.36"
89.110.107.19 - - [08/Feb/2026:12:10:38 -0500] "GET /wp-content/themes/hello-elementor/ HTTP/1.1" 302 294 "-" "Mozilla/5.0 (Windows NT 10.0; Win64; x64) AppleWebKit/537.36 (KHTML, like Gecko) Chrome/115.0.0.0 Safari/537.36"
89.110.107.19 - - [08/Feb/2026:12:10:38 -0500] "GET /wp-content/themes/oceanwp/ HTTP/1.1" 302 294 "-" "Mozilla/5.0 (Windows NT 10.0; Win64; x64) AppleWebKit/537.36 (KHTML, like Gecko) Chrome/115.0.0.0 Safari/537.36"
89.110.107.19 - - [08/Feb/2026:12:10:38 -0500] "GET /wp-content/themes/neve/ HTTP/1.1" 302 294 "-" "Mozilla/5.0 (Windows NT 10.0; Win64; x64) AppleWebKit/537.36 (KHTML, like Gecko) Chrome/115.0.0.0 Safari/537.36"
89.110.107.19 - - [08/Feb/2026:12:10:38 -0500] "GET /wp-content/themes/divi/ HTTP/1.1" 302 294 "-" "Mozilla/5.0 (Windows NT 10.0; Win64; x64) AppleWebKit/537.36 (KHTML, like Gecko) Chrome/115.0.0.0 Safari/537.36"
89.110.107.19 - - [08/Feb/2026:12:10:38 -0500] "GET /wp-content/plugins/ HTTP/1.1" 200 - "-" "Mozilla/5.0 (Windows NT 10.0; Win64; x64) AppleWebKit/537.36 (KHTML, like Gecko) Chrome/115.0.0.0 Safari/537.36"
89.110.107.19 - - [08/Feb/2026:12:10:38 -0500] "GET /wp-content/plugins/contact-form-7/ HTTP/1.1" 302 294 "-" "Mozilla/5.0 (Windows NT 10.0; Win64; x64) AppleWebKit/537.36 (KHTML, like Gecko) Chrome/115.0.0.0 Safari/537.36"
89.110.107.19 - - [08/Feb/2026:12:10:39 -0500] "GET /wp-content/plugins/woocommerce/ HTTP/1.1" 302 294 "-" "Mozilla/5.0 (Windows NT 10.0; Win64; x64) AppleWebKit/537.36 (KHTML, like Gecko) Chrome/115.0.0.0 Safari/537.36"
89.110.107.19 - - [08/Feb/2026:12:10:39 -0500] "GET /wp-content/plugins/elementor/ HTTP/1.1" 302 294 "-" "Mozilla/5.0 (Windows NT 10.0; Win64; x64) AppleWebKit/537.36 (KHTML, like Gecko) Chrome/115.0.0.0 Safari/537.36"
89.110.107.19 - - [08/Feb/2026:12:10:39 -0500] "GET /wp-content/plugins/wpforms-lite/ HTTP/1.1" 302 294 "-" "Mozilla/5.0 (Windows NT 10.0; Win64; x64) AppleWebKit/537.36 (KHTML, like Gecko) Chrome/115.0.0.0 Safari/537.36"
89.110.107.19 - - [08/Feb/2026:12:10:39 -0500] "GET /wp-content/plugins/updraftplus/ HTTP/1.1" 302 294 "-" "Mozilla/5.0 (Windows NT 10.0; Win64; x64) AppleWebKit/537.36 (KHTML, like Gecko) Chrome/115.0.0.0 Safari/537.36"
89.110.107.19 - - [08/Feb/2026:12:10:39 -0500] "GET /wp-content/plugins/wordfence/ HTTP/1.1" 302 294 "-" "Mozilla/5.0 (Windows NT 10.0; Win64; x64) AppleWebKit/537.36 (KHTML, like Gecko) Chrome/115.0.0.0 Safari/537.36"
89.110.107.19 - - [08/Feb/2026:12:10:39 -0500] "GET /.well-known/ HTTP/1.1" 302 294 "-" "Mozilla/5.0 (Windows NT 10.0; Win64; x64) AppleWebKit/537.36 (KHTML, like Gecko) Chrome/115.0.0.0 Safari/537.36"
104.194.146.134 - - [08/Feb/2026:12:14:14 -0500] "GET /wp-admin/network/theme-insaqlx.php HTTP/1.1" 302 290 "-" "Mozilla/5.0 (X11; Ubuntu; Linux x86_64) AppleWebKit/537.36 (KHTML, like Gecko) Chrome/118.0.5993.88 Safari/537.36"
182.44.9.147 - - [08/Feb/2026:12:14:34 -0500] "GET / HTTP/1.1" 200 26912 "-" "Mozilla/5.0 (iPhone; CPU iPhone OS 13_2_3 like Mac OS X) AppleWebKit/605.1.15 (KHTML, like Gecko) Version/13.0.3 Mobile/15E148 Safari/604.1"
43.157.188.74 - - [08/Feb/2026:12:16:03 -0500] "GET / HTTP/1.1" 301 - "-" "Mozilla/5.0 (iPhone; CPU iPhone OS 13_2_3 like Mac OS X) AppleWebKit/605.1.15 (KHTML, like Gecko) Version/13.0.3 Mobile/15E148 Safari/604.1"
193.142.147.209 - - [08/Feb/2026:12:23:02 -0500] "POST / HTTP/1.1" 301 - "-" "Mozilla/5.0 (Windows NT 10.0; Win64; x64) AppleWebKit/537.36"
204.76.203.212 - - [08/Feb/2026:12:26:36 -0500] "GET / HTTP/1.1" 301 - "-" "Mozilla/5.0 (Windows NT 10.0; Win64; x64) AppleWebKit/537.36 (KHTML, like Gecko) Chrome/90.0.4430.85 Safari/537.36 Edg/90.0.818.46"
34.45.193.180 - - [08/Feb/2026:12:27:57 -0500] "HEAD /wp/ HTTP/1.1" 302 - "-" "Mozilla/5.0 (Linux; Android 11; RMX2195) AppleWebKit/537.36 (KHTML, like Gecko) Chrome/120.0.6099.210 Mobile Safari/537.36 OPR/75.2.3995.72468"
34.45.193.180 - - [08/Feb/2026:12:27:57 -0500] "HEAD /old/ HTTP/1.1" 302 - "-" "Mozilla/5.0 (iPad; CPU OS 17_4 like Mac OS X) AppleWebKit/605.1.15 (KHTML, like Gecko) Version/17.4 Mobile/15E148 Safari/604.1"
34.45.193.180 - - [08/Feb/2026:12:27:57 -0500] "HEAD /blog/ HTTP/1.1" 302 - "-" "Mozilla/5.0 (Linux; Android 12; TECNO CK6n) AppleWebKit/537.36 (KHTML, like Gecko) Chrome/125.0.6422.50 Mobile Safari/537.36"
34.45.193.180 - - [08/Feb/2026:12:27:58 -0500] "HEAD /backup/ HTTP/1.1" 302 - "-" "Mozilla/5.0 (X11; Fedora; Linux x86_64; rv:125.0) Gecko/20100101 Firefox/125.0"
34.45.193.180 - - [08/Feb/2026:12:27:58 -0500] "HEAD /wordpress/ HTTP/1.1" 302 - "-" "Mozilla/5.0 (Windows NT 10.0; Win64; x64) AppleWebKit/537.36 (KHTML, like Gecko) Chrome/127.0.6534.42 Safari/537.36"
34.45.193.180 - - [08/Feb/2026:12:27:58 -0500] "HEAD /new/ HTTP/1.1" 302 - "-" "Mozilla/5.0 (Linux; Android 13; Pixel 7a) AppleWebKit/537.36 (KHTML, like Gecko) Chrome/124.0.6367.82 Mobile Safari/537.36"
34.45.193.180 - - [08/Feb/2026:12:27:58 -0500] "HEAD / HTTP/1.1" 301 - "-" "Mozilla/5.0 (Linux; Android 13; Infinix X688B) AppleWebKit/537.36 (KHTML, like Gecko) Chrome/124.0.6367.48 Mobile Safari/537.36"
34.45.193.180 - - [08/Feb/2026:12:27:58 -0500] "HEAD / HTTP/1.1" 200 - "http://hardercopy.com/" "Mozilla/5.0 (Linux; Android 13; Infinix X688B) AppleWebKit/537.36 (KHTML, like Gecko) Chrome/124.0.6367.48 Mobile Safari/537.36"
170.106.37.134 - - [08/Feb/2026:12:31:11 -0500] "GET / HTTP/1.1" 301 - "-" "Mozilla/5.0 (iPhone; CPU iPhone OS 13_2_3 like Mac OS X) AppleWebKit/605.1.15 (KHTML, like Gecko) Version/13.0.3 Mobile/15E148 Safari/604.1"
40.67.161.175 - - [08/Feb/2026:12:33:11 -0500] "GET /portal/redlion HTTP/1.1" 302 289 "-" "Mozilla/5.0 zgrab/0.x"
54.88.251.164 - - [08/Feb/2026:12:35:04 -0500] "GET / HTTP/1.1" 301 - "-" "Mozilla/5.0 (Windows NT 10.0; Win64; x64) AppleWebKit/537.36 (KHTML, like Gecko) Chrome/136.0.0.0 Safari/537.36"
128.199.182.55 - - [08/Feb/2026:12:42:29 -0500] "GET / HTTP/1.1" 301 - "-" "Mozilla/5.0 (l9scan/2.0.7363e2039313e2630323e24373; +https://leakix.net)"
128.199.182.55 - - [08/Feb/2026:12:42:30 -0500] "GET /server HTTP/1.1" 302 289 "-" "Mozilla/5.0 (l9scan/2.0.7363e2039313e2630323e24373; +https://leakix.net)"
128.199.182.55 - - [08/Feb/2026:12:42:31 -0500] "GET /server-status HTTP/1.1" 200 51874 "-" "Mozilla/5.0 (l9scan/2.0.7363e2039313e2630323e24373; +https://leakix.net)"
128.199.182.55 - - [08/Feb/2026:12:42:33 -0500] "GET /about HTTP/1.1" 302 289 "-" "Mozilla/5.0 (l9scan/2.0.7363e2039313e2630323e24373; +https://leakix.net)"
128.199.182.55 - - [08/Feb/2026:12:42:34 -0500] "GET /login.action HTTP/1.1" 302 289 "-" "Mozilla/5.0 (l9scan/2.0.7363e2039313e2630323e24373; +https://leakix.net)"
128.199.182.55 - - [08/Feb/2026:12:42:35 -0500] "GET /v2/_catalog HTTP/1.1" 302 289 "-" "Mozilla/5.0 (l9scan/2.0.7363e2039313e2630323e24373; +https://leakix.net)"
128.199.182.55 - - [08/Feb/2026:12:42:35 -0500] "GET /.DS_Store HTTP/1.1" 302 289 "-" "Mozilla/5.0 (l9scan/2.0.7363e2039313e2630323e24373; +https://leakix.net)"
128.199.182.55 - - [08/Feb/2026:12:42:36 -0500] "GET /.env HTTP/1.1" 302 289 "-" "Mozilla/5.0 (l9scan/2.0.7363e2039313e2630323e24373; +https://leakix.net)"
128.199.182.55 - - [08/Feb/2026:12:42:38 -0500] "GET /ecp/Current/exporttool/microsoft.exchange.ediscovery.exporttool.application HTTP/1.1" 302 289 "-" "Mozilla/5.0 (l9scan/2.0.7363e2039313e2630323e24373; +https://leakix.net)"
128.199.182.55 - - [08/Feb/2026:12:42:40 -0500] "GET /.git/config HTTP/1.1" 302 289 "-" "Mozilla/5.0 (l9scan/2.0.7363e2039313e2630323e24373; +https://leakix.net)"
128.199.182.55 - - [08/Feb/2026:12:42:41 -0500] "POST /graphql HTTP/1.1" 302 289 "-" "Mozilla/5.0 (l9scan/2.0.7363e2039313e2630323e24373; +https://leakix.net)"
128.199.182.55 - - [08/Feb/2026:12:42:42 -0500] "POST /api HTTP/1.1" 302 289 "-" "Mozilla/5.0 (l9scan/2.0.7363e2039313e2630323e24373; +https://leakix.net)"
128.199.182.55 - - [08/Feb/2026:12:42:42 -0500] "POST /api/graphql HTTP/1.1" 302 289 "-" "Mozilla/5.0 (l9scan/2.0.7363e2039313e2630323e24373; +https://leakix.net)"
128.199.182.55 - - [08/Feb/2026:12:42:43 -0500] "POST /graphql/api HTTP/1.1" 302 289 "-" "Mozilla/5.0 (l9scan/2.0.7363e2039313e2630323e24373; +https://leakix.net)"
128.199.182.55 - - [08/Feb/2026:12:42:44 -0500] "POST /api/gql HTTP/1.1" 302 289 "-" "Mozilla/5.0 (l9scan/2.0.7363e2039313e2630323e24373; +https://leakix.net)"
128.199.182.55 - - [08/Feb/2026:12:42:44 -0500] "GET /s/7363e2039313e2630323e24373/_/;/META-INF/maven/com.atlassian.jira/jira-webapp-dist/pom.properties HTTP/1.1" 302 289 "-" "Mozilla/5.0 (l9scan/2.0.7363e2039313e2630323e24373; +https://leakix.net)"
128.199.182.55 - - [08/Feb/2026:12:42:45 -0500] "GET /config.json HTTP/1.1" 302 289 "-" "Mozilla/5.0 (l9scan/2.0.7363e2039313e2630323e24373; +https://leakix.net)"
128.199.182.55 - - [08/Feb/2026:12:42:47 -0500] "GET /telescope/requests HTTP/1.1" 302 289 "-" "Mozilla/5.0 (l9scan/2.0.7363e2039313e2630323e24373; +https://leakix.net)"
128.199.182.55 - - [08/Feb/2026:12:42:48 -0500] "POST /php-cgi/php-cgi.exe?%ADd+cgi.force_redirect%3D0+%ADd+disable_functions%3D\"\"+%ADd+allow_url_include%3D1+%ADd+auto_prepend_file%3Dphp://input HTTP/1.1" 302 289 "-" "Mozilla/5.0 (l9scan/2.0.7363e2039313e2630323e24373; +https://leakix.net)"
128.199.182.55 - - [08/Feb/2026:12:42:49 -0500] "GET /info.php HTTP/1.1" 302 289 "-" "Mozilla/5.0 (l9scan/2.0.7363e2039313e2630323e24373; +https://leakix.net)"
128.199.182.55 - - [08/Feb/2026:12:42:50 -0500] "GET /.well-known/security.txt HTTP/1.1" 302 289 "-" "Mozilla/5.0 (l9scan/2.0.7363e2039313e2630323e24373; +https://leakix.net)"
128.199.182.55 - - [08/Feb/2026:12:42:51 -0500] "GET /actuator/env HTTP/1.1" 302 289 "-" "Mozilla/5.0 (l9scan/2.0.7363e2039313e2630323e24373; +https://leakix.net)"
128.199.182.55 - - [08/Feb/2026:12:42:53 -0500] "GET /swagger-ui.html HTTP/1.1" 302 289 "-" "Mozilla/5.0 (l9scan/2.0.7363e2039313e2630323e24373; +https://leakix.net)"
128.199.182.55 - - [08/Feb/2026:12:42:54 -0500] "GET /swagger/index.html HTTP/1.1" 302 289 "-" "Mozilla/5.0 (l9scan/2.0.7363e2039313e2630323e24373; +https://leakix.net)"
128.199.182.55 - - [08/Feb/2026:12:42:55 -0500] "GET /swagger/swagger-ui.html HTTP/1.1" 302 289 "-" "Mozilla/5.0 (l9scan/2.0.7363e2039313e2630323e24373; +https://leakix.net)"
128.199.182.55 - - [08/Feb/2026:12:42:56 -0500] "GET /webjars/swagger-ui/index.html HTTP/1.1" 302 289 "-" "Mozilla/5.0 (l9scan/2.0.7363e2039313e2630323e24373; +https://leakix.net)"
128.199.182.55 - - [08/Feb/2026:12:42:57 -0500] "GET /swagger.json HTTP/1.1" 302 289 "-" "Mozilla/5.0 (l9scan/2.0.7363e2039313e2630323e24373; +https://leakix.net)"
128.199.182.55 - - [08/Feb/2026:12:42:58 -0500] "GET /swagger/v1/swagger.json HTTP/1.1" 302 289 "-" "Mozilla/5.0 (l9scan/2.0.7363e2039313e2630323e24373; +https://leakix.net)"
128.199.182.55 - - [08/Feb/2026:12:42:59 -0500] "GET /v2/api-docs HTTP/1.1" 302 289 "-" "Mozilla/5.0 (l9scan/2.0.7363e2039313e2630323e24373; +https://leakix.net)"
13.89.121.92 - - [08/Feb/2026:12:42:59 -0500] "GET / HTTP/1.1" 301 - "-" "Mozilla/5.0 zgrab/0.x"
128.199.182.55 - - [08/Feb/2026:12:43:00 -0500] "GET /v3/api-docs HTTP/1.1" 302 289 "-" "Mozilla/5.0 (l9scan/2.0.7363e2039313e2630323e24373; +https://leakix.net)"
128.199.182.55 - - [08/Feb/2026:12:43:01 -0500] "GET /api-docs/swagger.json HTTP/1.1" 302 289 "-" "Mozilla/5.0 (l9scan/2.0.7363e2039313e2630323e24373; +https://leakix.net)"
128.199.182.55 - - [08/Feb/2026:12:43:02 -0500] "GET /api/swagger.json HTTP/1.1" 302 289 "-" "Mozilla/5.0 (l9scan/2.0.7363e2039313e2630323e24373; +https://leakix.net)"
128.199.182.55 - - [08/Feb/2026:12:43:03 -0500] "GET /@vite/env HTTP/1.1" 302 289 "-" "Mozilla/5.0 (l9scan/2.0.7363e2039313e2630323e24373; +https://leakix.net)"
128.199.182.55 - - [08/Feb/2026:12:43:04 -0500] "GET /.vscode/sftp.json HTTP/1.1" 302 289 "-" "Mozilla/5.0 (l9scan/2.0.7363e2039313e2630323e24373; +https://leakix.net)"
128.199.182.55 - - [08/Feb/2026:12:43:05 -0500] "OPTIONS / HTTP/1.1" 301 - "-" "Mozilla/5.0 (l9scan/2.0.7363e2039313e2630323e24373; +https://leakix.net)"
128.199.182.55 - - [08/Feb/2026:12:43:06 -0500] "GET /?rest_route=/wp/v2/users/ HTTP/1.1" 301 - "-" "Mozilla/5.0 (l9scan/2.0.7363e2039313e2630323e24373; +https://leakix.net)"
128.199.182.55 - - [08/Feb/2026:12:43:07 -0500] "GET /debug/default/view?panel=config HTTP/1.1" 302 289 "-" "Mozilla/5.0 (l9scan/2.0.7363e2039313e2630323e24373; +https://leakix.net)"
204.76.203.212 - - [08/Feb/2026:12:50:50 -0500] "GET / HTTP/1.1" 301 - "-" "Mozilla/5.0 (Windows NT 10.0; Win64; x64) AppleWebKit/537.36 (KHTML, like Gecko) Chrome/90.0.4430.85 Safari/537.36 Edg/90.0.818.46"
81.29.142.100 - - [08/Feb/2026:12:53:30 -0500] "GET / HTTP/1.1" 301 - "-" "Mozilla/5.0 (Windows NT 10.0; Win64; x64) AppleWebKit/537.36 (KHTML, like Gecko) Chrome/90.0.4430.216 YaBrowser/21.5.4.607 Yowser/2.5 Safari/537.36"
51.120.74.232 - - [08/Feb/2026:13:00:01 -0500] "GET /wp-content/plugins/hellopress/wp_filemanager.php HTTP/1.1" 302 290 "-" "-"
51.120.74.232 - - [08/Feb/2026:13:00:01 -0500] "GET /grsiuk.php HTTP/1.1" 302 290 "-" "-"
51.120.74.232 - - [08/Feb/2026:13:00:01 -0500] "GET /fs.php HTTP/1.1" 302 290 "-" "-"
51.120.74.232 - - [08/Feb/2026:13:00:02 -0500] "GET /;k.php HTTP/1.1" 302 290 "-" "-"
170.106.82.209 - - [08/Feb/2026:13:10:24 -0500] "GET / HTTP/1.1" 301 - "-" "Mozilla/5.0 (iPhone; CPU iPhone OS 13_2_3 like Mac OS X) AppleWebKit/605.1.15 (KHTML, like Gecko) Version/13.0.3 Mobile/15E148 Safari/604.1"
74.206.190.67 - - [08/Feb/2026:13:13:14 -0500] "POST /wp-cron.php?doing_wp_cron=1770574394.4579870700836181640625 HTTP/1.1" 200 - "-" "WordPress/3.6.1; http://www.hardercopy.com"
37.59.21.100 - - [08/Feb/2026:13:13:14 -0500] "GET /index.php/tag/cheerleader/feed HTTP/1.1" 200 2036 "-" "Mozilla/5.0 (X11; Linux i686) AppleWebKit/537.36 (KHTML, like Gecko) Chrome/30.0.1599.66 Safari/537.36"
204.76.203.212 - - [08/Feb/2026:13:17:09 -0500] "GET / HTTP/1.1" 301 - "-" "Mozilla/5.0 (Windows NT 10.0; Win64; x64) AppleWebKit/537.36 (KHTML, like Gecko) Chrome/90.0.4430.85 Safari/537.36 Edg/90.0.818.46"
162.62.213.165 - - [08/Feb/2026:13:28:46 -0500] "GET / HTTP/1.1" 301 - "-" "Mozilla/5.0 (iPhone; CPU iPhone OS 13_2_3 like Mac OS X) AppleWebKit/605.1.15 (KHTML, like Gecko) Version/13.0.3 Mobile/15E148 Safari/604.1"
20.215.184.141 - - [08/Feb/2026:13:31:20 -0500] "GET /wp-content/plugins/hellopress/wp_filemanager.php HTTP/1.1" 302 290 "-" "-"
20.215.184.141 - - [08/Feb/2026:13:31:20 -0500] "GET /166.php HTTP/1.1" 302 290 "-" "-"
20.215.184.141 - - [08/Feb/2026:13:31:20 -0500] "GET /reze.php HTTP/1.1" 302 290 "-" "-"
20.215.184.141 - - [08/Feb/2026:13:31:21 -0500] "GET /lib.php HTTP/1.1" 302 290 "-" "-"
20.215.184.141 - - [08/Feb/2026:13:31:21 -0500] "GET /x.php HTTP/1.1" 302 290 "-" "-"
20.215.184.141 - - [08/Feb/2026:13:31:21 -0500] "GET /k.php HTTP/1.1" 302 290 "-" "-"
20.215.184.141 - - [08/Feb/2026:13:31:21 -0500] "GET /jga.php HTTP/1.1" 302 290 "-" "-"
20.215.184.141 - - [08/Feb/2026:13:31:22 -0500] "GET /past1.php HTTP/1.1" 302 290 "-" "-"
20.215.184.141 - - [08/Feb/2026:13:31:22 -0500] "GET /8xyz.php HTTP/1.1" 302 290 "-" "-"
20.215.184.141 - - [08/Feb/2026:13:31:22 -0500] "GET /ol.php HTTP/1.1" 302 290 "-" "-"
20.215.184.141 - - [08/Feb/2026:13:31:22 -0500] "GET /bk.php HTTP/1.1" 302 290 "-" "-"
20.215.184.141 - - [08/Feb/2026:13:31:23 -0500] "GET /vx.php HTTP/1.1" 302 290 "-" "-"
20.215.184.141 - - [08/Feb/2026:13:31:23 -0500] "GET /sx.php HTTP/1.1" 302 290 "-" "-"
193.142.147.209 - - [08/Feb/2026:13:33:40 -0500] "POST / HTTP/1.1" 301 - "-" "Mozilla/5.0 (Windows NT 10.0; Win64; x64) AppleWebKit/537.36"
114.119.152.54 - - [08/Feb/2026:13:37:32 -0500] "GET /index.php/hardcore-brunette/hardcore-missy-stone.html HTTP/1.1" 200 22948 "http://www.hardercopy.com/index.php/tag/hardcore-porn/page/2" "Mozilla/5.0 (Linux; Android 7.0;) AppleWebKit/537.36 (KHTML, like Gecko) Mobile Safari/537.36 (compatible; PetalBot;+https://webmaster.petalsearch.com/site/petalbot)"
51.68.111.244 - - [08/Feb/2026:13:38:31 -0500] "GET /robots.txt HTTP/1.1" 302 294 "-" "Mozilla/5.0 (compatible; MJ12bot/v2.0.4; http://mj12bot.com/)"
51.68.111.244 - - [08/Feb/2026:13:38:31 -0500] "GET / HTTP/1.1" 302 294 "-" "Mozilla/5.0 (compatible; MJ12bot/v2.0.4; http://mj12bot.com/)"
204.76.203.212 - - [08/Feb/2026:13:40:00 -0500] "GET / HTTP/1.1" 301 - "-" "Mozilla/5.0 (Windows NT 10.0; Win64; x64) AppleWebKit/537.36 (KHTML, like Gecko) Chrome/90.0.4430.85 Safari/537.36 Edg/90.0.818.46"
66.132.153.120 - - [08/Feb/2026:13:48:14 -0500] "GET / HTTP/1.1" 301 - "-" "Mozilla/5.0 (compatible; CensysInspect/1.1; +https://about.censys.io/)"
66.132.153.120 - - [08/Feb/2026:13:48:58 -0500] "GET /h7dj_ku6lqph6 HTTP/1.1" 302 289 "-" "Mozilla/5.0 (compatible; CensysInspect/1.1; +https://about.censys.io/)"
104.194.148.75 - - [08/Feb/2026:13:50:17 -0500] "GET /wp-includes/Text/qbswokp/vuqijrw/habpecu/index.php HTTP/1.1" 302 290 "-" "Mozilla/5.0 (Macintosh; Intel Mac OS X 10_15_7) AppleWebKit/537.36 (KHTML, like Gecko) Chrome/119.0.6045.159 Safari/537.36"
162.142.125.36 - - [08/Feb/2026:13:54:28 -0500] "GET /robots.txt HTTP/1.1" 200 24 "-" "Mozilla/5.0 (compatible; CensysInspect/1.1; +https://about.censys.io/)"
162.142.125.36 - - [08/Feb/2026:13:54:42 -0500] "GET /1bt20inzu_mt79rze HTTP/1.1" 302 289 "-" "Mozilla/5.0 (compatible; CensysInspect/1.1; +https://about.censys.io/)"
43.165.69.68 - - [08/Feb/2026:13:54:52 -0500] "GET / HTTP/1.1" 301 - "-" "Mozilla/5.0 (iPhone; CPU iPhone OS 13_2_3 like Mac OS X) AppleWebKit/605.1.15 (KHTML, like Gecko) Version/13.0.3 Mobile/15E148 Safari/604.1"
93.174.93.12 - - [08/Feb/2026:13:56:34 -0500] "GET / HTTP/1.1" 200 26912 "-" "Mozilla/5.0 (Linux; Android 9; VKY-L29) AppleWebKit/537.36 (KHTML, like Gecko) Chrome/76.0.3809.111 Mobile Safari/537.36"
37.59.21.100 - - [08/Feb/2026:13:57:39 -0500] "GET /index.php/category/hardcore-teen/feed HTTP/1.1" 200 9000 "-" "Mozilla/5.0 (X11; Linux i686) AppleWebKit/537.36 (KHTML, like Gecko) Chrome/30.0.1599.66 Safari/537.36"
204.76.203.212 - - [08/Feb/2026:14:08:27 -0500] "GET / HTTP/1.1" 301 - "-" "Mozilla/5.0 (Windows NT 10.0; Win64; x64) AppleWebKit/537.36 (KHTML, like Gecko) Chrome/90.0.4430.85 Safari/537.36 Edg/90.0.818.46"
91.202.4.80 - - [08/Feb/2026:14:10:00 -0500] "GET /ws67.php?p= HTTP/1.1" 302 290 "-" "Mozilla/4.0 (compatible; MSIE 6.0; Windows NT 5.1; SV1)"
43.164.197.224 - - [08/Feb/2026:14:21:08 -0500] "GET / HTTP/1.1" 301 - "-" "Mozilla/5.0 (iPhone; CPU iPhone OS 13_2_3 like Mac OS X) AppleWebKit/605.1.15 (KHTML, like Gecko) Version/13.0.3 Mobile/15E148 Safari/604.1"
116.76.37.16 - - [08/Feb/2026:14:23:31 -0500] "GET /robots.txt HTTP/1.1" 200 24 "-" "Mozilla/5.0 (Windows NT 10.0; WOW64) AppleWebKit/537.36 (KHTML, like Gecko) Chrome/65.0.3188.70 Safari/537.36 SE 2.X MetaSr 1.0"
74.206.190.67 - - [08/Feb/2026:14:23:50 -0500] "POST /wp-cron.php?doing_wp_cron=1770578630.7275929450988769531250 HTTP/1.1" 200 - "-" "WordPress/3.6.1; http://www.hardercopy.com"
43.135.133.194 - - [08/Feb/2026:14:23:50 -0500] "GET / HTTP/1.1" 200 26912 "-" "Mozilla/5.0 (iPhone; CPU iPhone OS 13_2_3 like Mac OS X) AppleWebKit/605.1.15 (KHTML, like Gecko) Version/13.0.3 Mobile/15E148 Safari/604.1"
180.149.126.4 - - [08/Feb/2026:14:26:14 -0500] "GET /c/ HTTP/1.1" 302 289 "-" "Mozilla/5.0 (Windows NT 5.1; Win64; x64) AppleWebKit/537.36 (KHTML, like Gecko) Chrome/60.0.3112.90 Safari/537.36"
20.64.106.140 - - [08/Feb/2026:14:28:36 -0500] "GET /developmentserver/metadatauploader HTTP/1.1" 302 289 "-" "Mozilla/5.0 zgrab/0.x"
204.76.203.212 - - [08/Feb/2026:14:34:43 -0500] "GET / HTTP/1.1" 301 - "-" "Mozilla/5.0 (Windows NT 10.0; Win64; x64) AppleWebKit/537.36 (KHTML, like Gecko) Chrome/90.0.4430.85 Safari/537.36 Edg/90.0.818.46"
43.164.197.177 - - [08/Feb/2026:14:35:33 -0500] "GET / HTTP/1.1" 301 - "-" "Mozilla/5.0 (iPhone; CPU iPhone OS 13_2_3 like Mac OS X) AppleWebKit/605.1.15 (KHTML, like Gecko) Version/13.0.3 Mobile/15E148 Safari/604.1"
43.159.135.203 - - [08/Feb/2026:14:37:07 -0500] "GET / HTTP/1.1" 301 - "-" "Mozilla/5.0 (iPhone; CPU iPhone OS 13_2_3 like Mac OS X) AppleWebKit/605.1.15 (KHTML, like Gecko) Version/13.0.3 Mobile/15E148 Safari/604.1"
20.48.253.154 - - [08/Feb/2026:14:39:50 -0500] "GET /wp-content/plugins/hellopress/wp_filemanager.php HTTP/1.1" 302 294 "-" "-"
20.48.253.154 - - [08/Feb/2026:14:39:52 -0500] "GET /166.php HTTP/1.1" 302 294 "-" "-"
20.48.253.154 - - [08/Feb/2026:14:39:52 -0500] "GET /reze.php HTTP/1.1" 302 294 "-" "-"
20.48.253.154 - - [08/Feb/2026:14:39:52 -0500] "GET /lib.php HTTP/1.1" 302 294 "-" "-"
20.48.253.154 - - [08/Feb/2026:14:39:52 -0500] "GET /x.php HTTP/1.1" 302 294 "-" "-"
20.48.253.154 - - [08/Feb/2026:14:39:52 -0500] "GET /k.php HTTP/1.1" 302 294 "-" "-"
20.48.253.154 - - [08/Feb/2026:14:39:52 -0500] "GET /jga.php HTTP/1.1" 302 294 "-" "-"
20.48.253.154 - - [08/Feb/2026:14:39:52 -0500] "GET /past1.php HTTP/1.1" 302 294 "-" "-"
20.48.253.154 - - [08/Feb/2026:14:39:52 -0500] "GET /8xyz.php HTTP/1.1" 302 294 "-" "-"
20.48.253.154 - - [08/Feb/2026:14:39:52 -0500] "GET /ol.php HTTP/1.1" 302 294 "-" "-"
20.48.253.154 - - [08/Feb/2026:14:39:53 -0500] "GET /bk.php HTTP/1.1" 302 294 "-" "-"
20.48.253.154 - - [08/Feb/2026:14:39:53 -0500] "GET /vx.php HTTP/1.1" 302 294 "-" "-"
20.48.253.154 - - [08/Feb/2026:14:39:53 -0500] "GET /sx.php HTTP/1.1" 302 294 "-" "-"
170.64.220.173 - - [08/Feb/2026:14:43:30 -0500] "GET /.git/config HTTP/1.1" 302 289 "-" "Mozilla/5.0 (X11; Linux x86_64) AppleWebKit/537.36 (KHTML, like Gecko) Chrome/81.0.4044.129 Safari/537.36"
