HEX
Server: Apache
System: Linux msm5694.mjhst.com 3.10.0-1160.119.1.el7.x86_64 #1 SMP Tue Jun 4 14:43:51 UTC 2024 x86_64
User: camjab_ssh (1000)
PHP: 5.3.29
Disabled: NONE
Upload Files
File: //home/httpd/logs/gaygorillas.com_access_log.4
43.157.191.20 - - [27/Jan/2026:04:47:18 -0500] "GET / HTTP/1.1" 200 51396 "-" "Mozilla/5.0 (iPhone; CPU iPhone OS 13_2_3 like Mac OS X) AppleWebKit/605.1.15 (KHTML, like Gecko) Version/13.0.3 Mobile/15E148 Safari/604.1"
74.206.190.123 - - [27/Jan/2026:04:59:23 -0500] "POST /wp-cron.php?doing_wp_cron=1769507963.0729129314422607421875 HTTP/1.1" 200 2 "-" "WordPress/3.6.1; http://www.gaygorillas.com"
141.94.194.132 - - [27/Jan/2026:04:59:23 -0500] "GET /index.php/blackgaytube/free-black-gay-porn.html/feed HTTP/1.1" 200 1924 "-" "Mozilla/5.0 (X11; Linux i686) AppleWebKit/537.36 (KHTML, like Gecko) Chrome/30.0.1599.66 Safari/537.36"
43.157.147.3 - - [27/Jan/2026:05:04:47 -0500] "GET / HTTP/1.1" 301 2 "-" "Mozilla/5.0 (iPhone; CPU iPhone OS 13_2_3 like Mac OS X) AppleWebKit/605.1.15 (KHTML, like Gecko) Version/13.0.3 Mobile/15E148 Safari/604.1"
43.157.147.3 - - [27/Jan/2026:05:04:48 -0500] "GET / HTTP/1.1" 200 51396 "http://gaygorillas.com" "Mozilla/5.0 (iPhone; CPU iPhone OS 13_2_3 like Mac OS X) AppleWebKit/605.1.15 (KHTML, like Gecko) Version/13.0.3 Mobile/15E148 Safari/604.1"
52.42.139.56 - - [27/Jan/2026:05:13:12 -0500] "GET / HTTP/1.1" 301 2 "-" "Mozilla/5.0 (Macintosh; Intel Mac OS X 10_15_7) AppleWebKit/537.36 (KHTML, like Gecko) Chrome/134.0.0.0 Safari/537.36"
52.42.139.56 - - [27/Jan/2026:05:13:12 -0500] "GET / HTTP/1.1" 200 51396 "http://gaygorillas.com/" "Mozilla/5.0 (Macintosh; Intel Mac OS X 10_15_7) AppleWebKit/537.36 (KHTML, like Gecko) Chrome/134.0.0.0 Safari/537.36"
74.206.190.123 - - [27/Jan/2026:06:02:00 -0500] "POST /wp-cron.php?doing_wp_cron=1769511720.9431819915771484375000 HTTP/1.1" 200 2 "-" "WordPress/3.6.1; http://www.gaygorillas.com"
194.104.8.64 - - [27/Jan/2026:06:02:00 -0500] "GET /wp-login.php HTTP/1.1" 200 2291 "-" "Mozilla/5.0 (Windows NT 10.0; Win64; x64; rv:127.0) Gecko/20100101 Firefox/127.0"
194.104.8.64 - - [27/Jan/2026:06:02:01 -0500] "POST /xmlrpc.php HTTP/1.1" 302 279 "-" "Mozilla/5.0 (Macintosh; Intel Mac OS X 13_5) AppleWebKit/605.1.15 (KHTML, like Gecko) Version/17.5 Safari/605.1.15"
122.8.95.30 - - [27/Jan/2026:06:02:05 -0500] "POST /xmlrpc.php HTTP/1.1" 302 279 "-" "Mozilla/5.0 (Windows NT 10.0; Win64; x64) AppleWebKit/537.36 (KHTML, like Gecko) Chrome/124.0.6367.207 Safari/537.36"
147.78.183.50 - - [27/Jan/2026:06:02:08 -0500] "POST /xmlrpc.php HTTP/1.1" 302 279 "-" "Mozilla/5.0 (Macintosh; Intel Mac OS X 13_5) AppleWebKit/605.1.15 (KHTML, like Gecko) Version/17.5 Safari/605.1.15"
83.142.55.171 - - [27/Jan/2026:06:02:09 -0500] "POST /xmlrpc.php HTTP/1.1" 302 279 "-" "Mozilla/5.0 (Macintosh; Intel Mac OS X 13_5) AppleWebKit/605.1.15 (KHTML, like Gecko) Version/17.5 Safari/605.1.15"
130.49.9.201 - - [27/Jan/2026:06:02:10 -0500] "POST /xmlrpc.php HTTP/1.1" 302 279 "-" "Mozilla/5.0 (Windows NT 10.0; Win64; x64) AppleWebKit/537.36 (KHTML, like Gecko) Chrome/124.0.6367.207 Safari/537.36"
185.81.144.161 - - [27/Jan/2026:06:02:11 -0500] "POST /xmlrpc.php HTTP/1.1" 302 279 "-" "Mozilla/5.0 (Windows NT 10.0; Win64; x64) AppleWebKit/537.36 (KHTML, like Gecko) Chrome/124.0.6367.207 Safari/537.36"
193.203.9.109 - - [27/Jan/2026:06:02:12 -0500] "POST /xmlrpc.php HTTP/1.1" 302 279 "-" "Mozilla/5.0 (Macintosh; Intel Mac OS X 13_5) AppleWebKit/605.1.15 (KHTML, like Gecko) Version/17.5 Safari/605.1.15"
185.102.112.179 - - [27/Jan/2026:06:02:13 -0500] "POST /xmlrpc.php HTTP/1.1" 302 279 "-" "Mozilla/5.0 (Macintosh; Intel Mac OS X 13_5) AppleWebKit/605.1.15 (KHTML, like Gecko) Version/17.5 Safari/605.1.15"
185.61.216.55 - - [27/Jan/2026:06:02:13 -0500] "POST /xmlrpc.php HTTP/1.1" 302 279 "-" "Mozilla/5.0 (Macintosh; Intel Mac OS X 13_5) AppleWebKit/605.1.15 (KHTML, like Gecko) Version/17.5 Safari/605.1.15"
170.168.174.185 - - [27/Jan/2026:06:02:14 -0500] "POST /xmlrpc.php HTTP/1.1" 302 279 "-" "Mozilla/5.0 (Macintosh; Intel Mac OS X 13_5) AppleWebKit/605.1.15 (KHTML, like Gecko) Version/17.5 Safari/605.1.15"
88.218.47.61 - - [27/Jan/2026:06:02:24 -0500] "POST /xmlrpc.php HTTP/1.1" 302 279 "-" "Mozilla/5.0 (Windows NT 10.0; Win64; x64) AppleWebKit/537.36 (KHTML, like Gecko) Chrome/124.0.6367.207 Safari/537.36"
194.104.8.64 - - [27/Jan/2026:06:02:26 -0500] "GET /wp-login.php?wp_lang=en_US HTTP/1.1" 200 2291 "-" "Mozilla/5.0 (Windows NT 10.0; Win64; x64) AppleWebKit/537.36 (KHTML, like Gecko) Chrome/124.0.6367.207 Safari/537.36"
194.104.8.64 - - [27/Jan/2026:06:02:27 -0500] "POST /wp-login.php?wp_lang=en_US HTTP/1.1" 302 2 "http://www.gaygorillas.com/wp-login.php?wp_lang=en_US" "Mozilla/5.0 (Windows NT 10.0; Win64; x64) AppleWebKit/537.36 (KHTML, like Gecko) Chrome/124.0.6367.207 Safari/537.36"
194.104.8.64 - - [27/Jan/2026:06:02:27 -0500] "GET /wp-admin/ HTTP/1.1" 200 80713 "http://www.gaygorillas.com/wp-login.php?wp_lang=en_US" "Mozilla/5.0 (Windows NT 10.0; Win64; x64) AppleWebKit/537.36 (KHTML, like Gecko) Chrome/124.0.6367.207 Safari/537.36"
194.104.8.64 - - [27/Jan/2026:06:02:29 -0500] "GET /wp-admin/admin-ajax.php?action=rest-nonce HTTP/1.1" 200 3 "-" "Mozilla/5.0 (Windows NT 10.0; Win64; x64) AppleWebKit/537.36 (KHTML, like Gecko) Chrome/124.0.6367.207 Safari/537.36"
194.104.8.64 - - [27/Jan/2026:06:02:29 -0500] "GET /wp-admin/admin-ajax.php?action=rest-nonce HTTP/1.1" 200 3 "-" "Mozilla/5.0 (Windows NT 10.0; Win64; x64) AppleWebKit/537.36 (KHTML, like Gecko) Chrome/124.0.6367.207 Safari/537.36"
194.104.8.64 - - [27/Jan/2026:06:02:30 -0500] "GET /wp-admin/admin-ajax.php?action=rest-nonce HTTP/1.1" 200 3 "-" "Mozilla/5.0 (Windows NT 10.0; Win64; x64) AppleWebKit/537.36 (KHTML, like Gecko) Chrome/124.0.6367.207 Safari/537.36"
114.119.132.104 - - [27/Jan/2026:06:29:22 -0500] "GET /index.php/category/ebony-gay-tube HTTP/1.1" 200 16104 "http://www.gaygorillas.com/index.php/page/2" "Mozilla/5.0 (Linux; Android 7.0;) AppleWebKit/537.36 (KHTML, like Gecko) Mobile Safari/537.36 (compatible; PetalBot;+https://webmaster.petalsearch.com/site/petalbot)"
51.68.111.203 - - [27/Jan/2026:06:59:48 -0500] "GET /robots.txt HTTP/1.1" 302 275 "-" "Mozilla/5.0 (compatible; MJ12bot/v2.0.4; http://mj12bot.com/)"
51.68.111.203 - - [27/Jan/2026:06:59:48 -0500] "GET / HTTP/1.1" 302 275 "-" "Mozilla/5.0 (compatible; MJ12bot/v2.0.4; http://mj12bot.com/)"
74.206.190.123 - - [27/Jan/2026:07:06:18 -0500] "POST /wp-cron.php?doing_wp_cron=1769515578.3478310108184814453125 HTTP/1.1" 200 2 "-" "WordPress/3.6.1; http://www.gaygorillas.com"
141.94.194.132 - - [27/Jan/2026:07:06:18 -0500] "GET /index.php/feed HTTP/1.1" 200 11966 "-" "Mozilla/5.0 (X11; Linux i686) AppleWebKit/537.36 (KHTML, like Gecko) Chrome/30.0.1599.66 Safari/537.36"
20.205.40.19 - - [27/Jan/2026:07:12:04 -0500] "GET /wp-content/plugins/hellopress/wp_filemanager.php HTTP/1.1" 302 275 "-" "-"
20.205.40.19 - - [27/Jan/2026:07:12:19 -0500] "GET /p.php HTTP/1.1" 302 275 "-" "-"
20.205.40.19 - - [27/Jan/2026:07:12:20 -0500] "GET /s1.php HTTP/1.1" 302 275 "-" "-"
20.205.40.19 - - [27/Jan/2026:07:12:21 -0500] "GET /k.php HTTP/1.1" 302 275 "-" "-"
20.205.40.19 - - [27/Jan/2026:07:12:21 -0500] "GET /as.php HTTP/1.1" 302 275 "-" "-"
20.205.40.19 - - [27/Jan/2026:07:12:22 -0500] "GET /xa.php HTTP/1.1" 302 275 "-" "-"
20.205.40.19 - - [27/Jan/2026:07:12:22 -0500] "GET /bypass.php HTTP/1.1" 302 275 "-" "-"
20.205.40.19 - - [27/Jan/2026:07:12:23 -0500] "GET /about.php HTTP/1.1" 302 275 "-" "-"
20.205.40.19 - - [27/Jan/2026:07:12:24 -0500] "GET /re.php HTTP/1.1" 302 275 "-" "-"
20.205.40.19 - - [27/Jan/2026:07:12:25 -0500] "GET /m.php HTTP/1.1" 302 275 "-" "-"
20.205.40.19 - - [27/Jan/2026:07:12:25 -0500] "GET /ad.php HTTP/1.1" 302 275 "-" "-"
20.205.40.19 - - [27/Jan/2026:07:12:26 -0500] "GET /222.php HTTP/1.1" 302 275 "-" "-"
20.205.40.19 - - [27/Jan/2026:07:12:27 -0500] "GET /buy.php HTTP/1.1" 302 275 "-" "-"
20.205.40.19 - - [27/Jan/2026:07:12:28 -0500] "GET /file.php HTTP/1.1" 302 275 "-" "-"
20.205.40.19 - - [27/Jan/2026:07:12:28 -0500] "GET /999.php HTTP/1.1" 302 275 "-" "-"
20.205.40.19 - - [27/Jan/2026:07:12:29 -0500] "GET /chosen.php HTTP/1.1" 302 275 "-" "-"
20.205.40.19 - - [27/Jan/2026:07:12:30 -0500] "GET /ahax.php HTTP/1.1" 302 275 "-" "-"
20.205.40.19 - - [27/Jan/2026:07:12:30 -0500] "GET /f35.php HTTP/1.1" 302 275 "-" "-"
20.205.40.19 - - [27/Jan/2026:07:12:31 -0500] "GET /themes.php HTTP/1.1" 302 275 "-" "-"
20.205.40.19 - - [27/Jan/2026:07:12:32 -0500] "GET /footer.php HTTP/1.1" 302 275 "-" "-"
20.205.40.19 - - [27/Jan/2026:07:12:32 -0500] "GET /ma.php HTTP/1.1" 302 275 "-" "-"
20.205.40.19 - - [27/Jan/2026:07:12:33 -0500] "GET /amax.php HTTP/1.1" 302 275 "-" "-"
20.205.40.19 - - [27/Jan/2026:07:12:34 -0500] "GET /admin.php HTTP/1.1" 302 275 "-" "-"
20.205.40.19 - - [27/Jan/2026:07:12:34 -0500] "GET /bless.php HTTP/1.1" 302 275 "-" "-"
20.205.40.19 - - [27/Jan/2026:07:12:35 -0500] "GET /wp-includes/assets/index.php HTTP/1.1" 302 275 "-" "-"
141.94.194.132 - - [27/Jan/2026:07:30:27 -0500] "GET /index.php/tag/gay-black/feed HTTP/1.1" 200 3425 "-" "Mozilla/5.0 (X11; Linux i686) AppleWebKit/537.36 (KHTML, like Gecko) Chrome/30.0.1599.66 Safari/537.36"
116.76.38.166 - - [27/Jan/2026:08:15:34 -0500] "GET /robots.txt HTTP/1.1" 200 29 "-" "Mozilla/5.0 (Windows NT 10.0; Win64; x64) AppleWebKit/537.36 (KHTML, like Gecko) Chrome/59.0.3508.81 Safari/537.36 Edge/18.18362"
188.143.244.133 - - [27/Jan/2026:08:35:59 -0500] "GET /index.php/blackgaytube/ HTTP/1.1" 301 2 "-" "Mozilla/5.0 X11; Ubuntu; Linux x86_64; rv:126.0 Gecko/20100101 Firefox/126.0"
74.206.190.123 - - [27/Jan/2026:08:36:00 -0500] "POST /wp-cron.php?doing_wp_cron=1769520960.6034960746765136718750 HTTP/1.1" 200 2 "-" "WordPress/3.6.1; http://www.gaygorillas.com"
188.143.244.133 - - [27/Jan/2026:08:36:00 -0500] "GET /index.php/blackgaytube/ HTTP/1.1" 301 2 "http://gaygorillas.com/index.php/blackgaytube/#comment-15609" "Mozilla/5.0 X11; Ubuntu; Linux x86_64; rv:126.0 Gecko/20100101 Firefox/126.0"
188.143.244.133 - - [27/Jan/2026:08:36:01 -0500] "GET /index.php/blackgaytube HTTP/1.1" 200 51676 "http://www.gaygorillas.com/index.php/blackgaytube/" "Mozilla/5.0 X11; Ubuntu; Linux x86_64; rv:126.0 Gecko/20100101 Firefox/126.0"
188.143.244.133 - - [27/Jan/2026:08:36:03 -0500] "GET /index.php/blackgaytube/ HTTP/1.1" 301 2 "-" "Mozilla/5.0 X11; Ubuntu; Linux x86_64; rv:126.0 Gecko/20100101 Firefox/126.0"
188.143.244.133 - - [27/Jan/2026:08:36:04 -0500] "GET /index.php/blackgaytube/ HTTP/1.1" 301 2 "http://gaygorillas.com/index.php/blackgaytube/#comment-211" "Mozilla/5.0 X11; Ubuntu; Linux x86_64; rv:126.0 Gecko/20100101 Firefox/126.0"
188.143.244.133 - - [27/Jan/2026:08:36:04 -0500] "GET /index.php/blackgaytube HTTP/1.1" 200 51676 "http://www.gaygorillas.com/index.php/blackgaytube/" "Mozilla/5.0 X11; Ubuntu; Linux x86_64; rv:126.0 Gecko/20100101 Firefox/126.0"
188.143.244.133 - - [27/Jan/2026:08:36:07 -0500] "GET /index.php/blackgaytube/ HTTP/1.1" 301 2 "-" "Mozilla/5.0 X11; Ubuntu; Linux x86_64; rv:126.0 Gecko/20100101 Firefox/126.0"
188.143.244.133 - - [27/Jan/2026:08:36:08 -0500] "GET /index.php/blackgaytube/ HTTP/1.1" 301 2 "http://gaygorillas.com/index.php/blackgaytube/#comment-15612" "Mozilla/5.0 X11; Ubuntu; Linux x86_64; rv:126.0 Gecko/20100101 Firefox/126.0"
188.143.244.133 - - [27/Jan/2026:08:36:08 -0500] "GET /index.php/blackgaytube HTTP/1.1" 200 51676 "http://www.gaygorillas.com/index.php/blackgaytube/" "Mozilla/5.0 X11; Ubuntu; Linux x86_64; rv:126.0 Gecko/20100101 Firefox/126.0"
188.143.244.133 - - [27/Jan/2026:08:36:11 -0500] "GET /index.php/ebony-gay-tube/ HTTP/1.1" 301 2 "-" "Mozilla/5.0 X11; Ubuntu; Linux x86_64; rv:126.0 Gecko/20100101 Firefox/126.0"
188.143.244.133 - - [27/Jan/2026:08:36:11 -0500] "GET /index.php/ebony-gay-tube/ HTTP/1.1" 301 2 "http://gaygorillas.com/index.php/ebony-gay-tube/#comment-1473" "Mozilla/5.0 X11; Ubuntu; Linux x86_64; rv:126.0 Gecko/20100101 Firefox/126.0"
188.143.244.133 - - [27/Jan/2026:08:36:12 -0500] "GET /index.php/ebony-gay-tube HTTP/1.1" 200 16104 "http://www.gaygorillas.com/index.php/ebony-gay-tube/" "Mozilla/5.0 X11; Ubuntu; Linux x86_64; rv:126.0 Gecko/20100101 Firefox/126.0"
188.143.244.133 - - [27/Jan/2026:08:36:15 -0500] "GET /index.php/blackgaytube/ HTTP/1.1" 301 2 "-" "Mozilla/5.0 X11; Ubuntu; Linux x86_64; rv:126.0 Gecko/20100101 Firefox/126.0"
188.143.244.133 - - [27/Jan/2026:08:36:15 -0500] "GET /index.php/blackgaytube/ HTTP/1.1" 301 2 "http://gaygorillas.com/index.php/blackgaytube/#comment-15606" "Mozilla/5.0 X11; Ubuntu; Linux x86_64; rv:126.0 Gecko/20100101 Firefox/126.0"
188.143.244.133 - - [27/Jan/2026:08:36:15 -0500] "GET /index.php/blackgaytube HTTP/1.1" 200 51676 "http://www.gaygorillas.com/index.php/blackgaytube/" "Mozilla/5.0 X11; Ubuntu; Linux x86_64; rv:126.0 Gecko/20100101 Firefox/126.0"
188.143.244.133 - - [27/Jan/2026:08:36:18 -0500] "GET /index.php/blackgaytube/ HTTP/1.1" 301 2 "-" "Mozilla/5.0 X11; Ubuntu; Linux x86_64; rv:126.0 Gecko/20100101 Firefox/126.0"
188.143.244.133 - - [27/Jan/2026:08:36:19 -0500] "GET /index.php/blackgaytube/ HTTP/1.1" 301 2 "http://gaygorillas.com/index.php/blackgaytube/#comment-15616" "Mozilla/5.0 X11; Ubuntu; Linux x86_64; rv:126.0 Gecko/20100101 Firefox/126.0"
188.143.244.133 - - [27/Jan/2026:08:36:19 -0500] "GET /index.php/blackgaytube HTTP/1.1" 200 51676 "http://www.gaygorillas.com/index.php/blackgaytube/" "Mozilla/5.0 X11; Ubuntu; Linux x86_64; rv:126.0 Gecko/20100101 Firefox/126.0"
188.143.244.133 - - [27/Jan/2026:08:36:22 -0500] "GET /index.php/blackgaytube/ HTTP/1.1" 301 2 "-" "Mozilla/5.0 X11; Ubuntu; Linux x86_64; rv:126.0 Gecko/20100101 Firefox/126.0"
188.143.244.133 - - [27/Jan/2026:08:36:23 -0500] "GET /index.php/blackgaytube/ HTTP/1.1" 301 2 "http://gaygorillas.com/index.php/blackgaytube/#comment-30" "Mozilla/5.0 X11; Ubuntu; Linux x86_64; rv:126.0 Gecko/20100101 Firefox/126.0"
188.143.244.133 - - [27/Jan/2026:08:36:23 -0500] "GET /index.php/blackgaytube HTTP/1.1" 200 51676 "http://www.gaygorillas.com/index.php/blackgaytube/" "Mozilla/5.0 X11; Ubuntu; Linux x86_64; rv:126.0 Gecko/20100101 Firefox/126.0"
188.143.244.133 - - [27/Jan/2026:08:36:26 -0500] "GET /index.php/blackgaytube/ HTTP/1.1" 301 2 "-" "Mozilla/5.0 X11; Ubuntu; Linux x86_64; rv:126.0 Gecko/20100101 Firefox/126.0"
188.143.244.133 - - [27/Jan/2026:08:36:26 -0500] "GET /index.php/blackgaytube/ HTTP/1.1" 301 2 "http://gaygorillas.com/index.php/blackgaytube/#comment-31" "Mozilla/5.0 X11; Ubuntu; Linux x86_64; rv:126.0 Gecko/20100101 Firefox/126.0"
188.143.244.133 - - [27/Jan/2026:08:36:27 -0500] "GET /index.php/blackgaytube HTTP/1.1" 200 51676 "http://www.gaygorillas.com/index.php/blackgaytube/" "Mozilla/5.0 X11; Ubuntu; Linux x86_64; rv:126.0 Gecko/20100101 Firefox/126.0"
188.143.244.133 - - [27/Jan/2026:08:36:30 -0500] "GET /index.php/ebony-gay-tube/ HTTP/1.1" 301 2 "-" "Mozilla/5.0 X11; Ubuntu; Linux x86_64; rv:126.0 Gecko/20100101 Firefox/126.0"
188.143.244.133 - - [27/Jan/2026:08:36:30 -0500] "GET /index.php/ebony-gay-tube/ HTTP/1.1" 301 2 "http://gaygorillas.com/index.php/ebony-gay-tube/#comment-48" "Mozilla/5.0 X11; Ubuntu; Linux x86_64; rv:126.0 Gecko/20100101 Firefox/126.0"
188.143.244.133 - - [27/Jan/2026:08:36:30 -0500] "GET /index.php/ebony-gay-tube HTTP/1.1" 200 16104 "http://www.gaygorillas.com/index.php/ebony-gay-tube/" "Mozilla/5.0 X11; Ubuntu; Linux x86_64; rv:126.0 Gecko/20100101 Firefox/126.0"
188.143.244.133 - - [27/Jan/2026:08:36:33 -0500] "GET /index.php/blackgaytube/ HTTP/1.1" 301 2 "-" "Mozilla/5.0 X11; Ubuntu; Linux x86_64; rv:126.0 Gecko/20100101 Firefox/126.0"
188.143.244.133 - - [27/Jan/2026:08:36:34 -0500] "GET /index.php/blackgaytube/ HTTP/1.1" 301 2 "http://gaygorillas.com/index.php/blackgaytube/#comment-15607" "Mozilla/5.0 X11; Ubuntu; Linux x86_64; rv:126.0 Gecko/20100101 Firefox/126.0"
188.143.244.133 - - [27/Jan/2026:08:36:34 -0500] "GET /index.php/blackgaytube HTTP/1.1" 200 51676 "http://www.gaygorillas.com/index.php/blackgaytube/" "Mozilla/5.0 X11; Ubuntu; Linux x86_64; rv:126.0 Gecko/20100101 Firefox/126.0"
188.143.244.133 - - [27/Jan/2026:08:36:37 -0500] "GET /index.php/blackgaytube/ HTTP/1.1" 301 2 "-" "Mozilla/5.0 X11; Ubuntu; Linux x86_64; rv:126.0 Gecko/20100101 Firefox/126.0"
188.143.244.133 - - [27/Jan/2026:08:36:37 -0500] "GET /index.php/blackgaytube/ HTTP/1.1" 301 2 "http://gaygorillas.com/index.php/blackgaytube/#comment-15610" "Mozilla/5.0 X11; Ubuntu; Linux x86_64; rv:126.0 Gecko/20100101 Firefox/126.0"
188.143.244.133 - - [27/Jan/2026:08:36:38 -0500] "GET /index.php/blackgaytube HTTP/1.1" 200 51676 "http://www.gaygorillas.com/index.php/blackgaytube/" "Mozilla/5.0 X11; Ubuntu; Linux x86_64; rv:126.0 Gecko/20100101 Firefox/126.0"
188.143.244.133 - - [27/Jan/2026:08:36:41 -0500] "GET /index.php/blackgaytube/ HTTP/1.1" 301 2 "-" "Mozilla/5.0 X11; Ubuntu; Linux x86_64; rv:126.0 Gecko/20100101 Firefox/126.0"
188.143.244.133 - - [27/Jan/2026:08:36:41 -0500] "GET /index.php/blackgaytube/ HTTP/1.1" 301 2 "http://gaygorillas.com/index.php/blackgaytube/#comment-15614" "Mozilla/5.0 X11; Ubuntu; Linux x86_64; rv:126.0 Gecko/20100101 Firefox/126.0"
188.143.244.133 - - [27/Jan/2026:08:36:42 -0500] "GET /index.php/blackgaytube HTTP/1.1" 200 51676 "http://www.gaygorillas.com/index.php/blackgaytube/" "Mozilla/5.0 X11; Ubuntu; Linux x86_64; rv:126.0 Gecko/20100101 Firefox/126.0"
188.143.244.133 - - [27/Jan/2026:08:36:45 -0500] "GET /index.php/ebony-gay-tube/ HTTP/1.1" 301 2 "-" "Mozilla/5.0 X11; Ubuntu; Linux x86_64; rv:126.0 Gecko/20100101 Firefox/126.0"
188.143.244.133 - - [27/Jan/2026:08:36:45 -0500] "GET /index.php/ebony-gay-tube/ HTTP/1.1" 301 2 "http://gaygorillas.com/index.php/ebony-gay-tube/#respond" "Mozilla/5.0 X11; Ubuntu; Linux x86_64; rv:126.0 Gecko/20100101 Firefox/126.0"
188.143.244.133 - - [27/Jan/2026:08:36:45 -0500] "GET /index.php/ebony-gay-tube HTTP/1.1" 200 16104 "http://www.gaygorillas.com/index.php/ebony-gay-tube/" "Mozilla/5.0 X11; Ubuntu; Linux x86_64; rv:126.0 Gecko/20100101 Firefox/126.0"
188.143.244.133 - - [27/Jan/2026:08:36:48 -0500] "GET /index.php/blackgaytube/ HTTP/1.1" 301 2 "-" "Mozilla/5.0 X11; Ubuntu; Linux x86_64; rv:126.0 Gecko/20100101 Firefox/126.0"
188.143.244.133 - - [27/Jan/2026:08:36:49 -0500] "GET /index.php/blackgaytube/ HTTP/1.1" 301 2 "http://gaygorillas.com/index.php/blackgaytube/#comment-15613" "Mozilla/5.0 X11; Ubuntu; Linux x86_64; rv:126.0 Gecko/20100101 Firefox/126.0"
188.143.244.133 - - [27/Jan/2026:08:36:49 -0500] "GET /index.php/blackgaytube HTTP/1.1" 200 51676 "http://www.gaygorillas.com/index.php/blackgaytube/" "Mozilla/5.0 X11; Ubuntu; Linux x86_64; rv:126.0 Gecko/20100101 Firefox/126.0"
188.143.244.133 - - [27/Jan/2026:08:36:52 -0500] "GET /index.php/blackgaytube/ HTTP/1.1" 301 2 "-" "Mozilla/5.0 X11; Ubuntu; Linux x86_64; rv:126.0 Gecko/20100101 Firefox/126.0"
188.143.244.133 - - [27/Jan/2026:08:36:52 -0500] "GET /index.php/blackgaytube/ HTTP/1.1" 301 2 "http://gaygorillas.com/index.php/blackgaytube/#comment-1472" "Mozilla/5.0 X11; Ubuntu; Linux x86_64; rv:126.0 Gecko/20100101 Firefox/126.0"
188.143.244.133 - - [27/Jan/2026:08:36:53 -0500] "GET /index.php/blackgaytube HTTP/1.1" 200 51676 "http://www.gaygorillas.com/index.php/blackgaytube/" "Mozilla/5.0 X11; Ubuntu; Linux x86_64; rv:126.0 Gecko/20100101 Firefox/126.0"
144.91.126.77 - - [27/Jan/2026:08:36:55 -0500] "GET /wp-login.php HTTP/1.1" 301 2 "-" "Mozilla/5.0 (Macintosh; Intel Mac OS X 13_6_2) AppleWebKit/537.36 (KHTML, like Gecko) Chrome/118.0.5993.88 Safari/537.36"
144.91.126.77 - - [27/Jan/2026:08:36:56 -0500] "GET /wp-login.php HTTP/1.1" 200 2291 "-" "Mozilla/5.0 (Macintosh; Intel Mac OS X 13_6_2) AppleWebKit/537.36 (KHTML, like Gecko) Chrome/118.0.5993.88 Safari/537.36"
188.143.244.133 - - [27/Jan/2026:08:36:56 -0500] "GET /index.php/blackgaytube/ HTTP/1.1" 301 2 "-" "Mozilla/5.0 X11; Ubuntu; Linux x86_64; rv:126.0 Gecko/20100101 Firefox/126.0"
188.143.244.133 - - [27/Jan/2026:08:36:56 -0500] "GET /index.php/blackgaytube/ HTTP/1.1" 301 2 "http://gaygorillas.com/index.php/blackgaytube/#comment-2463" "Mozilla/5.0 X11; Ubuntu; Linux x86_64; rv:126.0 Gecko/20100101 Firefox/126.0"
144.91.126.77 - - [27/Jan/2026:08:36:57 -0500] "POST /wp-login.php HTTP/1.1" 301 2 "http://GAYGORILLAS.COM/wp-login.php" "Mozilla/5.0 (X11; Linux x86_64) AppleWebKit/537.36 (KHTML, like Gecko) Chrome/119.0.6045.159 Safari/537.36"
144.91.126.77 - - [27/Jan/2026:08:36:57 -0500] "GET /wp-login.php HTTP/1.1" 200 2291 "http://GAYGORILLAS.COM/wp-login.php" "Mozilla/5.0 (X11; Linux x86_64) AppleWebKit/537.36 (KHTML, like Gecko) Chrome/119.0.6045.159 Safari/537.36"
188.143.244.133 - - [27/Jan/2026:08:36:56 -0500] "GET /index.php/blackgaytube HTTP/1.1" 200 51676 "http://www.gaygorillas.com/index.php/blackgaytube/" "Mozilla/5.0 X11; Ubuntu; Linux x86_64; rv:126.0 Gecko/20100101 Firefox/126.0"
188.143.244.133 - - [27/Jan/2026:08:36:59 -0500] "GET /index.php/blackgaytube/ HTTP/1.1" 301 2 "-" "Mozilla/5.0 X11; Ubuntu; Linux x86_64; rv:126.0 Gecko/20100101 Firefox/126.0"
188.143.244.133 - - [27/Jan/2026:08:37:00 -0500] "GET /index.php/blackgaytube/ HTTP/1.1" 301 2 "http://gaygorillas.com/index.php/blackgaytube/#comment-15611" "Mozilla/5.0 X11; Ubuntu; Linux x86_64; rv:126.0 Gecko/20100101 Firefox/126.0"
188.143.244.133 - - [27/Jan/2026:08:37:00 -0500] "GET /index.php/blackgaytube HTTP/1.1" 200 51676 "http://www.gaygorillas.com/index.php/blackgaytube/" "Mozilla/5.0 X11; Ubuntu; Linux x86_64; rv:126.0 Gecko/20100101 Firefox/126.0"
188.143.244.133 - - [27/Jan/2026:08:37:03 -0500] "GET /index.php/blackgaytube/ HTTP/1.1" 301 2 "-" "Mozilla/5.0 X11; Ubuntu; Linux x86_64; rv:126.0 Gecko/20100101 Firefox/126.0"
188.143.244.133 - - [27/Jan/2026:08:37:04 -0500] "GET /index.php/blackgaytube/ HTTP/1.1" 301 2 "http://gaygorillas.com/index.php/blackgaytube/#comment-23" "Mozilla/5.0 X11; Ubuntu; Linux x86_64; rv:126.0 Gecko/20100101 Firefox/126.0"
188.143.244.133 - - [27/Jan/2026:08:37:04 -0500] "GET /index.php/blackgaytube HTTP/1.1" 200 51676 "http://www.gaygorillas.com/index.php/blackgaytube/" "Mozilla/5.0 X11; Ubuntu; Linux x86_64; rv:126.0 Gecko/20100101 Firefox/126.0"
188.143.244.133 - - [27/Jan/2026:08:37:07 -0500] "GET /index.php/blackgaytube/ HTTP/1.1" 301 2 "-" "Mozilla/5.0 X11; Ubuntu; Linux x86_64; rv:126.0 Gecko/20100101 Firefox/126.0"
188.143.244.133 - - [27/Jan/2026:08:37:07 -0500] "GET /index.php/blackgaytube/ HTTP/1.1" 301 2 "http://gaygorillas.com/index.php/blackgaytube/#respond" "Mozilla/5.0 X11; Ubuntu; Linux x86_64; rv:126.0 Gecko/20100101 Firefox/126.0"
144.91.126.77 - - [27/Jan/2026:08:37:08 -0500] "POST /wp-login.php HTTP/1.1" 301 2 "http://GAYGORILLAS.COM/wp-login.php" "Mozilla/5.0 (Macintosh; Intel Mac OS X 12_6_2) AppleWebKit/605.1.15 (KHTML, like Gecko) Version/17.0 Safari/605.1.15"
188.143.244.133 - - [27/Jan/2026:08:37:08 -0500] "GET /index.php/blackgaytube HTTP/1.1" 200 51676 "http://www.gaygorillas.com/index.php/blackgaytube/" "Mozilla/5.0 X11; Ubuntu; Linux x86_64; rv:126.0 Gecko/20100101 Firefox/126.0"
144.91.126.77 - - [27/Jan/2026:08:37:08 -0500] "GET /wp-login.php HTTP/1.1" 200 2291 "http://GAYGORILLAS.COM/wp-login.php" "Mozilla/5.0 (Macintosh; Intel Mac OS X 12_6_2) AppleWebKit/605.1.15 (KHTML, like Gecko) Version/17.0 Safari/605.1.15"
188.143.244.133 - - [27/Jan/2026:08:37:11 -0500] "GET /index.php/blackgaytube/ HTTP/1.1" 301 2 "-" "Mozilla/5.0 X11; Ubuntu; Linux x86_64; rv:126.0 Gecko/20100101 Firefox/126.0"
188.143.244.133 - - [27/Jan/2026:08:37:11 -0500] "GET /index.php/blackgaytube/ HTTP/1.1" 301 2 "http://gaygorillas.com/index.php/blackgaytube/#comment-169" "Mozilla/5.0 X11; Ubuntu; Linux x86_64; rv:126.0 Gecko/20100101 Firefox/126.0"
188.143.244.133 - - [27/Jan/2026:08:37:11 -0500] "GET /index.php/blackgaytube HTTP/1.1" 200 51676 "http://www.gaygorillas.com/index.php/blackgaytube/" "Mozilla/5.0 X11; Ubuntu; Linux x86_64; rv:126.0 Gecko/20100101 Firefox/126.0"
188.143.244.133 - - [27/Jan/2026:08:37:14 -0500] "GET /index.php/blackgaytube/ HTTP/1.1" 301 2 "-" "Mozilla/5.0 X11; Ubuntu; Linux x86_64; rv:126.0 Gecko/20100101 Firefox/126.0"
188.143.244.133 - - [27/Jan/2026:08:37:15 -0500] "GET /index.php/blackgaytube/ HTTP/1.1" 301 2 "http://gaygorillas.com/index.php/blackgaytube/#comment-780" "Mozilla/5.0 X11; Ubuntu; Linux x86_64; rv:126.0 Gecko/20100101 Firefox/126.0"
188.143.244.133 - - [27/Jan/2026:08:37:15 -0500] "GET /index.php/blackgaytube HTTP/1.1" 200 51676 "http://www.gaygorillas.com/index.php/blackgaytube/" "Mozilla/5.0 X11; Ubuntu; Linux x86_64; rv:126.0 Gecko/20100101 Firefox/126.0"
188.143.244.133 - - [27/Jan/2026:08:37:18 -0500] "GET /index.php/blackgaytube/ HTTP/1.1" 301 2 "-" "Mozilla/5.0 X11; Ubuntu; Linux x86_64; rv:126.0 Gecko/20100101 Firefox/126.0"
188.143.244.133 - - [27/Jan/2026:08:37:19 -0500] "GET /index.php/blackgaytube/ HTTP/1.1" 301 2 "http://gaygorillas.com/index.php/blackgaytube/#comment-15615" "Mozilla/5.0 X11; Ubuntu; Linux x86_64; rv:126.0 Gecko/20100101 Firefox/126.0"
188.143.244.133 - - [27/Jan/2026:08:37:19 -0500] "GET /index.php/blackgaytube HTTP/1.1" 200 51676 "http://www.gaygorillas.com/index.php/blackgaytube/" "Mozilla/5.0 X11; Ubuntu; Linux x86_64; rv:126.0 Gecko/20100101 Firefox/126.0"
144.91.126.77 - - [27/Jan/2026:08:37:20 -0500] "POST /wp-login.php HTTP/1.1" 301 2 "http://GAYGORILLAS.COM/wp-login.php" "Mozilla/5.0 (Windows NT 11.0; Win64; x64) AppleWebKit/537.36 (KHTML, like Gecko) Chrome/118.0.5993.88 Safari/537.36"
144.91.126.77 - - [27/Jan/2026:08:37:20 -0500] "GET /wp-login.php HTTP/1.1" 200 2291 "http://GAYGORILLAS.COM/wp-login.php" "Mozilla/5.0 (Windows NT 11.0; Win64; x64) AppleWebKit/537.36 (KHTML, like Gecko) Chrome/118.0.5993.88 Safari/537.36"
188.143.244.133 - - [27/Jan/2026:08:37:22 -0500] "GET /index.php/blackgaytube/ HTTP/1.1" 301 2 "-" "Mozilla/5.0 X11; Ubuntu; Linux x86_64; rv:126.0 Gecko/20100101 Firefox/126.0"
188.143.244.133 - - [27/Jan/2026:08:37:22 -0500] "GET /index.php/blackgaytube/ HTTP/1.1" 301 2 "http://gaygorillas.com/index.php/blackgaytube/#comment-15608" "Mozilla/5.0 X11; Ubuntu; Linux x86_64; rv:126.0 Gecko/20100101 Firefox/126.0"
188.143.244.133 - - [27/Jan/2026:08:37:23 -0500] "GET /index.php/blackgaytube HTTP/1.1" 200 51676 "http://www.gaygorillas.com/index.php/blackgaytube/" "Mozilla/5.0 X11; Ubuntu; Linux x86_64; rv:126.0 Gecko/20100101 Firefox/126.0"
188.143.244.133 - - [27/Jan/2026:08:37:26 -0500] "GET /index.php/blackgaytube/ HTTP/1.1" 301 2 "-" "Mozilla/5.0 X11; Ubuntu; Linux x86_64; rv:126.0 Gecko/20100101 Firefox/126.0"
188.143.244.133 - - [27/Jan/2026:08:37:26 -0500] "GET /index.php/blackgaytube/ HTTP/1.1" 301 2 "http://gaygorillas.com/index.php/blackgaytube/#comment-783" "Mozilla/5.0 X11; Ubuntu; Linux x86_64; rv:126.0 Gecko/20100101 Firefox/126.0"
188.143.244.133 - - [27/Jan/2026:08:37:26 -0500] "GET /index.php/blackgaytube HTTP/1.1" 200 51676 "http://www.gaygorillas.com/index.php/blackgaytube/" "Mozilla/5.0 X11; Ubuntu; Linux x86_64; rv:126.0 Gecko/20100101 Firefox/126.0"
188.143.244.133 - - [27/Jan/2026:08:37:29 -0500] "GET /index.php/category/blackgaytube/ HTTP/1.1" 301 2 "-" "Mozilla/5.0 X11; Ubuntu; Linux x86_64; rv:126.0 Gecko/20100101 Firefox/126.0"
188.143.244.133 - - [27/Jan/2026:08:37:30 -0500] "GET /index.php/category/blackgaytube/ HTTP/1.1" 301 2 "http://gaygorillas.com/index.php/category/blackgaytube/" "Mozilla/5.0 X11; Ubuntu; Linux x86_64; rv:126.0 Gecko/20100101 Firefox/126.0"
188.143.244.133 - - [27/Jan/2026:08:37:30 -0500] "GET /index.php/category/blackgaytube HTTP/1.1" 200 51703 "http://www.gaygorillas.com/index.php/category/blackgaytube/" "Mozilla/5.0 X11; Ubuntu; Linux x86_64; rv:126.0 Gecko/20100101 Firefox/126.0"
144.91.126.77 - - [27/Jan/2026:08:37:32 -0500] "POST /wp-login.php HTTP/1.1" 301 2 "http://GAYGORILLAS.COM/wp-login.php" "Mozilla/5.0 (Windows NT 10.0; Win64; x64) Gecko/20100101 Firefox/118.0.2"
144.91.126.77 - - [27/Jan/2026:08:37:32 -0500] "GET /wp-login.php HTTP/1.1" 200 2291 "http://GAYGORILLAS.COM/wp-login.php" "Mozilla/5.0 (Windows NT 10.0; Win64; x64) Gecko/20100101 Firefox/118.0.2"
188.143.244.133 - - [27/Jan/2026:08:37:33 -0500] "GET /index.php/category/blackgaytube/page/2 HTTP/1.1" 301 2 "-" "Mozilla/5.0 X11; Ubuntu; Linux x86_64; rv:126.0 Gecko/20100101 Firefox/126.0"
188.143.244.133 - - [27/Jan/2026:08:37:34 -0500] "GET /index.php/category/blackgaytube/page/2 HTTP/1.1" 200 30622 "http://gaygorillas.com/index.php/category/blackgaytube/page/2" "Mozilla/5.0 X11; Ubuntu; Linux x86_64; rv:126.0 Gecko/20100101 Firefox/126.0"
188.143.244.133 - - [27/Jan/2026:08:37:37 -0500] "GET /index.php/blackgaytube/black-gay-sex-tube.html HTTP/1.1" 301 2 "-" "Mozilla/5.0 X11; Ubuntu; Linux x86_64; rv:126.0 Gecko/20100101 Firefox/126.0"
188.143.244.133 - - [27/Jan/2026:08:37:37 -0500] "GET /index.php/blackgaytube/black-gay-sex-tube.html HTTP/1.1" 200 11864 "http://gaygorillas.com/index.php/blackgaytube/black-gay-sex-tube.html" "Mozilla/5.0 X11; Ubuntu; Linux x86_64; rv:126.0 Gecko/20100101 Firefox/126.0"
188.143.244.133 - - [27/Jan/2026:08:37:40 -0500] "GET /index.php/blackgaytube/gayblack-tube.html HTTP/1.1" 301 2 "-" "Mozilla/5.0 X11; Ubuntu; Linux x86_64; rv:126.0 Gecko/20100101 Firefox/126.0"
188.143.244.133 - - [27/Jan/2026:08:37:40 -0500] "GET /index.php/blackgaytube/gayblack-tube.html HTTP/1.1" 200 11976 "http://gaygorillas.com/index.php/blackgaytube/gayblack-tube.html" "Mozilla/5.0 X11; Ubuntu; Linux x86_64; rv:126.0 Gecko/20100101 Firefox/126.0"
188.143.244.133 - - [27/Jan/2026:08:37:43 -0500] "GET /index.php/blackgaytube/gay-black-tube-free.html HTTP/1.1" 301 2 "-" "Mozilla/5.0 X11; Ubuntu; Linux x86_64; rv:126.0 Gecko/20100101 Firefox/126.0"
144.91.126.77 - - [27/Jan/2026:08:37:44 -0500] "POST /wp-login.php HTTP/1.1" 301 2 "http://GAYGORILLAS.COM/wp-login.php" "Mozilla/5.0 (Macintosh; Intel Mac OS X 10.15) Gecko/20100101 Firefox/118.0.2"
144.91.126.77 - - [27/Jan/2026:08:37:44 -0500] "GET /wp-login.php HTTP/1.1" 200 2291 "http://GAYGORILLAS.COM/wp-login.php" "Mozilla/5.0 (Macintosh; Intel Mac OS X 10.15) Gecko/20100101 Firefox/118.0.2"
188.143.244.133 - - [27/Jan/2026:08:37:44 -0500] "GET /index.php/blackgaytube/gay-black-tube-free.html HTTP/1.1" 200 12806 "http://gaygorillas.com/index.php/blackgaytube/gay-black-tube-free.html" "Mozilla/5.0 X11; Ubuntu; Linux x86_64; rv:126.0 Gecko/20100101 Firefox/126.0"
188.143.244.133 - - [27/Jan/2026:08:37:47 -0500] "GET /index.php/blackgaytube/blacktube-gay.html HTTP/1.1" 301 2 "-" "Mozilla/5.0 X11; Ubuntu; Linux x86_64; rv:126.0 Gecko/20100101 Firefox/126.0"
188.143.244.133 - - [27/Jan/2026:08:37:47 -0500] "GET /index.php/blackgaytube/blacktube-gay.html HTTP/1.1" 200 12000 "http://gaygorillas.com/index.php/blackgaytube/blacktube-gay.html" "Mozilla/5.0 X11; Ubuntu; Linux x86_64; rv:126.0 Gecko/20100101 Firefox/126.0"
188.143.244.133 - - [27/Jan/2026:08:37:50 -0500] "GET /index.php/blackgaytube/black-gays-tube.html HTTP/1.1" 301 2 "-" "Mozilla/5.0 X11; Ubuntu; Linux x86_64; rv:126.0 Gecko/20100101 Firefox/126.0"
188.143.244.133 - - [27/Jan/2026:08:37:50 -0500] "GET /index.php/blackgaytube/black-gays-tube.html HTTP/1.1" 200 12532 "http://gaygorillas.com/index.php/blackgaytube/black-gays-tube.html" "Mozilla/5.0 X11; Ubuntu; Linux x86_64; rv:126.0 Gecko/20100101 Firefox/126.0"
188.143.244.133 - - [27/Jan/2026:08:37:53 -0500] "GET /index.php/blackgaytube/gay-blacks-tube.html HTTP/1.1" 301 2 "-" "Mozilla/5.0 X11; Ubuntu; Linux x86_64; rv:126.0 Gecko/20100101 Firefox/126.0"
188.143.244.133 - - [27/Jan/2026:08:37:54 -0500] "GET /index.php/blackgaytube/gay-blacks-tube.html HTTP/1.1" 200 11972 "http://gaygorillas.com/index.php/blackgaytube/gay-blacks-tube.html" "Mozilla/5.0 X11; Ubuntu; Linux x86_64; rv:126.0 Gecko/20100101 Firefox/126.0"
144.91.126.77 - - [27/Jan/2026:08:37:56 -0500] "POST /wp-login.php HTTP/1.1" 301 2 "http://GAYGORILLAS.COM/wp-login.php" "Mozilla/5.0 (X11; Ubuntu; Linux x86_64; rv:119.0.1) Gecko/20100101 Firefox/119.0.1"
144.91.126.77 - - [27/Jan/2026:08:37:56 -0500] "GET /wp-login.php HTTP/1.1" 200 2291 "http://GAYGORILLAS.COM/wp-login.php" "Mozilla/5.0 (X11; Ubuntu; Linux x86_64; rv:119.0.1) Gecko/20100101 Firefox/119.0.1"
188.143.244.133 - - [27/Jan/2026:08:37:57 -0500] "GET /index.php/blackgaytube/black-anal-sex.html HTTP/1.1" 301 2 "-" "Mozilla/5.0 X11; Ubuntu; Linux x86_64; rv:126.0 Gecko/20100101 Firefox/126.0"
188.143.244.133 - - [27/Jan/2026:08:37:57 -0500] "GET /index.php/blackgaytube/black-anal-sex.html HTTP/1.1" 200 11860 "http://gaygorillas.com/index.php/blackgaytube/black-anal-sex.html" "Mozilla/5.0 X11; Ubuntu; Linux x86_64; rv:126.0 Gecko/20100101 Firefox/126.0"
188.143.244.133 - - [27/Jan/2026:08:38:00 -0500] "GET /index.php/ebony-gay-tube/ebony-gay-tube.html HTTP/1.1" 301 2 "-" "Mozilla/5.0 X11; Ubuntu; Linux x86_64; rv:126.0 Gecko/20100101 Firefox/126.0"
188.143.244.133 - - [27/Jan/2026:08:38:00 -0500] "GET /index.php/ebony-gay-tube/ebony-gay-tube.html HTTP/1.1" 200 11817 "http://gaygorillas.com/index.php/ebony-gay-tube/ebony-gay-tube.html" "Mozilla/5.0 X11; Ubuntu; Linux x86_64; rv:126.0 Gecko/20100101 Firefox/126.0"
66.249.68.33 - - [27/Jan/2026:08:38:03 -0500] "GET /wp-content/plugins/virtual-casino/best-online-casinos-in-uk.html HTTP/1.1" 200 4274 "-" "Mozilla/5.0 (Linux; Android 6.0.1; Nexus 5X Build/MMB29P) AppleWebKit/537.36 (KHTML, like Gecko) Chrome/143.0.7499.192 Mobile Safari/537.36 (compatible; Googlebot/2.1; +http://www.google.com/bot.html)"
188.143.244.133 - - [27/Jan/2026:08:38:03 -0500] "GET /index.php/blackgaytube/gay-black-orgy-tube.html HTTP/1.1" 301 2 "-" "Mozilla/5.0 X11; Ubuntu; Linux x86_64; rv:126.0 Gecko/20100101 Firefox/126.0"
188.143.244.133 - - [27/Jan/2026:08:38:04 -0500] "GET /index.php/blackgaytube/gay-black-orgy-tube.html HTTP/1.1" 200 12944 "http://gaygorillas.com/index.php/blackgaytube/gay-black-orgy-tube.html" "Mozilla/5.0 X11; Ubuntu; Linux x86_64; rv:126.0 Gecko/20100101 Firefox/126.0"
188.143.244.133 - - [27/Jan/2026:08:38:07 -0500] "GET /index.php/tag/gay-gangsta HTTP/1.1" 301 2 "-" "Mozilla/5.0 X11; Ubuntu; Linux x86_64; rv:126.0 Gecko/20100101 Firefox/126.0"
144.91.126.77 - - [27/Jan/2026:08:38:07 -0500] "POST /wp-login.php HTTP/1.1" 301 2 "http://GAYGORILLAS.COM/wp-login.php" "Mozilla/5.0 (X11; Ubuntu; Linux x86_64; rv:119.0.1) Gecko/20100101 Firefox/119.0.1"
188.143.244.133 - - [27/Jan/2026:08:38:07 -0500] "GET /index.php/tag/gay-gangsta HTTP/1.1" 200 19603 "http://gaygorillas.com/index.php/tag/gay-gangsta" "Mozilla/5.0 X11; Ubuntu; Linux x86_64; rv:126.0 Gecko/20100101 Firefox/126.0"
144.91.126.77 - - [27/Jan/2026:08:38:08 -0500] "GET /wp-login.php HTTP/1.1" 200 2291 "http://GAYGORILLAS.COM/wp-login.php" "Mozilla/5.0 (X11; Ubuntu; Linux x86_64; rv:119.0.1) Gecko/20100101 Firefox/119.0.1"
188.143.244.133 - - [27/Jan/2026:08:38:10 -0500] "GET /index.php/tag/gangstter HTTP/1.1" 301 2 "-" "Mozilla/5.0 X11; Ubuntu; Linux x86_64; rv:126.0 Gecko/20100101 Firefox/126.0"
188.143.244.133 - - [27/Jan/2026:08:38:10 -0500] "GET /index.php/tag/gangstter HTTP/1.1" 200 12583 "http://gaygorillas.com/index.php/tag/gangstter" "Mozilla/5.0 X11; Ubuntu; Linux x86_64; rv:126.0 Gecko/20100101 Firefox/126.0"
188.143.244.133 - - [27/Jan/2026:08:38:13 -0500] "GET /index.php/blackgaytube/ebony-gay-sex.html HTTP/1.1" 301 2 "-" "Mozilla/5.0 X11; Ubuntu; Linux x86_64; rv:126.0 Gecko/20100101 Firefox/126.0"
188.143.244.133 - - [27/Jan/2026:08:38:14 -0500] "GET /index.php/blackgaytube/ebony-gay-sex.html HTTP/1.1" 200 11892 "http://gaygorillas.com/index.php/blackgaytube/ebony-gay-sex.html" "Mozilla/5.0 X11; Ubuntu; Linux x86_64; rv:126.0 Gecko/20100101 Firefox/126.0"
188.143.244.133 - - [27/Jan/2026:08:38:17 -0500] "GET /index.php/tag/gangster HTTP/1.1" 301 2 "-" "Mozilla/5.0 X11; Ubuntu; Linux x86_64; rv:126.0 Gecko/20100101 Firefox/126.0"
188.143.244.133 - - [27/Jan/2026:08:38:17 -0500] "GET /index.php/tag/gangster HTTP/1.1" 200 12558 "http://gaygorillas.com/index.php/tag/gangster" "Mozilla/5.0 X11; Ubuntu; Linux x86_64; rv:126.0 Gecko/20100101 Firefox/126.0"
144.91.126.77 - - [27/Jan/2026:08:38:19 -0500] "POST /wp-login.php HTTP/1.1" 301 2 "http://GAYGORILLAS.COM/wp-login.php" "Mozilla/5.0 (Windows NT 10.0; Win64; x64) AppleWebKit/537.36 (KHTML, like Gecko) Chrome/121.0.0.0 Safari/537.36 Edg/121.0.2277.83"
144.91.126.77 - - [27/Jan/2026:08:38:20 -0500] "GET /wp-login.php HTTP/1.1" 200 2291 "http://GAYGORILLAS.COM/wp-login.php" "Mozilla/5.0 (Windows NT 10.0; Win64; x64) AppleWebKit/537.36 (KHTML, like Gecko) Chrome/121.0.0.0 Safari/537.36 Edg/121.0.2277.83"
188.143.244.133 - - [27/Jan/2026:08:38:20 -0500] "GET /index.php/ebony-gay-tube/black-sex-tube.html HTTP/1.1" 301 2 "-" "Mozilla/5.0 X11; Ubuntu; Linux x86_64; rv:126.0 Gecko/20100101 Firefox/126.0"
188.143.244.133 - - [27/Jan/2026:08:38:20 -0500] "GET /index.php/ebony-gay-tube/black-sex-tube.html HTTP/1.1" 200 12977 "http://gaygorillas.com/index.php/ebony-gay-tube/black-sex-tube.html" "Mozilla/5.0 X11; Ubuntu; Linux x86_64; rv:126.0 Gecko/20100101 Firefox/126.0"
188.143.244.133 - - [27/Jan/2026:08:38:23 -0500] "GET /index.php/blackgaytube/free-gay-black-porn.html HTTP/1.1" 301 2 "-" "Mozilla/5.0 X11; Ubuntu; Linux x86_64; rv:126.0 Gecko/20100101 Firefox/126.0"
188.143.244.133 - - [27/Jan/2026:08:38:24 -0500] "GET /index.php/blackgaytube/free-gay-black-porn.html HTTP/1.1" 200 11832 "http://gaygorillas.com/index.php/blackgaytube/free-gay-black-porn.html" "Mozilla/5.0 X11; Ubuntu; Linux x86_64; rv:126.0 Gecko/20100101 Firefox/126.0"
188.143.244.133 - - [27/Jan/2026:08:38:26 -0500] "GET /index.php/blackgaytube/gay-black-cock-tube.html HTTP/1.1" 301 2 "-" "Mozilla/5.0 X11; Ubuntu; Linux x86_64; rv:126.0 Gecko/20100101 Firefox/126.0"
188.143.244.133 - - [27/Jan/2026:08:38:27 -0500] "GET /index.php/blackgaytube/gay-black-cock-tube.html HTTP/1.1" 200 11943 "http://gaygorillas.com/index.php/blackgaytube/gay-black-cock-tube.html" "Mozilla/5.0 X11; Ubuntu; Linux x86_64; rv:126.0 Gecko/20100101 Firefox/126.0"
188.143.244.133 - - [27/Jan/2026:08:38:30 -0500] "GET /index.php/blackgaytube/black-gay-tubes.html HTTP/1.1" 301 2 "-" "Mozilla/5.0 X11; Ubuntu; Linux x86_64; rv:126.0 Gecko/20100101 Firefox/126.0"
188.143.244.133 - - [27/Jan/2026:08:38:30 -0500] "GET /index.php/blackgaytube/black-gay-tubes.html HTTP/1.1" 200 11978 "http://gaygorillas.com/index.php/blackgaytube/black-gay-tubes.html" "Mozilla/5.0 X11; Ubuntu; Linux x86_64; rv:126.0 Gecko/20100101 Firefox/126.0"
144.91.126.77 - - [27/Jan/2026:08:38:31 -0500] "POST /wp-login.php HTTP/1.1" 301 2 "http://GAYGORILLAS.COM/wp-login.php" "Mozilla/5.0 (Macintosh; Intel Mac OS X 10_15_7) AppleWebKit/537.36 (KHTML, like Gecko) Chrome/120.0.6099.130 Safari/537.36"
144.91.126.77 - - [27/Jan/2026:08:38:32 -0500] "GET /wp-login.php HTTP/1.1" 200 2291 "http://GAYGORILLAS.COM/wp-login.php" "Mozilla/5.0 (Macintosh; Intel Mac OS X 10_15_7) AppleWebKit/537.36 (KHTML, like Gecko) Chrome/120.0.6099.130 Safari/537.36"
188.143.244.133 - - [27/Jan/2026:08:38:33 -0500] "GET /index.php/tag/gay-black HTTP/1.1" 301 2 "-" "Mozilla/5.0 X11; Ubuntu; Linux x86_64; rv:126.0 Gecko/20100101 Firefox/126.0"
188.143.244.133 - - [27/Jan/2026:08:38:33 -0500] "GET /index.php/tag/gay-black HTTP/1.1" 200 16096 "http://gaygorillas.com/index.php/tag/gay-black" "Mozilla/5.0 X11; Ubuntu; Linux x86_64; rv:126.0 Gecko/20100101 Firefox/126.0"
188.143.244.133 - - [27/Jan/2026:08:38:36 -0500] "GET /index.php/page/2 HTTP/1.1" 301 2 "-" "Mozilla/5.0 X11; Ubuntu; Linux x86_64; rv:126.0 Gecko/20100101 Firefox/126.0"
188.143.244.133 - - [27/Jan/2026:08:38:37 -0500] "GET /index.php/page/2 HTTP/1.1" 200 37300 "http://gaygorillas.com/index.php/page/2" "Mozilla/5.0 X11; Ubuntu; Linux x86_64; rv:126.0 Gecko/20100101 Firefox/126.0"
188.143.244.133 - - [27/Jan/2026:08:38:40 -0500] "GET /index.php/category/blackgaytube HTTP/1.1" 301 2 "-" "Mozilla/5.0 X11; Ubuntu; Linux x86_64; rv:126.0 Gecko/20100101 Firefox/126.0"
188.143.244.133 - - [27/Jan/2026:08:38:40 -0500] "GET /index.php/category/blackgaytube HTTP/1.1" 200 51703 "http://gaygorillas.com/index.php/category/blackgaytube" "Mozilla/5.0 X11; Ubuntu; Linux x86_64; rv:126.0 Gecko/20100101 Firefox/126.0"
144.91.126.77 - - [27/Jan/2026:08:38:43 -0500] "POST /wp-login.php HTTP/1.1" 301 2 "http://GAYGORILLAS.COM/wp-login.php" "Mozilla/5.0 (X11; Linux x86_64) Gecko/20100101 Firefox/118.0.2"
188.143.244.133 - - [27/Jan/2026:08:38:43 -0500] "GET /index.php/category/ebony-gay-tube HTTP/1.1" 301 2 "-" "Mozilla/5.0 X11; Ubuntu; Linux x86_64; rv:126.0 Gecko/20100101 Firefox/126.0"
144.91.126.77 - - [27/Jan/2026:08:38:43 -0500] "GET /wp-login.php HTTP/1.1" 200 2291 "http://GAYGORILLAS.COM/wp-login.php" "Mozilla/5.0 (X11; Linux x86_64) Gecko/20100101 Firefox/118.0.2"
188.143.244.133 - - [27/Jan/2026:08:38:43 -0500] "GET /index.php/category/ebony-gay-tube HTTP/1.1" 200 16104 "http://gaygorillas.com/index.php/category/ebony-gay-tube" "Mozilla/5.0 X11; Ubuntu; Linux x86_64; rv:126.0 Gecko/20100101 Firefox/126.0"
188.143.244.133 - - [27/Jan/2026:08:38:46 -0500] "GET /index.php/blackgaytube/free-black-gay-porn.html HTTP/1.1" 301 2 "-" "Mozilla/5.0 X11; Ubuntu; Linux x86_64; rv:126.0 Gecko/20100101 Firefox/126.0"
188.143.244.133 - - [27/Jan/2026:08:38:47 -0500] "GET /index.php/blackgaytube/free-black-gay-porn.html HTTP/1.1" 200 13132 "http://gaygorillas.com/index.php/blackgaytube/free-black-gay-porn.html" "Mozilla/5.0 X11; Ubuntu; Linux x86_64; rv:126.0 Gecko/20100101 Firefox/126.0"
188.143.244.133 - - [27/Jan/2026:08:38:50 -0500] "GET /index.php/blackgaytube/black-gay-men-tube.html HTTP/1.1" 301 2 "-" "Mozilla/5.0 X11; Ubuntu; Linux x86_64; rv:126.0 Gecko/20100101 Firefox/126.0"
188.143.244.133 - - [27/Jan/2026:08:38:50 -0500] "GET /index.php/blackgaytube/black-gay-men-tube.html HTTP/1.1" 200 17614 "http://gaygorillas.com/index.php/blackgaytube/black-gay-men-tube.html" "Mozilla/5.0 X11; Ubuntu; Linux x86_64; rv:126.0 Gecko/20100101 Firefox/126.0"
188.143.244.133 - - [27/Jan/2026:08:38:53 -0500] "GET /index.php/blackgaytube/gay-black-sex.html HTTP/1.1" 301 2 "-" "Mozilla/5.0 X11; Ubuntu; Linux x86_64; rv:126.0 Gecko/20100101 Firefox/126.0"
188.143.244.133 - - [27/Jan/2026:08:38:53 -0500] "GET /index.php/blackgaytube/gay-black-sex.html HTTP/1.1" 200 12038 "http://gaygorillas.com/index.php/blackgaytube/gay-black-sex.html" "Mozilla/5.0 X11; Ubuntu; Linux x86_64; rv:126.0 Gecko/20100101 Firefox/126.0"
144.91.126.77 - - [27/Jan/2026:08:38:55 -0500] "POST /wp-login.php HTTP/1.1" 301 2 "http://GAYGORILLAS.COM/wp-login.php" "Mozilla/5.0 (X11; Ubuntu; Linux x86_64; rv:121.0) Gecko/20100101 Firefox/121.0"
144.91.126.77 - - [27/Jan/2026:08:38:55 -0500] "GET /wp-login.php HTTP/1.1" 200 2291 "http://GAYGORILLAS.COM/wp-login.php" "Mozilla/5.0 (X11; Ubuntu; Linux x86_64; rv:121.0) Gecko/20100101 Firefox/121.0"
188.143.244.133 - - [27/Jan/2026:08:38:56 -0500] "GET /index.php/tag/black HTTP/1.1" 301 2 "-" "Mozilla/5.0 X11; Ubuntu; Linux x86_64; rv:126.0 Gecko/20100101 Firefox/126.0"
188.143.244.133 - - [27/Jan/2026:08:38:57 -0500] "GET /index.php/tag/black HTTP/1.1" 200 12563 "http://gaygorillas.com/index.php/tag/black" "Mozilla/5.0 X11; Ubuntu; Linux x86_64; rv:126.0 Gecko/20100101 Firefox/126.0"
188.143.244.133 - - [27/Jan/2026:08:39:00 -0500] "GET /index.php/tag/sex HTTP/1.1" 301 2 "-" "Mozilla/5.0 X11; Ubuntu; Linux x86_64; rv:126.0 Gecko/20100101 Firefox/126.0"
188.143.244.133 - - [27/Jan/2026:08:39:00 -0500] "GET /index.php/tag/sex HTTP/1.1" 200 12553 "http://gaygorillas.com/index.php/tag/sex" "Mozilla/5.0 X11; Ubuntu; Linux x86_64; rv:126.0 Gecko/20100101 Firefox/126.0"
188.143.244.133 - - [27/Jan/2026:08:39:03 -0500] "GET /index.php/blackgaytube/gayblack-porn.html HTTP/1.1" 301 2 "-" "Mozilla/5.0 X11; Ubuntu; Linux x86_64; rv:126.0 Gecko/20100101 Firefox/126.0"
188.143.244.133 - - [27/Jan/2026:08:39:03 -0500] "GET /index.php/blackgaytube/gayblack-porn.html HTTP/1.1" 200 12420 "http://gaygorillas.com/index.php/blackgaytube/gayblack-porn.html" "Mozilla/5.0 X11; Ubuntu; Linux x86_64; rv:126.0 Gecko/20100101 Firefox/126.0"
188.143.244.133 - - [27/Jan/2026:08:39:06 -0500] "GET /index.php/blackgaytube/36.html HTTP/1.1" 301 2 "-" "Mozilla/5.0 X11; Ubuntu; Linux x86_64; rv:126.0 Gecko/20100101 Firefox/126.0"
144.91.126.77 - - [27/Jan/2026:08:39:07 -0500] "POST /wp-login.php HTTP/1.1" 301 2 "http://GAYGORILLAS.COM/wp-login.php" "Mozilla/5.0 (Macintosh; Intel Mac OS X 13_6_1) AppleWebKit/605.1.15 (KHTML, like Gecko) Version/17.2.1 Safari/605.1.15"
144.91.126.77 - - [27/Jan/2026:08:39:07 -0500] "GET /wp-login.php HTTP/1.1" 200 2291 "http://GAYGORILLAS.COM/wp-login.php" "Mozilla/5.0 (Macintosh; Intel Mac OS X 13_6_1) AppleWebKit/605.1.15 (KHTML, like Gecko) Version/17.2.1 Safari/605.1.15"
188.143.244.133 - - [27/Jan/2026:08:39:07 -0500] "GET /index.php/blackgaytube/36.html HTTP/1.1" 200 11825 "http://gaygorillas.com/index.php/blackgaytube/36.html" "Mozilla/5.0 X11; Ubuntu; Linux x86_64; rv:126.0 Gecko/20100101 Firefox/126.0"
188.143.244.133 - - [27/Jan/2026:08:39:10 -0500] "GET /index.php/blackgaytube/gayblack-tube-2.html HTTP/1.1" 301 2 "-" "Mozilla/5.0 X11; Ubuntu; Linux x86_64; rv:126.0 Gecko/20100101 Firefox/126.0"
188.143.244.133 - - [27/Jan/2026:08:39:10 -0500] "GET /index.php/blackgaytube/gayblack-tube-2.html HTTP/1.1" 200 12772 "http://gaygorillas.com/index.php/blackgaytube/gayblack-tube-2.html" "Mozilla/5.0 X11; Ubuntu; Linux x86_64; rv:126.0 Gecko/20100101 Firefox/126.0"
188.143.244.133 - - [27/Jan/2026:08:39:13 -0500] "GET /index.php/tag/gay HTTP/1.1" 301 2 "-" "Mozilla/5.0 X11; Ubuntu; Linux x86_64; rv:126.0 Gecko/20100101 Firefox/126.0"
188.143.244.133 - - [27/Jan/2026:08:39:13 -0500] "GET /index.php/tag/gay HTTP/1.1" 200 12553 "http://gaygorillas.com/index.php/tag/gay" "Mozilla/5.0 X11; Ubuntu; Linux x86_64; rv:126.0 Gecko/20100101 Firefox/126.0"
188.143.244.133 - - [27/Jan/2026:08:39:16 -0500] "GET / HTTP/1.1" 301 2 "-" "Mozilla/5.0 X11; Ubuntu; Linux x86_64; rv:126.0 Gecko/20100101 Firefox/126.0"
188.143.244.133 - - [27/Jan/2026:08:39:17 -0500] "GET / HTTP/1.1" 200 51396 "http://gaygorillas.com/" "Mozilla/5.0 X11; Ubuntu; Linux x86_64; rv:126.0 Gecko/20100101 Firefox/126.0"
144.91.126.77 - - [27/Jan/2026:08:39:18 -0500] "POST /wp-login.php HTTP/1.1" 301 2 "http://GAYGORILLAS.COM/wp-login.php" "Mozilla/5.0 (Windows NT 10.0; Win64; x64) AppleWebKit/537.36 (KHTML, like Gecko) Chrome/120.0.0.0 Safari/537.36 Edg/120.0.2210.133"
144.91.126.77 - - [27/Jan/2026:08:39:19 -0500] "GET /wp-login.php HTTP/1.1" 200 2291 "http://GAYGORILLAS.COM/wp-login.php" "Mozilla/5.0 (Windows NT 10.0; Win64; x64) AppleWebKit/537.36 (KHTML, like Gecko) Chrome/120.0.0.0 Safari/537.36 Edg/120.0.2210.133"
144.91.126.77 - - [27/Jan/2026:08:39:30 -0500] "POST /wp-login.php HTTP/1.1" 301 2 "http://GAYGORILLAS.COM/wp-login.php" "Mozilla/5.0 (Windows NT 10.0; Win64; x64) Gecko/20100101 Firefox/118.0.2"
144.91.126.77 - - [27/Jan/2026:08:39:30 -0500] "GET /wp-login.php HTTP/1.1" 200 2291 "http://GAYGORILLAS.COM/wp-login.php" "Mozilla/5.0 (Windows NT 10.0; Win64; x64) Gecko/20100101 Firefox/118.0.2"
144.91.126.77 - - [27/Jan/2026:08:39:42 -0500] "POST /wp-login.php HTTP/1.1" 301 2 "http://GAYGORILLAS.COM/wp-login.php" "Mozilla/5.0 (Macintosh; Intel Mac OS X 13_6_2) AppleWebKit/537.36 (KHTML, like Gecko) Chrome/120.0.6099.130 Safari/537.36"
144.91.126.77 - - [27/Jan/2026:08:39:42 -0500] "GET /wp-login.php HTTP/1.1" 200 2291 "http://GAYGORILLAS.COM/wp-login.php" "Mozilla/5.0 (Macintosh; Intel Mac OS X 13_6_2) AppleWebKit/537.36 (KHTML, like Gecko) Chrome/120.0.6099.130 Safari/537.36"
144.91.126.77 - - [27/Jan/2026:08:39:54 -0500] "POST /wp-login.php HTTP/1.1" 301 2 "http://GAYGORILLAS.COM/wp-login.php" "Mozilla/5.0 (Windows NT 11.0; Win64; x64) AppleWebKit/537.36 (KHTML, like Gecko) Chrome/118.0.5993.88 Safari/537.36"
144.91.126.77 - - [27/Jan/2026:08:39:54 -0500] "GET /wp-login.php HTTP/1.1" 200 2291 "http://GAYGORILLAS.COM/wp-login.php" "Mozilla/5.0 (Windows NT 11.0; Win64; x64) AppleWebKit/537.36 (KHTML, like Gecko) Chrome/118.0.5993.88 Safari/537.36"
144.91.126.77 - - [27/Jan/2026:08:40:05 -0500] "POST /wp-login.php HTTP/1.1" 301 2 "http://GAYGORILLAS.COM/wp-login.php" "Mozilla/5.0 (X11; Linux x86_64) AppleWebKit/537.36 (KHTML, like Gecko) Chrome/119.0.6045.159 Safari/537.36"
144.91.126.77 - - [27/Jan/2026:08:40:06 -0500] "GET /wp-login.php HTTP/1.1" 200 2291 "http://GAYGORILLAS.COM/wp-login.php" "Mozilla/5.0 (X11; Linux x86_64) AppleWebKit/537.36 (KHTML, like Gecko) Chrome/119.0.6045.159 Safari/537.36"
144.91.126.77 - - [27/Jan/2026:08:40:18 -0500] "POST /wp-login.php HTTP/1.1" 301 2 "http://GAYGORILLAS.COM/wp-login.php" "Mozilla/5.0 (Macintosh; Intel Mac OS X 12_6_2) AppleWebKit/605.1.15 (KHTML, like Gecko) Version/17.2.1 Safari/605.1.15"
144.91.126.77 - - [27/Jan/2026:08:40:18 -0500] "GET /wp-login.php HTTP/1.1" 200 2291 "http://GAYGORILLAS.COM/wp-login.php" "Mozilla/5.0 (Macintosh; Intel Mac OS X 12_6_2) AppleWebKit/605.1.15 (KHTML, like Gecko) Version/17.2.1 Safari/605.1.15"
144.91.126.77 - - [27/Jan/2026:08:40:30 -0500] "POST /wp-login.php HTTP/1.1" 301 2 "http://GAYGORILLAS.COM/wp-login.php" "Mozilla/5.0 (Windows NT 10.0; Win64; x64) AppleWebKit/537.36 (KHTML, like Gecko) Chrome/120.0.6099.130 Safari/537.36"
144.91.126.77 - - [27/Jan/2026:08:40:30 -0500] "GET /wp-login.php HTTP/1.1" 200 2291 "http://GAYGORILLAS.COM/wp-login.php" "Mozilla/5.0 (Windows NT 10.0; Win64; x64) AppleWebKit/537.36 (KHTML, like Gecko) Chrome/120.0.6099.130 Safari/537.36"
144.91.126.77 - - [27/Jan/2026:08:40:42 -0500] "POST /wp-login.php HTTP/1.1" 301 2 "http://GAYGORILLAS.COM/wp-login.php" "Mozilla/5.0 (X11; Linux x86_64) AppleWebKit/537.36 (KHTML, like Gecko) Chrome/119.0.6045.159 Safari/537.36"
144.91.126.77 - - [27/Jan/2026:08:40:42 -0500] "GET /wp-login.php HTTP/1.1" 200 2291 "http://GAYGORILLAS.COM/wp-login.php" "Mozilla/5.0 (X11; Linux x86_64) AppleWebKit/537.36 (KHTML, like Gecko) Chrome/119.0.6045.159 Safari/537.36"
144.91.126.77 - - [27/Jan/2026:08:40:54 -0500] "POST /wp-login.php HTTP/1.1" 301 2 "http://GAYGORILLAS.COM/wp-login.php" "Mozilla/5.0 (X11; Linux x86_64) AppleWebKit/537.36 (KHTML, like Gecko) Chrome/119.0.6045.159 Safari/537.36"
