45.3.35.174 - - [29/Jan/2026:13:01:56 -0500] "GET /promos/2012/404/gay HTTP/1.1" 302 275 "-" "Mozilla/5.0 (Windows NT 10.0; Win64; x64; rv:127.0) Gecko/20100101 Firefox/127.0"
154.213.165.108 - - [29/Jan/2026:13:01:56 -0500] "GET / HTTP/1.1" 301 - "-" "Mozilla/5.0 (Windows NT 10.0; Win64; x64) AppleWebKit/537.36 (KHTML, like Gecko) Chrome/124.0.6367.207 Safari/537.36"
216.26.245.91 - - [29/Jan/2026:13:01:55 -0500] "GET / HTTP/1.1" 200 52297 "-" "Mozilla/5.0 (Windows NT 10.0; Win64; x64; rv:127.0) Gecko/20100101 Firefox/127.0"
45.3.35.174 - - [29/Jan/2026:13:01:56 -0500] "GET / HTTP/1.1" 301 - "-" "Mozilla/5.0 (Windows NT 10.0; Win64; x64; rv:127.0) Gecko/20100101 Firefox/127.0"
45.3.54.241 - - [29/Jan/2026:13:01:56 -0500] "GET / HTTP/1.1" 301 - "-" "Mozilla/5.0 (Macintosh; Intel Mac OS X 13_5) AppleWebKit/605.1.15 (KHTML, like Gecko) Version/17.5 Safari/605.1.15"
154.213.165.108 - - [29/Jan/2026:13:01:56 -0500] "GET / HTTP/1.1" 200 52297 "-" "Mozilla/5.0 (Windows NT 10.0; Win64; x64) AppleWebKit/537.36 (KHTML, like Gecko) Chrome/124.0.6367.207 Safari/537.36"
45.3.35.174 - - [29/Jan/2026:13:01:56 -0500] "GET / HTTP/1.1" 200 52297 "-" "Mozilla/5.0 (Windows NT 10.0; Win64; x64; rv:127.0) Gecko/20100101 Firefox/127.0"
104.207.60.232 - - [29/Jan/2026:13:01:57 -0500] "POST /xmlrpc.php HTTP/1.1" 302 283 "-" "Mozilla/5.0 (Windows NT 10.0; Win64; x64) AppleWebKit/537.36 (KHTML, like Gecko) Chrome/124.0.6367.207 Safari/537.36"
104.207.32.204 - - [29/Jan/2026:13:01:57 -0500] "GET /promos/2012/404/gay HTTP/1.1" 302 275 "-" "Mozilla/5.0 (Windows NT 10.0; Win64; x64) AppleWebKit/537.36 (KHTML, like Gecko) Chrome/124.0.6367.207 Safari/537.36"
104.207.60.232 - - [29/Jan/2026:13:01:57 -0500] "GET / HTTP/1.1" 301 - "-" "Mozilla/5.0 (Windows NT 10.0; Win64; x64) AppleWebKit/537.36 (KHTML, like Gecko) Chrome/124.0.6367.207 Safari/537.36"
104.207.32.204 - - [29/Jan/2026:13:01:57 -0500] "GET / HTTP/1.1" 301 - "-" "Mozilla/5.0 (Windows NT 10.0; Win64; x64) AppleWebKit/537.36 (KHTML, like Gecko) Chrome/124.0.6367.207 Safari/537.36"
45.3.54.241 - - [29/Jan/2026:13:01:57 -0500] "GET / HTTP/1.1" 200 52297 "-" "Mozilla/5.0 (Macintosh; Intel Mac OS X 13_5) AppleWebKit/605.1.15 (KHTML, like Gecko) Version/17.5 Safari/605.1.15"
104.207.32.204 - - [29/Jan/2026:13:01:57 -0500] "GET / HTTP/1.1" 200 52297 "-" "Mozilla/5.0 (Windows NT 10.0; Win64; x64) AppleWebKit/537.36 (KHTML, like Gecko) Chrome/124.0.6367.207 Safari/537.36"
104.207.60.232 - - [29/Jan/2026:13:01:57 -0500] "GET / HTTP/1.1" 200 52297 "-" "Mozilla/5.0 (Windows NT 10.0; Win64; x64) AppleWebKit/537.36 (KHTML, like Gecko) Chrome/124.0.6367.207 Safari/537.36"
45.3.49.83 - - [29/Jan/2026:13:01:58 -0500] "GET / HTTP/1.1" 301 - "-" "Mozilla/5.0 (Macintosh; Intel Mac OS X 13_5) AppleWebKit/605.1.15 (KHTML, like Gecko) Version/17.5 Safari/605.1.15"
216.26.250.98 - - [29/Jan/2026:13:01:59 -0500] "GET /wp-login.php?wp_lang=en_US HTTP/1.1" 200 2329 "-" "Mozilla/5.0 (Windows NT 10.0; Win64; x64) AppleWebKit/537.36 (KHTML, like Gecko) Chrome/124.0.6367.207 Safari/537.36"
45.3.54.70 - - [29/Jan/2026:13:01:59 -0500] "GET /promos/2012/404/gay HTTP/1.1" 302 275 "-" "Mozilla/5.0 (Windows NT 10.0; Win64; x64) AppleWebKit/537.36 (KHTML, like Gecko) Chrome/124.0.6367.207 Safari/537.36"
216.26.250.98 - - [29/Jan/2026:13:01:59 -0500] "POST /wp-login.php?wp_lang=en_US HTTP/1.1" 302 - "http://www.gayblacksextube.com/wp-login.php?wp_lang=en_US" "Mozilla/5.0 (Windows NT 10.0; Win64; x64) AppleWebKit/537.36 (KHTML, like Gecko) Chrome/124.0.6367.207 Safari/537.36"
45.3.54.70 - - [29/Jan/2026:13:01:59 -0500] "GET / HTTP/1.1" 301 - "-" "Mozilla/5.0 (Windows NT 10.0; Win64; x64) AppleWebKit/537.36 (KHTML, like Gecko) Chrome/124.0.6367.207 Safari/537.36"
45.3.49.83 - - [29/Jan/2026:13:01:58 -0500] "GET / HTTP/1.1" 200 52297 "-" "Mozilla/5.0 (Macintosh; Intel Mac OS X 13_5) AppleWebKit/605.1.15 (KHTML, like Gecko) Version/17.5 Safari/605.1.15"
216.26.250.98 - - [29/Jan/2026:13:01:59 -0500] "GET /wp-admin/ HTTP/1.1" 200 80245 "http://www.gayblacksextube.com/wp-login.php?wp_lang=en_US" "Mozilla/5.0 (Windows NT 10.0; Win64; x64) AppleWebKit/537.36 (KHTML, like Gecko) Chrome/124.0.6367.207 Safari/537.36"
45.3.54.70 - - [29/Jan/2026:13:01:59 -0500] "GET / HTTP/1.1" 200 52297 "-" "Mozilla/5.0 (Windows NT 10.0; Win64; x64) AppleWebKit/537.36 (KHTML, like Gecko) Chrome/124.0.6367.207 Safari/537.36"
216.26.250.98 - - [29/Jan/2026:13:02:00 -0500] "GET /wp-admin/admin-ajax.php?action=rest-nonce HTTP/1.1" 200 1 "-" "Mozilla/5.0 (Windows NT 10.0; Win64; x64) AppleWebKit/537.36 (KHTML, like Gecko) Chrome/124.0.6367.207 Safari/537.36"
216.26.250.98 - - [29/Jan/2026:13:02:00 -0500] "GET /wp-admin/admin-ajax.php?action=rest-nonce HTTP/1.1" 200 1 "-" "Mozilla/5.0 (Windows NT 10.0; Win64; x64) AppleWebKit/537.36 (KHTML, like Gecko) Chrome/124.0.6367.207 Safari/537.36"
104.207.34.235 - - [29/Jan/2026:13:02:00 -0500] "GET /promos/2012/404/gay HTTP/1.1" 302 275 "-" "Mozilla/5.0 (Macintosh; Intel Mac OS X 13_5) AppleWebKit/605.1.15 (KHTML, like Gecko) Version/17.5 Safari/605.1.15"
216.26.250.98 - - [29/Jan/2026:13:02:00 -0500] "GET /wp-admin/admin-ajax.php?action=rest-nonce HTTP/1.1" 200 1 "-" "Mozilla/5.0 (Windows NT 10.0; Win64; x64) AppleWebKit/537.36 (KHTML, like Gecko) Chrome/124.0.6367.207 Safari/537.36"
104.207.34.235 - - [29/Jan/2026:13:02:00 -0500] "GET / HTTP/1.1" 301 - "-" "Mozilla/5.0 (Macintosh; Intel Mac OS X 13_5) AppleWebKit/605.1.15 (KHTML, like Gecko) Version/17.5 Safari/605.1.15"
104.207.34.235 - - [29/Jan/2026:13:02:01 -0500] "GET / HTTP/1.1" 200 52297 "-" "Mozilla/5.0 (Macintosh; Intel Mac OS X 13_5) AppleWebKit/605.1.15 (KHTML, like Gecko) Version/17.5 Safari/605.1.15"
209.50.160.43 - - [29/Jan/2026:13:02:02 -0500] "GET /promos/2012/404/gay HTTP/1.1" 302 275 "-" "Mozilla/5.0 (Windows NT 10.0; Win64; x64; rv:127.0) Gecko/20100101 Firefox/127.0"
209.50.160.43 - - [29/Jan/2026:13:02:02 -0500] "GET / HTTP/1.1" 301 - "-" "Mozilla/5.0 (Windows NT 10.0; Win64; x64; rv:127.0) Gecko/20100101 Firefox/127.0"
209.50.160.43 - - [29/Jan/2026:13:02:02 -0500] "GET / HTTP/1.1" 200 52297 "-" "Mozilla/5.0 (Windows NT 10.0; Win64; x64; rv:127.0) Gecko/20100101 Firefox/127.0"
162.62.213.187 - - [29/Jan/2026:13:10:31 -0500] "GET / HTTP/1.1" 301 - "-" "Mozilla/5.0 (iPhone; CPU iPhone OS 13_2_3 like Mac OS X) AppleWebKit/605.1.15 (KHTML, like Gecko) Version/13.0.3 Mobile/15E148 Safari/604.1"
34.21.90.73 - - [29/Jan/2026:13:17:42 -0500] "HEAD / HTTP/1.1" 301 - "-" "Mozilla/5.0 (Linux; Android 14; OnePlus 12) AppleWebKit/537.36 (KHTML, like Gecko) Chrome/125.0.6422.102 Mobile Safari/537.36"
74.206.190.123 - - [29/Jan/2026:13:17:42 -0500] "POST /wp-cron.php?doing_wp_cron=1769710662.9100799560546875000000 HTTP/1.1" 200 - "-" "WordPress/3.6.1; http://www.gayblacksextube.com"
34.21.90.73 - - [29/Jan/2026:13:17:42 -0500] "HEAD / HTTP/1.1" 200 - "http://gayblacksextube.com/" "Mozilla/5.0 (Linux; Android 14; OnePlus 12) AppleWebKit/537.36 (KHTML, like Gecko) Chrome/125.0.6422.102 Mobile Safari/537.36"
34.21.90.73 - - [29/Jan/2026:13:17:43 -0500] "HEAD /new/ HTTP/1.1" 302 - "-" "Mozilla/5.0 (Linux; Android 12; Redmi Note 11) AppleWebKit/537.36 (KHTML, like Gecko) Chrome/123.0.6312.112 Mobile Safari/537.36"
34.21.90.73 - - [29/Jan/2026:13:17:43 -0500] "HEAD /old/ HTTP/1.1" 302 - "-" "Mozilla/5.0 (Linux; Android 13; Infinix X688B) AppleWebKit/537.36 (KHTML, like Gecko) Chrome/124.0.6367.48 Mobile Safari/537.36"
34.21.90.73 - - [29/Jan/2026:13:17:43 -0500] "HEAD /blog/ HTTP/1.1" 302 - "-" "Mozilla/5.0 (iPhone; CPU iPhone OS 17_5 like Mac OS X) AppleWebKit/605.1.15 (KHTML, like Gecko) Version/17.5 Mobile/15E148 Safari/604.1"
34.21.90.73 - - [29/Jan/2026:13:17:43 -0500] "HEAD /backup/ HTTP/1.1" 302 - "-" "Mozilla/5.0 (Linux; Android 14; Samsung SM-A546B) AppleWebKit/537.36 (KHTML, like Gecko) Chrome/126.0.6478.14 Mobile Safari/537.36"
34.21.90.73 - - [29/Jan/2026:13:17:43 -0500] "HEAD /wp/ HTTP/1.1" 302 - "-" "Mozilla/5.0 (Linux; Android 14; OnePlus 12) AppleWebKit/537.36 (KHTML, like Gecko) Chrome/125.0.6422.102 Mobile Safari/537.36"
34.21.90.73 - - [29/Jan/2026:13:17:43 -0500] "HEAD /wordpress/ HTTP/1.1" 302 - "-" "Mozilla/5.0 (Linux; Android 10; vivo 1904) AppleWebKit/537.36 (KHTML, like Gecko) Chrome/117.0.5938.60 Mobile Safari/537.36"
204.76.203.212 - - [29/Jan/2026:13:21:22 -0500] "GET / HTTP/1.1" 301 - "-" "Mozilla/5.0 (Windows NT 10.0; Win64; x64) AppleWebKit/537.36 (KHTML, like Gecko) Chrome/90.0.4430.85 Safari/537.36 Edg/90.0.818.46"
78.153.140.179 - - [29/Jan/2026:13:27:36 -0500] "GET /.env HTTP/1.1" 302 274 "-" "Mozilla/4.0 (compatible; MSIE 8.0; Windows NT 5.1; WOW64; Trident/5.0)"
78.153.140.179 - - [29/Jan/2026:13:27:37 -0500] "GET /api/.env HTTP/1.1" 302 274 "-" "Mozilla/5.0 (iPhone; CPU iPhone OS 11_2 like Mac OS X) AppleWebKit/604.4.7 (KHTML, like Gecko) Version/11.0 Mobile/15C5107a Safari/604.1"
78.153.140.179 - - [29/Jan/2026:13:27:37 -0500] "GET /backend/.env HTTP/1.1" 302 274 "-" "Mozilla/5.0 (Windows NT 6.1; WOW64) AppleWebKit/537.36 (KHTML, like Gecko) Maxthon/4.4.6.1000 Chrome/30.0.1599.101 Safari/537.36"
78.153.140.179 - - [29/Jan/2026:13:27:37 -0500] "GET /admin/.env HTTP/1.1" 302 274 "-" "Mozilla/5.0 (Linux; Android 5.1; InFocus M350 Build/LMY47I) AppleWebKit/537.36 (KHTML, like Gecko) Chrome/47.0.2526.73 Mobile Safari/537.36 OPR/34.0.2044.98679"
78.153.140.179 - - [29/Jan/2026:13:27:39 -0500] "GET /.env.example HTTP/1.1" 302 274 "-" "Mozilla/5.0 (Windows NT 6.3; Win64; x64) AppleWebKit/537.36 (KHTML, like Gecko) Chrome/47.0.2503.0 Safari/537.36"
78.153.140.179 - - [29/Jan/2026:13:27:39 -0500] "GET /app_dev.php/_profiler/phpinfo HTTP/1.1" 302 274 "-" "Mozilla/5.0 (X11; U; Linux x86_64; en-US; rv:1.7.12) Gecko/20051218 Firefox/1.0.7"
78.153.140.179 - - [29/Jan/2026:13:27:40 -0500] "GET /?phpinfo=-1 HTTP/1.1" 301 - "-" "Mozilla/4.0 (compatible; MSIE 6.0; Windows NT 5.0; de) Opera 8.0"
78.153.140.179 - - [29/Jan/2026:13:27:40 -0500] "GET /?url=.env HTTP/1.1" 301 - "-" "More Safari 5.0.2 user agents strings -->>"
78.153.140.179 - - [29/Jan/2026:13:27:41 -0500] "GET /staging/.env HTTP/1.1" 302 274 "-" "Mozilla/5.0 (Windows; U; Windows NT 5.1; fr; rv:1.9.2.17) Gecko/20110420 Firefox/3.6.17 ( .NET CLR 3.5.30729; .NET4.0E)"
78.153.140.179 - - [29/Jan/2026:13:27:41 -0500] "GET /app_dev.php/_profiler/open?file=app/config/parameters.yml HTTP/1.1" 302 274 "-" "Mozilla/5.0 (Macintosh; Intel Mac OS X 10_5_8) AppleWebKit/534.50.2 (KHTML, like Gecko) Version/4.0.4 Safari/531.21.10"
78.153.140.179 - - [29/Jan/2026:13:27:41 -0500] "GET /phpinfo.php HTTP/1.1" 302 274 "-" "Mozilla/5.0 (Linux; Android 4.3; NokiaX2DS Build/JLS36C) AppleWebKit/537.36 (KHTML, like Gecko) Chrome/34.0.1847.116 Mobile Safari/537.36 OPR/21.0.1437.75439"
78.153.140.179 - - [29/Jan/2026:13:27:42 -0500] "GET /info/ HTTP/1.1" 302 274 "-" "Mozilla/5.0 (Windows; U; Windows NT 5.2; rv:1.7.3) Gecko/20041001 Firefox/0.10.1"
78.153.140.179 - - [29/Jan/2026:13:27:42 -0500] "GET /app/.env HTTP/1.1" 302 274 "-" "Mozilla/5.0 (X11; FreeBSD i386; rv:28.0) Gecko/20100101 Firefox/28.0 SeaMonkey/2.25"
78.153.140.179 - - [29/Jan/2026:13:27:42 -0500] "GET /phpinfo/ HTTP/1.1" 302 274 "-" "Mozilla/5.0 (Macintosh; U; PPC Mac OS X 10_5_2; en) AppleWebKit/525.18 (KHTML, like Gecko) Version/3.1.1 Safari/525.18"
78.153.140.179 - - [29/Jan/2026:13:27:43 -0500] "GET /dev/.env HTTP/1.1" 302 274 "-" "Mozilla/5.0 (compatible; MSIE 10.0; Windows NT 6.2)"
78.153.140.179 - - [29/Jan/2026:13:27:43 -0500] "GET /.env.production HTTP/1.1" 302 274 "-" "Mozilla/5.0 (Linux; U; Android 4.1.2; en-au; GT-N8000 Build/JZO54K) AppleWebKit/534.30 (KHTML, like Gecko) Version/4.0 Safari/534.30"
78.153.140.179 - - [29/Jan/2026:13:27:43 -0500] "GET /.env.save HTTP/1.1" 302 274 "-" "Mozilla/5.0 (Windows NT 6.1; rv:15.0) Gecko/20100101 Firefox/15.0.1"
78.153.140.179 - - [29/Jan/2026:13:27:44 -0500] "GET /demo/.env HTTP/1.1" 302 274 "-" "Mozilla/5.0 (X11; U; Linux x86_64; en-US) AppleWebKit/532.9 (KHTML, like Gecko) Chrome/5.0.308.0 Safari/532.9"
78.153.140.179 - - [29/Jan/2026:13:27:44 -0500] "GET /laravel/.env HTTP/1.1" 302 274 "-" "Mozilla/5.0 (Linux; Android 5.0.2; VK810 4G Build/LRX22G) AppleWebKit/537.36 (KHTML, like Gecko) Chrome/45.0.2454.84 Safari/537.36"
78.153.140.179 - - [29/Jan/2026:13:27:45 -0500] "GET /.config.yaml HTTP/1.1" 302 274 "-" "Mozilla/5.0 (X11; U; Linux i686; en-US) AppleWebKit/534.1 (KHTML, like Gecko) Chrome/6.0.416.0 Safari/534.1"
78.153.140.179 - - [29/Jan/2026:13:27:45 -0500] "GET /info HTTP/1.1" 302 274 "-" "Mozilla/5.0 (Windows; U; Windows NT 6.0; en-US) AppleWebKit/525.19 (KHTML, like Gecko) Chrome/1.0.154.59 Safari/525.19"
43.130.141.193 - - [29/Jan/2026:13:27:45 -0500] "GET / HTTP/1.1" 301 - "-" "Mozilla/5.0 (iPhone; CPU iPhone OS 13_2_3 like Mac OS X) AppleWebKit/605.1.15 (KHTML, like Gecko) Version/13.0.3 Mobile/15E148 Safari/604.1"
78.153.140.179 - - [29/Jan/2026:13:27:47 -0500] "GET /secrets.env HTTP/1.1" 302 274 "-" "Mozilla/5.0 (Macintosh; Intel Mac OS X 10_12_5) AppleWebKit/537.36 (KHTML, like Gecko) Chrome/59.0.3071.109 Safari/537.36"
78.153.140.179 - - [29/Jan/2026:13:27:47 -0500] "GET /core/.env HTTP/1.1" 302 274 "-" "Mozilla/5.0 (X11; U; Linux x86_64; en-US; rv:1.9) Gecko/2008061317 (Gentoo) Firefox/3.0"
78.153.140.179 - - [29/Jan/2026:13:27:48 -0500] "GET /server/.env HTTP/1.1" 302 274 "-" "Mozilla/5.0 (Linux; U; Android 4.4.2; en-us; LG-D850/D85010d Build/KVT49L.D85010d) AppleWebKit/537.36 (KHTML, like Gecko) Version/4.0 Chrome/30.0.1599.103 Mobile Safari/537.36"
78.153.140.179 - - [29/Jan/2026:13:27:48 -0500] "GET /test/.env HTTP/1.1" 302 274 "-" "Mozilla/5.0 (Windows; U; Windows NT 5.1; en) AppleWebKit/522.13.1 (KHTML, like Gecko) Version/3.0.2 Safari/522.13.1"
78.153.140.179 - - [29/Jan/2026:13:27:49 -0500] "GET /web/.env HTTP/1.1" 302 274 "-" "Mozilla/4.0 (compatible; MSIE 6.0; MSIE 5.5; Windows ME) Opera 7.0  [en]"
78.153.140.179 - - [29/Jan/2026:13:27:49 -0500] "GET /test HTTP/1.1" 302 274 "-" "Mozilla/5.0 (Macintosh; Intel Mac OS X 10_9_5) AppleWebKit/600.7.12 (KHTML, like Gecko) Version/7.1.7 Safari/537.85.16"
78.153.140.179 - - [29/Jan/2026:13:27:50 -0500] "GET /.env.bak HTTP/1.1" 302 274 "-" "Mozilla/4.0 (compatible; MSIE 7.0; Windows NT 6.3; WOW64; Trident/7.0; .NET4.0E; .NET4.0C; .NET CLR 3.5.30729; .NET CLR 2.0.50727; .NET CLR 3.0.30729)"
78.153.140.179 - - [29/Jan/2026:13:27:50 -0500] "GET /crm/.env HTTP/1.1" 302 274 "-" "Opera/9.80 (Linux i686; Opera TV Store/5449) Presto/2.12.362 Version/12.10 Model/Opera-TvEmulator"
78.153.140.179 - - [29/Jan/2026:13:27:50 -0500] "GET /config/.env HTTP/1.1" 302 274 "-" "Mozilla/5.0 (Linux; U; Android 4.1.2; en-us; sdk Build/MASTER) AppleWebKit/534.30 (KHTML, like Gecko) Version/4.0 Mobile Safari/534.30"
20.115.178.16 - - [29/Jan/2026:13:33:31 -0500] "GET /wp-json/wp/v2/posts HTTP/1.1" 302 279 "-" "Mozilla/5.0 (Windows NT 10.0; Win64; x64) AppleWebKit/537.36 (KHTML, like Gecko) Chrome/120.0.0.0 Safari/537.36"
91.224.92.115 - - [29/Jan/2026:13:38:21 -0500] "GET /cgi-bin/luci/;stok=/locale HTTP/1.1" 302 274 "-" "-"
43.154.250.181 - - [29/Jan/2026:13:41:15 -0500] "GET / HTTP/1.1" 200 52297 "-" "Mozilla/5.0 (iPhone; CPU iPhone OS 13_2_3 like Mac OS X) AppleWebKit/605.1.15 (KHTML, like Gecko) Version/13.0.3 Mobile/15E148 Safari/604.1"
204.76.203.212 - - [29/Jan/2026:13:46:43 -0500] "GET / HTTP/1.1" 301 - "-" "Mozilla/5.0 (Windows NT 10.0; Win64; x64) AppleWebKit/537.36 (KHTML, like Gecko) Chrome/90.0.4430.85 Safari/537.36 Edg/90.0.818.46"
43.131.253.14 - - [29/Jan/2026:13:52:56 -0500] "GET / HTTP/1.1" 301 - "-" "Mozilla/5.0 (iPhone; CPU iPhone OS 13_2_3 like Mac OS X) AppleWebKit/605.1.15 (KHTML, like Gecko) Version/13.0.3 Mobile/15E148 Safari/604.1"
193.142.147.209 - - [29/Jan/2026:13:55:42 -0500] "POST / HTTP/1.1" 301 - "-" "Mozilla/5.0 (Windows NT 10.0; Win64; x64) AppleWebKit/537.36"
54.84.93.8 - - [29/Jan/2026:13:55:53 -0500] "GET /index.php/category/black-cock/feed HTTP/1.1" 200 12417 "-" "Mozilla/5.0 AppleWebKit/537.36 (KHTML, like Gecko; compatible; Amazonbot/0.1; +https://developer.amazon.com/support/amazonbot) Chrome/119.0.6045.214 Safari/537.36"
51.210.214.160 - - [29/Jan/2026:13:59:06 -0500] "GET /index.php/black-cock/gay-black-men.html/feed HTTP/1.1" 200 4319 "-" "Mozilla/5.0 (X11; Linux i686) AppleWebKit/537.36 (KHTML, like Gecko) Chrome/30.0.1599.66 Safari/537.36"
4.193.184.23 - - [29/Jan/2026:14:03:13 -0500] "GET /wp-content/plugins/hellopress/wp_filemanager.php HTTP/1.1" 302 279 "-" "-"
4.193.184.23 - - [29/Jan/2026:14:03:15 -0500] "GET /rip.php HTTP/1.1" 302 279 "-" "-"
172.239.109.115 - - [29/Jan/2026:14:04:01 -0500] "GET / HTTP/1.1" 301 - "-" "Mozilla/5.0 (Windows NT 6.1; WOW64; rv:8.0) Gecko/20100101 Firefox/8.0"
89.42.231.200 - - [29/Jan/2026:14:04:43 -0500] "GET /cgi-bin/luci/;stok=/locale HTTP/1.1" 302 274 "-" "-"
204.76.203.212 - - [29/Jan/2026:14:10:34 -0500] "GET / HTTP/1.1" 301 - "-" "Mozilla/5.0 (Windows NT 10.0; Win64; x64) AppleWebKit/537.36 (KHTML, like Gecko) Chrome/90.0.4430.85 Safari/537.36 Edg/90.0.818.46"
74.206.190.123 - - [29/Jan/2026:14:18:00 -0500] "POST /wp-cron.php?doing_wp_cron=1769714280.5972220897674560546875 HTTP/1.1" 200 - "-" "WordPress/3.6.1; http://www.gayblacksextube.com"
158.120.156.24 - - [29/Jan/2026:14:18:00 -0500] "GET /wp-content/plugins/wp-postratings/postratings-js.php?ver=1.30 HTTP/1.1" 200 4816 "http://www.gayblacksextube.com/index.php/black-cock/black-tube.html" "Mozilla/5.0 (iPhone; CPU iPhone OS 18_7 like Mac OS X) AppleWebKit/605.1.15 (KHTML, like Gecko) Version/26.2 Mobile/15E148 Safari/604.1"
158.120.156.24 - - [29/Jan/2026:14:18:00 -0500] "GET /index.php/black-cock/black-tube.html HTTP/1.1" 200 12055 "-" "Mozilla/5.0 (iPhone; CPU iPhone OS 18_7 like Mac OS X) AppleWebKit/605.1.15 (KHTML, like Gecko) Version/26.2 Mobile/15E148 Safari/604.1"
87.121.84.51 - - [29/Jan/2026:14:22:51 -0500] "GET / HTTP/1.1" 301 - "-" "Mozilla/5.0 (X11; Linux x86_64; rv:140.0) Gecko/20100101 Firefox/140.0"
204.76.203.18 - - [29/Jan/2026:14:28:27 -0500] "GET /backup/ HTTP/1.1" 302 274 "-" "-"
204.76.203.212 - - [29/Jan/2026:14:36:23 -0500] "GET / HTTP/1.1" 301 - "-" "Mozilla/5.0 (Windows NT 10.0; Win64; x64) AppleWebKit/537.36 (KHTML, like Gecko) Chrome/90.0.4430.85 Safari/537.36 Edg/90.0.818.46"
165.227.173.41 - - [29/Jan/2026:14:38:29 -0500] "GET / HTTP/1.1" 301 - "-" "-"
165.227.173.41 - - [29/Jan/2026:14:38:29 -0500] "GET / HTTP/1.1" 301 - "-" "Mozilla/5.0 (l9scan/2.0.332313e2039313e2630323e24373; +https://leakix.net)"
165.227.173.41 - - [29/Jan/2026:14:38:30 -0500] "GET /server HTTP/1.1" 302 274 "-" "Mozilla/5.0 (l9scan/2.0.332313e2039313e2630323e24373; +https://leakix.net)"
165.227.173.41 - - [29/Jan/2026:14:38:31 -0500] "GET /server-status HTTP/1.1" 200 46989 "-" "Mozilla/5.0 (l9scan/2.0.332313e2039313e2630323e24373; +https://leakix.net)"
165.227.173.41 - - [29/Jan/2026:14:38:33 -0500] "GET /about HTTP/1.1" 302 274 "-" "Mozilla/5.0 (l9scan/2.0.332313e2039313e2630323e24373; +https://leakix.net)"
165.227.173.41 - - [29/Jan/2026:14:38:34 -0500] "GET /login.action HTTP/1.1" 302 274 "-" "Mozilla/5.0 (l9scan/2.0.332313e2039313e2630323e24373; +https://leakix.net)"
165.227.173.41 - - [29/Jan/2026:14:38:35 -0500] "GET /v2/_catalog HTTP/1.1" 302 274 "-" "Mozilla/5.0 (l9scan/2.0.332313e2039313e2630323e24373; +https://leakix.net)"
165.227.173.41 - - [29/Jan/2026:14:38:35 -0500] "GET /.DS_Store HTTP/1.1" 302 274 "-" "Mozilla/5.0 (l9scan/2.0.332313e2039313e2630323e24373; +https://leakix.net)"
165.227.173.41 - - [29/Jan/2026:14:38:36 -0500] "GET /.env HTTP/1.1" 302 274 "-" "Mozilla/5.0 (l9scan/2.0.332313e2039313e2630323e24373; +https://leakix.net)"
165.227.173.41 - - [29/Jan/2026:14:38:38 -0500] "GET /ecp/Current/exporttool/microsoft.exchange.ediscovery.exporttool.application HTTP/1.1" 302 274 "-" "Mozilla/5.0 (l9scan/2.0.332313e2039313e2630323e24373; +https://leakix.net)"
165.227.173.41 - - [29/Jan/2026:14:38:40 -0500] "GET /.git/config HTTP/1.1" 302 274 "-" "Mozilla/5.0 (l9scan/2.0.332313e2039313e2630323e24373; +https://leakix.net)"
165.227.173.41 - - [29/Jan/2026:14:38:41 -0500] "POST /graphql HTTP/1.1" 302 274 "-" "Mozilla/5.0 (l9scan/2.0.332313e2039313e2630323e24373; +https://leakix.net)"
165.227.173.41 - - [29/Jan/2026:14:38:42 -0500] "POST /api HTTP/1.1" 302 274 "-" "Mozilla/5.0 (l9scan/2.0.332313e2039313e2630323e24373; +https://leakix.net)"
165.227.173.41 - - [29/Jan/2026:14:38:42 -0500] "POST /api/graphql HTTP/1.1" 302 274 "-" "Mozilla/5.0 (l9scan/2.0.332313e2039313e2630323e24373; +https://leakix.net)"
165.227.173.41 - - [29/Jan/2026:14:38:42 -0500] "POST /graphql/api HTTP/1.1" 302 274 "-" "Mozilla/5.0 (l9scan/2.0.332313e2039313e2630323e24373; +https://leakix.net)"
165.227.173.41 - - [29/Jan/2026:14:38:42 -0500] "POST /api/gql HTTP/1.1" 302 274 "-" "Mozilla/5.0 (l9scan/2.0.332313e2039313e2630323e24373; +https://leakix.net)"
165.227.173.41 - - [29/Jan/2026:14:38:42 -0500] "GET /s/332313e2039313e2630323e24373/_/;/META-INF/maven/com.atlassian.jira/jira-webapp-dist/pom.properties HTTP/1.1" 302 274 "-" "Mozilla/5.0 (l9scan/2.0.332313e2039313e2630323e24373; +https://leakix.net)"
165.227.173.41 - - [29/Jan/2026:14:38:43 -0500] "GET /config.json HTTP/1.1" 302 274 "-" "Mozilla/5.0 (l9scan/2.0.332313e2039313e2630323e24373; +https://leakix.net)"
165.227.173.41 - - [29/Jan/2026:14:38:45 -0500] "GET /telescope/requests HTTP/1.1" 302 274 "-" "Mozilla/5.0 (l9scan/2.0.332313e2039313e2630323e24373; +https://leakix.net)"
165.227.173.41 - - [29/Jan/2026:14:38:46 -0500] "POST /php-cgi/php-cgi.exe?%ADd+cgi.force_redirect%3D0+%ADd+disable_functions%3D\"\"+%ADd+allow_url_include%3D1+%ADd+auto_prepend_file%3Dphp://input HTTP/1.1" 302 274 "-" "Mozilla/5.0 (l9scan/2.0.332313e2039313e2630323e24373; +https://leakix.net)"
165.227.173.41 - - [29/Jan/2026:14:38:47 -0500] "GET /info.php HTTP/1.1" 302 274 "-" "Mozilla/5.0 (l9scan/2.0.332313e2039313e2630323e24373; +https://leakix.net)"
165.227.173.41 - - [29/Jan/2026:14:38:48 -0500] "GET /actuator/env HTTP/1.1" 302 274 "-" "Mozilla/5.0 (l9scan/2.0.332313e2039313e2630323e24373; +https://leakix.net)"
165.227.173.41 - - [29/Jan/2026:14:38:50 -0500] "GET /swagger-ui.html HTTP/1.1" 302 274 "-" "Mozilla/5.0 (l9scan/2.0.332313e2039313e2630323e24373; +https://leakix.net)"
165.227.173.41 - - [29/Jan/2026:14:38:51 -0500] "GET /swagger/index.html HTTP/1.1" 302 274 "-" "Mozilla/5.0 (l9scan/2.0.332313e2039313e2630323e24373; +https://leakix.net)"
165.227.173.41 - - [29/Jan/2026:14:38:52 -0500] "GET /swagger/swagger-ui.html HTTP/1.1" 302 274 "-" "Mozilla/5.0 (l9scan/2.0.332313e2039313e2630323e24373; +https://leakix.net)"
165.227.173.41 - - [29/Jan/2026:14:38:53 -0500] "GET /webjars/swagger-ui/index.html HTTP/1.1" 302 274 "-" "Mozilla/5.0 (l9scan/2.0.332313e2039313e2630323e24373; +https://leakix.net)"
165.227.173.41 - - [29/Jan/2026:14:38:54 -0500] "GET /swagger.json HTTP/1.1" 302 274 "-" "Mozilla/5.0 (l9scan/2.0.332313e2039313e2630323e24373; +https://leakix.net)"
165.227.173.41 - - [29/Jan/2026:14:38:55 -0500] "GET /swagger/v1/swagger.json HTTP/1.1" 302 274 "-" "Mozilla/5.0 (l9scan/2.0.332313e2039313e2630323e24373; +https://leakix.net)"
165.227.173.41 - - [29/Jan/2026:14:38:56 -0500] "GET /v2/api-docs HTTP/1.1" 302 274 "-" "Mozilla/5.0 (l9scan/2.0.332313e2039313e2630323e24373; +https://leakix.net)"
165.227.173.41 - - [29/Jan/2026:14:38:57 -0500] "GET /v3/api-docs HTTP/1.1" 302 274 "-" "Mozilla/5.0 (l9scan/2.0.332313e2039313e2630323e24373; +https://leakix.net)"
165.227.173.41 - - [29/Jan/2026:14:38:58 -0500] "GET /api-docs/swagger.json HTTP/1.1" 302 274 "-" "Mozilla/5.0 (l9scan/2.0.332313e2039313e2630323e24373; +https://leakix.net)"
165.227.173.41 - - [29/Jan/2026:14:38:59 -0500] "GET /api/swagger.json HTTP/1.1" 302 274 "-" "Mozilla/5.0 (l9scan/2.0.332313e2039313e2630323e24373; +https://leakix.net)"
165.227.173.41 - - [29/Jan/2026:14:39:00 -0500] "GET /@vite/env HTTP/1.1" 302 274 "-" "Mozilla/5.0 (l9scan/2.0.332313e2039313e2630323e24373; +https://leakix.net)"
165.227.173.41 - - [29/Jan/2026:14:39:01 -0500] "GET /.vscode/sftp.json HTTP/1.1" 302 274 "-" "Mozilla/5.0 (l9scan/2.0.332313e2039313e2630323e24373; +https://leakix.net)"
165.227.173.41 - - [29/Jan/2026:14:39:02 -0500] "GET /?rest_route=/wp/v2/users/ HTTP/1.1" 301 - "-" "Mozilla/5.0 (l9scan/2.0.332313e2039313e2630323e24373; +https://leakix.net)"
165.227.173.41 - - [29/Jan/2026:14:39:03 -0500] "GET /debug/default/view?panel=config HTTP/1.1" 302 274 "-" "Mozilla/5.0 (l9scan/2.0.332313e2039313e2630323e24373; +https://leakix.net)"
17.246.23.217 - - [29/Jan/2026:14:40:49 -0500] "GET /robots.txt HTTP/1.1" 200 29 "-" "Mozilla/5.0 (Macintosh; Intel Mac OS X 10_15_7) AppleWebKit/605.1.15 (KHTML, like Gecko) Version/17.4 Safari/605.1.15 (Applebot/0.1; +http://www.apple.com/go/applebot)"
17.246.23.217 - - [29/Jan/2026:14:40:49 -0500] "GET /index.php/feed HTTP/1.1" 200 12489 "-" "Mozilla/5.0 (Macintosh; Intel Mac OS X 10_15_7) AppleWebKit/605.1.15 (KHTML, like Gecko) Version/17.4 Safari/605.1.15 (Applebot/0.1; +http://www.apple.com/go/applebot)"
17.241.219.19 - - [29/Jan/2026:14:46:07 -0500] "GET /robots.txt HTTP/1.1" 200 29 "-" "Mozilla/5.0 (Macintosh; Intel Mac OS X 10_15_7) AppleWebKit/605.1.15 (KHTML, like Gecko) Version/17.4 Safari/605.1.15 (Applebot/0.1; +http://www.apple.com/go/applebot)"
37.77.150.124 - - [29/Jan/2026:14:50:32 -0500] "GET /wp-login.php?wp_lang=en_US HTTP/1.1" 200 2329 "http://www.gayblacksextube.com/wp-login.php" "Mozilla/5.0 (Windows NT 10.0; Win64; x64; rv:141.0) Gecko/20100101 Firefox/141.0"
37.77.150.124 - - [29/Jan/2026:14:50:37 -0500] "POST /wp-login.php?wp_lang=en_US HTTP/1.1" 200 3232 "http://www.gayblacksextube.com/wp-login.php" "Mozilla/5.0 (Windows NT 10.0; Win64; x64; rv:141.0) Gecko/20100101 Firefox/141.0"
204.76.203.69 - - [29/Jan/2026:14:51:14 -0500] "GET / HTTP/1.1" 301 - "-" "-"
204.76.203.212 - - [29/Jan/2026:14:59:30 -0500] "GET / HTTP/1.1" 301 - "-" "Mozilla/5.0 (Windows NT 10.0; Win64; x64) AppleWebKit/537.36 (KHTML, like Gecko) Chrome/90.0.4430.85 Safari/537.36 Edg/90.0.818.46"
176.65.149.17 - - [29/Jan/2026:15:20:39 -0500] "GET /config.json HTTP/1.1" 302 274 "-" "Mozilla/5.0 (compatible; Googlebot/2.1; +http://www.google.com/bot.html)"
176.65.149.17 - - [29/Jan/2026:15:20:39 -0500] "GET /actuator/env HTTP/1.1" 302 274 "-" "Mozilla/5.0 (compatible; Googlebot/2.1; +http://www.google.com/bot.html)"
176.65.149.17 - - [29/Jan/2026:15:20:40 -0500] "GET /.env.local HTTP/1.1" 302 274 "-" "Mozilla/5.0 (compatible; Googlebot/2.1; +http://www.google.com/bot.html)"
176.65.149.17 - - [29/Jan/2026:15:20:40 -0500] "GET /api/.env HTTP/1.1" 302 274 "-" "Mozilla/5.0 (compatible; Googlebot/2.1; +http://www.google.com/bot.html)"
176.65.149.17 - - [29/Jan/2026:15:20:40 -0500] "GET /docker-compose.yml HTTP/1.1" 302 274 "-" "Mozilla/5.0 (compatible; Googlebot/2.1; +http://www.google.com/bot.html)"
176.65.149.17 - - [29/Jan/2026:15:20:40 -0500] "GET /.vscode/sftp.json HTTP/1.1" 302 274 "-" "Mozilla/5.0 (compatible; Googlebot/2.1; +http://www.google.com/bot.html)"
176.65.149.17 - - [29/Jan/2026:15:20:40 -0500] "GET /server/.env HTTP/1.1" 302 274 "-" "Mozilla/5.0 (compatible; Googlebot/2.1; +http://www.google.com/bot.html)"
176.65.149.17 - - [29/Jan/2026:15:20:40 -0500] "GET /.git/config HTTP/1.1" 302 274 "-" "Mozilla/5.0 (compatible; Googlebot/2.1; +http://www.google.com/bot.html)"
176.65.149.17 - - [29/Jan/2026:15:20:40 -0500] "GET /wp-config.php HTTP/1.1" 301 - "-" "Mozilla/5.0 (compatible; Googlebot/2.1; +http://www.google.com/bot.html)"
176.65.149.17 - - [29/Jan/2026:15:20:41 -0500] "GET /.env.production HTTP/1.1" 302 274 "-" "Mozilla/5.0 (compatible; Googlebot/2.1; +http://www.google.com/bot.html)"
176.65.149.17 - - [29/Jan/2026:15:20:41 -0500] "GET /.env HTTP/1.1" 302 274 "-" "Mozilla/5.0 (compatible; Googlebot/2.1; +http://www.google.com/bot.html)"
43.165.135.242 - - [29/Jan/2026:15:21:44 -0500] "GET / HTTP/1.1" 301 - "-" "Mozilla/5.0 (iPhone; CPU iPhone OS 13_2_3 like Mac OS X) AppleWebKit/605.1.15 (KHTML, like Gecko) Version/13.0.3 Mobile/15E148 Safari/604.1"
74.206.190.123 - - [29/Jan/2026:15:21:47 -0500] "POST /wp-cron.php?doing_wp_cron=1769718107.3926689624786376953125 HTTP/1.1" 200 - "-" "WordPress/3.6.1; http://www.gayblacksextube.com"
43.165.135.242 - - [29/Jan/2026:15:21:47 -0500] "GET / HTTP/1.1" 200 52297 "http://gayblacksextube.com" "Mozilla/5.0 (iPhone; CPU iPhone OS 13_2_3 like Mac OS X) AppleWebKit/605.1.15 (KHTML, like Gecko) Version/13.0.3 Mobile/15E148 Safari/604.1"
34.86.239.201 - - [29/Jan/2026:15:23:52 -0500] "GET / HTTP/1.1" 301 - "-" "Mozilla/5.0 (Windows NT 10.0; Win64; x64) AppleWebKit/537.36 (KHTML, like Gecko) Chrome/102.0.5005.197 Safari/537.36"
204.76.203.212 - - [29/Jan/2026:15:28:06 -0500] "GET / HTTP/1.1" 301 - "-" "Mozilla/5.0 (Windows NT 10.0; Win64; x64) AppleWebKit/537.36 (KHTML, like Gecko) Chrome/90.0.4430.85 Safari/537.36 Edg/90.0.818.46"
81.10.140.189 - - [29/Jan/2026:15:29:19 -0500] "GET / HTTP/1.1" 301 - "-" "Mozilla/5.0 (Macintosh; Intel Mac OS X 10_15_7) AppleWebKit/537.36 (KHTML, like Gecko) Chrome/136.0.0.0 Safari/537.36"
188.23.75.67 - - [29/Jan/2026:15:29:20 -0500] "GET / HTTP/1.1" 301 - "-" "WP-Extra/1.2"
81.10.140.189 - - [29/Jan/2026:15:29:20 -0500] "GET / HTTP/1.1" 200 52297 "-" "Mozilla/5.0 (Macintosh; Intel Mac OS X 10_15_7) AppleWebKit/537.36 (KHTML, like Gecko) Chrome/136.0.0.0 Safari/537.36"
188.23.75.67 - - [29/Jan/2026:15:29:22 -0500] "GET / HTTP/1.1" 200 52297 "-" "WP-Extra/1.2"
81.10.140.189 - - [29/Jan/2026:15:29:25 -0500] "GET / HTTP/1.1" 301 - "-" "WP-Extra/1.2"
81.10.140.189 - - [29/Jan/2026:15:29:26 -0500] "GET / HTTP/1.1" 200 52297 "-" "WP-Extra/1.2"
150.109.46.88 - - [29/Jan/2026:15:35:08 -0500] "GET / HTTP/1.1" 301 - "-" "Mozilla/5.0 (iPhone; CPU iPhone OS 13_2_3 like Mac OS X) AppleWebKit/605.1.15 (KHTML, like Gecko) Version/13.0.3 Mobile/15E148 Safari/604.1"
89.42.231.200 - - [29/Jan/2026:15:36:36 -0500] "GET /cgi-bin/luci/;stok=/locale HTTP/1.1" 302 274 "-" "-"
204.76.203.212 - - [29/Jan/2026:15:50:08 -0500] "GET / HTTP/1.1" 301 - "-" "Mozilla/5.0 (Windows NT 10.0; Win64; x64) AppleWebKit/537.36 (KHTML, like Gecko) Chrome/90.0.4430.85 Safari/537.36 Edg/90.0.818.46"
74.206.190.123 - - [29/Jan/2026:16:10:13 -0500] "POST /wp-cron.php?doing_wp_cron=1769721013.8474509716033935546875 HTTP/1.1" 200 - "-" "WordPress/3.6.1; http://www.gayblacksextube.com"
44.194.134.53 - - [29/Jan/2026:16:10:13 -0500] "GET /index.php/black-cock/gay-black-porn-tube.html HTTP/1.1" 200 12038 "-" "Mozilla/5.0 AppleWebKit/537.36 (KHTML, like Gecko; compatible; Amazonbot/0.1; +https://developer.amazon.com/support/amazonbot) Chrome/119.0.6045.214 Safari/537.36"
204.76.203.212 - - [29/Jan/2026:16:14:54 -0500] "GET / HTTP/1.1" 301 - "-" "Mozilla/5.0 (Windows NT 10.0; Win64; x64) AppleWebKit/537.36 (KHTML, like Gecko) Chrome/90.0.4430.85 Safari/537.36 Edg/90.0.818.46"
193.142.147.209 - - [29/Jan/2026:16:23:10 -0500] "POST / HTTP/1.1" 301 - "-" "Mozilla/5.0 (Windows NT 10.0; Win64; x64) AppleWebKit/537.36"
204.76.203.212 - - [29/Jan/2026:16:39:58 -0500] "GET / HTTP/1.1" 301 - "-" "Mozilla/5.0 (Windows NT 10.0; Win64; x64) AppleWebKit/537.36 (KHTML, like Gecko) Chrome/90.0.4430.85 Safari/537.36 Edg/90.0.818.46"
51.210.214.160 - - [29/Jan/2026:16:46:06 -0500] "GET /index.php/black-cock/gay-black-men.html/feed HTTP/1.1" 200 4319 "-" "Mozilla/5.0 (X11; Linux i686) AppleWebKit/537.36 (KHTML, like Gecko) Chrome/30.0.1599.66 Safari/537.36"
2.57.171.82 - - [29/Jan/2026:16:46:08 -0500] "GET /.env HTTP/1.1" 302 274 "-" "python-requests/2.26.0"
2.57.171.82 - - [29/Jan/2026:16:46:10 -0500] "POST / HTTP/1.1" 301 - "-" "python-requests/2.26.0"
89.42.231.200 - - [29/Jan/2026:16:50:09 -0500] "GET /cgi-bin/luci/;stok=/locale HTTP/1.1" 302 274 "-" "-"
204.76.203.212 - - [29/Jan/2026:17:06:18 -0500] "GET / HTTP/1.1" 301 - "-" "Mozilla/5.0 (Windows NT 10.0; Win64; x64) AppleWebKit/537.36 (KHTML, like Gecko) Chrome/90.0.4430.85 Safari/537.36 Edg/90.0.818.46"
43.157.50.58 - - [29/Jan/2026:17:14:15 -0500] "GET / HTTP/1.1" 301 - "-" "Mozilla/5.0 (iPhone; CPU iPhone OS 13_2_3 like Mac OS X) AppleWebKit/605.1.15 (KHTML, like Gecko) Version/13.0.3 Mobile/15E148 Safari/604.1"
94.26.88.31 - - [29/Jan/2026:17:17:11 -0500] "GET /.env HTTP/1.1" 302 279 "-" "Mozilla/5.0 (Macintosh; Intel Mac OS X 10.15; rv:77.0) Gecko/20100101 Firefox/77.0"
94.26.88.31 - - [29/Jan/2026:17:17:30 -0500] "GET /.git/config HTTP/1.1" 302 279 "-" "Mozilla/5.0 (Macintosh; Intel Mac OS X 10.15; rv:77.0) Gecko/20100101 Firefox/77.0"
4.197.167.136 - - [29/Jan/2026:17:32:38 -0500] "GET /wp-content/plugins/hellopress/wp_filemanager.php HTTP/1.1" 302 279 "-" "-"
4.197.167.136 - - [29/Jan/2026:17:32:40 -0500] "GET //autoload_classmap.php HTTP/1.1" 302 279 "-" "-"
4.197.167.136 - - [29/Jan/2026:17:32:40 -0500] "GET //alfa.php HTTP/1.1" 302 279 "-" "-"
4.197.167.136 - - [29/Jan/2026:17:32:41 -0500] "GET //wp-includes/assets/index.php HTTP/1.1" 302 279 "-" "-"
4.197.167.136 - - [29/Jan/2026:17:32:41 -0500] "GET /luxe.php HTTP/1.1" 302 279 "-" "-"
4.197.167.136 - - [29/Jan/2026:17:32:42 -0500] "GET /update/wpupex.php/ HTTP/1.1" 302 279 "-" "-"
4.197.167.136 - - [29/Jan/2026:17:32:43 -0500] "GET /rezor.php HTTP/1.1" 302 279 "-" "-"
4.197.167.136 - - [29/Jan/2026:17:32:43 -0500] "GET //doc.php HTTP/1.1" 302 279 "-" "-"
4.197.167.136 - - [29/Jan/2026:17:32:43 -0500] "GET //wp-admin/user/index.php HTTP/1.1" 301 - "-" "-"
74.206.190.123 - - [29/Jan/2026:17:32:45 -0500] "POST /wp-cron.php?doing_wp_cron=1769725965.4187309741973876953125 HTTP/1.1" 200 - "-" "WordPress/3.6.1; http://www.gayblacksextube.com"
4.197.167.136 - - [29/Jan/2026:17:32:45 -0500] "GET //wp-admin/user/index.php HTTP/1.1" 302 - "-" "-"
4.197.167.136 - - [29/Jan/2026:17:32:45 -0500] "GET /wp-login.php?redirect_to=http%3A%2F%2Fwww.gayblacksextube.com%2F%2Fwp-admin%2Fuser%2Findex.php&reauth=1 HTTP/1.1" 200 2344 "-" "-"
4.197.167.136 - - [29/Jan/2026:17:32:46 -0500] "GET //wp-includes/css/about.php HTTP/1.1" 302 279 "-" "-"
4.197.167.136 - - [29/Jan/2026:17:32:46 -0500] "GET //install.php HTTP/1.1" 302 279 "-" "-"
4.197.167.136 - - [29/Jan/2026:17:32:47 -0500] "GET /~norapump/hah.php HTTP/1.1" 302 279 "-" "-"
4.197.167.136 - - [29/Jan/2026:17:32:48 -0500] "GET /sto.php HTTP/1.1" 302 279 "-" "-"
4.197.167.136 - - [29/Jan/2026:17:32:48 -0500] "GET //x.php HTTP/1.1" 302 279 "-" "-"
4.197.167.136 - - [29/Jan/2026:17:32:49 -0500] "GET //test.php HTTP/1.1" 302 279 "-" "-"
4.197.167.136 - - [29/Jan/2026:17:32:50 -0500] "GET /wp-includes/blocks/ HTTP/1.1" 302 279 "-" "-"
4.197.167.136 - - [29/Jan/2026:17:32:50 -0500] "GET /n3.php HTTP/1.1" 302 279 "-" "-"
4.197.167.136 - - [29/Jan/2026:17:32:50 -0500] "GET /wp-admin/install.php HTTP/1.1" 200 837 "-" "-"
4.197.167.136 - - [29/Jan/2026:17:32:51 -0500] "GET /o.php HTTP/1.1" 302 279 "-" "-"
4.197.167.136 - - [29/Jan/2026:17:32:51 -0500] "GET //wp-includes/ID3/index.php HTTP/1.1" 302 279 "-" "-"
4.197.167.136 - - [29/Jan/2026:17:32:52 -0500] "GET /class-t.api.php HTTP/1.1" 302 279 "-" "-"
4.197.167.136 - - [29/Jan/2026:17:32:52 -0500] "GET /.trash7309/f/ HTTP/1.1" 302 279 "-" "-"
4.197.167.136 - - [29/Jan/2026:17:32:53 -0500] "GET //wp.php HTTP/1.1" 302 279 "-" "-"
4.197.167.136 - - [29/Jan/2026:17:32:54 -0500] "GET //wp-includes/customize/index.php HTTP/1.1" 302 279 "-" "-"
4.197.167.136 - - [29/Jan/2026:17:32:54 -0500] "GET //wp-content/themes/seotheme/mar.php HTTP/1.1" 302 279 "-" "-"
4.197.167.136 - - [29/Jan/2026:17:32:54 -0500] "GET //h.php HTTP/1.1" 302 279 "-" "-"
4.197.167.136 - - [29/Jan/2026:17:32:55 -0500] "GET //skin/install/default/security.php HTTP/1.1" 302 279 "-" "-"
4.197.167.136 - - [29/Jan/2026:17:32:55 -0500] "GET /wrt.php HTTP/1.1" 302 279 "-" "-"
4.197.167.136 - - [29/Jan/2026:17:32:56 -0500] "GET //wp-content/plugins/Core-EconX/up.php HTTP/1.1" 302 279 "-" "-"
4.197.167.136 - - [29/Jan/2026:17:32:57 -0500] "GET /wp-includes/css/ HTTP/1.1" 302 279 "-" "-"
4.197.167.136 - - [29/Jan/2026:17:32:58 -0500] "GET /images/c99.php HTTP/1.1" 302 279 "-" "-"
4.197.167.136 - - [29/Jan/2026:17:32:58 -0500] "GET /png.php HTTP/1.1" 302 279 "-" "-"
4.197.167.136 - - [29/Jan/2026:17:32:59 -0500] "GET //wp-includes/ID3/index.php HTTP/1.1" 302 279 "-" "-"
4.197.167.136 - - [29/Jan/2026:17:32:59 -0500] "GET //zwso.php HTTP/1.1" 302 279 "-" "-"
4.197.167.136 - - [29/Jan/2026:17:33:00 -0500] "GET //wp-content/languages/index.php HTTP/1.1" 302 279 "-" "-"
4.197.167.136 - - [29/Jan/2026:17:33:00 -0500] "GET //wp-content/ HTTP/1.1" 200 - "-" "-"
4.197.167.136 - - [29/Jan/2026:17:33:01 -0500] "GET /wp/wp-includes//index.php HTTP/1.1" 302 279 "-" "-"
4.197.167.136 - - [29/Jan/2026:17:33:01 -0500] "GET /ton.php HTTP/1.1" 302 279 "-" "-"
4.197.167.136 - - [29/Jan/2026:17:33:02 -0500] "GET //wso.php HTTP/1.1" 302 279 "-" "-"
4.197.167.136 - - [29/Jan/2026:17:33:02 -0500] "GET /images/fk2e3/ HTTP/1.1" 302 279 "-" "-"
4.197.167.136 - - [29/Jan/2026:17:33:03 -0500] "GET /a2.php HTTP/1.1" 302 279 "-" "-"
4.197.167.136 - - [29/Jan/2026:17:33:03 -0500] "GET /shell.php HTTP/1.1" 302 279 "-" "-"
4.197.167.136 - - [29/Jan/2026:17:33:04 -0500] "GET /wp-includes/IXR/moon.php HTTP/1.1" 302 279 "-" "-"
4.197.167.136 - - [29/Jan/2026:17:33:04 -0500] "GET /sxo.php HTTP/1.1" 302 279 "-" "-"
4.197.167.136 - - [29/Jan/2026:17:33:05 -0500] "GET //admin.php HTTP/1.1" 302 279 "-" "-"
4.197.167.136 - - [29/Jan/2026:17:33:06 -0500] "GET /wp-admin/ HTTP/1.1" 301 - "-" "-"
4.197.167.136 - - [29/Jan/2026:17:33:06 -0500] "GET /wp-admin/ HTTP/1.1" 302 - "-" "-"
4.197.167.136 - - [29/Jan/2026:17:33:06 -0500] "GET /wp-login.php?redirect_to=http%3A%2F%2Fwww.gayblacksextube.com%2Fwp-admin%2F&reauth=1 HTTP/1.1" 200 2329 "-" "-"
4.197.167.136 - - [29/Jan/2026:17:33:07 -0500] "GET //wp-content/ HTTP/1.1" 200 - "-" "-"
4.197.167.136 - - [29/Jan/2026:17:33:07 -0500] "GET /mans.php HTTP/1.1" 302 279 "-" "-"
4.197.167.136 - - [29/Jan/2026:17:33:07 -0500] "GET //dropdown.php HTTP/1.1" 302 279 "-" "-"
4.197.167.136 - - [29/Jan/2026:17:33:08 -0500] "GET /WordPress/x/ HTTP/1.1" 302 279 "-" "-"
4.197.167.136 - - [29/Jan/2026:17:33:10 -0500] "GET /ze.php HTTP/1.1" 302 279 "-" "-"
4.197.167.136 - - [29/Jan/2026:17:33:11 -0500] "GET //geck.php HTTP/1.1" 302 279 "-" "-"
4.197.167.136 - - [29/Jan/2026:17:33:11 -0500] "GET /menu.php HTTP/1.1" 302 279 "-" "-"
4.197.167.136 - - [29/Jan/2026:17:33:12 -0500] "GET //admin/function.php HTTP/1.1" 302 279 "-" "-"
4.197.167.136 - - [29/Jan/2026:17:33:12 -0500] "GET //index/function.php HTTP/1.1" 302 279 "-" "-"
4.197.167.136 - - [29/Jan/2026:17:33:12 -0500] "GET /flower.php HTTP/1.1" 302 279 "-" "-"
4.197.167.136 - - [29/Jan/2026:17:33:13 -0500] "GET /ftp.php HTTP/1.1" 302 279 "-" "-"
4.197.167.136 - - [29/Jan/2026:17:33:13 -0500] "GET /mds.php HTTP/1.1" 302 279 "-" "-"
4.197.167.136 - - [29/Jan/2026:17:33:14 -0500] "GET /ahax.php HTTP/1.1" 302 279 "-" "-"
4.197.167.136 - - [29/Jan/2026:17:33:14 -0500] "GET //wp-admin/class-db.php HTTP/1.1" 302 279 "-" "-"
4.197.167.136 - - [29/Jan/2026:17:33:15 -0500] "GET /cool.php HTTP/1.1" 302 279 "-" "-"
4.197.167.136 - - [29/Jan/2026:17:33:15 -0500] "GET /gm.php HTTP/1.1" 302 279 "-" "-"
4.197.167.136 - - [29/Jan/2026:17:33:16 -0500] "GET //simple.php HTTP/1.1" 302 279 "-" "-"
4.197.167.136 - - [29/Jan/2026:17:33:16 -0500] "GET //elp.php HTTP/1.1" 302 279 "-" "-"
4.197.167.136 - - [29/Jan/2026:17:33:17 -0500] "GET /bolt.php HTTP/1.1" 302 279 "-" "-"
4.197.167.136 - - [29/Jan/2026:17:33:17 -0500] "GET //wp-content/uploads/index.php HTTP/1.1" 302 279 "-" "-"
4.197.167.136 - - [29/Jan/2026:17:33:18 -0500] "GET //inputs.php HTTP/1.1" 302 279 "-" "-"
204.76.203.212 - - [29/Jan/2026:17:33:18 -0500] "GET / HTTP/1.1" 301 - "-" "Mozilla/5.0 (Windows NT 10.0; Win64; x64) AppleWebKit/537.36 (KHTML, like Gecko) Chrome/90.0.4430.85 Safari/537.36 Edg/90.0.818.46"
4.197.167.136 - - [29/Jan/2026:17:33:18 -0500] "GET /.trash7309/fafa/ HTTP/1.1" 302 279 "-" "-"
4.197.167.136 - - [29/Jan/2026:17:33:19 -0500] "GET /system.php HTTP/1.1" 302 279 "-" "-"
4.197.167.136 - - [29/Jan/2026:17:33:19 -0500] "GET /wp-admin/maint/ HTTP/1.1" 302 279 "-" "-"
4.197.167.136 - - [29/Jan/2026:17:33:20 -0500] "GET /wp-admin/network/ HTTP/1.1" 301 - "-" "-"
4.197.167.136 - - [29/Jan/2026:17:33:21 -0500] "GET /wp-admin/network/ HTTP/1.1" 302 - "-" "-"
4.197.167.136 - - [29/Jan/2026:17:33:21 -0500] "GET /wp-login.php?redirect_to=http%3A%2F%2Fwww.gayblacksextube.com%2Fwp-admin%2Fnetwork%2F&reauth=1 HTTP/1.1" 200 2337 "-" "-"
4.197.167.136 - - [29/Jan/2026:17:33:21 -0500] "GET /museu/yhweq.php HTTP/1.1" 302 279 "-" "-"
4.197.167.136 - - [29/Jan/2026:17:33:22 -0500] "GET /an.php HTTP/1.1" 302 279 "-" "-"
4.197.167.136 - - [29/Jan/2026:17:33:23 -0500] "GET //w.php HTTP/1.1" 302 279 "-" "-"
4.197.167.136 - - [29/Jan/2026:17:33:23 -0500] "GET /gmo.php HTTP/1.1" 302 279 "-" "-"
4.197.167.136 - - [29/Jan/2026:17:33:24 -0500] "GET /gib.php HTTP/1.1" 302 279 "-" "-"
4.197.167.136 - - [29/Jan/2026:17:33:24 -0500] "GET /wp-miiss.php.php HTTP/1.1" 302 279 "-" "-"
4.197.167.136 - - [29/Jan/2026:17:33:25 -0500] "GET /ho/wpup.php HTTP/1.1" 302 279 "-" "-"
4.197.167.136 - - [29/Jan/2026:17:33:25 -0500] "GET //moon.php HTTP/1.1" 302 279 "-" "-"
4.197.167.136 - - [29/Jan/2026:17:33:26 -0500] "GET /filesss.php HTTP/1.1" 302 279 "-" "-"
4.197.167.136 - - [29/Jan/2026:17:33:26 -0500] "GET /hey.php HTTP/1.1" 302 279 "-" "-"
4.197.167.136 - - [29/Jan/2026:17:33:27 -0500] "GET //wp-content/themes/seotheme/mar.php HTTP/1.1" 302 279 "-" "-"
4.197.167.136 - - [29/Jan/2026:17:33:27 -0500] "GET //1337.php HTTP/1.1" 302 279 "-" "-"
4.197.167.136 - - [29/Jan/2026:17:33:28 -0500] "GET //buy.php HTTP/1.1" 302 279 "-" "-"
4.197.167.136 - - [29/Jan/2026:17:33:28 -0500] "GET /apsarasarts/okk.php HTTP/1.1" 302 279 "-" "-"
4.197.167.136 - - [29/Jan/2026:17:33:29 -0500] "GET /m.php HTTP/1.1" 302 279 "-" "-"
4.197.167.136 - - [29/Jan/2026:17:33:29 -0500] "GET /wp-is.php HTTP/1.1" 302 279 "-" "-"
4.197.167.136 - - [29/Jan/2026:17:33:30 -0500] "GET /jmfi2.php HTTP/1.1" 302 279 "-" "-"
4.197.167.136 - - [29/Jan/2026:17:33:30 -0500] "GET //about/function.php HTTP/1.1" 302 279 "-" "-"
4.197.167.136 - - [29/Jan/2026:17:33:31 -0500] "GET /bnn_.php HTTP/1.1" 302 279 "-" "-"
4.197.167.136 - - [29/Jan/2026:17:33:31 -0500] "GET //wp-content/json.php HTTP/1.1" 302 279 "-" "-"
4.197.167.136 - - [29/Jan/2026:17:33:32 -0500] "GET /hzz.php HTTP/1.1" 302 279 "-" "-"
4.197.167.136 - - [29/Jan/2026:17:33:32 -0500] "GET //shell20211028.php HTTP/1.1" 302 279 "-" "-"
4.197.167.136 - - [29/Jan/2026:17:33:33 -0500] "GET //content.php HTTP/1.1" 302 279 "-" "-"
4.197.167.136 - - [29/Jan/2026:17:33:34 -0500] "GET /wp-content/ HTTP/1.1" 200 - "-" "-"
4.197.167.136 - - [29/Jan/2026:17:33:34 -0500] "GET /ps.php HTTP/1.1" 302 279 "-" "-"
4.197.167.136 - - [29/Jan/2026:17:33:34 -0500] "GET //wp-content/themes/about.php HTTP/1.1" 302 279 "-" "-"
4.197.167.136 - - [29/Jan/2026:17:33:35 -0500] "GET /.trash7309/dd/ HTTP/1.1" 302 279 "-" "-"
4.197.167.136 - - [29/Jan/2026:17:33:35 -0500] "GET /cache.php HTTP/1.1" 302 279 "-" "-"
4.197.167.136 - - [29/Jan/2026:17:33:36 -0500] "GET /ss.php HTTP/1.1" 302 279 "-" "-"
4.197.167.136 - - [29/Jan/2026:17:33:37 -0500] "GET /p.php HTTP/1.1" 302 279 "-" "-"
4.197.167.136 - - [29/Jan/2026:17:33:38 -0500] "GET //wp-content/plugins/achdxhv/languages/admin.php HTTP/1.1" 302 279 "-" "-"
4.197.167.136 - - [29/Jan/2026:17:33:38 -0500] "GET //user.php HTTP/1.1" 302 279 "-" "-"
4.197.167.136 - - [29/Jan/2026:17:33:39 -0500] "GET /wp-includes/block-patterns/ HTTP/1.1" 302 279 "-" "-"
4.197.167.136 - - [29/Jan/2026:17:33:39 -0500] "GET //index/function.php HTTP/1.1" 302 279 "-" "-"
4.197.167.136 - - [29/Jan/2026:17:33:40 -0500] "GET /wp.php HTTP/1.1" 302 279 "-" "-"
4.197.167.136 - - [29/Jan/2026:17:33:40 -0500] "GET /rip.php HTTP/1.1" 302 279 "-" "-"
4.197.167.136 - - [29/Jan/2026:17:33:41 -0500] "GET /wp4.php HTTP/1.1" 302 279 "-" "-"
4.197.167.136 - - [29/Jan/2026:17:33:41 -0500] "GET //403.php HTTP/1.1" 302 279 "-" "-"
4.197.167.136 - - [29/Jan/2026:17:33:42 -0500] "GET //wp-admin/maint/index.php HTTP/1.1" 302 279 "-" "-"
4.197.167.136 - - [29/Jan/2026:17:33:42 -0500] "GET /asd67.php HTTP/1.1" 302 279 "-" "-"
4.197.167.136 - - [29/Jan/2026:17:33:43 -0500] "GET //sad/about.php HTTP/1.1" 302 279 "-" "-"
4.197.167.136 - - [29/Jan/2026:17:33:43 -0500] "GET /oivcl.php HTTP/1.1" 302 279 "-" "-"
4.197.167.136 - - [29/Jan/2026:17:33:44 -0500] "GET //about.php HTTP/1.1" 302 279 "-" "-"
4.197.167.136 - - [29/Jan/2026:17:33:44 -0500] "GET //wp-content/themes/deeto/login.php HTTP/1.1" 302 279 "-" "-"
4.197.167.136 - - [29/Jan/2026:17:33:45 -0500] "GET /v2.php HTTP/1.1" 302 279 "-" "-"
4.197.167.136 - - [29/Jan/2026:17:33:46 -0500] "GET //wp-content/themes/hideo/network.php HTTP/1.1" 302 279 "-" "-"
4.197.167.136 - - [29/Jan/2026:17:33:46 -0500] "GET /x/ HTTP/1.1" 302 279 "-" "-"
4.197.167.136 - - [29/Jan/2026:17:33:47 -0500] "GET //.cache/x.php HTTP/1.1" 302 279 "-" "-"
4.197.167.136 - - [29/Jan/2026:17:33:47 -0500] "GET /dr.php HTTP/1.1" 302 279 "-" "-"
4.197.167.136 - - [29/Jan/2026:17:33:47 -0500] "GET /raw.php HTTP/1.1" 302 279 "-" "-"
4.197.167.136 - - [29/Jan/2026:17:33:48 -0500] "GET //wp-includes/css/about.php HTTP/1.1" 302 279 "-" "-"
4.197.167.136 - - [29/Jan/2026:17:33:49 -0500] "GET //wp-content/index.php HTTP/1.1" 200 - "-" "-"
4.197.167.136 - - [29/Jan/2026:17:33:49 -0500] "GET /ioxi-o2.php HTTP/1.1" 302 279 "-" "-"
4.197.167.136 - - [29/Jan/2026:17:33:49 -0500] "GET /dropdown.php HTTP/1.1" 302 279 "-" "-"
4.197.167.136 - - [29/Jan/2026:17:33:50 -0500] "GET /dlu.php HTTP/1.1" 302 279 "-" "-"
4.197.167.136 - - [29/Jan/2026:17:33:51 -0500] "GET //wp-content/about.php HTTP/1.1" 302 279 "-" "-"
4.197.167.136 - - [29/Jan/2026:17:33:51 -0500] "GET /db.php HTTP/1.1" 302 279 "-" "-"
4.197.167.136 - - [29/Jan/2026:17:33:52 -0500] "GET /packed.php HTTP/1.1" 302 279 "-" "-"
4.197.167.136 - - [29/Jan/2026:17:33:52 -0500] "GET /wp-configs.php HTTP/1.1" 302 279 "-" "-"
4.197.167.136 - - [29/Jan/2026:17:33:53 -0500] "GET //404.php HTTP/1.1" 302 279 "-" "-"
4.197.167.136 - - [29/Jan/2026:17:33:53 -0500] "GET /des.php HTTP/1.1" 302 279 "-" "-"
4.197.167.136 - - [29/Jan/2026:17:33:54 -0500] "GET /.well-known/content.php HTTP/1.1" 302 279 "-" "-"
4.197.167.136 - - [29/Jan/2026:17:33:55 -0500] "GET //lufix.php HTTP/1.1" 302 279 "-" "-"
2.57.171.130 - - [29/Jan/2026:17:37:01 -0500] "GET /.env HTTP/1.1" 302 274 "-" "python-requests/2.26.0"
2.57.171.130 - - [29/Jan/2026:17:37:02 -0500] "POST / HTTP/1.1" 301 - "-" "python-requests/2.26.0"
5.61.209.92 - - [29/Jan/2026:17:37:23 -0500] "GET /SDK/webLanguage HTTP/1.1" 302 274 "-" "Mozilla/5.0 (Windows NT 10.0; Win64; x64) AppleWebKit/537.36 (KHTML, like Gecko) Chrome/90.0.4430.85 Safari/537.36 Edg/90.0.818.46"
43.130.26.3 - - [29/Jan/2026:17:40:50 -0500] "GET / HTTP/1.1" 301 - "-" "Mozilla/5.0 (iPhone; CPU iPhone OS 13_2_3 like Mac OS X) AppleWebKit/605.1.15 (KHTML, like Gecko) Version/13.0.3 Mobile/15E148 Safari/604.1"
18.204.152.114 - - [29/Jan/2026:17:44:20 -0500] "GET /robots.txt HTTP/1.1" 200 29 "-" "Mozilla/5.0 AppleWebKit/537.36 (KHTML, like Gecko; compatible; Amazonbot/0.1; +https://developer.amazon.com/support/amazonbot) Chrome/119.0.6045.214 Safari/537.36"
44.194.134.53 - - [29/Jan/2026:17:44:25 -0500] "GET /index.php/tag/cock/feed HTTP/1.1" 200 2165 "-" "Mozilla/5.0 AppleWebKit/537.36 (KHTML, like Gecko; compatible; Amazonbot/0.1; +https://developer.amazon.com/support/amazonbot) Chrome/119.0.6045.214 Safari/537.36"
162.142.125.192 - - [29/Jan/2026:17:49:46 -0500] "GET / HTTP/1.1" 301 - "-" "Mozilla/5.0 (compatible; CensysInspect/1.1; +https://about.censys.io/)"
162.142.125.192 - - [29/Jan/2026:17:50:04 -0500] "GET /security.txt HTTP/1.1" 302 274 "-" "Mozilla/5.0 (compatible; CensysInspect/1.1; +https://about.censys.io/)"
204.76.203.69 - - [29/Jan/2026:17:52:59 -0500] "GET / HTTP/1.1" 301 - "-" "Mozilla/5.0 (Windows NT 10.0; Win64; x64) AppleWebKit/537.36 (KHTML, like Gecko) Chrome/90.0.4430.85 Safari/537.36 Edg/90.0.818.46"
204.76.203.212 - - [29/Jan/2026:17:58:10 -0500] "GET / HTTP/1.1" 301 - "-" "Mozilla/5.0 (Windows NT 10.0; Win64; x64) AppleWebKit/537.36 (KHTML, like Gecko) Chrome/90.0.4430.85 Safari/537.36 Edg/90.0.818.46"
43.157.181.189 - - [29/Jan/2026:17:58:38 -0500] "GET / HTTP/1.1" 301 - "-" "Mozilla/5.0 (iPhone; CPU iPhone OS 13_2_3 like Mac OS X) AppleWebKit/605.1.15 (KHTML, like Gecko) Version/13.0.3 Mobile/15E148 Safari/604.1"
74.206.190.123 - - [29/Jan/2026:18:10:32 -0500] "POST /wp-cron.php?doing_wp_cron=1769728232.6681950092315673828125 HTTP/1.1" 200 - "-" "WordPress/3.6.1; http://www.gayblacksextube.com"
100.28.49.152 - - [29/Jan/2026:18:10:32 -0500] "GET /index.php/black-sex/gay-black-sex-tube.html/feed HTTP/1.1" 200 2326 "-" "Mozilla/5.0 AppleWebKit/537.36 (KHTML, like Gecko; compatible; Amazonbot/0.1; +https://developer.amazon.com/support/amazonbot) Chrome/119.0.6045.214 Safari/537.36"
43.153.47.201 - - [29/Jan/2026:18:16:38 -0500] "GET / HTTP/1.1" 301 - "-" "Mozilla/5.0 (iPhone; CPU iPhone OS 13_2_3 like Mac OS X) AppleWebKit/605.1.15 (KHTML, like Gecko) Version/13.0.3 Mobile/15E148 Safari/604.1"
204.76.203.212 - - [29/Jan/2026:18:21:16 -0500] "GET / HTTP/1.1" 301 - "-" "Mozilla/5.0 (Windows NT 10.0; Win64; x64) AppleWebKit/537.36 (KHTML, like Gecko) Chrome/90.0.4430.85 Safari/537.36 Edg/90.0.818.46"
89.42.231.200 - - [29/Jan/2026:18:22:23 -0500] "GET /cgi-bin/luci/;stok=/locale HTTP/1.1" 302 274 "-" "-"
193.24.211.22 - - [29/Jan/2026:18:32:30 -0500] "GET /wp-login.php HTTP/1.1" 200 2329 "-" "Mozilla/5.0 (Macintosh; Intel Mac OS X 13_5) AppleWebKit/605.1.15 (KHTML, like Gecko) Version/17.5 Safari/605.1.15"
193.24.211.22 - - [29/Jan/2026:18:32:31 -0500] "GET /wp-login.php?wp_lang=en_US HTTP/1.1" 200 2329 "-" "Mozilla/5.0 (Windows NT 10.0; Win64; x64) AppleWebKit/537.36 (KHTML, like Gecko) Chrome/124.0.6367.207 Safari/537.36"
193.24.211.22 - - [29/Jan/2026:18:32:32 -0500] "POST /wp-login.php?wp_lang=en_US HTTP/1.1" 302 - "http://www.gayblacksextube.com/wp-login.php?wp_lang=en_US" "Mozilla/5.0 (Windows NT 10.0; Win64; x64) AppleWebKit/537.36 (KHTML, like Gecko) Chrome/124.0.6367.207 Safari/537.36"
