File: //home/httpd/logs/freetubegay.com_access_log.3
141.94.194.132 - - [27/Jan/2026:04:29:12 -0500] "GET /index.php/tag/gay-free-porn/feed HTTP/1.1" 200 2073 "-" "Mozilla/5.0 (X11; Linux i686) AppleWebKit/537.36 (KHTML, like Gecko) Chrome/30.0.1599.66 Safari/537.36"
52.167.144.190 - - [27/Jan/2026:04:31:17 -0500] "GET /index.php/gay-sex-tube/free-gays.html HTTP/1.1" 200 11790 "-" "Mozilla/5.0 AppleWebKit/537.36 (KHTML, like Gecko; compatible; bingbot/2.0; +http://www.bing.com/bingbot.htm) Chrome/116.0.1938.76 Safari/537.36"
43.158.91.71 - - [27/Jan/2026:04:34:06 -0500] "GET / HTTP/1.1" 200 56288 "-" "Mozilla/5.0 (iPhone; CPU iPhone OS 13_2_3 like Mac OS X) AppleWebKit/605.1.15 (KHTML, like Gecko) Version/13.0.3 Mobile/15E148 Safari/604.1"
116.179.32.220 - - [27/Jan/2026:05:00:29 -0500] "GET /index.php/gay-sex-tube/gay-8-tube.html HTTP/1.1" 302 279 "-" "Mozilla/5.0 (compatible; Baiduspider/2.0; +http://www.baidu.com/search/spider.html)"
66.249.69.137 - - [27/Jan/2026:05:00:33 -0500] "GET /index.php/feed HTTP/1.1" 200 11601 "-" "Mozilla/5.0 (compatible; Googlebot/2.1; +http://www.google.com/bot.html)"
74.206.190.121 - - [27/Jan/2026:05:26:51 -0500] "POST /wp-cron.php?doing_wp_cron=1769509611.8609359264373779296875 HTTP/1.1" 200 2 "-" "WordPress/3.6.1; http://www.freetubegay.com"
141.94.194.132 - - [27/Jan/2026:05:26:51 -0500] "GET /index.php/gay-sex-tube/bareback-sex-tube.html/feed HTTP/1.1" 200 1776 "-" "Mozilla/5.0 (X11; Linux i686) AppleWebKit/537.36 (KHTML, like Gecko) Chrome/30.0.1599.66 Safari/537.36"
141.94.194.132 - - [27/Jan/2026:05:27:26 -0500] "GET /index.php/gay-sex-tube/hot-gay-tube.html/feed HTTP/1.1" 200 1953 "-" "Mozilla/5.0 (X11; Linux i686) AppleWebKit/537.36 (KHTML, like Gecko) Chrome/30.0.1599.66 Safari/537.36"
66.249.69.138 - - [27/Jan/2026:06:01:00 -0500] "GET /index.php/feed HTTP/1.1" 200 11601 "-" "Mozilla/5.0 (compatible; Googlebot/2.1; +http://www.google.com/bot.html)"
130.49.115.129 - - [27/Jan/2026:06:01:53 -0500] "GET /wp-login.php HTTP/1.1" 200 2342 "-" "Mozilla/5.0 (Windows NT 10.0; Win64; x64) AppleWebKit/537.36 (KHTML, like Gecko) Chrome/124.0.6367.207 Safari/537.36"
130.49.115.129 - - [27/Jan/2026:06:01:54 -0500] "POST /xmlrpc.php HTTP/1.1" 302 279 "-" "Mozilla/5.0 (Windows NT 10.0; Win64; x64; rv:127.0) Gecko/20100101 Firefox/127.0"
146.19.44.203 - - [27/Jan/2026:06:01:58 -0500] "POST /xmlrpc.php HTTP/1.1" 302 279 "-" "Mozilla/5.0 (Macintosh; Intel Mac OS X 13_5) AppleWebKit/605.1.15 (KHTML, like Gecko) Version/17.5 Safari/605.1.15"
45.148.234.173 - - [27/Jan/2026:06:02:04 -0500] "POST /xmlrpc.php HTTP/1.1" 302 279 "-" "Mozilla/5.0 (Windows NT 10.0; Win64; x64; rv:127.0) Gecko/20100101 Firefox/127.0"
122.8.47.139 - - [27/Jan/2026:06:02:05 -0500] "POST /xmlrpc.php HTTP/1.1" 302 279 "-" "Mozilla/5.0 (Macintosh; Intel Mac OS X 13_5) AppleWebKit/605.1.15 (KHTML, like Gecko) Version/17.5 Safari/605.1.15"
45.148.235.13 - - [27/Jan/2026:06:02:06 -0500] "POST /xmlrpc.php HTTP/1.1" 302 279 "-" "Mozilla/5.0 (Macintosh; Intel Mac OS X 13_5) AppleWebKit/605.1.15 (KHTML, like Gecko) Version/17.5 Safari/605.1.15"
193.203.10.165 - - [27/Jan/2026:06:02:07 -0500] "POST /xmlrpc.php HTTP/1.1" 302 279 "-" "Mozilla/5.0 (Windows NT 10.0; Win64; x64) AppleWebKit/537.36 (KHTML, like Gecko) Chrome/124.0.6367.207 Safari/537.36"
217.145.224.128 - - [27/Jan/2026:06:02:07 -0500] "POST /xmlrpc.php HTTP/1.1" 302 279 "-" "Mozilla/5.0 (Windows NT 10.0; Win64; x64; rv:127.0) Gecko/20100101 Firefox/127.0"
89.19.35.227 - - [27/Jan/2026:06:02:08 -0500] "POST /xmlrpc.php HTTP/1.1" 302 279 "-" "Mozilla/5.0 (Windows NT 10.0; Win64; x64; rv:127.0) Gecko/20100101 Firefox/127.0"
5.181.169.30 - - [27/Jan/2026:06:02:12 -0500] "POST /xmlrpc.php HTTP/1.1" 302 279 "-" "Mozilla/5.0 (Windows NT 10.0; Win64; x64) AppleWebKit/537.36 (KHTML, like Gecko) Chrome/124.0.6367.207 Safari/537.36"
157.22.16.235 - - [27/Jan/2026:06:02:27 -0500] "POST /xmlrpc.php HTTP/1.1" 302 279 "-" "Mozilla/5.0 (Windows NT 10.0; Win64; x64; rv:127.0) Gecko/20100101 Firefox/127.0"
193.202.85.15 - - [27/Jan/2026:06:02:28 -0500] "POST /xmlrpc.php HTTP/1.1" 302 279 "-" "Mozilla/5.0 (Windows NT 10.0; Win64; x64) AppleWebKit/537.36 (KHTML, like Gecko) Chrome/124.0.6367.207 Safari/537.36"
130.49.115.129 - - [27/Jan/2026:06:02:29 -0500] "GET /wp-login.php?wp_lang=en_US HTTP/1.1" 200 2342 "-" "Mozilla/5.0 (Windows NT 10.0; Win64; x64) AppleWebKit/537.36 (KHTML, like Gecko) Chrome/124.0.6367.207 Safari/537.36"
130.49.115.129 - - [27/Jan/2026:06:02:29 -0500] "POST /wp-login.php?wp_lang=en_US HTTP/1.1" 302 2 "http://www.freetubegay.com/wp-login.php?wp_lang=en_US" "Mozilla/5.0 (Windows NT 10.0; Win64; x64) AppleWebKit/537.36 (KHTML, like Gecko) Chrome/124.0.6367.207 Safari/537.36"
130.49.115.129 - - [27/Jan/2026:06:02:29 -0500] "GET /wp-admin/ HTTP/1.1" 200 77137 "http://www.freetubegay.com/wp-login.php?wp_lang=en_US" "Mozilla/5.0 (Windows NT 10.0; Win64; x64) AppleWebKit/537.36 (KHTML, like Gecko) Chrome/124.0.6367.207 Safari/537.36"
130.49.115.129 - - [27/Jan/2026:06:02:30 -0500] "GET /wp-admin/admin-ajax.php?action=rest-nonce HTTP/1.1" 200 3 "-" "Mozilla/5.0 (Windows NT 10.0; Win64; x64) AppleWebKit/537.36 (KHTML, like Gecko) Chrome/124.0.6367.207 Safari/537.36"
130.49.115.129 - - [27/Jan/2026:06:02:30 -0500] "GET /wp-admin/admin-ajax.php?action=rest-nonce HTTP/1.1" 200 3 "-" "Mozilla/5.0 (Windows NT 10.0; Win64; x64) AppleWebKit/537.36 (KHTML, like Gecko) Chrome/124.0.6367.207 Safari/537.36"
130.49.115.129 - - [27/Jan/2026:06:02:31 -0500] "GET /wp-admin/admin-ajax.php?action=rest-nonce HTTP/1.1" 200 3 "-" "Mozilla/5.0 (Windows NT 10.0; Win64; x64) AppleWebKit/537.36 (KHTML, like Gecko) Chrome/124.0.6367.207 Safari/537.36"
141.94.194.132 - - [27/Jan/2026:06:05:10 -0500] "GET /index.php/tag/anal-porn/feed HTTP/1.1" 200 2406 "-" "Mozilla/5.0 (X11; Linux i686) AppleWebKit/537.36 (KHTML, like Gecko) Chrome/30.0.1599.66 Safari/537.36"
195.88.252.196 - - [27/Jan/2026:06:18:55 -0500] "GET / HTTP/1.1" 301 2 "-" "Mozilla/5.0 (Windows NT 10.0; Win64; x64) AppleWebKit/537.36 (KHTML, like Gecko) Chrome/110.0.0.0 Safari/537.36"
74.206.190.121 - - [27/Jan/2026:06:18:56 -0500] "POST /wp-cron.php?doing_wp_cron=1769512736.2838408946990966796875 HTTP/1.1" 200 2 "-" "WordPress/3.6.1; http://www.freetubegay.com"
195.88.252.196 - - [27/Jan/2026:06:18:56 -0500] "GET / HTTP/1.1" 200 56288 "-" "Mozilla/5.0 (Windows NT 10.0; Win64; x64) AppleWebKit/537.36 (KHTML, like Gecko) Chrome/110.0.0.0 Safari/537.36"
40.77.167.0 - - [27/Jan/2026:06:44:21 -0500] "GET /index.php/gay-sex-tube/gay-sexy-tube.html HTTP/1.1" 200 11732 "-" "Mozilla/5.0 AppleWebKit/537.36 (KHTML, like Gecko; compatible; bingbot/2.0; +http://www.bing.com/bingbot.htm) Chrome/116.0.1938.76 Safari/537.36"
141.94.194.132 - - [27/Jan/2026:06:51:54 -0500] "GET /index.php/tag/barebacked/feed HTTP/1.1" 200 3039 "-" "Mozilla/5.0 (X11; Linux i686) AppleWebKit/537.36 (KHTML, like Gecko) Chrome/30.0.1599.66 Safari/537.36"
141.94.194.132 - - [27/Jan/2026:06:56:44 -0500] "GET /index.php/gay-sex-tube/42.html/feed HTTP/1.1" 200 2892 "-" "Mozilla/5.0 (X11; Linux i686) AppleWebKit/537.36 (KHTML, like Gecko) Chrome/30.0.1599.66 Safari/537.36"
141.94.194.132 - - [27/Jan/2026:06:58:10 -0500] "GET /index.php/gay-sex-tube/rawpapi-tube.html/feed HTTP/1.1" 200 1330 "-" "Mozilla/5.0 (X11; Linux i686) AppleWebKit/537.36 (KHTML, like Gecko) Chrome/30.0.1599.66 Safari/537.36"
66.249.69.139 - - [27/Jan/2026:07:02:33 -0500] "GET /index.php/feed HTTP/1.1" 200 11601 "-" "Mozilla/5.0 (compatible; Googlebot/2.1; +http://www.google.com/bot.html)"
114.119.158.251 - - [27/Jan/2026:07:04:47 -0500] "GET /index.php/gay-sex-tube/sex-gay-tube.html HTTP/1.1" 200 12426 "http://www.freetubegay.com/index.php/page/7" "Mozilla/5.0 (Linux; Android 7.0;) AppleWebKit/537.36 (KHTML, like Gecko) Mobile Safari/537.36 (compatible; PetalBot;+https://webmaster.petalsearch.com/site/petalbot)"
74.206.190.121 - - [27/Jan/2026:07:25:35 -0500] "POST /wp-cron.php?doing_wp_cron=1769516735.0426540374755859375000 HTTP/1.1" 200 2 "-" "WordPress/3.6.1; http://www.freetubegay.com"
141.94.194.132 - - [27/Jan/2026:07:25:34 -0500] "GET /index.php/category/gay-sex-tube/feed HTTP/1.1" 200 11643 "-" "Mozilla/5.0 (X11; Linux i686) AppleWebKit/537.36 (KHTML, like Gecko) Chrome/30.0.1599.66 Safari/537.36"
114.119.145.205 - - [27/Jan/2026:07:38:53 -0500] "GET /index.php/tag/gay HTTP/1.1" 200 15107 "http://www.freetubegay.com/index.php/page/12" "Mozilla/5.0 (Linux; Android 7.0;) AppleWebKit/537.36 (KHTML, like Gecko) Mobile Safari/537.36 (compatible; PetalBot;+https://webmaster.petalsearch.com/site/petalbot)"
114.119.158.118 - - [27/Jan/2026:07:42:23 -0500] "GET /index.php/gay-sex-tube/hot-gay-tube.html HTTP/1.1" 200 12939 "http://www.freetubegay.com/index.php/page/10" "Mozilla/5.0 (Linux; Android 7.0;) AppleWebKit/537.36 (KHTML, like Gecko) Mobile Safari/537.36 (compatible; PetalBot;+https://webmaster.petalsearch.com/site/petalbot)"
114.119.132.52 - - [27/Jan/2026:07:44:04 -0500] "GET /index.php/gay-sex-tube/kinky-gay-tube.html HTTP/1.1" 200 11724 "http://www.freetubegay.com/" "Mozilla/5.0 (Linux; Android 7.0;) AppleWebKit/537.36 (KHTML, like Gecko) Mobile Safari/537.36 (compatible; PetalBot;+https://webmaster.petalsearch.com/site/petalbot)"
114.119.158.118 - - [27/Jan/2026:07:47:25 -0500] "GET /index.php/category/gay-sex-tube/page/5 HTTP/1.1" 200 56911 "http://www.freetubegay.com/index.php/category/gay-sex-tube/page/9" "Mozilla/5.0 (Linux; Android 7.0;) AppleWebKit/537.36 (KHTML, like Gecko) Mobile Safari/537.36 (compatible; PetalBot;+https://webmaster.petalsearch.com/site/petalbot)"
62.60.130.228 - - [27/Jan/2026:07:49:24 -0500] "GET /wp-login.php HTTP/1.1" 301 2 "-" "Mozilla/5.0 (X11; Linux x86_64) AppleWebKit/537.36 (KHTML, like Gecko) Chrome/120.0.6099.130 Safari/537.36"
62.60.130.228 - - [27/Jan/2026:07:49:24 -0500] "GET /wp-login.php HTTP/1.1" 200 2342 "-" "Mozilla/5.0 (X11; Linux x86_64) AppleWebKit/537.36 (KHTML, like Gecko) Chrome/120.0.6099.130 Safari/537.36"
62.60.130.228 - - [27/Jan/2026:07:49:25 -0500] "POST /wp-login.php HTTP/1.1" 301 2 "http://freetubegay.com/wp-login.php" "Mozilla/5.0 (Macintosh; Intel Mac OS X 13_6_2) AppleWebKit/537.36 (KHTML, like Gecko) Chrome/119.0.6045.159 Safari/537.36"
62.60.130.228 - - [27/Jan/2026:07:49:25 -0500] "GET /wp-login.php HTTP/1.1" 200 2342 "http://freetubegay.com/wp-login.php" "Mozilla/5.0 (Macintosh; Intel Mac OS X 13_6_2) AppleWebKit/537.36 (KHTML, like Gecko) Chrome/119.0.6045.159 Safari/537.36"
62.60.130.228 - - [27/Jan/2026:07:49:38 -0500] "POST /wp-login.php HTTP/1.1" 301 2 "http://freetubegay.com/wp-login.php" "Mozilla/5.0 (X11; Linux x86_64) Gecko/20100101 Firefox/118.0.2"
62.60.130.228 - - [27/Jan/2026:07:49:39 -0500] "GET /wp-login.php HTTP/1.1" 200 2342 "http://freetubegay.com/wp-login.php" "Mozilla/5.0 (X11; Linux x86_64) Gecko/20100101 Firefox/118.0.2"
62.60.130.228 - - [27/Jan/2026:07:49:53 -0500] "POST /wp-login.php HTTP/1.1" 301 2 "http://freetubegay.com/wp-login.php" "Mozilla/5.0 (X11; Ubuntu; Linux x86_64) AppleWebKit/537.36 (KHTML, like Gecko) Chrome/122.0.6261.57 Safari/537.36"
62.60.130.228 - - [27/Jan/2026:07:49:54 -0500] "GET /wp-login.php HTTP/1.1" 200 2342 "http://freetubegay.com/wp-login.php" "Mozilla/5.0 (X11; Ubuntu; Linux x86_64) AppleWebKit/537.36 (KHTML, like Gecko) Chrome/122.0.6261.57 Safari/537.36"
62.60.130.228 - - [27/Jan/2026:07:50:07 -0500] "POST /wp-login.php HTTP/1.1" 301 2 "http://freetubegay.com/wp-login.php" "Mozilla/5.0 (Macintosh; Intel Mac OS X 12_6_2) AppleWebKit/605.1.15 (KHTML, like Gecko) Version/16.6.1 Safari/605.1.15"
62.60.130.228 - - [27/Jan/2026:07:50:07 -0500] "GET /wp-login.php HTTP/1.1" 200 2342 "http://freetubegay.com/wp-login.php" "Mozilla/5.0 (Macintosh; Intel Mac OS X 12_6_2) AppleWebKit/605.1.15 (KHTML, like Gecko) Version/16.6.1 Safari/605.1.15"
62.60.130.228 - - [27/Jan/2026:07:50:20 -0500] "POST /wp-login.php HTTP/1.1" 301 2 "http://freetubegay.com/wp-login.php" "Mozilla/5.0 (Macintosh; Intel Mac OS X 11_7_2) AppleWebKit/605.1.15 (KHTML, like Gecko) Version/17.1 Safari/605.1.15"
62.60.130.228 - - [27/Jan/2026:07:50:21 -0500] "GET /wp-login.php HTTP/1.1" 200 2342 "http://freetubegay.com/wp-login.php" "Mozilla/5.0 (Macintosh; Intel Mac OS X 11_7_2) AppleWebKit/605.1.15 (KHTML, like Gecko) Version/17.1 Safari/605.1.15"
62.60.130.228 - - [27/Jan/2026:07:50:36 -0500] "POST /wp-login.php HTTP/1.1" 301 2 "http://freetubegay.com/wp-login.php" "Mozilla/5.0 (Windows NT 10.0; Win64; x64) AppleWebKit/537.36 (KHTML, like Gecko) Chrome/121.0.6167.85 Safari/537.36"
62.60.130.228 - - [27/Jan/2026:07:50:36 -0500] "GET /wp-login.php HTTP/1.1" 200 2342 "http://freetubegay.com/wp-login.php" "Mozilla/5.0 (Windows NT 10.0; Win64; x64) AppleWebKit/537.36 (KHTML, like Gecko) Chrome/121.0.6167.85 Safari/537.36"
62.60.130.228 - - [27/Jan/2026:07:50:50 -0500] "POST /wp-login.php HTTP/1.1" 301 2 "http://freetubegay.com/wp-login.php" "Mozilla/5.0 (Macintosh; Intel Mac OS X 10.15) Gecko/20100101 Firefox/120.0.1"
62.60.130.228 - - [27/Jan/2026:07:50:50 -0500] "GET /wp-login.php HTTP/1.1" 200 2342 "http://freetubegay.com/wp-login.php" "Mozilla/5.0 (Macintosh; Intel Mac OS X 10.15) Gecko/20100101 Firefox/120.0.1"
62.60.130.228 - - [27/Jan/2026:07:51:03 -0500] "POST /wp-login.php HTTP/1.1" 301 2 "http://freetubegay.com/wp-login.php" "Mozilla/5.0 (Windows NT 11.0; Win64; x64) AppleWebKit/537.36 (KHTML, like Gecko) Chrome/118.0.5993.88 Safari/537.36"
62.60.130.228 - - [27/Jan/2026:07:51:04 -0500] "GET /wp-login.php HTTP/1.1" 200 2342 "http://freetubegay.com/wp-login.php" "Mozilla/5.0 (Windows NT 11.0; Win64; x64) AppleWebKit/537.36 (KHTML, like Gecko) Chrome/118.0.5993.88 Safari/537.36"
62.60.130.228 - - [27/Jan/2026:07:51:16 -0500] "POST /wp-login.php HTTP/1.1" 301 2 "http://freetubegay.com/wp-login.php" "Mozilla/5.0 (Macintosh; Intel Mac OS X 10_15_7) AppleWebKit/537.36 (KHTML, like Gecko) Chrome/121.0.6167.85 Safari/537.36"
62.60.130.228 - - [27/Jan/2026:07:51:16 -0500] "GET /wp-login.php HTTP/1.1" 200 2342 "http://freetubegay.com/wp-login.php" "Mozilla/5.0 (Macintosh; Intel Mac OS X 10_15_7) AppleWebKit/537.36 (KHTML, like Gecko) Chrome/121.0.6167.85 Safari/537.36"
62.60.130.228 - - [27/Jan/2026:07:51:29 -0500] "POST /wp-login.php HTTP/1.1" 301 2 "http://freetubegay.com/wp-login.php" "Mozilla/5.0 (Macintosh; Intel Mac OS X 12_6_2) AppleWebKit/605.1.15 (KHTML, like Gecko) Version/17.1 Safari/605.1.15"
62.60.130.228 - - [27/Jan/2026:07:51:29 -0500] "GET /wp-login.php HTTP/1.1" 200 2342 "http://freetubegay.com/wp-login.php" "Mozilla/5.0 (Macintosh; Intel Mac OS X 12_6_2) AppleWebKit/605.1.15 (KHTML, like Gecko) Version/17.1 Safari/605.1.15"
62.60.130.228 - - [27/Jan/2026:07:51:45 -0500] "POST /wp-login.php HTTP/1.1" 301 2 "http://freetubegay.com/wp-login.php" "Mozilla/5.0 (Macintosh; Intel Mac OS X 13_6_2) AppleWebKit/537.36 (KHTML, like Gecko) Chrome/118.0.5993.88 Safari/537.36"
62.60.130.228 - - [27/Jan/2026:07:51:45 -0500] "GET /wp-login.php HTTP/1.1" 200 2342 "http://freetubegay.com/wp-login.php" "Mozilla/5.0 (Macintosh; Intel Mac OS X 13_6_2) AppleWebKit/537.36 (KHTML, like Gecko) Chrome/118.0.5993.88 Safari/537.36"
62.60.130.228 - - [27/Jan/2026:07:52:00 -0500] "POST /wp-login.php HTTP/1.1" 301 2 "http://freetubegay.com/wp-login.php" "Mozilla/5.0 (Macintosh; Intel Mac OS X 10.15) Gecko/20100101 Firefox/122.0"
62.60.130.228 - - [27/Jan/2026:07:52:01 -0500] "GET /wp-login.php HTTP/1.1" 200 2342 "http://freetubegay.com/wp-login.php" "Mozilla/5.0 (Macintosh; Intel Mac OS X 10.15) Gecko/20100101 Firefox/122.0"
62.60.130.228 - - [27/Jan/2026:07:52:13 -0500] "POST /wp-login.php HTTP/1.1" 301 2 "http://freetubegay.com/wp-login.php" "Mozilla/5.0 (X11; Ubuntu; Linux x86_64) AppleWebKit/537.36 (KHTML, like Gecko) Chrome/120.0.6099.130 Safari/537.36"
62.60.130.228 - - [27/Jan/2026:07:52:14 -0500] "GET /wp-login.php HTTP/1.1" 200 2342 "http://freetubegay.com/wp-login.php" "Mozilla/5.0 (X11; Ubuntu; Linux x86_64) AppleWebKit/537.36 (KHTML, like Gecko) Chrome/120.0.6099.130 Safari/537.36"
62.60.130.228 - - [27/Jan/2026:07:52:26 -0500] "POST /wp-login.php HTTP/1.1" 301 2 "http://freetubegay.com/wp-login.php" "Mozilla/5.0 (Windows NT 10.0; Win64; x64) AppleWebKit/537.36 (KHTML, like Gecko) Chrome/121.0.0.0 Safari/537.36 Edg/121.0.2277.83"
62.60.130.228 - - [27/Jan/2026:07:52:26 -0500] "GET /wp-login.php HTTP/1.1" 200 2342 "http://freetubegay.com/wp-login.php" "Mozilla/5.0 (Windows NT 10.0; Win64; x64) AppleWebKit/537.36 (KHTML, like Gecko) Chrome/121.0.0.0 Safari/537.36 Edg/121.0.2277.83"
62.60.130.228 - - [27/Jan/2026:07:52:39 -0500] "POST /wp-login.php HTTP/1.1" 301 2 "http://freetubegay.com/wp-login.php" "Mozilla/5.0 (Windows NT 10.0; Win64; x64) AppleWebKit/537.36 (KHTML, like Gecko) Chrome/121.0.0.0 Safari/537.36 Edg/121.0.2277.83"
62.60.130.228 - - [27/Jan/2026:07:52:39 -0500] "GET /wp-login.php HTTP/1.1" 200 2342 "http://freetubegay.com/wp-login.php" "Mozilla/5.0 (Windows NT 10.0; Win64; x64) AppleWebKit/537.36 (KHTML, like Gecko) Chrome/121.0.0.0 Safari/537.36 Edg/121.0.2277.83"
62.60.130.228 - - [27/Jan/2026:07:52:54 -0500] "POST /wp-login.php HTTP/1.1" 301 2 "http://freetubegay.com/wp-login.php" "Mozilla/5.0 (X11; Ubuntu; Linux x86_64) AppleWebKit/537.36 (KHTML, like Gecko) Chrome/118.0.5993.88 Safari/537.36"
62.60.130.228 - - [27/Jan/2026:07:52:54 -0500] "GET /wp-login.php HTTP/1.1" 200 2342 "http://freetubegay.com/wp-login.php" "Mozilla/5.0 (X11; Ubuntu; Linux x86_64) AppleWebKit/537.36 (KHTML, like Gecko) Chrome/118.0.5993.88 Safari/537.36"
62.60.130.228 - - [27/Jan/2026:07:53:07 -0500] "POST /wp-login.php HTTP/1.1" 301 2 "http://freetubegay.com/wp-login.php" "Mozilla/5.0 (Windows NT 10.0; Win64; x64) AppleWebKit/537.36 (KHTML, like Gecko) Chrome/120.0.0.0 Safari/537.36 Edg/120.0.2210.133"
62.60.130.228 - - [27/Jan/2026:07:53:08 -0500] "GET /wp-login.php HTTP/1.1" 200 2342 "http://freetubegay.com/wp-login.php" "Mozilla/5.0 (Windows NT 10.0; Win64; x64) AppleWebKit/537.36 (KHTML, like Gecko) Chrome/120.0.0.0 Safari/537.36 Edg/120.0.2210.133"
62.60.130.228 - - [27/Jan/2026:07:53:21 -0500] "POST /wp-login.php HTTP/1.1" 301 2 "http://freetubegay.com/wp-login.php" "Mozilla/5.0 (Windows NT 10.0; Win64; x64) AppleWebKit/537.36 (KHTML, like Gecko) Chrome/122.0.6261.57 Safari/537.36"
62.60.130.228 - - [27/Jan/2026:07:53:21 -0500] "GET /wp-login.php HTTP/1.1" 200 2342 "http://freetubegay.com/wp-login.php" "Mozilla/5.0 (Windows NT 10.0; Win64; x64) AppleWebKit/537.36 (KHTML, like Gecko) Chrome/122.0.6261.57 Safari/537.36"
62.60.130.228 - - [27/Jan/2026:07:53:33 -0500] "POST /wp-login.php HTTP/1.1" 301 2 "http://freetubegay.com/wp-login.php" "Mozilla/5.0 (Windows NT 10.0; Win64; x64) Gecko/20100101 Firefox/122.0"
62.60.130.228 - - [27/Jan/2026:07:53:34 -0500] "GET /wp-login.php HTTP/1.1" 200 2342 "http://freetubegay.com/wp-login.php" "Mozilla/5.0 (Windows NT 10.0; Win64; x64) Gecko/20100101 Firefox/122.0"
62.60.130.228 - - [27/Jan/2026:07:53:47 -0500] "POST /wp-login.php HTTP/1.1" 301 2 "http://freetubegay.com/wp-login.php" "Mozilla/5.0 (Windows NT 10.0; Win64; x64) Gecko/20100101 Firefox/119.0.1"
62.60.130.228 - - [27/Jan/2026:07:53:48 -0500] "GET /wp-login.php HTTP/1.1" 200 2342 "http://freetubegay.com/wp-login.php" "Mozilla/5.0 (Windows NT 10.0; Win64; x64) Gecko/20100101 Firefox/119.0.1"
62.60.130.228 - - [27/Jan/2026:07:54:03 -0500] "POST /wp-login.php HTTP/1.1" 301 2 "http://freetubegay.com/wp-login.php" "Mozilla/5.0 (Macintosh; Intel Mac OS X 11_7_2) AppleWebKit/605.1.15 (KHTML, like Gecko) Version/17.0 Safari/605.1.15"
62.60.130.228 - - [27/Jan/2026:07:54:04 -0500] "GET /wp-login.php HTTP/1.1" 200 2342 "http://freetubegay.com/wp-login.php" "Mozilla/5.0 (Macintosh; Intel Mac OS X 11_7_2) AppleWebKit/605.1.15 (KHTML, like Gecko) Version/17.0 Safari/605.1.15"
62.60.130.228 - - [27/Jan/2026:07:54:18 -0500] "POST /wp-login.php HTTP/1.1" 301 2 "http://freetubegay.com/wp-login.php" "Mozilla/5.0 (X11; Linux x86_64) Gecko/20100101 Firefox/122.0"
62.60.130.228 - - [27/Jan/2026:07:54:19 -0500] "GET /wp-login.php HTTP/1.1" 200 2342 "http://freetubegay.com/wp-login.php" "Mozilla/5.0 (X11; Linux x86_64) Gecko/20100101 Firefox/122.0"
62.60.130.228 - - [27/Jan/2026:07:54:34 -0500] "POST /wp-login.php HTTP/1.1" 301 2 "http://freetubegay.com/wp-login.php" "Mozilla/5.0 (X11; Ubuntu; Linux x86_64) AppleWebKit/537.36 (KHTML, like Gecko) Chrome/121.0.6167.85 Safari/537.36"
62.60.130.228 - - [27/Jan/2026:07:54:34 -0500] "GET /wp-login.php HTTP/1.1" 200 2342 "http://freetubegay.com/wp-login.php" "Mozilla/5.0 (X11; Ubuntu; Linux x86_64) AppleWebKit/537.36 (KHTML, like Gecko) Chrome/121.0.6167.85 Safari/537.36"
62.60.130.228 - - [27/Jan/2026:07:54:46 -0500] "POST /wp-login.php HTTP/1.1" 301 2 "http://freetubegay.com/wp-login.php" "Mozilla/5.0 (X11; Linux x86_64) AppleWebKit/537.36 (KHTML, like Gecko) Chrome/118.0.5993.88 Safari/537.36"
62.60.130.228 - - [27/Jan/2026:07:54:46 -0500] "GET /wp-login.php HTTP/1.1" 200 2342 "http://freetubegay.com/wp-login.php" "Mozilla/5.0 (X11; Linux x86_64) AppleWebKit/537.36 (KHTML, like Gecko) Chrome/118.0.5993.88 Safari/537.36"
62.60.130.228 - - [27/Jan/2026:07:54:58 -0500] "POST /wp-login.php HTTP/1.1" 301 2 "http://freetubegay.com/wp-login.php" "Mozilla/5.0 (Macintosh; Intel Mac OS X 10_15_7) AppleWebKit/537.36 (KHTML, like Gecko) Chrome/122.0.6261.57 Safari/537.36"
62.60.130.228 - - [27/Jan/2026:07:54:58 -0500] "GET /wp-login.php HTTP/1.1" 200 2342 "http://freetubegay.com/wp-login.php" "Mozilla/5.0 (Macintosh; Intel Mac OS X 10_15_7) AppleWebKit/537.36 (KHTML, like Gecko) Chrome/122.0.6261.57 Safari/537.36"
62.60.130.228 - - [27/Jan/2026:07:55:11 -0500] "POST /wp-login.php HTTP/1.1" 301 2 "http://freetubegay.com/wp-login.php" "Mozilla/5.0 (X11; Ubuntu; Linux x86_64; rv:122.0) Gecko/20100101 Firefox/122.0"
62.60.130.228 - - [27/Jan/2026:07:55:12 -0500] "GET /wp-login.php HTTP/1.1" 200 2342 "http://freetubegay.com/wp-login.php" "Mozilla/5.0 (X11; Ubuntu; Linux x86_64; rv:122.0) Gecko/20100101 Firefox/122.0"
62.60.130.228 - - [27/Jan/2026:07:55:26 -0500] "POST /wp-login.php HTTP/1.1" 301 2 "http://freetubegay.com/wp-login.php" "Mozilla/5.0 (Windows NT 10.0; Win64; x64) AppleWebKit/537.36 (KHTML, like Gecko) Chrome/119.0.0.0 Safari/537.36 Edg/119.0.2151.97"
62.60.130.228 - - [27/Jan/2026:07:55:26 -0500] "GET /wp-login.php HTTP/1.1" 200 2342 "http://freetubegay.com/wp-login.php" "Mozilla/5.0 (Windows NT 10.0; Win64; x64) AppleWebKit/537.36 (KHTML, like Gecko) Chrome/119.0.0.0 Safari/537.36 Edg/119.0.2151.97"
62.60.130.228 - - [27/Jan/2026:07:55:41 -0500] "POST /wp-login.php HTTP/1.1" 301 2 "http://freetubegay.com/wp-login.php" "Mozilla/5.0 (X11; Linux x86_64) AppleWebKit/537.36 (KHTML, like Gecko) Chrome/120.0.6099.130 Safari/537.36"
62.60.130.228 - - [27/Jan/2026:07:55:41 -0500] "GET /wp-login.php HTTP/1.1" 200 2342 "http://freetubegay.com/wp-login.php" "Mozilla/5.0 (X11; Linux x86_64) AppleWebKit/537.36 (KHTML, like Gecko) Chrome/120.0.6099.130 Safari/537.36"
62.60.130.228 - - [27/Jan/2026:07:55:57 -0500] "POST /wp-login.php HTTP/1.1" 301 2 "http://freetubegay.com/wp-login.php" "Mozilla/5.0 (Macintosh; Intel Mac OS X 10_15_7) AppleWebKit/537.36 (KHTML, like Gecko) Chrome/120.0.6099.130 Safari/537.36"
62.60.130.228 - - [27/Jan/2026:07:55:58 -0500] "GET /wp-login.php HTTP/1.1" 200 2342 "http://freetubegay.com/wp-login.php" "Mozilla/5.0 (Macintosh; Intel Mac OS X 10_15_7) AppleWebKit/537.36 (KHTML, like Gecko) Chrome/120.0.6099.130 Safari/537.36"
62.60.130.228 - - [27/Jan/2026:07:56:11 -0500] "POST /wp-login.php HTTP/1.1" 301 2 "http://freetubegay.com/wp-login.php" "Mozilla/5.0 (Windows NT 11.0; Win64; x64) AppleWebKit/537.36 (KHTML, like Gecko) Chrome/118.0.5993.88 Safari/537.36"
62.60.130.228 - - [27/Jan/2026:07:56:12 -0500] "GET /wp-login.php HTTP/1.1" 200 2342 "http://freetubegay.com/wp-login.php" "Mozilla/5.0 (Windows NT 11.0; Win64; x64) AppleWebKit/537.36 (KHTML, like Gecko) Chrome/118.0.5993.88 Safari/537.36"
66.249.69.139 - - [27/Jan/2026:07:56:18 -0500] "GET /index.php/feed HTTP/1.1" 200 11601 "-" "Mozilla/5.0 (compatible; Googlebot/2.1; +http://www.google.com/bot.html)"
62.60.130.228 - - [27/Jan/2026:07:56:25 -0500] "POST /wp-login.php HTTP/1.1" 301 2 "http://freetubegay.com/wp-login.php" "Mozilla/5.0 (Windows NT 11.0; Win64; x64) AppleWebKit/537.36 (KHTML, like Gecko) Chrome/120.0.6099.130 Safari/537.36"
62.60.130.228 - - [27/Jan/2026:07:56:26 -0500] "GET /wp-login.php HTTP/1.1" 200 2342 "http://freetubegay.com/wp-login.php" "Mozilla/5.0 (Windows NT 11.0; Win64; x64) AppleWebKit/537.36 (KHTML, like Gecko) Chrome/120.0.6099.130 Safari/537.36"
62.60.130.228 - - [27/Jan/2026:07:56:40 -0500] "POST /wp-login.php HTTP/1.1" 301 2 "http://freetubegay.com/wp-login.php" "Mozilla/5.0 (Windows NT 10.0; Win64; x64) AppleWebKit/537.36 (KHTML, like Gecko) Chrome/120.0.0.0 Safari/537.36 Edg/120.0.2210.133"
62.60.130.228 - - [27/Jan/2026:07:56:41 -0500] "GET /wp-login.php HTTP/1.1" 200 2342 "http://freetubegay.com/wp-login.php" "Mozilla/5.0 (Windows NT 10.0; Win64; x64) AppleWebKit/537.36 (KHTML, like Gecko) Chrome/120.0.0.0 Safari/537.36 Edg/120.0.2210.133"
62.60.130.228 - - [27/Jan/2026:07:56:56 -0500] "POST /wp-login.php HTTP/1.1" 301 2 "http://freetubegay.com/wp-login.php" "Mozilla/5.0 (Macintosh; Intel Mac OS X 13_6_2) AppleWebKit/537.36 (KHTML, like Gecko) Chrome/118.0.5993.88 Safari/537.36"
62.60.130.228 - - [27/Jan/2026:07:56:57 -0500] "GET /wp-login.php HTTP/1.1" 200 2342 "http://freetubegay.com/wp-login.php" "Mozilla/5.0 (Macintosh; Intel Mac OS X 13_6_2) AppleWebKit/537.36 (KHTML, like Gecko) Chrome/118.0.5993.88 Safari/537.36"
62.60.130.228 - - [27/Jan/2026:07:57:11 -0500] "POST /wp-login.php HTTP/1.1" 301 2 "http://freetubegay.com/wp-login.php" "Mozilla/5.0 (Macintosh; Intel Mac OS X 11_7_2) AppleWebKit/605.1.15 (KHTML, like Gecko) Version/17.0 Safari/605.1.15"
62.60.130.228 - - [27/Jan/2026:07:57:12 -0500] "GET /wp-login.php HTTP/1.1" 200 2342 "http://freetubegay.com/wp-login.php" "Mozilla/5.0 (Macintosh; Intel Mac OS X 11_7_2) AppleWebKit/605.1.15 (KHTML, like Gecko) Version/17.0 Safari/605.1.15"
62.60.130.228 - - [27/Jan/2026:07:57:25 -0500] "POST /wp-login.php HTTP/1.1" 301 2 "http://freetubegay.com/wp-login.php" "Mozilla/5.0 (Windows NT 10.0; Win64; x64) AppleWebKit/537.36 (KHTML, like Gecko) Chrome/119.0.0.0 Safari/537.36 Edg/119.0.2151.97"
62.60.130.228 - - [27/Jan/2026:07:57:25 -0500] "GET /wp-login.php HTTP/1.1" 200 2342 "http://freetubegay.com/wp-login.php" "Mozilla/5.0 (Windows NT 10.0; Win64; x64) AppleWebKit/537.36 (KHTML, like Gecko) Chrome/119.0.0.0 Safari/537.36 Edg/119.0.2151.97"
62.60.130.228 - - [27/Jan/2026:07:57:37 -0500] "POST /wp-login.php HTTP/1.1" 301 2 "http://freetubegay.com/wp-login.php" "Mozilla/5.0 (Windows NT 11.0; Win64; x64) AppleWebKit/537.36 (KHTML, like Gecko) Chrome/121.0.6167.85 Safari/537.36"
62.60.130.228 - - [27/Jan/2026:07:57:37 -0500] "GET /wp-login.php HTTP/1.1" 200 2342 "http://freetubegay.com/wp-login.php" "Mozilla/5.0 (Windows NT 11.0; Win64; x64) AppleWebKit/537.36 (KHTML, like Gecko) Chrome/121.0.6167.85 Safari/537.36"
74.206.190.121 - - [27/Jan/2026:08:11:41 -0500] "POST /wp-cron.php?doing_wp_cron=1769519501.6429169178009033203125 HTTP/1.1" 200 2 "-" "WordPress/3.6.1; http://www.freetubegay.com"
114.119.151.209 - - [27/Jan/2026:08:11:41 -0500] "GET /index.php/gay-tube/free-tube-porn.html HTTP/1.1" 200 11928 "http://www.freetubegay.com/index.php/page/10" "Mozilla/5.0 (Linux; Android 7.0;) AppleWebKit/537.36 (KHTML, like Gecko) Mobile Safari/537.36 (compatible; PetalBot;+https://webmaster.petalsearch.com/site/petalbot)"
114.119.135.121 - - [27/Jan/2026:08:13:23 -0500] "GET /index.php/category/gay-sex-tube/page/4 HTTP/1.1" 200 56571 "http://www.freetubegay.com/index.php/category/gay-sex-tube/page/9" "Mozilla/5.0 (Linux; Android 7.0;) AppleWebKit/537.36 (KHTML, like Gecko) Mobile Safari/537.36 (compatible; PetalBot;+https://webmaster.petalsearch.com/site/petalbot)"
209.141.47.166 - - [27/Jan/2026:08:15:24 -0500] "GET /wp-login.php HTTP/1.1" 200 2342 "-" "Mozilla/5.0 (Macintosh; Intel Mac OS X 10_9_2) AppleWebKit/537.36 (KHTML, like Gecko) Chrome/36.0.1985.125 Safari/537.36"
209.141.47.166 - - [27/Jan/2026:08:15:26 -0500] "POST /wp-login.php HTTP/1.1" 200 3286 "-" "Mozilla/5.0 (Macintosh; Intel Mac OS X 10_9_2) AppleWebKit/537.36 (KHTML, like Gecko) Chrome/36.0.1985.125 Safari/537.36"
141.94.194.132 - - [27/Jan/2026:08:35:11 -0500] "GET /index.php/tag/anal-porn/feed HTTP/1.1" 200 2406 "-" "Mozilla/5.0 (X11; Linux i686) AppleWebKit/537.36 (KHTML, like Gecko) Chrome/30.0.1599.66 Safari/537.36"
141.94.194.132 - - [27/Jan/2026:08:37:10 -0500] "GET /index.php/gay-tube/gay-porn-tube-sex.html/feed HTTP/1.1" 200 1440 "-" "Mozilla/5.0 (X11; Linux i686) AppleWebKit/537.36 (KHTML, like Gecko) Chrome/30.0.1599.66 Safari/537.36"
144.91.126.77 - - [27/Jan/2026:08:51:14 -0500] "GET /wp-login.php HTTP/1.1" 301 2 "https://www.google.com/" "Mozilla/5.0 (Windows NT 10.0; Win64; x64) AppleWebKit/537.36 (KHTML, like Gecko) Chrome/120.0.0.0 Safari/537.36 Edg/120.0.2210.133"
144.91.126.77 - - [27/Jan/2026:08:51:14 -0500] "GET /wp-login.php HTTP/1.1" 200 2342 "https://www.google.com/" "Mozilla/5.0 (Windows NT 10.0; Win64; x64) AppleWebKit/537.36 (KHTML, like Gecko) Chrome/120.0.0.0 Safari/537.36 Edg/120.0.2210.133"
144.91.126.77 - - [27/Jan/2026:08:51:15 -0500] "POST /wp-login.php HTTP/1.1" 301 2 "http://freetubegay.com/wp-login.php" "Mozilla/5.0 (X11; Ubuntu; Linux x86_64; rv:118.0.2) Gecko/20100101 Firefox/118.0.2"
144.91.126.77 - - [27/Jan/2026:08:51:15 -0500] "GET /wp-login.php HTTP/1.1" 200 2342 "http://freetubegay.com/wp-login.php" "Mozilla/5.0 (X11; Ubuntu; Linux x86_64; rv:118.0.2) Gecko/20100101 Firefox/118.0.2"
144.91.126.77 - - [27/Jan/2026:08:51:27 -0500] "POST /wp-login.php HTTP/1.1" 301 2 "http://freetubegay.com/wp-login.php" "Mozilla/5.0 (Macintosh; Intel Mac OS X 13_6_1) AppleWebKit/605.1.15 (KHTML, like Gecko) Version/17.2.1 Safari/605.1.15"
144.91.126.77 - - [27/Jan/2026:08:51:27 -0500] "GET /wp-login.php HTTP/1.1" 200 2342 "http://freetubegay.com/wp-login.php" "Mozilla/5.0 (Macintosh; Intel Mac OS X 13_6_1) AppleWebKit/605.1.15 (KHTML, like Gecko) Version/17.2.1 Safari/605.1.15"
144.91.126.77 - - [27/Jan/2026:08:51:39 -0500] "POST /wp-login.php HTTP/1.1" 301 2 "http://freetubegay.com/wp-login.php" "Mozilla/5.0 (Macintosh; Intel Mac OS X 13_6_2) AppleWebKit/537.36 (KHTML, like Gecko) Chrome/121.0.6167.85 Safari/537.36"
144.91.126.77 - - [27/Jan/2026:08:51:39 -0500] "GET /wp-login.php HTTP/1.1" 200 2342 "http://freetubegay.com/wp-login.php" "Mozilla/5.0 (Macintosh; Intel Mac OS X 13_6_2) AppleWebKit/537.36 (KHTML, like Gecko) Chrome/121.0.6167.85 Safari/537.36"
144.91.126.77 - - [27/Jan/2026:08:51:51 -0500] "POST /wp-login.php HTTP/1.1" 301 2 "http://freetubegay.com/wp-login.php" "Mozilla/5.0 (Macintosh; Intel Mac OS X 13_6_2) AppleWebKit/537.36 (KHTML, like Gecko) Chrome/121.0.6167.85 Safari/537.36"
144.91.126.77 - - [27/Jan/2026:08:51:51 -0500] "GET /wp-login.php HTTP/1.1" 200 2342 "http://freetubegay.com/wp-login.php" "Mozilla/5.0 (Macintosh; Intel Mac OS X 13_6_2) AppleWebKit/537.36 (KHTML, like Gecko) Chrome/121.0.6167.85 Safari/537.36"
144.91.126.77 - - [27/Jan/2026:08:52:03 -0500] "POST /wp-login.php HTTP/1.1" 301 2 "http://freetubegay.com/wp-login.php" "Mozilla/5.0 (X11; Ubuntu; Linux x86_64) AppleWebKit/537.36 (KHTML, like Gecko) Chrome/118.0.5993.88 Safari/537.36"
144.91.126.77 - - [27/Jan/2026:08:52:03 -0500] "GET /wp-login.php HTTP/1.1" 200 2342 "http://freetubegay.com/wp-login.php" "Mozilla/5.0 (X11; Ubuntu; Linux x86_64) AppleWebKit/537.36 (KHTML, like Gecko) Chrome/118.0.5993.88 Safari/537.36"
144.91.126.77 - - [27/Jan/2026:08:52:15 -0500] "POST /wp-login.php HTTP/1.1" 301 2 "http://freetubegay.com/wp-login.php" "Mozilla/5.0 (Windows NT 10.0; Win64; x64) AppleWebKit/537.36 (KHTML, like Gecko) Chrome/119.0.6045.159 Safari/537.36"
144.91.126.77 - - [27/Jan/2026:08:52:15 -0500] "GET /wp-login.php HTTP/1.1" 200 2342 "http://freetubegay.com/wp-login.php" "Mozilla/5.0 (Windows NT 10.0; Win64; x64) AppleWebKit/537.36 (KHTML, like Gecko) Chrome/119.0.6045.159 Safari/537.36"
144.91.126.77 - - [27/Jan/2026:08:52:27 -0500] "POST /wp-login.php HTTP/1.1" 301 2 "http://freetubegay.com/wp-login.php" "Mozilla/5.0 (Macintosh; Intel Mac OS X 10.15) Gecko/20100101 Firefox/121.0"
144.91.126.77 - - [27/Jan/2026:08:52:27 -0500] "GET /wp-login.php HTTP/1.1" 200 2342 "http://freetubegay.com/wp-login.php" "Mozilla/5.0 (Macintosh; Intel Mac OS X 10.15) Gecko/20100101 Firefox/121.0"
66.249.69.139 - - [27/Jan/2026:08:52:30 -0500] "GET /robots.txt HTTP/1.1" 200 29 "-" "Mozilla/5.0 (compatible; Googlebot/2.1; +http://www.google.com/bot.html)"
66.249.69.137 - - [27/Jan/2026:08:52:30 -0500] "GET /index.php/feed HTTP/1.1" 200 11601 "-" "Mozilla/5.0 (compatible; Googlebot/2.1; +http://www.google.com/bot.html)"
144.91.126.77 - - [27/Jan/2026:08:52:38 -0500] "POST /wp-login.php HTTP/1.1" 301 2 "http://freetubegay.com/wp-login.php" "Mozilla/5.0 (X11; Ubuntu; Linux x86_64) AppleWebKit/537.36 (KHTML, like Gecko) Chrome/120.0.6099.130 Safari/537.36"
144.91.126.77 - - [27/Jan/2026:08:52:39 -0500] "GET /wp-login.php HTTP/1.1" 200 2342 "http://freetubegay.com/wp-login.php" "Mozilla/5.0 (X11; Ubuntu; Linux x86_64) AppleWebKit/537.36 (KHTML, like Gecko) Chrome/120.0.6099.130 Safari/537.36"
144.91.126.77 - - [27/Jan/2026:08:52:50 -0500] "POST /wp-login.php HTTP/1.1" 301 2 "http://freetubegay.com/wp-login.php" "Mozilla/5.0 (Windows NT 11.0; Win64; x64) AppleWebKit/537.36 (KHTML, like Gecko) Chrome/118.0.5993.88 Safari/537.36"
144.91.126.77 - - [27/Jan/2026:08:52:50 -0500] "GET /wp-login.php HTTP/1.1" 200 2342 "http://freetubegay.com/wp-login.php" "Mozilla/5.0 (Windows NT 11.0; Win64; x64) AppleWebKit/537.36 (KHTML, like Gecko) Chrome/118.0.5993.88 Safari/537.36"
144.91.126.77 - - [27/Jan/2026:08:53:02 -0500] "POST /wp-login.php HTTP/1.1" 301 2 "http://freetubegay.com/wp-login.php" "Mozilla/5.0 (X11; Linux x86_64) AppleWebKit/537.36 (KHTML, like Gecko) Chrome/121.0.6167.85 Safari/537.36"
144.91.126.77 - - [27/Jan/2026:08:53:02 -0500] "GET /wp-login.php HTTP/1.1" 200 2342 "http://freetubegay.com/wp-login.php" "Mozilla/5.0 (X11; Linux x86_64) AppleWebKit/537.36 (KHTML, like Gecko) Chrome/121.0.6167.85 Safari/537.36"
144.91.126.77 - - [27/Jan/2026:08:53:14 -0500] "POST /wp-login.php HTTP/1.1" 301 2 "http://freetubegay.com/wp-login.php" "Mozilla/5.0 (Macintosh; Intel Mac OS X 10.15) Gecko/20100101 Firefox/118.0.2"
144.91.126.77 - - [27/Jan/2026:08:53:15 -0500] "GET /wp-login.php HTTP/1.1" 200 2342 "http://freetubegay.com/wp-login.php" "Mozilla/5.0 (Macintosh; Intel Mac OS X 10.15) Gecko/20100101 Firefox/118.0.2"
144.91.126.77 - - [27/Jan/2026:08:53:26 -0500] "POST /wp-login.php HTTP/1.1" 301 2 "http://freetubegay.com/wp-login.php" "Mozilla/5.0 (Windows NT 10.0; Win64; x64) AppleWebKit/537.36 (KHTML, like Gecko) Chrome/120.0.0.0 Safari/537.36 Edg/120.0.2210.133"
144.91.126.77 - - [27/Jan/2026:08:53:27 -0500] "GET /wp-login.php HTTP/1.1" 200 2342 "http://freetubegay.com/wp-login.php" "Mozilla/5.0 (Windows NT 10.0; Win64; x64) AppleWebKit/537.36 (KHTML, like Gecko) Chrome/120.0.0.0 Safari/537.36 Edg/120.0.2210.133"
144.91.126.77 - - [27/Jan/2026:08:53:38 -0500] "POST /wp-login.php HTTP/1.1" 301 2 "http://freetubegay.com/wp-login.php" "Mozilla/5.0 (Macintosh; Intel Mac OS X 12_6_2) AppleWebKit/605.1.15 (KHTML, like Gecko) Version/16.6.1 Safari/605.1.15"
144.91.126.77 - - [27/Jan/2026:08:53:38 -0500] "GET /wp-login.php HTTP/1.1" 200 2342 "http://freetubegay.com/wp-login.php" "Mozilla/5.0 (Macintosh; Intel Mac OS X 12_6_2) AppleWebKit/605.1.15 (KHTML, like Gecko) Version/16.6.1 Safari/605.1.15"
144.91.126.77 - - [27/Jan/2026:08:53:50 -0500] "POST /wp-login.php HTTP/1.1" 301 2 "http://freetubegay.com/wp-login.php" "Mozilla/5.0 (Macintosh; Intel Mac OS X 10.15) Gecko/20100101 Firefox/118.0.2"
144.91.126.77 - - [27/Jan/2026:08:53:50 -0500] "GET /wp-login.php HTTP/1.1" 200 2342 "http://freetubegay.com/wp-login.php" "Mozilla/5.0 (Macintosh; Intel Mac OS X 10.15) Gecko/20100101 Firefox/118.0.2"
144.91.126.77 - - [27/Jan/2026:08:54:02 -0500] "POST /wp-login.php HTTP/1.1" 301 2 "http://freetubegay.com/wp-login.php" "Mozilla/5.0 (Windows NT 10.0; Win64; x64) AppleWebKit/537.36 (KHTML, like Gecko) Chrome/119.0.6045.159 Safari/537.36"
144.91.126.77 - - [27/Jan/2026:08:54:02 -0500] "GET /wp-login.php HTTP/1.1" 200 2342 "http://freetubegay.com/wp-login.php" "Mozilla/5.0 (Windows NT 10.0; Win64; x64) AppleWebKit/537.36 (KHTML, like Gecko) Chrome/119.0.6045.159 Safari/537.36"
144.91.126.77 - - [27/Jan/2026:08:54:14 -0500] "POST /wp-login.php HTTP/1.1" 301 2 "http://freetubegay.com/wp-login.php" "Mozilla/5.0 (Windows NT 11.0; Win64; x64) AppleWebKit/537.36 (KHTML, like Gecko) Chrome/122.0.6261.57 Safari/537.36"
144.91.126.77 - - [27/Jan/2026:08:54:14 -0500] "GET /wp-login.php HTTP/1.1" 200 2342 "http://freetubegay.com/wp-login.php" "Mozilla/5.0 (Windows NT 11.0; Win64; x64) AppleWebKit/537.36 (KHTML, like Gecko) Chrome/122.0.6261.57 Safari/537.36"
144.91.126.77 - - [27/Jan/2026:08:54:26 -0500] "POST /wp-login.php HTTP/1.1" 301 2 "http://freetubegay.com/wp-login.php" "Mozilla/5.0 (Windows NT 11.0; Win64; x64) AppleWebKit/537.36 (KHTML, like Gecko) Chrome/120.0.6099.130 Safari/537.36"
144.91.126.77 - - [27/Jan/2026:08:54:26 -0500] "GET /wp-login.php HTTP/1.1" 200 2342 "http://freetubegay.com/wp-login.php" "Mozilla/5.0 (Windows NT 11.0; Win64; x64) AppleWebKit/537.36 (KHTML, like Gecko) Chrome/120.0.6099.130 Safari/537.36"
144.91.126.77 - - [27/Jan/2026:08:54:38 -0500] "POST /wp-login.php HTTP/1.1" 301 2 "http://freetubegay.com/wp-login.php" "Mozilla/5.0 (Windows NT 10.0; Win64; x64) Gecko/20100101 Firefox/121.0"
144.91.126.77 - - [27/Jan/2026:08:54:38 -0500] "GET /wp-login.php HTTP/1.1" 200 2342 "http://freetubegay.com/wp-login.php" "Mozilla/5.0 (Windows NT 10.0; Win64; x64) Gecko/20100101 Firefox/121.0"
144.91.126.77 - - [27/Jan/2026:08:54:50 -0500] "POST /wp-login.php HTTP/1.1" 301 2 "http://freetubegay.com/wp-login.php" "Mozilla/5.0 (Windows NT 10.0; Win64; x64) AppleWebKit/537.36 (KHTML, like Gecko) Chrome/119.0.6045.159 Safari/537.36"
144.91.126.77 - - [27/Jan/2026:08:54:50 -0500] "GET /wp-login.php HTTP/1.1" 200 2342 "http://freetubegay.com/wp-login.php" "Mozilla/5.0 (Windows NT 10.0; Win64; x64) AppleWebKit/537.36 (KHTML, like Gecko) Chrome/119.0.6045.159 Safari/537.36"
144.91.126.77 - - [27/Jan/2026:08:55:01 -0500] "POST /wp-login.php HTTP/1.1" 301 2 "http://freetubegay.com/wp-login.php" "Mozilla/5.0 (X11; Ubuntu; Linux x86_64) AppleWebKit/537.36 (KHTML, like Gecko) Chrome/120.0.6099.130 Safari/537.36"
144.91.126.77 - - [27/Jan/2026:08:55:02 -0500] "GET /wp-login.php HTTP/1.1" 200 2342 "http://freetubegay.com/wp-login.php" "Mozilla/5.0 (X11; Ubuntu; Linux x86_64) AppleWebKit/537.36 (KHTML, like Gecko) Chrome/120.0.6099.130 Safari/537.36"
144.91.126.77 - - [27/Jan/2026:08:55:13 -0500] "POST /wp-login.php HTTP/1.1" 301 2 "http://freetubegay.com/wp-login.php" "Mozilla/5.0 (Windows NT 10.0; Win64; x64) Gecko/20100101 Firefox/122.0"
144.91.126.77 - - [27/Jan/2026:08:55:14 -0500] "GET /wp-login.php HTTP/1.1" 200 2342 "http://freetubegay.com/wp-login.php" "Mozilla/5.0 (Windows NT 10.0; Win64; x64) Gecko/20100101 Firefox/122.0"
144.91.126.77 - - [27/Jan/2026:08:55:25 -0500] "POST /wp-login.php HTTP/1.1" 301 2 "http://freetubegay.com/wp-login.php" "Mozilla/5.0 (Windows NT 10.0; Win64; x64) AppleWebKit/537.36 (KHTML, like Gecko) Chrome/121.0.0.0 Safari/537.36 Edg/121.0.2277.83"
144.91.126.77 - - [27/Jan/2026:08:55:26 -0500] "GET /wp-login.php HTTP/1.1" 200 2342 "http://freetubegay.com/wp-login.php" "Mozilla/5.0 (Windows NT 10.0; Win64; x64) AppleWebKit/537.36 (KHTML, like Gecko) Chrome/121.0.0.0 Safari/537.36 Edg/121.0.2277.83"
144.91.126.77 - - [27/Jan/2026:08:55:37 -0500] "POST /wp-login.php HTTP/1.1" 301 2 "http://freetubegay.com/wp-login.php" "Mozilla/5.0 (X11; Ubuntu; Linux x86_64) AppleWebKit/537.36 (KHTML, like Gecko) Chrome/121.0.6167.85 Safari/537.36"
144.91.126.77 - - [27/Jan/2026:08:55:38 -0500] "GET /wp-login.php HTTP/1.1" 200 2342 "http://freetubegay.com/wp-login.php" "Mozilla/5.0 (X11; Ubuntu; Linux x86_64) AppleWebKit/537.36 (KHTML, like Gecko) Chrome/121.0.6167.85 Safari/537.36"
144.91.126.77 - - [27/Jan/2026:08:55:49 -0500] "POST /wp-login.php HTTP/1.1" 301 2 "http://freetubegay.com/wp-login.php" "Mozilla/5.0 (Macintosh; Intel Mac OS X 11_7_2) AppleWebKit/605.1.15 (KHTML, like Gecko) Version/17.1 Safari/605.1.15"
144.91.126.77 - - [27/Jan/2026:08:55:50 -0500] "GET /wp-login.php HTTP/1.1" 200 2342 "http://freetubegay.com/wp-login.php" "Mozilla/5.0 (Macintosh; Intel Mac OS X 11_7_2) AppleWebKit/605.1.15 (KHTML, like Gecko) Version/17.1 Safari/605.1.15"
144.91.126.77 - - [27/Jan/2026:08:56:01 -0500] "POST /wp-login.php HTTP/1.1" 301 2 "http://freetubegay.com/wp-login.php" "Mozilla/5.0 (X11; Linux x86_64) AppleWebKit/537.36 (KHTML, like Gecko) Chrome/120.0.6099.130 Safari/537.36"
144.91.126.77 - - [27/Jan/2026:08:56:02 -0500] "GET /wp-login.php HTTP/1.1" 200 2342 "http://freetubegay.com/wp-login.php" "Mozilla/5.0 (X11; Linux x86_64) AppleWebKit/537.36 (KHTML, like Gecko) Chrome/120.0.6099.130 Safari/537.36"
144.91.126.77 - - [27/Jan/2026:08:56:13 -0500] "POST /wp-login.php HTTP/1.1" 301 2 "http://freetubegay.com/wp-login.php" "Mozilla/5.0 (Macintosh; Intel Mac OS X 13_6_2) AppleWebKit/537.36 (KHTML, like Gecko) Chrome/118.0.5993.88 Safari/537.36"
144.91.126.77 - - [27/Jan/2026:08:56:14 -0500] "GET /wp-login.php HTTP/1.1" 200 2342 "http://freetubegay.com/wp-login.php" "Mozilla/5.0 (Macintosh; Intel Mac OS X 13_6_2) AppleWebKit/537.36 (KHTML, like Gecko) Chrome/118.0.5993.88 Safari/537.36"
144.91.126.77 - - [27/Jan/2026:08:56:25 -0500] "POST /wp-login.php HTTP/1.1" 301 2 "http://freetubegay.com/wp-login.php" "Mozilla/5.0 (X11; Linux x86_64) Gecko/20100101 Firefox/120.0.1"
144.91.126.77 - - [27/Jan/2026:08:56:26 -0500] "GET /wp-login.php HTTP/1.1" 200 2342 "http://freetubegay.com/wp-login.php" "Mozilla/5.0 (X11; Linux x86_64) Gecko/20100101 Firefox/120.0.1"
144.91.126.77 - - [27/Jan/2026:08:56:37 -0500] "POST /wp-login.php HTTP/1.1" 301 2 "http://freetubegay.com/wp-login.php" "Mozilla/5.0 (Windows NT 10.0; Win64; x64) AppleWebKit/537.36 (KHTML, like Gecko) Chrome/119.0.0.0 Safari/537.36 Edg/119.0.2151.97"
144.91.126.77 - - [27/Jan/2026:08:56:37 -0500] "GET /wp-login.php HTTP/1.1" 200 2342 "http://freetubegay.com/wp-login.php" "Mozilla/5.0 (Windows NT 10.0; Win64; x64) AppleWebKit/537.36 (KHTML, like Gecko) Chrome/119.0.0.0 Safari/537.36 Edg/119.0.2151.97"
144.91.126.77 - - [27/Jan/2026:08:56:49 -0500] "POST /wp-login.php HTTP/1.1" 301 2 "http://freetubegay.com/wp-login.php" "Mozilla/5.0 (Windows NT 10.0; Win64; x64) Gecko/20100101 Firefox/120.0.1"
144.91.126.77 - - [27/Jan/2026:08:56:49 -0500] "GET /wp-login.php HTTP/1.1" 200 2342 "http://freetubegay.com/wp-login.php" "Mozilla/5.0 (Windows NT 10.0; Win64; x64) Gecko/20100101 Firefox/120.0.1"
144.91.126.77 - - [27/Jan/2026:08:57:01 -0500] "POST /wp-login.php HTTP/1.1" 301 2 "http://freetubegay.com/wp-login.php" "Mozilla/5.0 (Macintosh; Intel Mac OS X 13_6_1) AppleWebKit/605.1.15 (KHTML, like Gecko) Version/17.2.1 Safari/605.1.15"
144.91.126.77 - - [27/Jan/2026:08:57:01 -0500] "GET /wp-login.php HTTP/1.1" 200 2342 "http://freetubegay.com/wp-login.php" "Mozilla/5.0 (Macintosh; Intel Mac OS X 13_6_1) AppleWebKit/605.1.15 (KHTML, like Gecko) Version/17.2.1 Safari/605.1.15"
144.91.126.77 - - [27/Jan/2026:08:57:13 -0500] "POST /wp-login.php HTTP/1.1" 301 2 "http://freetubegay.com/wp-login.php" "Mozilla/5.0 (X11; Ubuntu; Linux x86_64) AppleWebKit/537.36 (KHTML, like Gecko) Chrome/119.0.6045.159 Safari/537.36"
144.91.126.77 - - [27/Jan/2026:08:57:13 -0500] "GET /wp-login.php HTTP/1.1" 200 2342 "http://freetubegay.com/wp-login.php" "Mozilla/5.0 (X11; Ubuntu; Linux x86_64) AppleWebKit/537.36 (KHTML, like Gecko) Chrome/119.0.6045.159 Safari/537.36"
144.91.126.77 - - [27/Jan/2026:08:57:24 -0500] "POST /wp-login.php HTTP/1.1" 301 2 "http://freetubegay.com/wp-login.php" "Mozilla/5.0 (Windows NT 11.0; Win64; x64) AppleWebKit/537.36 (KHTML, like Gecko) Chrome/121.0.6167.85 Safari/537.36"
144.91.126.77 - - [27/Jan/2026:08:57:25 -0500] "GET /wp-login.php HTTP/1.1" 200 2342 "http://freetubegay.com/wp-login.php" "Mozilla/5.0 (Windows NT 11.0; Win64; x64) AppleWebKit/537.36 (KHTML, like Gecko) Chrome/121.0.6167.85 Safari/537.36"
144.91.126.77 - - [27/Jan/2026:08:57:36 -0500] "POST /wp-login.php HTTP/1.1" 301 2 "http://freetubegay.com/wp-login.php" "Mozilla/5.0 (X11; Ubuntu; Linux x86_64; rv:119.0.1) Gecko/20100101 Firefox/119.0.1"
144.91.126.77 - - [27/Jan/2026:08:57:37 -0500] "GET /wp-login.php HTTP/1.1" 200 2342 "http://freetubegay.com/wp-login.php" "Mozilla/5.0 (X11; Ubuntu; Linux x86_64; rv:119.0.1) Gecko/20100101 Firefox/119.0.1"
144.91.126.77 - - [27/Jan/2026:08:57:48 -0500] "POST /wp-login.php HTTP/1.1" 301 2 "http://freetubegay.com/wp-login.php" "Mozilla/5.0 (Windows NT 10.0; Win64; x64) AppleWebKit/537.36 (KHTML, like Gecko) Chrome/121.0.0.0 Safari/537.36 Edg/121.0.2277.83"
144.91.126.77 - - [27/Jan/2026:08:57:48 -0500] "GET /wp-login.php HTTP/1.1" 200 2342 "http://freetubegay.com/wp-login.php" "Mozilla/5.0 (Windows NT 10.0; Win64; x64) AppleWebKit/537.36 (KHTML, like Gecko) Chrome/121.0.0.0 Safari/537.36 Edg/121.0.2277.83"
144.91.126.77 - - [27/Jan/2026:08:58:00 -0500] "POST /wp-login.php HTTP/1.1" 301 2 "http://freetubegay.com/wp-login.php" "Mozilla/5.0 (Windows NT 10.0; Win64; x64) Gecko/20100101 Firefox/119.0.1"
144.91.126.77 - - [27/Jan/2026:08:58:00 -0500] "GET /wp-login.php HTTP/1.1" 200 2342 "http://freetubegay.com/wp-login.php" "Mozilla/5.0 (Windows NT 10.0; Win64; x64) Gecko/20100101 Firefox/119.0.1"
144.91.126.77 - - [27/Jan/2026:08:58:12 -0500] "POST /wp-login.php HTTP/1.1" 301 2 "http://freetubegay.com/wp-login.php" "Mozilla/5.0 (Windows NT 11.0; Win64; x64) AppleWebKit/537.36 (KHTML, like Gecko) Chrome/120.0.6099.130 Safari/537.36"
144.91.126.77 - - [27/Jan/2026:08:58:12 -0500] "GET /wp-login.php HTTP/1.1" 200 2342 "http://freetubegay.com/wp-login.php" "Mozilla/5.0 (Windows NT 11.0; Win64; x64) AppleWebKit/537.36 (KHTML, like Gecko) Chrome/120.0.6099.130 Safari/537.36"
74.206.190.121 - - [27/Jan/2026:09:20:20 -0500] "POST /wp-cron.php?doing_wp_cron=1769523620.7678658962249755859375 HTTP/1.1" 200 2 "-" "WordPress/3.6.1; http://www.freetubegay.com"
141.94.194.132 - - [27/Jan/2026:09:20:19 -0500] "GET /index.php/gay-tube/gay-lube-tube.html/feed HTTP/1.1" 200 1275 "-" "Mozilla/5.0 (X11; Linux i686) AppleWebKit/537.36 (KHTML, like Gecko) Chrome/30.0.1599.66 Safari/537.36"
83.217.208.0 - - [27/Jan/2026:09:21:26 -0500] "GET /wp-login.php HTTP/1.1" 200 2342 "-" "Mozilla/5.0 (iPhone; CPU iPhone OS 16_0 like Mac OS X)"
83.217.208.0 - - [27/Jan/2026:09:21:27 -0500] "POST /wp-login.php HTTP/1.1" 200 3286 "-" "Mozilla/5.0 (iPhone; CPU iPhone OS 16_0 like Mac OS X)"
141.94.194.132 - - [27/Jan/2026:09:38:54 -0500] "GET /index.php/tag/barebacked/feed HTTP/1.1" 200 3039 "-" "Mozilla/5.0 (X11; Linux i686) AppleWebKit/537.36 (KHTML, like Gecko) Chrome/30.0.1599.66 Safari/537.36"
51.68.111.202 - - [27/Jan/2026:09:39:05 -0500] "GET /robots.txt HTTP/1.1" 302 279 "-" "Mozilla/5.0 (compatible; MJ12bot/v2.0.4; http://mj12bot.com/)"
51.68.111.202 - - [27/Jan/2026:09:39:05 -0500] "GET / HTTP/1.1" 302 279 "-" "Mozilla/5.0 (compatible; MJ12bot/v2.0.4; http://mj12bot.com/)"
43.133.253.253 - - [27/Jan/2026:09:42:51 -0500] "GET / HTTP/1.1" 301 2 "-" "Mozilla/5.0 (iPhone; CPU iPhone OS 13_2_3 like Mac OS X) AppleWebKit/605.1.15 (KHTML, like Gecko) Version/13.0.3 Mobile/15E148 Safari/604.1"
43.133.253.253 - - [27/Jan/2026:09:42:52 -0500] "GET / HTTP/1.1" 200 56288 "http://freetubegay.com" "Mozilla/5.0 (iPhone; CPU iPhone OS 13_2_3 like Mac OS X) AppleWebKit/605.1.15 (KHTML, like Gecko) Version/13.0.3 Mobile/15E148 Safari/604.1"
141.94.194.132 - - [27/Jan/2026:09:47:23 -0500] "GET /index.php/gay-sex-tube/free-cum-tube-2.html/feed HTTP/1.1" 200 1611 "-" "Mozilla/5.0 (X11; Linux i686) AppleWebKit/537.36 (KHTML, like Gecko) Chrome/30.0.1599.66 Safari/537.36"
141.94.194.132 - - [27/Jan/2026:09:53:12 -0500] "GET /index.php/gay-tube/gay-tube-men.html/feed HTTP/1.1" 200 1429 "-" "Mozilla/5.0 (X11; Linux i686) AppleWebKit/537.36 (KHTML, like Gecko) Chrome/30.0.1599.66 Safari/537.36"
66.249.69.139 - - [27/Jan/2026:09:56:21 -0500] "GET /index.php/feed HTTP/1.1" 200 11601 "-" "Mozilla/5.0 (compatible; Googlebot/2.1; +http://www.google.com/bot.html)"
141.94.194.132 - - [27/Jan/2026:09:58:11 -0500] "GET /index.php/gay-sex-tube/rawpapi-tube.html/feed HTTP/1.1" 200 1330 "-" "Mozilla/5.0 (X11; Linux i686) AppleWebKit/537.36 (KHTML, like Gecko) Chrome/30.0.1599.66 Safari/537.36"
141.94.194.132 - - [27/Jan/2026:10:01:35 -0500] "GET /index.php/category/gay-sex-tube/feed HTTP/1.1" 200 11643 "-" "Mozilla/5.0 (X11; Linux i686) AppleWebKit/537.36 (KHTML, like Gecko) Chrome/30.0.1599.66 Safari/537.36"
51.68.111.203 - - [27/Jan/2026:10:05:08 -0500] "GET /robots.txt HTTP/1.1" 302 275 "-" "Mozilla/5.0 (compatible; MJ12bot/v2.0.4; http://mj12bot.com/)"
51.68.111.203 - - [27/Jan/2026:10:05:08 -0500] "GET / HTTP/1.1" 302 275 "-" "Mozilla/5.0 (compatible; MJ12bot/v2.0.4; http://mj12bot.com/)"
141.94.194.132 - - [27/Jan/2026:10:05:28 -0500] "GET /index.php/tag/raw-papi/feed HTTP/1.1" 200 12547 "-" "Mozilla/5.0 (X11; Linux i686) AppleWebKit/537.36 (KHTML, like Gecko) Chrome/30.0.1599.66 Safari/537.36"
74.206.190.121 - - [27/Jan/2026:10:09:20 -0500] "POST /wp-cron.php?doing_wp_cron=1769526560.6703031063079833984375 HTTP/1.1" 200 2 "-" "WordPress/3.6.1; http://www.freetubegay.com"
141.94.194.132 - - [27/Jan/2026:10:09:20 -0500] "GET /index.php/gay-sex-tube/gay-cum-swallow-2.html/feed HTTP/1.1" 200 1294 "-" "Mozilla/5.0 (X11; Linux i686) AppleWebKit/537.36 (KHTML, like Gecko) Chrome/30.0.1599.66 Safari/537.36"
43.159.128.155 - - [27/Jan/2026:10:12:56 -0500] "GET / HTTP/1.1" 200 56288 "-" "Mozilla/5.0 (iPhone; CPU iPhone OS 13_2_3 like Mac OS X) AppleWebKit/605.1.15 (KHTML, like Gecko) Version/13.0.3 Mobile/15E148 Safari/604.1"
