141.94.194.132 - - [27/Jan/2026:10:51:54 -0500] "GET /index.php/gay-sex-tube/gay-tube-free.html/feed HTTP/1.1" 200 834 "-" "Mozilla/5.0 (X11; Linux i686) AppleWebKit/537.36 (KHTML, like Gecko) Chrome/30.0.1599.66 Safari/537.36"
66.249.69.138 - - [27/Jan/2026:10:53:56 -0500] "GET /index.php/feed HTTP/1.1" 200 11601 "-" "Mozilla/5.0 (compatible; Googlebot/2.1; +http://www.google.com/bot.html)"
193.235.23.84 - - [27/Jan/2026:11:09:45 -0500] "GET / HTTP/1.1" 301 2 "-" "Mozilla/5.0 (Android 14; Mobile; rv:123.0) Gecko/123.0 Firefox/123"
74.206.190.121 - - [27/Jan/2026:11:09:46 -0500] "POST /wp-cron.php?doing_wp_cron=1769530186.3483688831329345703125 HTTP/1.1" 200 2 "-" "WordPress/3.6.1; http://www.freetubegay.com"
80.248.238.64 - - [27/Jan/2026:11:09:46 -0500] "GET / HTTP/1.1" 200 56288 "http://freetubegay.com/" "Mozilla/5.0 (Android 14; Mobile; rv:123.0) Gecko/123.0 Firefox/123"
193.183.82.131 - - [27/Jan/2026:11:09:47 -0500] "GET /index.php/gay-sex-tube/free-videos-bareback-gay.html HTTP/1.1" 200 11982 "-" "Mozilla/5.0 (Android 14; Mobile; rv:123.0) Gecko/123.0 Firefox/123"
194.103.139.33 - - [27/Jan/2026:11:09:48 -0500] "GET /index.php/gay-sex-tube/free-sex-gay-bareback.html HTTP/1.1" 200 11781 "-" "Mozilla/5.0 (Android 14; Mobile; rv:123.0) Gecko/123.0 Firefox/123"
146.247.228.98 - - [27/Jan/2026:11:09:49 -0500] "GET /index.php/gay-sex-tube/pornotubegay-bareback.html HTTP/1.1" 200 11803 "-" "Mozilla/5.0 (Android 14; Mobile; rv:123.0) Gecko/123.0 Firefox/123"
141.94.194.132 - - [27/Jan/2026:11:15:12 -0500] "GET /index.php/tag/anal-porn/feed HTTP/1.1" 200 2406 "-" "Mozilla/5.0 (X11; Linux i686) AppleWebKit/537.36 (KHTML, like Gecko) Chrome/30.0.1599.66 Safari/537.36"
74.206.190.121 - - [27/Jan/2026:11:51:14 -0500] "POST /wp-cron.php?doing_wp_cron=1769532674.4786770343780517578125 HTTP/1.1" 200 2 "-" "WordPress/3.6.1; http://www.freetubegay.com"
66.249.69.137 - - [27/Jan/2026:11:51:14 -0500] "GET /index.php/feed HTTP/1.1" 200 11601 "-" "Mozilla/5.0 (compatible; Googlebot/2.1; +http://www.google.com/bot.html)"
40.83.96.65 - - [27/Jan/2026:12:17:21 -0500] "GET //wp-content/plugins/fix/up.php HTTP/1.1" 302 275 "-" "Mozilla/5.0 (Windows NT 10.0; Win64; x64) AppleWebKit/537.36 (KHTML, like Gecko) Chrome/85.0.4183.102 Safari/537.36"
74.206.190.121 - - [27/Jan/2026:12:18:19 -0500] "POST /wp-cron.php?doing_wp_cron=1769534299.9809370040893554687500 HTTP/1.1" 200 2 "-" "WordPress/3.6.1; http://www.freetubegay.com"
141.94.194.132 - - [27/Jan/2026:12:18:19 -0500] "GET /index.php/gay-sex-tube/free-gay-tube-2.html/feed HTTP/1.1" 200 838 "-" "Mozilla/5.0 (X11; Linux i686) AppleWebKit/537.36 (KHTML, like Gecko) Chrome/30.0.1599.66 Safari/537.36"
141.94.194.132 - - [27/Jan/2026:12:21:16 -0500] "GET /index.php/tag/8-tube/feed HTTP/1.1" 200 2048 "-" "Mozilla/5.0 (X11; Linux i686) AppleWebKit/537.36 (KHTML, like Gecko) Chrome/30.0.1599.66 Safari/537.36"
104.244.74.96 - - [27/Jan/2026:12:41:57 -0500] "GET /wp-login.php HTTP/1.1" 200 2342 "-" "Mozilla/5.0 (Windows NT 6.1; WOW64) AppleWebKit/537.36 (KHTML, like Gecko) Chrome/35.0.1916.153 Safari/537.36"
104.244.74.96 - - [27/Jan/2026:12:41:58 -0500] "POST /wp-login.php HTTP/1.1" 200 3304 "-" "Mozilla/5.0 (Windows NT 6.1; WOW64) AppleWebKit/537.36 (KHTML, like Gecko) Chrome/35.0.1916.153 Safari/537.36"
141.94.194.132 - - [27/Jan/2026:12:43:35 -0500] "GET /index.php/category/gay-sex-tube/feed HTTP/1.1" 200 11643 "-" "Mozilla/5.0 (X11; Linux i686) AppleWebKit/537.36 (KHTML, like Gecko) Chrome/30.0.1599.66 Safari/537.36"
141.94.194.132 - - [27/Jan/2026:12:44:26 -0500] "GET /index.php/gay-sex-tube/gay-tube-ass.html/feed HTTP/1.1" 200 831 "-" "Mozilla/5.0 (X11; Linux i686) AppleWebKit/537.36 (KHTML, like Gecko) Chrome/30.0.1599.66 Safari/537.36"
66.249.75.6 - - [27/Jan/2026:12:45:26 -0500] "GET /index.php/feed HTTP/1.1" 200 11601 "-" "Mozilla/5.0 (compatible; Googlebot/2.1; +http://www.google.com/bot.html)"
141.94.194.132 - - [27/Jan/2026:13:04:54 -0500] "GET /index.php/tag/barebacked/feed HTTP/1.1" 200 3039 "-" "Mozilla/5.0 (X11; Linux i686) AppleWebKit/537.36 (KHTML, like Gecko) Chrome/30.0.1599.66 Safari/537.36"
74.206.190.121 - - [27/Jan/2026:13:16:12 -0500] "POST /wp-cron.php?doing_wp_cron=1769537772.7704570293426513671875 HTTP/1.1" 200 2 "-" "WordPress/3.6.1; http://www.freetubegay.com"
141.94.194.132 - - [27/Jan/2026:13:16:12 -0500] "GET /index.php/gay-sex-tube/rawpapi-tube.html/feed HTTP/1.1" 200 1330 "-" "Mozilla/5.0 (X11; Linux i686) AppleWebKit/537.36 (KHTML, like Gecko) Chrome/30.0.1599.66 Safari/537.36"
141.94.194.132 - - [27/Jan/2026:13:16:21 -0500] "GET /index.php/gay-sex-tube/gay-cum-swallow-2.html/feed HTTP/1.1" 200 1294 "-" "Mozilla/5.0 (X11; Linux i686) AppleWebKit/537.36 (KHTML, like Gecko) Chrome/30.0.1599.66 Safari/537.36"
66.249.75.7 - - [27/Jan/2026:13:37:19 -0500] "GET /index.php/feed HTTP/1.1" 200 11601 "-" "Mozilla/5.0 (compatible; Googlebot/2.1; +http://www.google.com/bot.html)"
45.61.184.139 - - [27/Jan/2026:13:41:08 -0500] "GET /wp-login.php HTTP/1.1" 200 2342 "-" "Mozilla/5.0 (Windows NT 6.1; rv:31.0) Gecko/20100101 Firefox/31.0"
45.61.184.139 - - [27/Jan/2026:13:41:10 -0500] "POST /wp-login.php HTTP/1.1" 200 3286 "-" "Mozilla/5.0 (Windows NT 6.1; rv:31.0) Gecko/20100101 Firefox/31.0"
141.94.194.132 - - [27/Jan/2026:13:45:13 -0500] "GET /index.php/tag/anal-porn/feed HTTP/1.1" 200 2406 "-" "Mozilla/5.0 (X11; Linux i686) AppleWebKit/537.36 (KHTML, like Gecko) Chrome/30.0.1599.66 Safari/537.36"
164.68.99.221 - - [27/Jan/2026:13:49:49 -0500] "GET /wp-admin/css/ HTTP/1.1" 302 275 "binance.com" "Mozilla/5.0 (Windows NT 10.0; Win64; x64) AppleWebKit/537.36 (KHTML, like Gecko) Chrome/90.0.4430.85 Safari/537.36"
74.206.190.121 - - [27/Jan/2026:14:37:49 -0500] "POST /wp-cron.php?doing_wp_cron=1769542669.9208710193634033203125 HTTP/1.1" 200 2 "-" "WordPress/3.6.1; http://www.freetubegay.com"
114.119.158.251 - - [27/Jan/2026:14:37:49 -0500] "GET /index.php/gay-sex-tube/gay-free-amateur-porn-tube-video-x.html HTTP/1.1" 200 11853 "http://www.freetubegay.com/index.php/page/4" "Mozilla/5.0 (Linux; Android 7.0;) AppleWebKit/537.36 (KHTML, like Gecko) Mobile Safari/537.36 (compatible; PetalBot;+https://webmaster.petalsearch.com/site/petalbot)"
141.94.194.132 - - [27/Jan/2026:14:41:02 -0500] "GET /index.php/gay-tube/gaytube-porn.html/feed HTTP/1.1" 200 823 "-" "Mozilla/5.0 (X11; Linux i686) AppleWebKit/537.36 (KHTML, like Gecko) Chrome/30.0.1599.66 Safari/537.36"
66.249.75.8 - - [27/Jan/2026:14:45:56 -0500] "GET /index.php/feed HTTP/1.1" 200 11601 "-" "Mozilla/5.0 (compatible; Googlebot/2.1; +http://www.google.com/bot.html)"
104.244.74.96 - - [27/Jan/2026:14:50:26 -0500] "GET /wp-login.php HTTP/1.1" 200 2450 "-" "Mozilla/5.0 (iPhone; CPU iPhone OS 7_1_2 like Mac OS X) AppleWebKit/537.51.1 (KHTML, like Gecko) GSA/4.1.0.31802 Mobile/11D257 Safari/9537.53"
104.244.74.96 - - [27/Jan/2026:14:50:26 -0500] "POST /wp-login.php HTTP/1.1" 200 2731 "-" "Mozilla/5.0 (iPhone; CPU iPhone OS 7_1_2 like Mac OS X) AppleWebKit/537.51.1 (KHTML, like Gecko) GSA/4.1.0.31802 Mobile/11D257 Safari/9537.53"
46.246.8.122 - - [27/Jan/2026:14:52:41 -0500] "GET / HTTP/1.1" 301 2 "http://freetubegay.com/" "Mozilla/5.0 (Windows NT 6.1) AppleWebKit/537.36 (KHTML, like Gecko) Chrome/103.0.5060.114 Safari/537.36"
46.246.8.122 - - [27/Jan/2026:14:52:41 -0500] "GET / HTTP/1.1" 200 56288 "http://www.freetubegay.com/" "Mozilla/5.0 (Windows NT 6.1) AppleWebKit/537.36 (KHTML, like Gecko) Chrome/103.0.5060.114 Safari/537.36"
141.94.194.132 - - [27/Jan/2026:14:56:19 -0500] "GET /index.php/gay-sex-tube/sperm-tube.html/feed HTTP/1.1" 200 7787 "-" "Mozilla/5.0 (X11; Linux i686) AppleWebKit/537.36 (KHTML, like Gecko) Chrome/30.0.1599.66 Safari/537.36"
141.94.194.132 - - [27/Jan/2026:15:00:02 -0500] "GET /index.php/gay-sex-tube/gay-tube-full-length-free-videos-2.html/feed HTTP/1.1" 200 895 "-" "Mozilla/5.0 (X11; Linux i686) AppleWebKit/537.36 (KHTML, like Gecko) Chrome/30.0.1599.66 Safari/537.36"
74.206.190.121 - - [27/Jan/2026:15:11:28 -0500] "POST /wp-cron.php?doing_wp_cron=1769544688.6259839534759521484375 HTTP/1.1" 200 2 "-" "WordPress/3.6.1; http://www.freetubegay.com"
114.119.151.209 - - [27/Jan/2026:15:11:28 -0500] "GET /index.php/gay-sex-tube/gay-sex-tubes.html HTTP/1.1" 200 11741 "http://www.freetubegay.com/index.php/category/gay-sex-tube/page/2" "Mozilla/5.0 (Linux; Android 7.0;) AppleWebKit/537.36 (KHTML, like Gecko) Mobile Safari/537.36 (compatible; PetalBot;+https://webmaster.petalsearch.com/site/petalbot)"
110.249.201.115 - - [27/Jan/2026:15:18:12 -0500] "GET /robots.txt HTTP/1.1" 200 29 "-" "Mozilla/5.0 (Linux; Android 5.0) AppleWebKit/537.36 (KHTML, like Gecko) Mobile Safari/537.36 (compatible; Bytespider; https://zhanzhang.toutiao.com/)"
43.153.12.58 - - [27/Jan/2026:15:39:50 -0500] "GET / HTTP/1.1" 301 2 "-" "Mozilla/5.0 (iPhone; CPU iPhone OS 13_2_3 like Mac OS X) AppleWebKit/605.1.15 (KHTML, like Gecko) Version/13.0.3 Mobile/15E148 Safari/604.1"
43.153.12.58 - - [27/Jan/2026:15:39:51 -0500] "GET / HTTP/1.1" 200 56288 "http://freetubegay.com" "Mozilla/5.0 (iPhone; CPU iPhone OS 13_2_3 like Mac OS X) AppleWebKit/605.1.15 (KHTML, like Gecko) Version/13.0.3 Mobile/15E148 Safari/604.1"
66.249.75.8 - - [27/Jan/2026:15:40:20 -0500] "GET /index.php/feed HTTP/1.1" 200 11601 "-" "Mozilla/5.0 (compatible; Googlebot/2.1; +http://www.google.com/bot.html)"
114.119.132.52 - - [27/Jan/2026:15:49:02 -0500] "GET /index.php/gay-sex-tube/gaytube-porn-2.html HTTP/1.1" 200 11971 "http://www.freetubegay.com/index.php/page/10" "Mozilla/5.0 (Linux; Android 7.0;) AppleWebKit/537.36 (KHTML, like Gecko) Mobile Safari/537.36 (compatible; PetalBot;+https://webmaster.petalsearch.com/site/petalbot)"
141.94.194.132 - - [27/Jan/2026:15:52:36 -0500] "GET /index.php/category/gay-sex-tube/feed HTTP/1.1" 200 11643 "-" "Mozilla/5.0 (X11; Linux i686) AppleWebKit/537.36 (KHTML, like Gecko) Chrome/30.0.1599.66 Safari/537.36"
141.94.194.132 - - [27/Jan/2026:15:58:13 -0500] "GET /index.php/gay-sex-tube/rawpapi-tube.html/feed HTTP/1.1" 200 1330 "-" "Mozilla/5.0 (X11; Linux i686) AppleWebKit/537.36 (KHTML, like Gecko) Chrome/30.0.1599.66 Safari/537.36"
141.94.194.132 - - [27/Jan/2026:15:58:55 -0500] "GET /index.php/tag/barebacked/feed HTTP/1.1" 200 3039 "-" "Mozilla/5.0 (X11; Linux i686) AppleWebKit/537.36 (KHTML, like Gecko) Chrome/30.0.1599.66 Safari/537.36"
74.206.190.121 - - [27/Jan/2026:16:09:30 -0500] "POST /wp-cron.php?doing_wp_cron=1769548170.6874539852142333984375 HTTP/1.1" 200 2 "-" "WordPress/3.6.1; http://www.freetubegay.com"
43.153.49.151 - - [27/Jan/2026:16:09:30 -0500] "GET / HTTP/1.1" 200 56288 "-" "Mozilla/5.0 (iPhone; CPU iPhone OS 13_2_3 like Mac OS X) AppleWebKit/605.1.15 (KHTML, like Gecko) Version/13.0.3 Mobile/15E148 Safari/604.1"
114.119.158.118 - - [27/Jan/2026:16:20:20 -0500] "GET /index.php/gay-tube/free-gay-porn-tube.html HTTP/1.1" 200 11954 "http://www.freetubegay.com/index.php/page/12" "Mozilla/5.0 (Linux; Android 7.0;) AppleWebKit/537.36 (KHTML, like Gecko) Mobile Safari/537.36 (compatible; PetalBot;+https://webmaster.petalsearch.com/site/petalbot)"
84.239.45.16 - - [27/Jan/2026:16:27:28 -0500] "GET /robots.txt HTTP/1.1" 406 330 "-" "panscient.com"
84.239.45.16 - - [27/Jan/2026:16:27:30 -0500] "GET / HTTP/1.1" 406 320 "-" "panscient.com"
84.239.45.16 - - [27/Jan/2026:16:27:32 -0500] "GET / HTTP/1.1" 406 320 "-" "panscient.com"
84.239.45.16 - - [27/Jan/2026:16:27:32 -0500] "GET / HTTP/1.1" 406 320 "-" "panscient.com"
84.239.45.16 - - [27/Jan/2026:16:27:36 -0500] "GET / HTTP/1.1" 406 320 "-" "panscient.com"
66.249.75.8 - - [27/Jan/2026:16:43:19 -0500] "GET /index.php/feed HTTP/1.1" 200 11601 "-" "Mozilla/5.0 (compatible; Googlebot/2.1; +http://www.google.com/bot.html)"
141.94.194.132 - - [27/Jan/2026:16:44:21 -0500] "GET /index.php/gay-sex-tube/gay-cum-swallow-2.html/feed HTTP/1.1" 200 1294 "-" "Mozilla/5.0 (X11; Linux i686) AppleWebKit/537.36 (KHTML, like Gecko) Chrome/30.0.1599.66 Safari/537.36"
141.94.194.132 - - [27/Jan/2026:16:49:14 -0500] "GET /index.php/tag/anal-porn/feed HTTP/1.1" 200 2406 "-" "Mozilla/5.0 (X11; Linux i686) AppleWebKit/537.36 (KHTML, like Gecko) Chrome/30.0.1599.66 Safari/537.36"
141.94.194.132 - - [27/Jan/2026:16:49:28 -0500] "GET /index.php/gay-sex-tube/sex-gay-tube.html/feed HTTP/1.1" 200 1280 "-" "Mozilla/5.0 (X11; Linux i686) AppleWebKit/537.36 (KHTML, like Gecko) Chrome/30.0.1599.66 Safari/537.36"
141.94.194.132 - - [27/Jan/2026:17:02:29 -0500] "GET /index.php/gay-sex-tube/tube-porn-gays.html/feed HTTP/1.1" 200 837 "-" "Mozilla/5.0 (X11; Linux i686) AppleWebKit/537.36 (KHTML, like Gecko) Chrome/30.0.1599.66 Safari/537.36"
74.206.190.121 - - [27/Jan/2026:17:12:23 -0500] "POST /wp-cron.php?doing_wp_cron=1769551943.6281750202178955078125 HTTP/1.1" 200 2 "-" "WordPress/3.6.1; http://www.freetubegay.com"
141.94.194.132 - - [27/Jan/2026:17:12:23 -0500] "GET /index.php/gay-tube/gay-tube-action.html/feed HTTP/1.1" 200 832 "-" "Mozilla/5.0 (X11; Linux i686) AppleWebKit/537.36 (KHTML, like Gecko) Chrome/30.0.1599.66 Safari/537.36"
114.119.158.251 - - [27/Jan/2026:17:25:06 -0500] "GET /index.php/gay-sex-tube/gay-tube.html HTTP/1.1" 200 11662 "http://www.freetubegay.com/index.php/page/4" "Mozilla/5.0 (Linux; Android 7.0;) AppleWebKit/537.36 (KHTML, like Gecko) Mobile Safari/537.36 (compatible; PetalBot;+https://webmaster.petalsearch.com/site/petalbot)"
66.249.75.7 - - [27/Jan/2026:17:35:04 -0500] "GET /index.php/feed HTTP/1.1" 200 11601 "-" "Mozilla/5.0 (compatible; Googlebot/2.1; +http://www.google.com/bot.html)"
123.187.240.242 - - [27/Jan/2026:17:36:09 -0500] "GET / HTTP/1.1" 200 56288 "-" "Mozilla/5.0 (iPhone; CPU iPhone OS 13_2_3 like Mac OS X) AppleWebKit/605.1.15 (KHTML, like Gecko) Version/13.0.3 Mobile/15E148 Safari/604.1"
107.189.5.231 - - [27/Jan/2026:17:46:15 -0500] "GET /wp-login.php HTTP/1.1" 200 2342 "-" "Mozilla/5.0 (Windows NT 6.1; WOW64) AppleWebKit/537.36 (KHTML, like Gecko) Chrome/36.0.1985.143 Safari/537.36"
107.189.5.231 - - [27/Jan/2026:17:46:16 -0500] "POST /wp-login.php HTTP/1.1" 200 3286 "-" "Mozilla/5.0 (Windows NT 6.1; WOW64) AppleWebKit/537.36 (KHTML, like Gecko) Chrome/36.0.1985.143 Safari/537.36"
114.119.151.209 - - [27/Jan/2026:17:59:39 -0500] "GET /index.php/gay-sex-tube/free-cum-tube-2.html HTTP/1.1" 200 12566 "http://www.freetubegay.com/index.php/page/7" "Mozilla/5.0 (Linux; Android 7.0;) AppleWebKit/537.36 (KHTML, like Gecko) Mobile Safari/537.36 (compatible; PetalBot;+https://webmaster.petalsearch.com/site/petalbot)"
185.194.178.94 - - [27/Jan/2026:18:03:35 -0500] "GET /vendor/phpunit/phpunit/phpunit.xsd HTTP/1.1" 302 275 "-" "Mozilla/5.0 (X11; Linux x86_64; rv:52.0) Gecko/20100101 Firefox/52.0"
74.206.190.121 - - [27/Jan/2026:18:08:15 -0500] "POST /wp-cron.php?doing_wp_cron=1769555295.7108969688415527343750 HTTP/1.1" 200 2 "-" "WordPress/3.6.1; http://www.freetubegay.com"
146.19.140.196 - - [27/Jan/2026:18:08:15 -0500] "GET /wp-login.php HTTP/1.1" 200 2342 "-" "Mozilla/5.0 (Windows NT 10.0; Win64; x64; rv:127.0) Gecko/20100101 Firefox/127.0"
146.19.140.196 - - [27/Jan/2026:18:08:16 -0500] "GET /wp-login.php?wp_lang=en_US HTTP/1.1" 200 2342 "-" "Mozilla/5.0 (Windows NT 10.0; Win64; x64) AppleWebKit/537.36 (KHTML, like Gecko) Chrome/124.0.6367.207 Safari/537.36"
146.19.140.196 - - [27/Jan/2026:18:08:19 -0500] "POST /wp-login.php?wp_lang=en_US HTTP/1.1" 302 2 "http://www.freetubegay.com/wp-login.php?wp_lang=en_US" "Mozilla/5.0 (Windows NT 10.0; Win64; x64) AppleWebKit/537.36 (KHTML, like Gecko) Chrome/124.0.6367.207 Safari/537.36"
146.19.140.196 - - [27/Jan/2026:18:08:20 -0500] "GET /wp-admin/ HTTP/1.1" 200 77137 "http://www.freetubegay.com/wp-login.php?wp_lang=en_US" "Mozilla/5.0 (Windows NT 10.0; Win64; x64) AppleWebKit/537.36 (KHTML, like Gecko) Chrome/124.0.6367.207 Safari/537.36"
146.19.140.196 - - [27/Jan/2026:18:08:22 -0500] "GET /wp-admin/plugin-install.php HTTP/1.1" 200 45809 "-" "Mozilla/5.0 (Windows NT 10.0; Win64; x64) AppleWebKit/537.36 (KHTML, like Gecko) Chrome/124.0.6367.207 Safari/537.36"
146.19.140.196 - - [27/Jan/2026:18:08:26 -0500] "GET /wp-admin/plugin-install.php HTTP/1.1" 200 45809 "-" "Mozilla/5.0 (Windows NT 10.0; Win64; x64) AppleWebKit/537.36 (KHTML, like Gecko) Chrome/124.0.6367.207 Safari/537.36"
146.19.140.196 - - [27/Jan/2026:18:08:28 -0500] "GET /wp-admin/plugin-install.php HTTP/1.1" 200 45809 "-" "Mozilla/5.0 (Windows NT 10.0; Win64; x64) AppleWebKit/537.36 (KHTML, like Gecko) Chrome/124.0.6367.207 Safari/537.36"
146.19.140.196 - - [27/Jan/2026:18:08:30 -0500] "GET /wp-admin/plugin-install.php HTTP/1.1" 200 45809 "-" "Mozilla/5.0 (Windows NT 10.0; Win64; x64) AppleWebKit/537.36 (KHTML, like Gecko) Chrome/124.0.6367.207 Safari/537.36"
146.19.140.196 - - [27/Jan/2026:18:08:32 -0500] "GET /wp-admin/plugin-install.php HTTP/1.1" 200 45809 "-" "Mozilla/5.0 (Windows NT 10.0; Win64; x64) AppleWebKit/537.36 (KHTML, like Gecko) Chrome/124.0.6367.207 Safari/537.36"
146.19.140.196 - - [27/Jan/2026:18:08:35 -0500] "GET /wp-admin/theme-editor.php HTTP/1.1" 200 43748 "-" "Mozilla/5.0 (Windows NT 10.0; Win64; x64) AppleWebKit/537.36 (KHTML, like Gecko) Chrome/124.0.6367.207 Safari/537.36"
146.19.140.196 - - [27/Jan/2026:18:08:36 -0500] "GET /wp-admin/plugins.php HTTP/1.1" 200 69127 "-" "Mozilla/5.0 (Windows NT 10.0; Win64; x64) AppleWebKit/537.36 (KHTML, like Gecko) Chrome/124.0.6367.207 Safari/537.36"
49.48.65.139 - - [27/Jan/2026:18:22:06 -0500] "GET /wp-json/wp/v2/posts HTTP/1.1" 302 275 "-" "Mozilla/5.0 (Windows NT 10.0; Win64; x64) AppleWebKit/537.36 (KHTML, like Gecko) Chrome/120.0.0.0 Safari/537.36"
142.132.248.24 - - [27/Jan/2026:18:26:05 -0500] "GET / HTTP/1.1" 301 2 "-" "Mozilla/5.0 (Android 15; Mobile; rv:68.0) Gecko/68.0 Firefox/137.0"
142.132.248.24 - - [27/Jan/2026:18:26:05 -0500] "GET / HTTP/1.1" 200 56288 "http://freetubegay.com/" "Mozilla/5.0 (Android 15; Mobile; rv:68.0) Gecko/68.0 Firefox/137.0"
141.94.194.132 - - [27/Jan/2026:18:35:15 -0500] "GET /index.php/gay-sex-tube/rawpapi-tube.html/feed HTTP/1.1" 200 1330 "-" "Mozilla/5.0 (X11; Linux i686) AppleWebKit/537.36 (KHTML, like Gecko) Chrome/30.0.1599.66 Safari/537.36"
66.249.75.8 - - [27/Jan/2026:18:41:32 -0500] "GET /index.php/feed HTTP/1.1" 200 11601 "-" "Mozilla/5.0 (compatible; Googlebot/2.1; +http://www.google.com/bot.html)"
136.118.199.118 - - [27/Jan/2026:18:44:14 -0500] "HEAD / HTTP/1.1" 301 - "-" "Mozilla/5.0 (Macintosh; Intel Mac OS X 14_5) AppleWebKit/605.1.15 (KHTML, like Gecko) Version/17.5 Safari/605.1.15"
136.118.199.118 - - [27/Jan/2026:18:44:14 -0500] "HEAD / HTTP/1.1" 200 - "http://freetubegay.com/" "Mozilla/5.0 (Macintosh; Intel Mac OS X 14_5) AppleWebKit/605.1.15 (KHTML, like Gecko) Version/17.5 Safari/605.1.15"
136.118.199.118 - - [27/Jan/2026:18:44:14 -0500] "HEAD /blog/ HTTP/1.1" 302 - "-" "Mozilla/5.0 (Linux; U; Android 10; en-US; CPH2015) AppleWebKit/537.36 (KHTML, like Gecko) UCBrowser/13.5.8.1311 Mobile Safari/537.36"
136.118.199.118 - - [27/Jan/2026:18:44:15 -0500] "HEAD /backup/ HTTP/1.1" 302 - "-" "Mozilla/5.0 (X11; Linux x86_64; rv:127.0) Gecko/20100101 Firefox/127.0"
136.118.199.118 - - [27/Jan/2026:18:44:15 -0500] "HEAD /wp/ HTTP/1.1" 302 - "-" "Mozilla/5.0 (iPad; CPU OS 17_4 like Mac OS X) AppleWebKit/605.1.15 (KHTML, like Gecko) Version/17.4 Mobile/15E148 Safari/604.1"
136.118.199.118 - - [27/Jan/2026:18:44:15 -0500] "HEAD /new/ HTTP/1.1" 302 - "-" "Mozilla/5.0 (Linux; Android 11; moto g31) AppleWebKit/537.36 (KHTML, like Gecko) Chrome/122.0.6261.96 Mobile Safari/537.36"
136.118.199.118 - - [27/Jan/2026:18:44:15 -0500] "HEAD /wordpress/ HTTP/1.1" 302 - "-" "Mozilla/5.0 (Linux; Android 13; Pixel 7a) AppleWebKit/537.36 (KHTML, like Gecko) Chrome/124.0.6367.82 Mobile Safari/537.36"
136.118.199.118 - - [27/Jan/2026:18:44:15 -0500] "HEAD /old/ HTTP/1.1" 302 - "-" "Mozilla/5.0 (Linux; Android 10; vivo 1904) AppleWebKit/537.36 (KHTML, like Gecko) Chrome/117.0.5938.60 Mobile Safari/537.36"
114.119.158.251 - - [27/Jan/2026:18:47:17 -0500] "GET /index.php/gay-sex-tube/gaytube-free.html HTTP/1.1" 200 11831 "http://www.freetubegay.com/index.php/category/gay-sex-tube/page/9" "Mozilla/5.0 (Linux; Android 7.0;) AppleWebKit/537.36 (KHTML, like Gecko) Mobile Safari/537.36 (compatible; PetalBot;+https://webmaster.petalsearch.com/site/petalbot)"
141.94.194.132 - - [27/Jan/2026:18:50:55 -0500] "GET /index.php/tag/barebacked/feed HTTP/1.1" 200 3039 "-" "Mozilla/5.0 (X11; Linux i686) AppleWebKit/537.36 (KHTML, like Gecko) Chrome/30.0.1599.66 Safari/537.36"
198.98.60.195 - - [27/Jan/2026:18:57:20 -0500] "GET /wp-login.php HTTP/1.1" 200 2342 "-" "Mozilla/5.0 (X11; Linux x86_64; rv:30.0) Gecko/20100101 Firefox/30.0"
198.98.60.195 - - [27/Jan/2026:18:57:21 -0500] "POST /wp-login.php HTTP/1.1" 200 3286 "-" "Mozilla/5.0 (X11; Linux x86_64; rv:30.0) Gecko/20100101 Firefox/30.0"
141.94.194.132 - - [27/Jan/2026:19:05:36 -0500] "GET /index.php/category/gay-sex-tube/feed HTTP/1.1" 200 11643 "-" "Mozilla/5.0 (X11; Linux i686) AppleWebKit/537.36 (KHTML, like Gecko) Chrome/30.0.1599.66 Safari/537.36"
17.241.219.116 - - [27/Jan/2026:19:05:58 -0500] "GET /robots.txt HTTP/1.1" 200 29 "-" "Mozilla/5.0 (Macintosh; Intel Mac OS X 10_15_7) AppleWebKit/605.1.15 (KHTML, like Gecko) Version/17.4 Safari/605.1.15 (Applebot/0.1; +http://www.apple.com/go/applebot)"
17.241.219.116 - - [27/Jan/2026:19:05:58 -0500] "GET / HTTP/1.1" 200 56288 "-" "Mozilla/5.0 (Macintosh; Intel Mac OS X 10_15_7) AppleWebKit/605.1.15 (KHTML, like Gecko) Version/17.4 Safari/605.1.15 (Applebot/0.1; +http://www.apple.com/go/applebot)"
74.206.190.121 - - [27/Jan/2026:19:08:00 -0500] "POST /wp-cron.php?doing_wp_cron=1769558880.1422910690307617187500 HTTP/1.1" 200 2 "-" "WordPress/3.6.1; http://www.freetubegay.com"
17.241.219.199 - - [27/Jan/2026:19:08:00 -0500] "GET /wp-content/plugins/wp-postratings/postratings-js.php?ver=1.30 HTTP/1.1" 200 4814 "http://www.freetubegay.com/" "Mozilla/5.0 (Macintosh; Intel Mac OS X 10_15_7) AppleWebKit/605.1.15 (KHTML, like Gecko) Version/17.4 Safari/605.1.15 (Applebot/0.1; +http://www.apple.com/go/applebot)"
47.128.37.171 - - [27/Jan/2026:19:09:00 -0500] "GET /robots.txt HTTP/1.1" 200 29 "-" "Mozilla/5.0 (Linux; Android 5.0) AppleWebKit/537.36 (KHTML, like Gecko) Mobile Safari/537.36 (compatible; Bytespider; spider-feedback@bytedance.com)"
113.45.189.129 - - [27/Jan/2026:19:32:38 -0500] "GET / HTTP/1.1" 301 2 "-" "Mozilla/5.0 (Windows NT 10.0; Win64; x64) AppleWebKit/537.36 (KHTML, like Gecko) Chrome/91.0.4472.124 Safari/537.36"
113.45.189.129 - - [27/Jan/2026:19:32:39 -0500] "GET / HTTP/1.1" 200 56288 "http://freetubegay.com" "Mozilla/5.0 (Windows NT 10.0; Win64; x64) AppleWebKit/537.36 (KHTML, like Gecko) Chrome/91.0.4472.124 Safari/537.36"
113.45.189.129 - - [27/Jan/2026:19:32:40 -0500] "GET /wp-json/wc/v3 HTTP/1.1" 302 275 "-" "Mozilla/5.0 (Windows NT 10.0; Win64; x64) AppleWebKit/537.36 (KHTML, like Gecko) Chrome/91.0.4472.124 Safari/537.36"
113.45.189.129 - - [27/Jan/2026:19:32:41 -0500] "GET /magento_version HTTP/1.1" 302 275 "-" "Mozilla/5.0 (Windows NT 10.0; Win64; x64) AppleWebKit/537.36 (KHTML, like Gecko) Chrome/91.0.4472.124 Safari/537.36"
113.45.189.129 - - [27/Jan/2026:19:32:42 -0500] "GET /index.php?route=checkout/cart HTTP/1.1" 301 2 "-" "Mozilla/5.0 (Windows NT 10.0; Win64; x64) AppleWebKit/537.36 (KHTML, like Gecko) Chrome/91.0.4472.124 Safari/537.36"
113.45.189.129 - - [27/Jan/2026:19:32:42 -0500] "GET /index.php?route=checkout/cart HTTP/1.1" 301 2 "http://freetubegay.com/index.php?route=checkout/cart" "Mozilla/5.0 (Windows NT 10.0; Win64; x64) AppleWebKit/537.36 (KHTML, like Gecko) Chrome/91.0.4472.124 Safari/537.36"
113.45.189.129 - - [27/Jan/2026:19:32:42 -0500] "GET /?route=checkout/cart HTTP/1.1" 200 56552 "http://www.freetubegay.com/index.php?route=checkout/cart" "Mozilla/5.0 (Windows NT 10.0; Win64; x64) AppleWebKit/537.36 (KHTML, like Gecko) Chrome/91.0.4472.124 Safari/537.36"
113.45.189.129 - - [27/Jan/2026:19:32:43 -0500] "GET /wp-login.php?action=register HTTP/1.1" 301 2 "-" "Mozilla/5.0 (Windows NT 10.0; Win64; x64) AppleWebKit/537.36 (KHTML, like Gecko) Chrome/91.0.4472.124 Safari/537.36"
113.45.189.129 - - [27/Jan/2026:19:32:44 -0500] "GET /wp-login.php?action=register HTTP/1.1" 302 2 "http://freetubegay.com/wp-login.php?action=register" "Mozilla/5.0 (Windows NT 10.0; Win64; x64) AppleWebKit/537.36 (KHTML, like Gecko) Chrome/91.0.4472.124 Safari/537.36"
113.45.189.129 - - [27/Jan/2026:19:32:44 -0500] "GET /wp-login.php?registration=disabled HTTP/1.1" 200 2402 "http://www.freetubegay.com/wp-login.php?action=register" "Mozilla/5.0 (Windows NT 10.0; Win64; x64) AppleWebKit/537.36 (KHTML, like Gecko) Chrome/91.0.4472.124 Safari/537.36"
66.249.75.6 - - [27/Jan/2026:19:46:54 -0500] "GET /index.php/feed HTTP/1.1" 200 11601 "-" "Mozilla/5.0 (compatible; Googlebot/2.1; +http://www.google.com/bot.html)"
198.98.57.217 - - [27/Jan/2026:19:49:41 -0500] "GET /wp-login.php HTTP/1.1" 200 2342 "-" "Mozilla/5.0 (Windows NT 6.3; WOW64) AppleWebKit/537.36 (KHTML, like Gecko) Chrome/36.0.1985.125 Safari/537.36"
198.98.57.217 - - [27/Jan/2026:19:49:41 -0500] "POST /wp-login.php HTTP/1.1" 200 3304 "-" "Mozilla/5.0 (Windows NT 6.3; WOW64) AppleWebKit/537.36 (KHTML, like Gecko) Chrome/36.0.1985.125 Safari/537.36"
141.94.194.132 - - [27/Jan/2026:19:55:15 -0500] "GET /index.php/tag/anal-porn/feed HTTP/1.1" 200 2406 "-" "Mozilla/5.0 (X11; Linux i686) AppleWebKit/537.36 (KHTML, like Gecko) Chrome/30.0.1599.66 Safari/537.36"
141.94.194.132 - - [27/Jan/2026:19:56:22 -0500] "GET /index.php/gay-sex-tube/gay-cum-swallow-2.html/feed HTTP/1.1" 200 1294 "-" "Mozilla/5.0 (X11; Linux i686) AppleWebKit/537.36 (KHTML, like Gecko) Chrome/30.0.1599.66 Safari/537.36"
134.122.107.198 - - [27/Jan/2026:20:02:07 -0500] "GET / HTTP/1.1" 301 2 "-" "Mozilla/5.0 (X11; Linux x86_64; rv:142.0) Gecko/20100101 Firefox/142.0"
74.206.190.121 - - [27/Jan/2026:20:08:27 -0500] "POST /wp-cron.php?doing_wp_cron=1769562507.1430149078369140625000 HTTP/1.1" 200 2 "-" "WordPress/3.6.1; http://www.freetubegay.com"
114.119.135.121 - - [27/Jan/2026:20:08:27 -0500] "GET /index.php/gay-sex-tube/rawpapi-tube.html HTTP/1.1" 200 12501 "http://www.freetubegay.com/index.php/category/gay-sex-tube/page/9" "Mozilla/5.0 (Linux; Android 7.0;) AppleWebKit/537.36 (KHTML, like Gecko) Mobile Safari/537.36 (compatible; PetalBot;+https://webmaster.petalsearch.com/site/petalbot)"
4.197.167.136 - - [27/Jan/2026:20:19:50 -0500] "GET /wp-content/plugins/hellopress/wp_filemanager.php HTTP/1.1" 302 275 "-" "-"
4.197.167.136 - - [27/Jan/2026:20:19:52 -0500] "GET //autoload_classmap.php HTTP/1.1" 302 275 "-" "-"
4.197.167.136 - - [27/Jan/2026:20:19:52 -0500] "GET //alfa.php HTTP/1.1" 302 275 "-" "-"
4.197.167.136 - - [27/Jan/2026:20:19:53 -0500] "GET //wp-includes/assets/index.php HTTP/1.1" 302 275 "-" "-"
4.197.167.136 - - [27/Jan/2026:20:19:53 -0500] "GET /luxe.php HTTP/1.1" 302 275 "-" "-"
4.197.167.136 - - [27/Jan/2026:20:19:53 -0500] "GET /update/wpupex.php/ HTTP/1.1" 302 275 "-" "-"
4.197.167.136 - - [27/Jan/2026:20:19:54 -0500] "GET /rezor.php HTTP/1.1" 302 275 "-" "-"
4.197.167.136 - - [27/Jan/2026:20:19:54 -0500] "GET //doc.php HTTP/1.1" 302 275 "-" "-"
4.197.167.136 - - [27/Jan/2026:20:19:55 -0500] "GET //wp-admin/user/index.php HTTP/1.1" 301 2 "-" "-"
4.197.167.136 - - [27/Jan/2026:20:19:56 -0500] "GET //wp-admin/user/index.php HTTP/1.1" 302 2 "-" "-"
4.197.167.136 - - [27/Jan/2026:20:19:56 -0500] "GET /wp-login.php?redirect_to=http%3A%2F%2Fwww.freetubegay.com%2F%2Fwp-admin%2Fuser%2Findex.php&reauth=1 HTTP/1.1" 200 2357 "-" "-"
4.197.167.136 - - [27/Jan/2026:20:19:56 -0500] "GET //wp-includes/css/about.php HTTP/1.1" 302 275 "-" "-"
4.197.167.136 - - [27/Jan/2026:20:19:57 -0500] "GET //install.php HTTP/1.1" 302 275 "-" "-"
4.197.167.136 - - [27/Jan/2026:20:19:57 -0500] "GET /~norapump/hah.php HTTP/1.1" 302 275 "-" "-"
4.197.167.136 - - [27/Jan/2026:20:19:58 -0500] "GET /sto.php HTTP/1.1" 302 275 "-" "-"
4.197.167.136 - - [27/Jan/2026:20:19:58 -0500] "GET //x.php HTTP/1.1" 302 275 "-" "-"
4.197.167.136 - - [27/Jan/2026:20:19:58 -0500] "GET //test.php HTTP/1.1" 302 275 "-" "-"
4.197.167.136 - - [27/Jan/2026:20:19:59 -0500] "GET /wp-includes/blocks/ HTTP/1.1" 302 275 "-" "-"
4.197.167.136 - - [27/Jan/2026:20:19:59 -0500] "GET /n3.php HTTP/1.1" 302 275 "-" "-"
4.197.167.136 - - [27/Jan/2026:20:20:00 -0500] "GET /wp-admin/install.php HTTP/1.1" 200 831 "-" "-"
4.197.167.136 - - [27/Jan/2026:20:20:00 -0500] "GET /o.php HTTP/1.1" 302 275 "-" "-"
4.197.167.136 - - [27/Jan/2026:20:20:01 -0500] "GET //wp-includes/ID3/index.php HTTP/1.1" 302 275 "-" "-"
4.197.167.136 - - [27/Jan/2026:20:20:01 -0500] "GET /class-t.api.php HTTP/1.1" 302 275 "-" "-"
4.197.167.136 - - [27/Jan/2026:20:20:02 -0500] "GET /.trash7309/f/ HTTP/1.1" 302 275 "-" "-"
4.197.167.136 - - [27/Jan/2026:20:20:02 -0500] "GET //wp.php HTTP/1.1" 302 275 "-" "-"
4.197.167.136 - - [27/Jan/2026:20:20:03 -0500] "GET //wp-includes/customize/index.php HTTP/1.1" 302 275 "-" "-"
4.197.167.136 - - [27/Jan/2026:20:20:03 -0500] "GET //wp-content/themes/seotheme/mar.php HTTP/1.1" 302 275 "-" "-"
4.197.167.136 - - [27/Jan/2026:20:20:04 -0500] "GET //h.php HTTP/1.1" 302 275 "-" "-"
4.197.167.136 - - [27/Jan/2026:20:20:04 -0500] "GET //skin/install/default/security.php HTTP/1.1" 302 275 "-" "-"
4.197.167.136 - - [27/Jan/2026:20:20:05 -0500] "GET /wrt.php HTTP/1.1" 302 275 "-" "-"
4.197.167.136 - - [27/Jan/2026:20:20:05 -0500] "GET //wp-content/plugins/Core-EconX/up.php HTTP/1.1" 302 275 "-" "-"
4.197.167.136 - - [27/Jan/2026:20:20:06 -0500] "GET /wp-includes/css/ HTTP/1.1" 302 275 "-" "-"
4.197.167.136 - - [27/Jan/2026:20:20:06 -0500] "GET /images/c99.php HTTP/1.1" 302 275 "-" "-"
4.197.167.136 - - [27/Jan/2026:20:20:07 -0500] "GET /png.php HTTP/1.1" 302 275 "-" "-"
4.197.167.136 - - [27/Jan/2026:20:20:07 -0500] "GET //wp-includes/ID3/index.php HTTP/1.1" 302 275 "-" "-"
4.197.167.136 - - [27/Jan/2026:20:20:08 -0500] "GET //zwso.php HTTP/1.1" 302 275 "-" "-"
4.197.167.136 - - [27/Jan/2026:20:20:08 -0500] "GET //wp-content/languages/index.php HTTP/1.1" 302 275 "-" "-"
4.197.167.136 - - [27/Jan/2026:20:20:08 -0500] "GET //wp-content/ HTTP/1.1" 200 - "-" "-"
4.197.167.136 - - [27/Jan/2026:20:20:09 -0500] "GET /wp/wp-includes//index.php HTTP/1.1" 302 275 "-" "-"
4.197.167.136 - - [27/Jan/2026:20:20:09 -0500] "GET /ton.php HTTP/1.1" 302 275 "-" "-"
4.197.167.136 - - [27/Jan/2026:20:20:10 -0500] "GET //wso.php HTTP/1.1" 302 275 "-" "-"
4.197.167.136 - - [27/Jan/2026:20:20:10 -0500] "GET /images/fk2e3/ HTTP/1.1" 302 275 "-" "-"
4.197.167.136 - - [27/Jan/2026:20:20:11 -0500] "GET /a2.php HTTP/1.1" 302 275 "-" "-"
4.197.167.136 - - [27/Jan/2026:20:20:11 -0500] "GET /shell.php HTTP/1.1" 302 275 "-" "-"
4.197.167.136 - - [27/Jan/2026:20:20:11 -0500] "GET /wp-includes/IXR/moon.php HTTP/1.1" 302 275 "-" "-"
4.197.167.136 - - [27/Jan/2026:20:20:12 -0500] "GET /sxo.php HTTP/1.1" 302 275 "-" "-"
4.197.167.136 - - [27/Jan/2026:20:20:12 -0500] "GET //admin.php HTTP/1.1" 302 275 "-" "-"
4.197.167.136 - - [27/Jan/2026:20:20:13 -0500] "GET /wp-admin/ HTTP/1.1" 301 2 "-" "-"
4.197.167.136 - - [27/Jan/2026:20:20:13 -0500] "GET /wp-admin/ HTTP/1.1" 302 2 "-" "-"
4.197.167.136 - - [27/Jan/2026:20:20:14 -0500] "GET /wp-login.php?redirect_to=http%3A%2F%2Fwww.freetubegay.com%2Fwp-admin%2F&reauth=1 HTTP/1.1" 200 2342 "-" "-"
4.197.167.136 - - [27/Jan/2026:20:20:14 -0500] "GET //wp-content/ HTTP/1.1" 200 - "-" "-"
4.197.167.136 - - [27/Jan/2026:20:20:14 -0500] "GET /mans.php HTTP/1.1" 302 275 "-" "-"
4.197.167.136 - - [27/Jan/2026:20:20:15 -0500] "GET //dropdown.php HTTP/1.1" 302 275 "-" "-"
4.197.167.136 - - [27/Jan/2026:20:20:15 -0500] "GET /WordPress/x/ HTTP/1.1" 302 275 "-" "-"
4.197.167.136 - - [27/Jan/2026:20:20:16 -0500] "GET /ze.php HTTP/1.1" 302 275 "-" "-"
4.197.167.136 - - [27/Jan/2026:20:20:16 -0500] "GET //geck.php HTTP/1.1" 302 275 "-" "-"
4.197.167.136 - - [27/Jan/2026:20:20:17 -0500] "GET /menu.php HTTP/1.1" 302 275 "-" "-"
4.197.167.136 - - [27/Jan/2026:20:20:17 -0500] "GET //admin/function.php HTTP/1.1" 302 275 "-" "-"
4.197.167.136 - - [27/Jan/2026:20:20:18 -0500] "GET //index/function.php HTTP/1.1" 302 275 "-" "-"
4.197.167.136 - - [27/Jan/2026:20:20:18 -0500] "GET /flower.php HTTP/1.1" 302 275 "-" "-"
4.197.167.136 - - [27/Jan/2026:20:20:19 -0500] "GET /ftp.php HTTP/1.1" 302 275 "-" "-"
4.197.167.136 - - [27/Jan/2026:20:20:19 -0500] "GET /mds.php HTTP/1.1" 302 275 "-" "-"
4.197.167.136 - - [27/Jan/2026:20:20:20 -0500] "GET /ahax.php HTTP/1.1" 302 275 "-" "-"
4.197.167.136 - - [27/Jan/2026:20:20:20 -0500] "GET //wp-admin/class-db.php HTTP/1.1" 302 275 "-" "-"
4.197.167.136 - - [27/Jan/2026:20:20:20 -0500] "GET /cool.php HTTP/1.1" 302 275 "-" "-"
4.197.167.136 - - [27/Jan/2026:20:20:21 -0500] "GET /gm.php HTTP/1.1" 302 275 "-" "-"
4.197.167.136 - - [27/Jan/2026:20:20:21 -0500] "GET //simple.php HTTP/1.1" 302 275 "-" "-"
4.197.167.136 - - [27/Jan/2026:20:20:21 -0500] "GET //elp.php HTTP/1.1" 302 275 "-" "-"
4.197.167.136 - - [27/Jan/2026:20:20:22 -0500] "GET /bolt.php HTTP/1.1" 302 275 "-" "-"
4.197.167.136 - - [27/Jan/2026:20:20:22 -0500] "GET //wp-content/uploads/index.php HTTP/1.1" 302 275 "-" "-"
4.197.167.136 - - [27/Jan/2026:20:20:23 -0500] "GET //inputs.php HTTP/1.1" 302 275 "-" "-"
4.197.167.136 - - [27/Jan/2026:20:20:23 -0500] "GET /.trash7309/fafa/ HTTP/1.1" 302 275 "-" "-"
4.197.167.136 - - [27/Jan/2026:20:20:23 -0500] "GET /system.php HTTP/1.1" 302 275 "-" "-"
4.197.167.136 - - [27/Jan/2026:20:20:24 -0500] "GET /wp-admin/maint/ HTTP/1.1" 302 275 "-" "-"
4.197.167.136 - - [27/Jan/2026:20:20:24 -0500] "GET /wp-admin/network/ HTTP/1.1" 301 2 "-" "-"
4.197.167.136 - - [27/Jan/2026:20:20:25 -0500] "GET /wp-admin/network/ HTTP/1.1" 302 2 "-" "-"
4.197.167.136 - - [27/Jan/2026:20:20:25 -0500] "GET /wp-login.php?redirect_to=http%3A%2F%2Fwww.freetubegay.com%2Fwp-admin%2Fnetwork%2F&reauth=1 HTTP/1.1" 200 2350 "-" "-"
4.197.167.136 - - [27/Jan/2026:20:20:25 -0500] "GET /museu/yhweq.php HTTP/1.1" 302 275 "-" "-"
4.197.167.136 - - [27/Jan/2026:20:20:26 -0500] "GET /an.php HTTP/1.1" 302 275 "-" "-"
4.197.167.136 - - [27/Jan/2026:20:20:26 -0500] "GET //w.php HTTP/1.1" 302 275 "-" "-"
4.197.167.136 - - [27/Jan/2026:20:20:27 -0500] "GET /gmo.php HTTP/1.1" 302 275 "-" "-"
4.197.167.136 - - [27/Jan/2026:20:20:27 -0500] "GET /gib.php HTTP/1.1" 302 275 "-" "-"
4.197.167.136 - - [27/Jan/2026:20:20:28 -0500] "GET /wp-miiss.php.php HTTP/1.1" 302 275 "-" "-"
4.197.167.136 - - [27/Jan/2026:20:20:28 -0500] "GET /ho/wpup.php HTTP/1.1" 302 275 "-" "-"
4.197.167.136 - - [27/Jan/2026:20:20:28 -0500] "GET //moon.php HTTP/1.1" 302 275 "-" "-"
4.197.167.136 - - [27/Jan/2026:20:20:29 -0500] "GET /filesss.php HTTP/1.1" 302 275 "-" "-"
4.197.167.136 - - [27/Jan/2026:20:20:29 -0500] "GET /hey.php HTTP/1.1" 302 275 "-" "-"
4.197.167.136 - - [27/Jan/2026:20:20:30 -0500] "GET //wp-content/themes/seotheme/mar.php HTTP/1.1" 302 275 "-" "-"
4.197.167.136 - - [27/Jan/2026:20:20:30 -0500] "GET //1337.php HTTP/1.1" 302 275 "-" "-"
4.197.167.136 - - [27/Jan/2026:20:20:31 -0500] "GET //buy.php HTTP/1.1" 302 275 "-" "-"
4.197.167.136 - - [27/Jan/2026:20:20:32 -0500] "GET /apsarasarts/okk.php HTTP/1.1" 302 275 "-" "-"
4.197.167.136 - - [27/Jan/2026:20:20:32 -0500] "GET /m.php HTTP/1.1" 302 275 "-" "-"
4.197.167.136 - - [27/Jan/2026:20:20:32 -0500] "GET /wp-is.php HTTP/1.1" 302 275 "-" "-"
4.197.167.136 - - [27/Jan/2026:20:20:33 -0500] "GET /jmfi2.php HTTP/1.1" 302 275 "-" "-"
4.197.167.136 - - [27/Jan/2026:20:20:33 -0500] "GET //about/function.php HTTP/1.1" 302 275 "-" "-"
4.197.167.136 - - [27/Jan/2026:20:20:34 -0500] "GET /bnn_.php HTTP/1.1" 302 275 "-" "-"
4.197.167.136 - - [27/Jan/2026:20:20:34 -0500] "GET //wp-content/json.php HTTP/1.1" 302 275 "-" "-"
4.197.167.136 - - [27/Jan/2026:20:20:34 -0500] "GET /hzz.php HTTP/1.1" 302 275 "-" "-"
4.197.167.136 - - [27/Jan/2026:20:20:35 -0500] "GET //shell20211028.php HTTP/1.1" 302 275 "-" "-"
4.197.167.136 - - [27/Jan/2026:20:20:35 -0500] "GET //content.php HTTP/1.1" 302 275 "-" "-"
4.197.167.136 - - [27/Jan/2026:20:20:36 -0500] "GET /wp-content/ HTTP/1.1" 200 - "-" "-"
4.197.167.136 - - [27/Jan/2026:20:20:36 -0500] "GET /ps.php HTTP/1.1" 302 275 "-" "-"
4.197.167.136 - - [27/Jan/2026:20:20:37 -0500] "GET //wp-content/themes/about.php HTTP/1.1" 302 275 "-" "-"
4.197.167.136 - - [27/Jan/2026:20:20:37 -0500] "GET /.trash7309/dd/ HTTP/1.1" 302 275 "-" "-"
4.197.167.136 - - [27/Jan/2026:20:20:37 -0500] "GET /cache.php HTTP/1.1" 302 275 "-" "-"
4.197.167.136 - - [27/Jan/2026:20:20:38 -0500] "GET /ss.php HTTP/1.1" 302 275 "-" "-"
4.197.167.136 - - [27/Jan/2026:20:20:38 -0500] "GET /p.php HTTP/1.1" 302 275 "-" "-"
4.197.167.136 - - [27/Jan/2026:20:20:39 -0500] "GET //wp-content/plugins/achdxhv/languages/admin.php HTTP/1.1" 302 275 "-" "-"
4.197.167.136 - - [27/Jan/2026:20:20:39 -0500] "GET //user.php HTTP/1.1" 302 275 "-" "-"
4.197.167.136 - - [27/Jan/2026:20:20:40 -0500] "GET /wp-includes/block-patterns/ HTTP/1.1" 302 275 "-" "-"
4.197.167.136 - - [27/Jan/2026:20:20:40 -0500] "GET //index/function.php HTTP/1.1" 302 275 "-" "-"
4.197.167.136 - - [27/Jan/2026:20:20:40 -0500] "GET /wp.php HTTP/1.1" 302 275 "-" "-"
4.197.167.136 - - [27/Jan/2026:20:20:41 -0500] "GET /rip.php HTTP/1.1" 302 275 "-" "-"
4.197.167.136 - - [27/Jan/2026:20:20:41 -0500] "GET /wp4.php HTTP/1.1" 302 275 "-" "-"
4.197.167.136 - - [27/Jan/2026:20:20:42 -0500] "GET //403.php HTTP/1.1" 302 275 "-" "-"
4.197.167.136 - - [27/Jan/2026:20:20:42 -0500] "GET //wp-admin/maint/index.php HTTP/1.1" 302 275 "-" "-"
4.197.167.136 - - [27/Jan/2026:20:20:43 -0500] "GET /asd67.php HTTP/1.1" 302 275 "-" "-"
4.197.167.136 - - [27/Jan/2026:20:20:43 -0500] "GET //sad/about.php HTTP/1.1" 302 275 "-" "-"
4.197.167.136 - - [27/Jan/2026:20:20:43 -0500] "GET /oivcl.php HTTP/1.1" 302 275 "-" "-"
4.197.167.136 - - [27/Jan/2026:20:20:44 -0500] "GET //about.php HTTP/1.1" 302 275 "-" "-"
4.197.167.136 - - [27/Jan/2026:20:20:44 -0500] "GET //wp-content/themes/deeto/login.php HTTP/1.1" 302 275 "-" "-"
4.197.167.136 - - [27/Jan/2026:20:20:45 -0500] "GET /v2.php HTTP/1.1" 302 275 "-" "-"
4.197.167.136 - - [27/Jan/2026:20:20:45 -0500] "GET //wp-content/themes/hideo/network.php HTTP/1.1" 302 275 "-" "-"
4.197.167.136 - - [27/Jan/2026:20:20:45 -0500] "GET /x/ HTTP/1.1" 302 275 "-" "-"
4.197.167.136 - - [27/Jan/2026:20:20:46 -0500] "GET //.cache/x.php HTTP/1.1" 302 275 "-" "-"
4.197.167.136 - - [27/Jan/2026:20:20:46 -0500] "GET /dr.php HTTP/1.1" 302 275 "-" "-"
4.197.167.136 - - [27/Jan/2026:20:20:47 -0500] "GET /raw.php HTTP/1.1" 302 275 "-" "-"
4.197.167.136 - - [27/Jan/2026:20:20:47 -0500] "GET //wp-includes/css/about.php HTTP/1.1" 302 275 "-" "-"
4.197.167.136 - - [27/Jan/2026:20:20:47 -0500] "GET //wp-content/index.php HTTP/1.1" 200 - "-" "-"
4.197.167.136 - - [27/Jan/2026:20:20:48 -0500] "GET /ioxi-o2.php HTTP/1.1" 302 275 "-" "-"
4.197.167.136 - - [27/Jan/2026:20:20:48 -0500] "GET /dropdown.php HTTP/1.1" 302 275 "-" "-"
4.197.167.136 - - [27/Jan/2026:20:20:48 -0500] "GET /dlu.php HTTP/1.1" 302 275 "-" "-"
4.197.167.136 - - [27/Jan/2026:20:20:49 -0500] "GET //wp-content/about.php HTTP/1.1" 302 275 "-" "-"
4.197.167.136 - - [27/Jan/2026:20:20:49 -0500] "GET /db.php HTTP/1.1" 302 275 "-" "-"
4.197.167.136 - - [27/Jan/2026:20:20:50 -0500] "GET /packed.php HTTP/1.1" 302 275 "-" "-"
4.197.167.136 - - [27/Jan/2026:20:20:50 -0500] "GET /wp-configs.php HTTP/1.1" 302 275 "-" "-"
4.197.167.136 - - [27/Jan/2026:20:20:50 -0500] "GET //404.php HTTP/1.1" 302 275 "-" "-"
4.197.167.136 - - [27/Jan/2026:20:20:51 -0500] "GET /des.php HTTP/1.1" 302 275 "-" "-"
4.197.167.136 - - [27/Jan/2026:20:20:51 -0500] "GET /.well-known/content.php HTTP/1.1" 302 275 "-" "-"
4.197.167.136 - - [27/Jan/2026:20:20:52 -0500] "GET //lufix.php HTTP/1.1" 302 275 "-" "-"
141.94.194.132 - - [27/Jan/2026:20:33:53 -0500] "GET /index.php/gay-tube/gay-porno-tube.html/feed HTTP/1.1" 200 829 "-" "Mozilla/5.0 (X11; Linux i686) AppleWebKit/537.36 (KHTML, like Gecko) Chrome/30.0.1599.66 Safari/537.36"
66.249.75.8 - - [27/Jan/2026:20:50:15 -0500] "GET /index.php/feed HTTP/1.1" 200 11601 "-" "Mozilla/5.0 (compatible; Googlebot/2.1; +http://www.google.com/bot.html)"
43.133.14.237 - - [27/Jan/2026:21:40:44 -0500] "GET / HTTP/1.1" 301 2 "-" "Mozilla/5.0 (iPhone; CPU iPhone OS 13_2_3 like Mac OS X) AppleWebKit/605.1.15 (KHTML, like Gecko) Version/13.0.3 Mobile/15E148 Safari/604.1"
74.206.190.121 - - [27/Jan/2026:21:40:45 -0500] "POST /wp-cron.php?doing_wp_cron=1769568045.6724240779876708984375 HTTP/1.1" 200 2 "-" "WordPress/3.6.1; http://www.freetubegay.com"
43.133.14.237 - - [27/Jan/2026:21:40:45 -0500] "GET / HTTP/1.1" 200 56288 "http://freetubegay.com" "Mozilla/5.0 (iPhone; CPU iPhone OS 13_2_3 like Mac OS X) AppleWebKit/605.1.15 (KHTML, like Gecko) Version/13.0.3 Mobile/15E148 Safari/604.1"
141.94.194.132 - - [27/Jan/2026:21:48:55 -0500] "GET /index.php/tag/barebacked/feed HTTP/1.1" 200 3039 "-" "Mozilla/5.0 (X11; Linux i686) AppleWebKit/537.36 (KHTML, like Gecko) Chrome/30.0.1599.66 Safari/537.36"
141.94.194.132 - - [27/Jan/2026:21:51:16 -0500] "GET /index.php/gay-sex-tube/rawpapi-tube.html/feed HTTP/1.1" 200 1330 "-" "Mozilla/5.0 (X11; Linux i686) AppleWebKit/537.36 (KHTML, like Gecko) Chrome/30.0.1599.66 Safari/537.36"
66.249.75.8 - - [27/Jan/2026:21:51:22 -0500] "GET /index.php/feed HTTP/1.1" 200 11601 "-" "Mozilla/5.0 (compatible; Googlebot/2.1; +http://www.google.com/bot.html)"
141.94.194.132 - - [27/Jan/2026:22:06:39 -0500] "GET /index.php/gay-sex-tube/gay-tube.html/feed HTTP/1.1" 200 819 "-" "Mozilla/5.0 (X11; Linux i686) AppleWebKit/537.36 (KHTML, like Gecko) Chrome/30.0.1599.66 Safari/537.36"
74.206.190.121 - - [27/Jan/2026:22:08:06 -0500] "POST /wp-cron.php?doing_wp_cron=1769569686.7367339134216308593750 HTTP/1.1" 200 2 "-" "WordPress/3.6.1; http://www.freetubegay.com"
170.106.187.106 - - [27/Jan/2026:22:08:06 -0500] "GET / HTTP/1.1" 200 56288 "-" "Mozilla/5.0 (iPhone; CPU iPhone OS 13_2_3 like Mac OS X) AppleWebKit/605.1.15 (KHTML, like Gecko) Version/13.0.3 Mobile/15E148 Safari/604.1"
141.94.194.132 - - [27/Jan/2026:22:17:29 -0500] "GET /index.php/gay-sex-tube/tube-gay-porn.html/feed HTTP/1.1" 200 1437 "-" "Mozilla/5.0 (X11; Linux i686) AppleWebKit/537.36 (KHTML, like Gecko) Chrome/30.0.1599.66 Safari/537.36"
141.94.194.132 - - [27/Jan/2026:22:19:36 -0500] "GET /index.php/category/gay-sex-tube/feed HTTP/1.1" 200 11643 "-" "Mozilla/5.0 (X11; Linux i686) AppleWebKit/537.36 (KHTML, like Gecko) Chrome/30.0.1599.66 Safari/537.36"
114.119.151.209 - - [27/Jan/2026:22:28:09 -0500] "GET /index.php/tag/anal-porn HTTP/1.1" 200 15196 "http://www.freetubegay.com/index.php/tag/gay" "Mozilla/5.0 (Linux; Android 7.0;) AppleWebKit/537.36 (KHTML, like Gecko) Mobile Safari/537.36 (compatible; PetalBot;+https://webmaster.petalsearch.com/site/petalbot)"
141.94.194.132 - - [27/Jan/2026:22:32:16 -0500] "GET /index.php/tag/anal-porn/feed HTTP/1.1" 200 2406 "-" "Mozilla/5.0 (X11; Linux i686) AppleWebKit/537.36 (KHTML, like Gecko) Chrome/30.0.1599.66 Safari/537.36"
141.94.194.132 - - [27/Jan/2026:22:34:07 -0500] "GET /index.php/gay-sex-tube/pornotube-free-gay.html/feed HTTP/1.1" 200 1564 "-" "Mozilla/5.0 (X11; Linux i686) AppleWebKit/537.36 (KHTML, like Gecko) Chrome/30.0.1599.66 Safari/537.36"
114.119.152.46 - - [27/Jan/2026:22:52:29 -0500] "GET /index.php/gay-sex-tube/free-latin-men.html HTTP/1.1" 200 12186 "http://www.freetubegay.com/index.php/page/7" "Mozilla/5.0 (Linux; Android 7.0;) AppleWebKit/537.36 (KHTML, like Gecko) Mobile Safari/537.36 (compatible; PetalBot;+https://webmaster.petalsearch.com/site/petalbot)"
66.249.75.8 - - [27/Jan/2026:22:54:28 -0500] "GET /index.php/feed HTTP/1.1" 200 11601 "-" "Mozilla/5.0 (compatible; Googlebot/2.1; +http://www.google.com/bot.html)"
141.94.194.132 - - [27/Jan/2026:23:02:23 -0500] "GET /index.php/gay-sex-tube/gay-cum-swallow-2.html/feed HTTP/1.1" 200 1294 "-" "Mozilla/5.0 (X11; Linux i686) AppleWebKit/537.36 (KHTML, like Gecko) Chrome/30.0.1599.66 Safari/537.36"
74.206.190.121 - - [27/Jan/2026:23:32:22 -0500] "POST /wp-cron.php?doing_wp_cron=1769574742.7591750621795654296875 HTTP/1.1" 200 2 "-" "WordPress/3.6.1; http://www.freetubegay.com"
141.94.194.132 - - [27/Jan/2026:23:32:22 -0500] "GET /index.php/gay-sex-tube/gay-sex-tube-3.html/feed HTTP/1.1" 200 835 "-" "Mozilla/5.0 (X11; Linux i686) AppleWebKit/537.36 (KHTML, like Gecko) Chrome/30.0.1599.66 Safari/537.36"
114.119.135.121 - - [27/Jan/2026:23:33:22 -0500] "GET /index.php/category/gay-tube/page/2 HTTP/1.1" 200 26523 "http://www.freetubegay.com/index.php/category/gay-tube/" "Mozilla/5.0 (Linux; Android 7.0;) AppleWebKit/537.36 (KHTML, like Gecko) Mobile Safari/537.36 (compatible; PetalBot;+https://webmaster.petalsearch.com/site/petalbot)"
185.117.225.155 - - [27/Jan/2026:23:42:44 -0500] "GET /robots.txt HTTP/1.1" 200 29 "-" "python-requests/2.31.0"
185.117.225.155 - - [27/Jan/2026:23:42:44 -0500] "GET / HTTP/1.1" 301 2 "-" "Mozilla/5.0 AppleWebKit/537.36 (KHTML, like Gecko) Chrome/123.0.6312.86 Safari/537.36 BitSightBot/1.0"
185.117.225.155 - - [27/Jan/2026:23:42:44 -0500] "GET / HTTP/1.1" 200 56288 "-" "Mozilla/5.0 AppleWebKit/537.36 (KHTML, like Gecko) Chrome/123.0.6312.86 Safari/537.36 BitSightBot/1.0"
185.117.225.155 - - [27/Jan/2026:23:42:45 -0500] "GET /wp-content/plugins/wp-postratings/postratings-js.php?ver=1.30 HTTP/1.1" 200 4814 "http://www.freetubegay.com/" "Mozilla/5.0 (X11; Linux x86_64) AppleWebKit/537.36 (KHTML, like Gecko) HeadlessChrome/123.0.6312.86 Safari/537.36"
66.249.75.7 - - [27/Jan/2026:23:59:22 -0500] "GET /index.php/feed HTTP/1.1" 200 11601 "-" "Mozilla/5.0 (compatible; Googlebot/2.1; +http://www.google.com/bot.html)"
141.94.194.132 - - [28/Jan/2026:00:05:56 -0500] "GET /index.php/gay-sex-tube/free-gay-porntube.html/feed HTTP/1.1" 200 2004 "-" "Mozilla/5.0 (X11; Linux i686) AppleWebKit/537.36 (KHTML, like Gecko) Chrome/30.0.1599.66 Safari/537.36"
74.206.190.121 - - [28/Jan/2026:00:24:16 -0500] "POST /wp-cron.php?doing_wp_cron=1769577856.8023760318756103515625 HTTP/1.1" 200 2 "-" "WordPress/3.6.1; http://www.freetubegay.com"
141.94.194.132 - - [28/Jan/2026:00:24:16 -0500] "GET /index.php/gay-sex-tube/rawpapi-tube.html/feed HTTP/1.1" 200 1330 "-" "Mozilla/5.0 (X11; Linux i686) AppleWebKit/537.36 (KHTML, like Gecko) Chrome/30.0.1599.66 Safari/537.36"
91.202.4.80 - - [28/Jan/2026:00:30:02 -0500] "GET /txets.php HTTP/1.1" 302 275 "-" "Mozilla/4.0 (compatible; MSIE 6.0; Windows NT 5.1; SV1)"
83.217.208.0 - - [28/Jan/2026:00:47:56 -0500] "GET /wp-login.php HTTP/1.1" 200 2342 "-" "Mozilla/5.0 (compatible; MSIE 10.0; Windows NT 6.1; WOW64; Trident/6.0)"
83.217.208.0 - - [28/Jan/2026:00:47:57 -0500] "POST /wp-login.php HTTP/1.1" 200 3286 "-" "Mozilla/5.0 (compatible; MSIE 10.0; Windows NT 6.1; WOW64; Trident/6.0)"
66.249.75.6 - - [28/Jan/2026:01:01:15 -0500] "GET /index.php/feed HTTP/1.1" 200 11601 "-" "Mozilla/5.0 (compatible; Googlebot/2.1; +http://www.google.com/bot.html)"
207.46.13.156 - - [28/Jan/2026:01:07:24 -0500] "GET /?s=2025 HTTP/1.1" 200 12145 "-" "Mozilla/5.0 AppleWebKit/537.36 (KHTML, like Gecko; compatible; bingbot/2.0; +http://www.bing.com/bingbot.htm) Chrome/116.0.1938.76 Safari/537.36"
74.206.190.121 - - [28/Jan/2026:01:10:31 -0500] "POST /wp-cron.php?doing_wp_cron=1769580631.4346249103546142578125 HTTP/1.1" 200 2 "-" "WordPress/3.6.1; http://www.freetubegay.com"
141.94.194.132 - - [28/Jan/2026:01:10:31 -0500] "GET /index.php/gay-sex-tube/free-gay-porn-videos.html/feed HTTP/1.1" 200 1384 "-" "Mozilla/5.0 (X11; Linux i686) AppleWebKit/537.36 (KHTML, like Gecko) Chrome/30.0.1599.66 Safari/537.36"
220.181.108.158 - - [28/Jan/2026:01:17:44 -0500] "GET /index.php/gay-sex-tube/42.html HTTP/1.1" 302 279 "-" "Mozilla/5.0 (compatible; Baiduspider/2.0; +http://www.baidu.com/search/spider.html)"
141.94.194.132 - - [28/Jan/2026:01:28:17 -0500] "GET /index.php/tag/anal-porn/feed HTTP/1.1" 200 2406 "-" "Mozilla/5.0 (X11; Linux i686) AppleWebKit/537.36 (KHTML, like Gecko) Chrome/30.0.1599.66 Safari/537.36"
141.94.194.132 - - [28/Jan/2026:01:30:37 -0500] "GET /index.php/category/gay-sex-tube/feed HTTP/1.1" 200 11643 "-" "Mozilla/5.0 (X11; Linux i686) AppleWebKit/537.36 (KHTML, like Gecko) Chrome/30.0.1599.66 Safari/537.36"
40.77.167.78 - - [28/Jan/2026:01:32:57 -0500] "GET /?s=cock HTTP/1.1" 200 56285 "-" "Mozilla/5.0 AppleWebKit/537.36 (KHTML, like Gecko; compatible; bingbot/2.0; +http://www.bing.com/bingbot.htm) Chrome/116.0.1938.76 Safari/537.36"
141.94.194.132 - - [28/Jan/2026:01:38:24 -0500] "GET /index.php/gay-sex-tube/gay-cum-swallow-2.html/feed HTTP/1.1" 200 1294 "-" "Mozilla/5.0 (X11; Linux i686) AppleWebKit/537.36 (KHTML, like Gecko) Chrome/30.0.1599.66 Safari/537.36"
193.24.211.70 - - [28/Jan/2026:01:48:35 -0500] "GET /wp-login.php HTTP/1.1" 200 2342 "-" "Mozilla/5.0 (Windows NT 10.0; Win64; x64) AppleWebKit/537.36 (KHTML, like Gecko) Chrome/124.0.6367.207 Safari/537.36"
193.24.211.70 - - [28/Jan/2026:01:48:36 -0500] "GET /wp-login.php?wp_lang=en_US HTTP/1.1" 200 2342 "-" "Mozilla/5.0 (Windows NT 10.0; Win64; x64) AppleWebKit/537.36 (KHTML, like Gecko) Chrome/124.0.6367.207 Safari/537.36"
193.24.211.70 - - [28/Jan/2026:01:48:36 -0500] "POST /wp-login.php?wp_lang=en_US HTTP/1.1" 302 2 "http://www.freetubegay.com/wp-login.php?wp_lang=en_US" "Mozilla/5.0 (Windows NT 10.0; Win64; x64) AppleWebKit/537.36 (KHTML, like Gecko) Chrome/124.0.6367.207 Safari/537.36"
193.24.211.70 - - [28/Jan/2026:01:48:37 -0500] "GET /wp-admin/ HTTP/1.1" 200 77137 "http://www.freetubegay.com/wp-login.php?wp_lang=en_US" "Mozilla/5.0 (Windows NT 10.0; Win64; x64) AppleWebKit/537.36 (KHTML, like Gecko) Chrome/124.0.6367.207 Safari/537.36"
193.24.211.70 - - [28/Jan/2026:01:48:42 -0500] "GET /wp-admin/plugin-install.php HTTP/1.1" 200 45809 "-" "Mozilla/5.0 (Windows NT 10.0; Win64; x64) AppleWebKit/537.36 (KHTML, like Gecko) Chrome/124.0.6367.207 Safari/537.36"
193.24.211.70 - - [28/Jan/2026:01:48:42 -0500] "GET /wp-admin/plugin-install.php HTTP/1.1" 200 45809 "-" "Mozilla/5.0 (Windows NT 10.0; Win64; x64) AppleWebKit/537.36 (KHTML, like Gecko) Chrome/124.0.6367.207 Safari/537.36"
