20.42.209.0 - - [29/Jan/2026:19:31:33 -0500] "GET /MYK4TJEfFvO.php HTTP/1.1" 302 275 "-" "-"
20.42.209.0 - - [29/Jan/2026:19:31:33 -0500] "GET /default.php HTTP/1.1" 302 275 "-" "-"
20.42.209.0 - - [29/Jan/2026:19:31:34 -0500] "GET /bussubmit.php HTTP/1.1" 302 275 "-" "-"
20.42.209.0 - - [29/Jan/2026:19:31:34 -0500] "GET /virus.php HTTP/1.1" 302 275 "-" "-"
20.42.209.0 - - [29/Jan/2026:19:31:34 -0500] "GET /12.php HTTP/1.1" 302 275 "-" "-"
20.42.209.0 - - [29/Jan/2026:19:31:35 -0500] "GET /widgets.php HTTP/1.1" 302 275 "-" "-"
20.42.209.0 - - [29/Jan/2026:19:31:35 -0500] "GET /mszydssv.php HTTP/1.1" 302 275 "-" "-"
20.42.209.0 - - [29/Jan/2026:19:31:36 -0500] "GET /var/www/tagtek/s_e.php HTTP/1.1" 302 275 "-" "-"
20.42.209.0 - - [29/Jan/2026:19:31:36 -0500] "GET /css/radio.php HTTP/1.1" 302 275 "-" "-"
20.42.209.0 - - [29/Jan/2026:19:31:36 -0500] "GET /menu.php HTTP/1.1" 302 275 "-" "-"
20.42.209.0 - - [29/Jan/2026:19:31:37 -0500] "GET /sql_editor.php HTTP/1.1" 302 275 "-" "-"
20.42.209.0 - - [29/Jan/2026:19:31:37 -0500] "GET /wp-files.php HTTP/1.1" 302 275 "-" "-"
20.42.209.0 - - [29/Jan/2026:19:31:37 -0500] "GET /html.php HTTP/1.1" 302 275 "-" "-"
20.42.209.0 - - [29/Jan/2026:19:31:38 -0500] "GET /udd.php HTTP/1.1" 302 275 "-" "-"
20.42.209.0 - - [29/Jan/2026:19:31:38 -0500] "GET /cpvcigyk.php HTTP/1.1" 302 275 "-" "-"
20.42.209.0 - - [29/Jan/2026:19:31:39 -0500] "GET /china.php HTTP/1.1" 302 275 "-" "-"
20.42.209.0 - - [29/Jan/2026:19:31:39 -0500] "GET /wp-content/themes/twentyfive/include.php HTTP/1.1" 302 275 "-" "-"
20.42.209.0 - - [29/Jan/2026:19:31:39 -0500] "GET /old_phpinfo.php HTTP/1.1" 302 275 "-" "-"
20.42.209.0 - - [29/Jan/2026:19:31:40 -0500] "GET /shell20211028.php HTTP/1.1" 302 275 "-" "-"
20.42.209.0 - - [29/Jan/2026:19:31:40 -0500] "GET /class.api.php HTTP/1.1" 302 275 "-" "-"
20.42.209.0 - - [29/Jan/2026:19:31:40 -0500] "GET /img.php HTTP/1.1" 302 275 "-" "-"
20.42.209.0 - - [29/Jan/2026:19:31:41 -0500] "GET /wsoyanz1.php HTTP/1.1" 302 275 "-" "-"
20.42.209.0 - - [29/Jan/2026:19:31:41 -0500] "GET /class-config.php HTTP/1.1" 302 275 "-" "-"
20.42.209.0 - - [29/Jan/2026:19:31:42 -0500] "GET /chtmlfuns.php HTTP/1.1" 302 275 "-" "-"
20.42.209.0 - - [29/Jan/2026:19:31:42 -0500] "GET /wp-admin/network/about.php HTTP/1.1" 301 2 "-" "-"
20.42.209.0 - - [29/Jan/2026:19:31:43 -0500] "GET /wp-admin/network/about.php HTTP/1.1" 302 2 "-" "-"
20.42.209.0 - - [29/Jan/2026:19:31:43 -0500] "GET /wp-login.php?redirect_to=http%3A%2F%2Fwww.freetubegay.com%2Fwp-admin%2Fnetwork%2Fabout.php&reauth=1 HTTP/1.1" 200 2359 "-" "-"
20.42.209.0 - - [29/Jan/2026:19:31:44 -0500] "GET /1h6j5.php HTTP/1.1" 302 275 "-" "-"
20.42.209.0 - - [29/Jan/2026:19:31:44 -0500] "GET /ioxi-aneh.php HTTP/1.1" 302 275 "-" "-"
20.42.209.0 - - [29/Jan/2026:19:31:45 -0500] "GET /ton.php HTTP/1.1" 302 275 "-" "-"
20.42.209.0 - - [29/Jan/2026:19:31:45 -0500] "GET /api_download.php HTTP/1.1" 302 275 "-" "-"
20.42.209.0 - - [29/Jan/2026:19:31:46 -0500] "GET /lala.php HTTP/1.1" 302 275 "-" "-"
20.42.209.0 - - [29/Jan/2026:19:31:46 -0500] "GET /termps.php HTTP/1.1" 302 275 "-" "-"
20.42.209.0 - - [29/Jan/2026:19:31:46 -0500] "GET /time.php HTTP/1.1" 302 275 "-" "-"
20.42.209.0 - - [29/Jan/2026:19:31:47 -0500] "GET /tmpls.php HTTP/1.1" 302 275 "-" "-"
20.42.209.0 - - [29/Jan/2026:19:31:47 -0500] "GET /gix.php HTTP/1.1" 302 275 "-" "-"
20.42.209.0 - - [29/Jan/2026:19:31:48 -0500] "GET /bxjdihkz.php HTTP/1.1" 302 275 "-" "-"
20.42.209.0 - - [29/Jan/2026:19:31:48 -0500] "GET /wp-content/plugins/index.php HTTP/1.1" 200 - "-" "-"
20.42.209.0 - - [29/Jan/2026:19:31:48 -0500] "GET /defaul1.php HTTP/1.1" 302 275 "-" "-"
20.42.209.0 - - [29/Jan/2026:19:31:49 -0500] "GET /xeijumgl.php HTTP/1.1" 302 275 "-" "-"
20.42.209.0 - - [29/Jan/2026:19:31:49 -0500] "GET /blog/wp-login.php HTTP/1.1" 302 275 "-" "-"
20.42.209.0 - - [29/Jan/2026:19:31:49 -0500] "GET /mart.php HTTP/1.1" 302 275 "-" "-"
20.42.209.0 - - [29/Jan/2026:19:31:50 -0500] "GET /infos.php HTTP/1.1" 302 275 "-" "-"
20.42.209.0 - - [29/Jan/2026:19:31:50 -0500] "GET /beence.php HTTP/1.1" 302 275 "-" "-"
20.42.209.0 - - [29/Jan/2026:19:31:51 -0500] "GET /ten.php HTTP/1.1" 302 275 "-" "-"
20.42.209.0 - - [29/Jan/2026:19:31:51 -0500] "GET /wp-themes.php HTTP/1.1" 302 275 "-" "-"
20.42.209.0 - - [29/Jan/2026:19:31:51 -0500] "GET /wp_filemanager.php HTTP/1.1" 302 275 "-" "-"
20.42.209.0 - - [29/Jan/2026:19:31:52 -0500] "GET /wp-includes/fonts/index.php HTTP/1.1" 302 275 "-" "-"
20.42.209.0 - - [29/Jan/2026:19:31:52 -0500] "GET /W4t52zsXJ9B.php HTTP/1.1" 302 275 "-" "-"
20.42.209.0 - - [29/Jan/2026:19:31:53 -0500] "GET /var/www/cgi-bin/install.php HTTP/1.1" 302 275 "-" "-"
20.42.209.0 - - [29/Jan/2026:19:31:53 -0500] "GET /asdf.php HTTP/1.1" 302 275 "-" "-"
20.42.209.0 - - [29/Jan/2026:19:31:53 -0500] "GET /tempfuns.php HTTP/1.1" 302 275 "-" "-"
20.42.209.0 - - [29/Jan/2026:19:31:54 -0500] "GET /log.php HTTP/1.1" 302 275 "-" "-"
20.42.209.0 - - [29/Jan/2026:19:31:54 -0500] "GET /schema.php HTTP/1.1" 302 275 "-" "-"
20.42.209.0 - - [29/Jan/2026:19:31:55 -0500] "GET /test1.php HTTP/1.1" 302 275 "-" "-"
20.42.209.0 - - [29/Jan/2026:19:31:55 -0500] "GET /wp-includes/Text/about.php HTTP/1.1" 302 275 "-" "-"
20.42.209.0 - - [29/Jan/2026:19:31:55 -0500] "GET /wp-cron.php HTTP/1.1" 301 2 "-" "-"
20.42.209.0 - - [29/Jan/2026:19:31:56 -0500] "GET /wp-cron.php HTTP/1.1" 200 2 "-" "-"
20.42.209.0 - - [29/Jan/2026:19:31:56 -0500] "GET /503.php HTTP/1.1" 302 275 "-" "-"
20.42.209.0 - - [29/Jan/2026:19:31:57 -0500] "GET /forum.php HTTP/1.1" 302 275 "-" "-"
20.42.209.0 - - [29/Jan/2026:19:31:57 -0500] "GET /baxa1.phP8 HTTP/1.1" 302 275 "-" "-"
20.42.209.0 - - [29/Jan/2026:19:31:57 -0500] "GET /wp-303.php HTTP/1.1" 302 275 "-" "-"
20.42.209.0 - - [29/Jan/2026:19:31:58 -0500] "GET /pegi.php HTTP/1.1" 302 275 "-" "-"
20.42.209.0 - - [29/Jan/2026:19:31:58 -0500] "GET /wp-api.php HTTP/1.1" 302 275 "-" "-"
20.42.209.0 - - [29/Jan/2026:19:31:59 -0500] "GET /xt.php HTTP/1.1" 302 275 "-" "-"
20.42.209.0 - - [29/Jan/2026:19:31:59 -0500] "GET /item.php HTTP/1.1" 302 275 "-" "-"
20.42.209.0 - - [29/Jan/2026:19:31:59 -0500] "GET /blkaabkj.php HTTP/1.1" 302 275 "-" "-"
20.42.209.0 - - [29/Jan/2026:19:32:00 -0500] "GET /copypaths.php HTTP/1.1" 302 275 "-" "-"
20.42.209.0 - - [29/Jan/2026:19:32:00 -0500] "GET /page.php HTTP/1.1" 302 275 "-" "-"
20.42.209.0 - - [29/Jan/2026:19:32:01 -0500] "GET /bolxmijf.php HTTP/1.1" 302 275 "-" "-"
20.42.209.0 - - [29/Jan/2026:19:32:01 -0500] "GET /bihnmimh.php HTTP/1.1" 302 275 "-" "-"
141.94.194.132 - - [29/Jan/2026:19:32:43 -0500] "GET /index.php/gay-sex-tube/free-gay-porn-videos.html/feed HTTP/1.1" 200 1384 "-" "Mozilla/5.0 (X11; Linux i686) AppleWebKit/537.36 (KHTML, like Gecko) Chrome/30.0.1599.66 Safari/537.36"
116.76.37.242 - - [29/Jan/2026:19:37:57 -0500] "GET /robots.txt HTTP/1.1" 200 29 "-" "Mozilla/5.0 (Windows NT 10.0; WOW64) AppleWebKit/537.36 (KHTML, like Gecko) Chrome/83.0.4067.123 Safari/537.36 LBBROWSER"
141.94.194.132 - - [29/Jan/2026:19:43:29 -0500] "GET /index.php/gay-sex-tube/rawpapi-tube.html/feed HTTP/1.1" 200 1330 "-" "Mozilla/5.0 (X11; Linux i686) AppleWebKit/537.36 (KHTML, like Gecko) Chrome/30.0.1599.66 Safari/537.36"
107.172.180.205 - - [29/Jan/2026:19:44:56 -0500] "GET / HTTP/1.1" 200 56288 "-" "Mozilla/5.0 (Macintosh; Intel Mac OS X 15_7_3) AppleWebKit/605.1.15 (KHTML, like Gecko) Version/26.0 Safari/605.1.15"
114.119.151.209 - - [29/Jan/2026:19:45:42 -0500] "GET /index.php/gay-sex-tube/gay-teen-tube.html HTTP/1.1" 200 11677 "http://www.freetubegay.com/index.php/category/gay-sex-tube/page/3" "Mozilla/5.0 (Linux; Android 7.0;) AppleWebKit/537.36 (KHTML, like Gecko) Mobile Safari/537.36 (compatible; PetalBot;+https://webmaster.petalsearch.com/site/petalbot)"
114.119.158.118 - - [29/Jan/2026:19:47:12 -0500] "GET /index.php/gay-sex-tube/free-gay-male-tube.html HTTP/1.1" 200 11810 "http://www.freetubegay.com/index.php/category/gay-sex-tube/page/4" "Mozilla/5.0 (Linux; Android 7.0;) AppleWebKit/537.36 (KHTML, like Gecko) Mobile Safari/537.36 (compatible; PetalBot;+https://webmaster.petalsearch.com/site/petalbot)"
114.119.145.205 - - [29/Jan/2026:19:48:45 -0500] "GET /index.php/gay-sex-tube/free-gay-cum.html HTTP/1.1" 200 11881 "http://www.freetubegay.com/index.php/page/7" "Mozilla/5.0 (Linux; Android 7.0;) AppleWebKit/537.36 (KHTML, like Gecko) Mobile Safari/537.36 (compatible; PetalBot;+https://webmaster.petalsearch.com/site/petalbot)"
141.94.194.132 - - [29/Jan/2026:19:49:33 -0500] "GET /index.php/gay-sex-tube/sex-gay-tube.html/feed HTTP/1.1" 200 1280 "-" "Mozilla/5.0 (X11; Linux i686) AppleWebKit/537.36 (KHTML, like Gecko) Chrome/30.0.1599.66 Safari/537.36"
114.119.145.205 - - [29/Jan/2026:19:50:17 -0500] "GET /index.php/gay-sex-tube/gay-cum-swallow-2.html HTTP/1.1" 200 12426 "http://www.freetubegay.com/" "Mozilla/5.0 (Linux; Android 7.0;) AppleWebKit/537.36 (KHTML, like Gecko) Mobile Safari/537.36 (compatible; PetalBot;+https://webmaster.petalsearch.com/site/petalbot)"
115.45.40.175 - - [29/Jan/2026:19:51:00 -0500] "GET /robots.txt HTTP/1.1" 200 29 "-" "Mozilla/5.0 (Windows NT 10.0; WOW64) AppleWebKit/537.36 (KHTML, like Gecko) Chrome/75.0.3906.39 Safari/537.36 LBBROWSER"
112.198.22.122 - - [29/Jan/2026:19:54:42 -0500] "GET /wp-json/wp/v2/posts HTTP/1.1" 302 275 "-" "Mozilla/5.0 (Windows NT 10.0; Win64; x64) AppleWebKit/537.36 (KHTML, like Gecko) Chrome/120.0.0.0 Safari/537.36"
114.119.151.209 - - [29/Jan/2026:20:01:07 -0500] "GET /index.php/gay-sex-tube/gay-tube-sex.html HTTP/1.1" 200 11708 "http://www.freetubegay.com/index.php/page/2" "Mozilla/5.0 (Linux; Android 7.0;) AppleWebKit/537.36 (KHTML, like Gecko) Mobile Safari/537.36 (compatible; PetalBot;+https://webmaster.petalsearch.com/site/petalbot)"
141.94.194.132 - - [29/Jan/2026:20:05:11 -0500] "GET /index.php/gay-tube/free-gay-porn-tube-3.html/feed HTTP/1.1" 200 1807 "-" "Mozilla/5.0 (X11; Linux i686) AppleWebKit/537.36 (KHTML, like Gecko) Chrome/30.0.1599.66 Safari/537.36"
74.206.190.121 - - [29/Jan/2026:20:07:53 -0500] "POST /wp-cron.php?doing_wp_cron=1769735273.6688148975372314453125 HTTP/1.1" 200 2 "-" "WordPress/3.6.1; http://www.freetubegay.com"
141.94.194.132 - - [29/Jan/2026:20:07:53 -0500] "GET /index.php/gay-sex-tube/gay-8-tube.html/feed HTTP/1.1" 200 1437 "-" "Mozilla/5.0 (X11; Linux i686) AppleWebKit/537.36 (KHTML, like Gecko) Chrome/30.0.1599.66 Safari/537.36"
104.244.73.251 - - [29/Jan/2026:20:11:50 -0500] "GET /wp-login.php HTTP/1.1" 200 2450 "-" "Mozilla/5.0 (iPhone; CPU iPhone OS 7_0_4 like Mac OS X) AppleWebKit/537.51.1 (KHTML, like Gecko) Version/7.0 Mobile/11B554a Safari/9537.53"
104.244.73.251 - - [29/Jan/2026:20:11:50 -0500] "POST /wp-login.php HTTP/1.1" 200 2713 "-" "Mozilla/5.0 (iPhone; CPU iPhone OS 7_0_4 like Mac OS X) AppleWebKit/537.51.1 (KHTML, like Gecko) Version/7.0 Mobile/11B554a Safari/9537.53"
141.94.194.132 - - [29/Jan/2026:20:16:23 -0500] "GET /index.php/gay-sex-tube/gay-cum-swallow.html/feed HTTP/1.1" 200 2943 "-" "Mozilla/5.0 (X11; Linux i686) AppleWebKit/537.36 (KHTML, like Gecko) Chrome/30.0.1599.66 Safari/537.36"
216.26.244.180 - - [29/Jan/2026:20:20:56 -0500] "GET /wp-login.php HTTP/1.1" 200 2342 "-" "Mozilla/5.0 (Windows NT 10.0; Win64; x64) AppleWebKit/537.36 (KHTML, like Gecko) Chrome/124.0.6367.207 Safari/537.36"
216.26.244.180 - - [29/Jan/2026:20:20:56 -0500] "POST /xmlrpc.php HTTP/1.1" 302 279 "-" "Mozilla/5.0 (Windows NT 10.0; Win64; x64) AppleWebKit/537.36 (KHTML, like Gecko) Chrome/124.0.6367.207 Safari/537.36"
65.111.22.163 - - [29/Jan/2026:20:20:57 -0500] "POST /xmlrpc.php HTTP/1.1" 302 279 "-" "Mozilla/5.0 (Macintosh; Intel Mac OS X 13_5) AppleWebKit/605.1.15 (KHTML, like Gecko) Version/17.5 Safari/605.1.15"
104.207.48.200 - - [29/Jan/2026:20:20:58 -0500] "POST /xmlrpc.php HTTP/1.1" 302 279 "-" "Mozilla/5.0 (Windows NT 10.0; Win64; x64; rv:127.0) Gecko/20100101 Firefox/127.0"
45.3.54.11 - - [29/Jan/2026:20:20:59 -0500] "POST /xmlrpc.php HTTP/1.1" 302 279 "-" "Mozilla/5.0 (Windows NT 10.0; Win64; x64) AppleWebKit/537.36 (KHTML, like Gecko) Chrome/124.0.6367.207 Safari/537.36"
209.50.189.129 - - [29/Jan/2026:20:21:03 -0500] "POST /xmlrpc.php HTTP/1.1" 302 279 "-" "Mozilla/5.0 (Windows NT 10.0; Win64; x64; rv:127.0) Gecko/20100101 Firefox/127.0"
209.50.174.6 - - [29/Jan/2026:20:21:04 -0500] "POST /xmlrpc.php HTTP/1.1" 302 279 "-" "Mozilla/5.0 (Macintosh; Intel Mac OS X 13_5) AppleWebKit/605.1.15 (KHTML, like Gecko) Version/17.5 Safari/605.1.15"
104.207.53.244 - - [29/Jan/2026:20:21:05 -0500] "POST /xmlrpc.php HTTP/1.1" 302 279 "-" "Mozilla/5.0 (Windows NT 10.0; Win64; x64) AppleWebKit/537.36 (KHTML, like Gecko) Chrome/124.0.6367.207 Safari/537.36"
209.50.190.155 - - [29/Jan/2026:20:21:06 -0500] "POST /xmlrpc.php HTTP/1.1" 302 279 "-" "Mozilla/5.0 (Windows NT 10.0; Win64; x64; rv:127.0) Gecko/20100101 Firefox/127.0"
45.3.34.167 - - [29/Jan/2026:20:21:07 -0500] "POST /xmlrpc.php HTTP/1.1" 302 279 "-" "Mozilla/5.0 (Windows NT 10.0; Win64; x64) AppleWebKit/537.36 (KHTML, like Gecko) Chrome/124.0.6367.207 Safari/537.36"
104.207.47.2 - - [29/Jan/2026:20:21:08 -0500] "POST /xmlrpc.php HTTP/1.1" 302 279 "-" "Mozilla/5.0 (Windows NT 10.0; Win64; x64; rv:127.0) Gecko/20100101 Firefox/127.0"
45.3.35.162 - - [29/Jan/2026:20:21:08 -0500] "POST /xmlrpc.php HTTP/1.1" 302 279 "-" "Mozilla/5.0 (Windows NT 10.0; Win64; x64; rv:127.0) Gecko/20100101 Firefox/127.0"
216.26.244.180 - - [29/Jan/2026:20:21:09 -0500] "GET /wp-login.php?wp_lang=en_US HTTP/1.1" 200 2342 "-" "Mozilla/5.0 (Windows NT 10.0; Win64; x64) AppleWebKit/537.36 (KHTML, like Gecko) Chrome/124.0.6367.207 Safari/537.36"
216.26.244.180 - - [29/Jan/2026:20:21:09 -0500] "POST /wp-login.php?wp_lang=en_US HTTP/1.1" 302 2 "http://www.freetubegay.com/wp-login.php?wp_lang=en_US" "Mozilla/5.0 (Windows NT 10.0; Win64; x64) AppleWebKit/537.36 (KHTML, like Gecko) Chrome/124.0.6367.207 Safari/537.36"
216.26.244.180 - - [29/Jan/2026:20:21:10 -0500] "GET /wp-admin/ HTTP/1.1" 200 77137 "http://www.freetubegay.com/wp-login.php?wp_lang=en_US" "Mozilla/5.0 (Windows NT 10.0; Win64; x64) AppleWebKit/537.36 (KHTML, like Gecko) Chrome/124.0.6367.207 Safari/537.36"
216.26.244.180 - - [29/Jan/2026:20:21:10 -0500] "GET /wp-admin/admin-ajax.php?action=rest-nonce HTTP/1.1" 200 3 "-" "Mozilla/5.0 (Windows NT 10.0; Win64; x64) AppleWebKit/537.36 (KHTML, like Gecko) Chrome/124.0.6367.207 Safari/537.36"
216.26.244.180 - - [29/Jan/2026:20:21:11 -0500] "GET /wp-admin/admin-ajax.php?action=rest-nonce HTTP/1.1" 200 3 "-" "Mozilla/5.0 (Windows NT 10.0; Win64; x64) AppleWebKit/537.36 (KHTML, like Gecko) Chrome/124.0.6367.207 Safari/537.36"
216.26.244.180 - - [29/Jan/2026:20:21:11 -0500] "GET /wp-admin/admin-ajax.php?action=rest-nonce HTTP/1.1" 200 3 "-" "Mozilla/5.0 (Windows NT 10.0; Win64; x64) AppleWebKit/537.36 (KHTML, like Gecko) Chrome/124.0.6367.207 Safari/537.36"
66.249.75.8 - - [29/Jan/2026:20:23:23 -0500] "GET /index.php/feed HTTP/1.1" 200 11601 "-" "Mozilla/5.0 (compatible; Googlebot/2.1; +http://www.google.com/bot.html)"
141.94.194.132 - - [29/Jan/2026:20:27:21 -0500] "GET /index.php/gay-sex-tube/gay-tube-free-movie.html/feed HTTP/1.1" 200 852 "-" "Mozilla/5.0 (X11; Linux i686) AppleWebKit/537.36 (KHTML, like Gecko) Chrome/30.0.1599.66 Safari/537.36"
93.158.71.185 - - [29/Jan/2026:20:35:07 -0500] "GET / HTTP/1.1" 301 2 "-" "Mozilla/5.0 (Macintosh; Intel Mac OS X 10_15_7) AppleWebKit/605.1.15 (KHTML, like Gecko) Version/17.3.1 Safari/605.1.1"
93.158.95.213 - - [29/Jan/2026:20:35:08 -0500] "GET / HTTP/1.1" 200 56288 "http://freetubegay.com/" "Mozilla/5.0 (Macintosh; Intel Mac OS X 10_15_7) AppleWebKit/605.1.15 (KHTML, like Gecko) Version/17.3.1 Safari/605.1.1"
141.138.213.100 - - [29/Jan/2026:20:35:09 -0500] "GET /index.php/gay-sex-tube/free-videos-bareback-gay.html HTTP/1.1" 200 11982 "-" "Mozilla/5.0 (Macintosh; Intel Mac OS X 10_15_7) AppleWebKit/605.1.15 (KHTML, like Gecko) Version/17.3.1 Safari/605.1.1"
185.12.150.17 - - [29/Jan/2026:20:35:10 -0500] "GET /index.php/gay-sex-tube/free-sex-gay-bareback.html HTTP/1.1" 200 11781 "-" "Mozilla/5.0 (Macintosh; Intel Mac OS X 10_15_7) AppleWebKit/605.1.15 (KHTML, like Gecko) Version/17.3.1 Safari/605.1.1"
141.138.208.43 - - [29/Jan/2026:20:35:11 -0500] "GET /index.php/gay-sex-tube/pornotubegay-bareback.html HTTP/1.1" 200 11803 "-" "Mozilla/5.0 (Macintosh; Intel Mac OS X 10_15_7) AppleWebKit/605.1.15 (KHTML, like Gecko) Version/17.3.1 Safari/605.1.1"
1.15.52.154 - - [29/Jan/2026:20:39:42 -0500] "GET / HTTP/1.1" 200 56288 "-" "Mozilla/5.0 (iPhone; CPU iPhone OS 13_2_3 like Mac OS X) AppleWebKit/605.1.15 (KHTML, like Gecko) Version/13.0.3 Mobile/15E148 Safari/604.1"
45.3.34.167 - - [29/Jan/2026:20:48:14 -0500] "GET /wp-login.php HTTP/1.1" 200 2342 "-" "Mozilla/5.0 (Windows NT 10.0; Win64; x64) AppleWebKit/537.36 (KHTML, like Gecko) Chrome/124.0.6367.207 Safari/537.36"
45.3.34.167 - - [29/Jan/2026:20:48:15 -0500] "POST /xmlrpc.php HTTP/1.1" 302 279 "-" "Mozilla/5.0 (Windows NT 10.0; Win64; x64) AppleWebKit/537.36 (KHTML, like Gecko) Chrome/124.0.6367.207 Safari/537.36"
45.3.36.237 - - [29/Jan/2026:20:48:16 -0500] "POST /xmlrpc.php HTTP/1.1" 302 279 "-" "Mozilla/5.0 (Windows NT 10.0; Win64; x64; rv:127.0) Gecko/20100101 Firefox/127.0"
216.26.253.204 - - [29/Jan/2026:20:48:17 -0500] "POST /xmlrpc.php HTTP/1.1" 302 279 "-" "Mozilla/5.0 (Windows NT 10.0; Win64; x64) AppleWebKit/537.36 (KHTML, like Gecko) Chrome/124.0.6367.207 Safari/537.36"
154.213.166.87 - - [29/Jan/2026:20:48:18 -0500] "POST /xmlrpc.php HTTP/1.1" 302 279 "-" "Mozilla/5.0 (Macintosh; Intel Mac OS X 13_5) AppleWebKit/605.1.15 (KHTML, like Gecko) Version/17.5 Safari/605.1.15"
104.207.44.16 - - [29/Jan/2026:20:48:20 -0500] "POST /xmlrpc.php HTTP/1.1" 302 279 "-" "Mozilla/5.0 (Windows NT 10.0; Win64; x64; rv:127.0) Gecko/20100101 Firefox/127.0"
65.111.20.244 - - [29/Jan/2026:20:48:21 -0500] "POST /xmlrpc.php HTTP/1.1" 302 279 "-" "Mozilla/5.0 (Windows NT 10.0; Win64; x64; rv:127.0) Gecko/20100101 Firefox/127.0"
216.26.229.141 - - [29/Jan/2026:20:48:22 -0500] "POST /xmlrpc.php HTTP/1.1" 302 279 "-" "Mozilla/5.0 (Windows NT 10.0; Win64; x64) AppleWebKit/537.36 (KHTML, like Gecko) Chrome/124.0.6367.207 Safari/537.36"
216.26.225.212 - - [29/Jan/2026:20:48:23 -0500] "POST /xmlrpc.php HTTP/1.1" 302 279 "-" "Mozilla/5.0 (Macintosh; Intel Mac OS X 13_5) AppleWebKit/605.1.15 (KHTML, like Gecko) Version/17.5 Safari/605.1.15"
209.50.186.196 - - [29/Jan/2026:20:48:23 -0500] "POST /xmlrpc.php HTTP/1.1" 302 279 "-" "Mozilla/5.0 (Windows NT 10.0; Win64; x64; rv:127.0) Gecko/20100101 Firefox/127.0"
65.111.5.220 - - [29/Jan/2026:20:48:25 -0500] "POST /xmlrpc.php HTTP/1.1" 302 279 "-" "Mozilla/5.0 (Windows NT 10.0; Win64; x64; rv:127.0) Gecko/20100101 Firefox/127.0"
104.207.38.123 - - [29/Jan/2026:20:48:26 -0500] "POST /xmlrpc.php HTTP/1.1" 302 279 "-" "Mozilla/5.0 (Macintosh; Intel Mac OS X 13_5) AppleWebKit/605.1.15 (KHTML, like Gecko) Version/17.5 Safari/605.1.15"
45.3.34.167 - - [29/Jan/2026:20:48:26 -0500] "GET /wp-login.php HTTP/1.1" 200 2342 "-" "Mozilla/5.0 (Windows NT 10.0; Win64; x64) AppleWebKit/537.36 (KHTML, like Gecko) Chrome/124.0.6367.207 Safari/537.36"
45.3.34.167 - - [29/Jan/2026:20:48:27 -0500] "POST /wp-login.php HTTP/1.1" 302 2 "http://www.freetubegay.com/wp-login.php" "Mozilla/5.0 (Windows NT 10.0; Win64; x64) AppleWebKit/537.36 (KHTML, like Gecko) Chrome/124.0.6367.207 Safari/537.36"
45.3.34.167 - - [29/Jan/2026:20:48:27 -0500] "GET /wp-admin/ HTTP/1.1" 200 77137 "http://www.freetubegay.com/wp-login.php" "Mozilla/5.0 (Windows NT 10.0; Win64; x64) AppleWebKit/537.36 (KHTML, like Gecko) Chrome/124.0.6367.207 Safari/537.36"
45.3.34.167 - - [29/Jan/2026:20:48:28 -0500] "GET /wp-admin/admin-ajax.php?action=rest-nonce HTTP/1.1" 200 3 "-" "Mozilla/5.0 (Windows NT 10.0; Win64; x64) AppleWebKit/537.36 (KHTML, like Gecko) Chrome/124.0.6367.207 Safari/537.36"
45.3.34.167 - - [29/Jan/2026:20:48:28 -0500] "GET /wp-json/wp/v2/users/me HTTP/1.1" 302 279 "-" "Mozilla/5.0 (Windows NT 10.0; Win64; x64) AppleWebKit/537.36 (KHTML, like Gecko) Chrome/124.0.6367.207 Safari/537.36"
45.3.34.167 - - [29/Jan/2026:20:48:29 -0500] "GET /wp-json/wp/v2/users/me HTTP/1.1" 302 279 "-" "Mozilla/5.0 (Windows NT 10.0; Win64; x64) AppleWebKit/537.36 (KHTML, like Gecko) Chrome/124.0.6367.207 Safari/537.36"
45.3.34.167 - - [29/Jan/2026:20:48:29 -0500] "GET /wp-json/wp/v2/users/me HTTP/1.1" 302 279 "-" "Mozilla/5.0 (Windows NT 10.0; Win64; x64) AppleWebKit/537.36 (KHTML, like Gecko) Chrome/124.0.6367.207 Safari/537.36"
45.3.34.167 - - [29/Jan/2026:20:48:30 -0500] "GET /wp-json/wp/v2/users/me HTTP/1.1" 302 279 "-" "Mozilla/5.0 (Windows NT 10.0; Win64; x64) AppleWebKit/537.36 (KHTML, like Gecko) Chrome/124.0.6367.207 Safari/537.36"
45.3.34.167 - - [29/Jan/2026:20:48:31 -0500] "GET /wp-json/wp/v2/users/me HTTP/1.1" 302 279 "-" "Mozilla/5.0 (Windows NT 10.0; Win64; x64) AppleWebKit/537.36 (KHTML, like Gecko) Chrome/124.0.6367.207 Safari/537.36"
45.3.34.167 - - [29/Jan/2026:20:48:32 -0500] "GET /wp-admin/theme-editor.php HTTP/1.1" 200 43748 "-" "Mozilla/5.0 (Windows NT 10.0; Win64; x64) AppleWebKit/537.36 (KHTML, like Gecko) Chrome/124.0.6367.207 Safari/537.36"
45.3.34.167 - - [29/Jan/2026:20:48:32 -0500] "GET /wp-admin/plugin-editor.php HTTP/1.1" 200 28884 "-" "Mozilla/5.0 (Windows NT 10.0; Win64; x64) AppleWebKit/537.36 (KHTML, like Gecko) Chrome/124.0.6367.207 Safari/537.36"
45.3.34.167 - - [29/Jan/2026:20:48:33 -0500] "GET /wp-admin/theme-install.php HTTP/1.1" 200 32202 "-" "Mozilla/5.0 (Windows NT 10.0; Win64; x64) AppleWebKit/537.36 (KHTML, like Gecko) Chrome/124.0.6367.207 Safari/537.36"
45.3.34.167 - - [29/Jan/2026:20:48:33 -0500] "GET /wp-admin/plugin-install.php HTTP/1.1" 200 45810 "-" "Mozilla/5.0 (Windows NT 10.0; Win64; x64) AppleWebKit/537.36 (KHTML, like Gecko) Chrome/124.0.6367.207 Safari/537.36"
45.3.34.167 - - [29/Jan/2026:20:48:34 -0500] "GET /wp-admin/plugin-install.php HTTP/1.1" 200 45810 "-" "Mozilla/5.0 (Windows NT 10.0; Win64; x64) AppleWebKit/537.36 (KHTML, like Gecko) Chrome/124.0.6367.207 Safari/537.36"
45.3.34.167 - - [29/Jan/2026:20:48:34 -0500] "GET /wp-admin/plugin-install.php HTTP/1.1" 200 45810 "-" "Mozilla/5.0 (Windows NT 10.0; Win64; x64) AppleWebKit/537.36 (KHTML, like Gecko) Chrome/124.0.6367.207 Safari/537.36"
45.3.34.167 - - [29/Jan/2026:20:48:34 -0500] "GET /wp-admin/plugin-install.php HTTP/1.1" 200 45810 "-" "Mozilla/5.0 (Windows NT 10.0; Win64; x64) AppleWebKit/537.36 (KHTML, like Gecko) Chrome/124.0.6367.207 Safari/537.36"
45.3.34.167 - - [29/Jan/2026:20:48:37 -0500] "GET /wp-admin/plugin-install.php HTTP/1.1" 200 45810 "-" "Mozilla/5.0 (Windows NT 10.0; Win64; x64) AppleWebKit/537.36 (KHTML, like Gecko) Chrome/124.0.6367.207 Safari/537.36"
45.3.34.167 - - [29/Jan/2026:20:48:38 -0500] "GET /wp-admin/plugins.php?plugin_status=all HTTP/1.1" 200 69319 "-" "Mozilla/5.0 (Windows NT 10.0; Win64; x64) AppleWebKit/537.36 (KHTML, like Gecko) Chrome/124.0.6367.207 Safari/537.36"
45.3.34.167 - - [29/Jan/2026:20:48:38 -0500] "GET /wp-admin/plugins.php?plugin_status=all HTTP/1.1" 200 69319 "-" "Mozilla/5.0 (Windows NT 10.0; Win64; x64) AppleWebKit/537.36 (KHTML, like Gecko) Chrome/124.0.6367.207 Safari/537.36"
45.3.34.167 - - [29/Jan/2026:20:48:39 -0500] "GET /wp-admin/plugins.php?plugin_status=all HTTP/1.1" 200 69319 "-" "Mozilla/5.0 (Windows NT 10.0; Win64; x64) AppleWebKit/537.36 (KHTML, like Gecko) Chrome/124.0.6367.207 Safari/537.36"
45.3.34.167 - - [29/Jan/2026:20:48:39 -0500] "GET /wp-admin/plugins.php?plugin_status=all HTTP/1.1" 200 69319 "-" "Mozilla/5.0 (Windows NT 10.0; Win64; x64) AppleWebKit/537.36 (KHTML, like Gecko) Chrome/124.0.6367.207 Safari/537.36"
45.3.34.167 - - [29/Jan/2026:20:48:40 -0500] "GET /wp-admin/plugins.php?plugin_status=all HTTP/1.1" 200 69319 "-" "Mozilla/5.0 (Windows NT 10.0; Win64; x64) AppleWebKit/537.36 (KHTML, like Gecko) Chrome/124.0.6367.207 Safari/537.36"
45.3.34.167 - - [29/Jan/2026:20:48:40 -0500] "GET /wp-admin/plugins.php HTTP/1.1" 200 69127 "-" "Mozilla/5.0 (Windows NT 10.0; Win64; x64) AppleWebKit/537.36 (KHTML, like Gecko) Chrome/124.0.6367.207 Safari/537.36"
17.246.19.68 - - [29/Jan/2026:21:12:41 -0500] "GET /robots.txt HTTP/1.1" 200 29 "-" "Mozilla/5.0 (Macintosh; Intel Mac OS X 10_15_7) AppleWebKit/605.1.15 (KHTML, like Gecko) Version/17.4 Safari/605.1.15 (Applebot/0.1; +http://www.apple.com/go/applebot)"
74.206.190.121 - - [29/Jan/2026:21:12:41 -0500] "POST /wp-cron.php?doing_wp_cron=1769739161.8725950717926025390625 HTTP/1.1" 200 2 "-" "WordPress/3.6.1; http://www.freetubegay.com"
17.246.19.68 - - [29/Jan/2026:21:12:41 -0500] "GET /index.php/category/gay-sex-tube/feed HTTP/1.1" 200 11643 "-" "Mozilla/5.0 (Macintosh; Intel Mac OS X 10_15_7) AppleWebKit/605.1.15 (KHTML, like Gecko) Version/17.4 Safari/605.1.15 (Applebot/0.1; +http://www.apple.com/go/applebot)"
43.167.232.38 - - [29/Jan/2026:21:28:00 -0500] "GET / HTTP/1.1" 301 2 "-" "Mozilla/5.0 (iPhone; CPU iPhone OS 13_2_3 like Mac OS X) AppleWebKit/605.1.15 (KHTML, like Gecko) Version/13.0.3 Mobile/15E148 Safari/604.1"
43.167.232.38 - - [29/Jan/2026:21:28:01 -0500] "GET / HTTP/1.1" 200 56288 "http://freetubegay.com" "Mozilla/5.0 (iPhone; CPU iPhone OS 13_2_3 like Mac OS X) AppleWebKit/605.1.15 (KHTML, like Gecko) Version/13.0.3 Mobile/15E148 Safari/604.1"
66.249.75.6 - - [29/Jan/2026:21:28:34 -0500] "GET /index.php/feed HTTP/1.1" 200 11601 "-" "Mozilla/5.0 (compatible; Googlebot/2.1; +http://www.google.com/bot.html)"
141.94.194.132 - - [29/Jan/2026:21:29:37 -0500] "GET /index.php/gay-sex-tube/gay-cum-swallow-2.html/feed HTTP/1.1" 200 1294 "-" "Mozilla/5.0 (X11; Linux i686) AppleWebKit/537.36 (KHTML, like Gecko) Chrome/30.0.1599.66 Safari/537.36"
192.36.109.90 - - [29/Jan/2026:21:31:39 -0500] "GET / HTTP/1.1" 301 2 "-" "Mozilla/5.0 (Windows NT 10.0; Win64; x64) AppleWebKit/537.36 (KHTML, like Gecko) Chrome/122.0.0.0 Safari/537.36 Agency/93.8.2357.5"
192.36.109.127 - - [29/Jan/2026:21:31:39 -0500] "GET / HTTP/1.1" 200 56288 "http://freetubegay.com/" "Mozilla/5.0 (Windows NT 10.0; Win64; x64) AppleWebKit/537.36 (KHTML, like Gecko) Chrome/122.0.0.0 Safari/537.36 Agency/93.8.2357.5"
192.36.109.127 - - [29/Jan/2026:21:31:40 -0500] "GET /index.php/gay-sex-tube/free-videos-bareback-gay.html HTTP/1.1" 200 11982 "-" "Mozilla/5.0 (Windows NT 10.0; Win64; x64) AppleWebKit/537.36 (KHTML, like Gecko) Chrome/122.0.0.0 Safari/537.36 Agency/93.8.2357.5"
192.36.109.132 - - [29/Jan/2026:21:31:41 -0500] "GET /index.php/gay-sex-tube/free-sex-gay-bareback.html HTTP/1.1" 200 11781 "-" "Mozilla/5.0 (Windows NT 10.0; Win64; x64) AppleWebKit/537.36 (KHTML, like Gecko) Chrome/122.0.0.0 Safari/537.36 Agency/93.8.2357.5"
192.36.109.99 - - [29/Jan/2026:21:31:42 -0500] "GET /index.php/gay-sex-tube/pornotubegay-bareback.html HTTP/1.1" 200 11803 "-" "Mozilla/5.0 (Windows NT 10.0; Win64; x64) AppleWebKit/537.36 (KHTML, like Gecko) Chrome/122.0.0.0 Safari/537.36 Agency/93.8.2357.5"
141.94.194.132 - - [29/Jan/2026:21:32:30 -0500] "GET /index.php/gay-sex-tube/gay-tube-free-porn.html/feed HTTP/1.1" 200 1919 "-" "Mozilla/5.0 (X11; Linux i686) AppleWebKit/537.36 (KHTML, like Gecko) Chrome/30.0.1599.66 Safari/537.36"
66.249.75.8 - - [29/Jan/2026:21:37:04 -0500] "GET /index.php/tag/cream HTTP/1.1" 200 15103 "-" "Mozilla/5.0 (Linux; Android 6.0.1; Nexus 5X Build/MMB29P) AppleWebKit/537.36 (KHTML, like Gecko) Chrome/143.0.7499.192 Mobile Safari/537.36 (compatible; Googlebot/2.1; +http://www.google.com/bot.html)"
43.153.54.138 - - [29/Jan/2026:21:51:28 -0500] "GET /index.php/page/6 HTTP/1.1" 200 56455 "-" "Mozilla/5.0 (iPhone; CPU iPhone OS 13_2_3 like Mac OS X) AppleWebKit/605.1.15 (KHTML, like Gecko) Version/13.0.3 Mobile/15E148 Safari/604.1"
198.98.51.43 - - [29/Jan/2026:21:58:55 -0500] "GET /wp-login.php HTTP/1.1" 200 2342 "-" "Mozilla/5.0 (Macintosh; Intel Mac OS X 10_7_5) AppleWebKit/537.77.4 (KHTML, like Gecko) Version/6.1.5 Safari/537.77.4"
43.131.26.226 - - [29/Jan/2026:21:59:47 -0500] "GET / HTTP/1.1" 200 56288 "-" "Mozilla/5.0 (iPhone; CPU iPhone OS 13_2_3 like Mac OS X) AppleWebKit/605.1.15 (KHTML, like Gecko) Version/13.0.3 Mobile/15E148 Safari/604.1"
198.98.51.43 - - [29/Jan/2026:22:01:08 -0500] "POST /wp-login.php HTTP/1.1" 200 3304 "-" "Mozilla/5.0 (Macintosh; Intel Mac OS X 10_7_5) AppleWebKit/537.77.4 (KHTML, like Gecko) Version/6.1.5 Safari/537.77.4"
74.206.190.121 - - [29/Jan/2026:22:12:00 -0500] "POST /wp-cron.php?doing_wp_cron=1769742720.7267930507659912109375 HTTP/1.1" 200 2 "-" "WordPress/3.6.1; http://www.freetubegay.com"
43.166.131.228 - - [29/Jan/2026:22:12:00 -0500] "GET /index.php/gay-sex-tube/free-videos-bareback-gay.html HTTP/1.1" 200 11982 "-" "Mozilla/5.0 (iPhone; CPU iPhone OS 13_2_3 like Mac OS X) AppleWebKit/605.1.15 (KHTML, like Gecko) Version/13.0.3 Mobile/15E148 Safari/604.1"
40.77.167.68 - - [29/Jan/2026:22:14:51 -0500] "GET /index.php/page/10?s HTTP/1.1" 200 56241 "-" "Mozilla/5.0 AppleWebKit/537.36 (KHTML, like Gecko; compatible; bingbot/2.0; +http://www.bing.com/bingbot.htm) Chrome/116.0.1938.76 Safari/537.36"
141.94.194.132 - - [29/Jan/2026:22:18:30 -0500] "GET /index.php/gay-sex-tube/rawpapi-tube.html/feed HTTP/1.1" 200 1330 "-" "Mozilla/5.0 (X11; Linux i686) AppleWebKit/537.36 (KHTML, like Gecko) Chrome/30.0.1599.66 Safari/537.36"
207.180.246.239 - - [29/Jan/2026:22:22:13 -0500] "GET /wp-admin/css/ HTTP/1.1" 302 279 "binance.com" "Mozilla/5.0 (Windows NT 10.0; Win64; x64) AppleWebKit/537.36 (KHTML, like Gecko) Chrome/90.0.4430.85 Safari/537.36"
43.157.52.37 - - [29/Jan/2026:22:23:05 -0500] "GET /index.php/gay-sex-tube/porntube-gays.html HTTP/1.1" 200 12126 "-" "Mozilla/5.0 (iPhone; CPU iPhone OS 13_2_3 like Mac OS X) AppleWebKit/605.1.15 (KHTML, like Gecko) Version/13.0.3 Mobile/15E148 Safari/604.1"
66.249.75.7 - - [29/Jan/2026:22:30:15 -0500] "GET /index.php/feed HTTP/1.1" 200 11601 "-" "Mozilla/5.0 (compatible; Googlebot/2.1; +http://www.google.com/bot.html)"
43.157.38.228 - - [29/Jan/2026:22:30:15 -0500] "GET /index.php/gay-sex-tube/freegay-sex-tube.html HTTP/1.1" 200 11801 "-" "Mozilla/5.0 (iPhone; CPU iPhone OS 13_2_3 like Mac OS X) AppleWebKit/605.1.15 (KHTML, like Gecko) Version/13.0.3 Mobile/15E148 Safari/604.1"
43.167.239.66 - - [29/Jan/2026:22:41:05 -0500] "GET /index.php/gay-sex-tube/gay-ass-sex-tube.html HTTP/1.1" 200 11895 "-" "Mozilla/5.0 (iPhone; CPU iPhone OS 13_2_3 like Mac OS X) AppleWebKit/605.1.15 (KHTML, like Gecko) Version/13.0.3 Mobile/15E148 Safari/604.1"
141.94.194.132 - - [29/Jan/2026:22:45:44 -0500] "GET /index.php/gay-sex-tube/free-gay-porn-videos.html/feed HTTP/1.1" 200 1384 "-" "Mozilla/5.0 (X11; Linux i686) AppleWebKit/537.36 (KHTML, like Gecko) Chrome/30.0.1599.66 Safari/537.36"
95.85.238.20 - - [29/Jan/2026:22:50:51 -0500] "GET /wp-login.php HTTP/1.1" 200 2342 "-" "Mozilla/5.0 (Windows NT 6.3; WOW64) AppleWebKit/537.36 (KHTML, like Gecko) Chrome/36.0.1985.125 Safari/537.36"
95.85.238.20 - - [29/Jan/2026:22:50:52 -0500] "POST /wp-login.php HTTP/1.1" 200 3286 "-" "Mozilla/5.0 (Windows NT 6.3; WOW64) AppleWebKit/537.36 (KHTML, like Gecko) Chrome/36.0.1985.125 Safari/537.36"
43.135.140.225 - - [29/Jan/2026:22:51:27 -0500] "GET /index.php/gay-sex-tube/gay-dude-tube.html HTTP/1.1" 200 11894 "-" "Mozilla/5.0 (iPhone; CPU iPhone OS 13_2_3 like Mac OS X) AppleWebKit/605.1.15 (KHTML, like Gecko) Version/13.0.3 Mobile/15E148 Safari/604.1"
49.51.252.146 - - [29/Jan/2026:23:01:16 -0500] "GET /index.php/gay-sex-tube/kinky-gay-tube.html HTTP/1.1" 200 11724 "-" "Mozilla/5.0 (iPhone; CPU iPhone OS 13_2_3 like Mac OS X) AppleWebKit/605.1.15 (KHTML, like Gecko) Version/13.0.3 Mobile/15E148 Safari/604.1"
74.206.190.121 - - [29/Jan/2026:23:10:35 -0500] "POST /wp-cron.php?doing_wp_cron=1769746234.9941980838775634765625 HTTP/1.1" 200 2 "-" "WordPress/3.6.1; http://www.freetubegay.com"
141.94.194.132 - - [29/Jan/2026:23:10:34 -0500] "GET /index.php/gay-sex-tube/sex-gay-tube.html/feed HTTP/1.1" 200 1280 "-" "Mozilla/5.0 (X11; Linux i686) AppleWebKit/537.36 (KHTML, like Gecko) Chrome/30.0.1599.66 Safari/537.36"
141.94.194.132 - - [29/Jan/2026:23:12:39 -0500] "GET /index.php/gay-sex-tube/gay-porn-tube-free.html/feed HTTP/1.1" 200 849 "-" "Mozilla/5.0 (X11; Linux i686) AppleWebKit/537.36 (KHTML, like Gecko) Chrome/30.0.1599.66 Safari/537.36"
43.153.26.165 - - [29/Jan/2026:23:12:50 -0500] "GET /index.php/gay-sex-tube/free-videos-bareback-gay.html HTTP/1.1" 200 11982 "-" "Mozilla/5.0 (iPhone; CPU iPhone OS 13_2_3 like Mac OS X) AppleWebKit/605.1.15 (KHTML, like Gecko) Version/13.0.3 Mobile/15E148 Safari/604.1"
141.94.194.132 - - [29/Jan/2026:23:16:08 -0500] "GET /index.php/gay-sex-tube/hot-gay-tube-2.html/feed HTTP/1.1" 200 835 "-" "Mozilla/5.0 (X11; Linux i686) AppleWebKit/537.36 (KHTML, like Gecko) Chrome/30.0.1599.66 Safari/537.36"
74.206.190.121 - - [29/Jan/2026:23:21:06 -0500] "POST /wp-cron.php?doing_wp_cron=1769746866.3023099899291992187500 HTTP/1.1" 200 2 "-" "WordPress/3.6.1; http://www.freetubegay.com"
43.131.26.226 - - [29/Jan/2026:23:21:06 -0500] "GET /index.php/gay-sex-tube/porntube-gays.html HTTP/1.1" 200 12126 "-" "Mozilla/5.0 (iPhone; CPU iPhone OS 13_2_3 like Mac OS X) AppleWebKit/605.1.15 (KHTML, like Gecko) Version/13.0.3 Mobile/15E148 Safari/604.1"
119.28.177.175 - - [29/Jan/2026:23:32:23 -0500] "GET /index.php/gay-sex-tube/freegay-sex-tube.html HTTP/1.1" 200 11801 "-" "Mozilla/5.0 (iPhone; CPU iPhone OS 13_2_3 like Mac OS X) AppleWebKit/605.1.15 (KHTML, like Gecko) Version/13.0.3 Mobile/15E148 Safari/604.1"
141.94.194.132 - - [29/Jan/2026:23:32:54 -0500] "GET /index.php/gay-sex-tube/gay-8-tube.html/feed HTTP/1.1" 200 1437 "-" "Mozilla/5.0 (X11; Linux i686) AppleWebKit/537.36 (KHTML, like Gecko) Chrome/30.0.1599.66 Safari/537.36"
66.249.75.8 - - [29/Jan/2026:23:38:09 -0500] "GET /index.php/feed HTTP/1.1" 200 11601 "-" "Mozilla/5.0 (compatible; Googlebot/2.1; +http://www.google.com/bot.html)"
141.94.194.132 - - [29/Jan/2026:23:38:39 -0500] "GET /index.php/gay-tube/papi-tube.html/feed HTTP/1.1" 200 814 "-" "Mozilla/5.0 (X11; Linux i686) AppleWebKit/537.36 (KHTML, like Gecko) Chrome/30.0.1599.66 Safari/537.36"
49.51.252.146 - - [29/Jan/2026:23:41:25 -0500] "GET /index.php/gay-sex-tube/gay-ass-sex-tube.html HTTP/1.1" 200 11895 "-" "Mozilla/5.0 (iPhone; CPU iPhone OS 13_2_3 like Mac OS X) AppleWebKit/605.1.15 (KHTML, like Gecko) Version/13.0.3 Mobile/15E148 Safari/604.1"
52.167.144.195 - - [29/Jan/2026:23:42:48 -0500] "GET /?s= HTTP/1.1" 200 56312 "-" "Mozilla/5.0 AppleWebKit/537.36 (KHTML, like Gecko; compatible; bingbot/2.0; +http://www.bing.com/bingbot.htm) Chrome/116.0.1938.76 Safari/537.36"
170.106.165.186 - - [29/Jan/2026:23:52:15 -0500] "GET /index.php/gay-sex-tube/gay-dating-site.html HTTP/1.1" 200 12061 "-" "Mozilla/5.0 (iPhone; CPU iPhone OS 13_2_3 like Mac OS X) AppleWebKit/605.1.15 (KHTML, like Gecko) Version/13.0.3 Mobile/15E148 Safari/604.1"
43.157.38.228 - - [30/Jan/2026:00:00:01 -0500] "GET /?p=465 HTTP/1.1" 301 2 "-" "Mozilla/5.0 (iPhone; CPU iPhone OS 13_2_3 like Mac OS X) AppleWebKit/605.1.15 (KHTML, like Gecko) Version/13.0.3 Mobile/15E148 Safari/604.1"
43.157.38.228 - - [30/Jan/2026:00:00:02 -0500] "GET /index.php/gay-sex-tube/kinky-gay-tube.html HTTP/1.1" 200 11724 "http://www.freetubegay.com/?p=465" "Mozilla/5.0 (iPhone; CPU iPhone OS 13_2_3 like Mac OS X) AppleWebKit/605.1.15 (KHTML, like Gecko) Version/13.0.3 Mobile/15E148 Safari/604.1"
94.158.190.196 - - [30/Jan/2026:00:02:28 -0500] "GET / HTTP/1.1" 301 2 "http://freetubegay.com/" "Mozilla/5.0 (Windows NT 10.0; Win64; x64) AppleWebKit/537.36 (KHTML, like Gecko) Chrome/130.0.0.0 Safari/537.36"
94.158.190.196 - - [30/Jan/2026:00:02:29 -0500] "GET / HTTP/1.1" 200 56288 "http://www.freetubegay.com/" "Mozilla/5.0 (Windows NT 10.0; Win64; x64) AppleWebKit/537.36 (KHTML, like Gecko) Chrome/130.0.0.0 Safari/537.36"
5.223.59.123 - - [30/Jan/2026:00:04:13 -0500] "GET /wp-json/wp/v2/posts HTTP/1.1" 302 275 "-" "Mozilla/5.0 (Windows NT 10.0; Win64; x64) AppleWebKit/537.36 (KHTML, like Gecko) Chrome/120.0.0.0 Safari/537.36"
146.190.95.166 - - [30/Jan/2026:00:05:58 -0500] "GET /wp-content/plugins/pwnd/pwnd.php HTTP/1.1" 302 275 "-" "Mozilla/5.0"
110.249.202.24 - - [30/Jan/2026:00:10:40 -0500] "GET /robots.txt HTTP/1.1" 200 29 "-" "Mozilla/5.0 (Linux; Android 5.0) AppleWebKit/537.36 (KHTML, like Gecko) Mobile Safari/537.36 (compatible; Bytespider; https://zhanzhang.toutiao.com/)"
74.206.190.121 - - [30/Jan/2026:00:14:55 -0500] "POST /wp-cron.php?doing_wp_cron=1769750095.3744730949401855468750 HTTP/1.1" 200 2 "-" "WordPress/3.6.1; http://www.freetubegay.com"
101.32.52.164 - - [30/Jan/2026:00:14:55 -0500] "GET /?p=488 HTTP/1.1" 301 2 "-" "Mozilla/5.0 (iPhone; CPU iPhone OS 13_2_3 like Mac OS X) AppleWebKit/605.1.15 (KHTML, like Gecko) Version/13.0.3 Mobile/15E148 Safari/604.1"
101.32.52.164 - - [30/Jan/2026:00:14:59 -0500] "GET /index.php/gay-sex-tube/free-videos-bareback-gay.html HTTP/1.1" 200 11982 "http://www.freetubegay.com/?p=488" "Mozilla/5.0 (iPhone; CPU iPhone OS 13_2_3 like Mac OS X) AppleWebKit/605.1.15 (KHTML, like Gecko) Version/13.0.3 Mobile/15E148 Safari/604.1"
107.189.11.186 - - [30/Jan/2026:00:17:16 -0500] "GET /wp-login.php HTTP/1.1" 200 2342 "-" "Mozilla/5.0 (Windows NT 6.2; WOW64; rv:30.0) Gecko/20100101 Firefox/30.0"
107.189.11.186 - - [30/Jan/2026:00:17:16 -0500] "POST /wp-login.php HTTP/1.1" 200 3286 "-" "Mozilla/5.0 (Windows NT 6.2; WOW64; rv:30.0) Gecko/20100101 Firefox/30.0"
141.94.194.132 - - [30/Jan/2026:00:19:38 -0500] "GET /index.php/gay-sex-tube/gay-cum-swallow-2.html/feed HTTP/1.1" 200 1294 "-" "Mozilla/5.0 (X11; Linux i686) AppleWebKit/537.36 (KHTML, like Gecko) Chrome/30.0.1599.66 Safari/537.36"
43.134.141.244 - - [30/Jan/2026:00:20:31 -0500] "GET /?p=501 HTTP/1.1" 301 2 "-" "Mozilla/5.0 (iPhone; CPU iPhone OS 13_2_3 like Mac OS X) AppleWebKit/605.1.15 (KHTML, like Gecko) Version/13.0.3 Mobile/15E148 Safari/604.1"
43.134.141.244 - - [30/Jan/2026:00:20:35 -0500] "GET /index.php/gay-sex-tube/porntube-gays.html HTTP/1.1" 200 12126 "http://www.freetubegay.com/?p=501" "Mozilla/5.0 (iPhone; CPU iPhone OS 13_2_3 like Mac OS X) AppleWebKit/605.1.15 (KHTML, like Gecko) Version/13.0.3 Mobile/15E148 Safari/604.1"
43.167.239.66 - - [30/Jan/2026:00:31:27 -0500] "GET /?p=474 HTTP/1.1" 301 2 "-" "Mozilla/5.0 (iPhone; CPU iPhone OS 13_2_3 like Mac OS X) AppleWebKit/605.1.15 (KHTML, like Gecko) Version/13.0.3 Mobile/15E148 Safari/604.1"
43.167.239.66 - - [30/Jan/2026:00:31:29 -0500] "GET /index.php/gay-sex-tube/freegay-sex-tube.html HTTP/1.1" 200 11801 "http://www.freetubegay.com/?p=474" "Mozilla/5.0 (iPhone; CPU iPhone OS 13_2_3 like Mac OS X) AppleWebKit/605.1.15 (KHTML, like Gecko) Version/13.0.3 Mobile/15E148 Safari/604.1"
114.119.151.209 - - [30/Jan/2026:00:35:44 -0500] "GET /index.php/gay-sex-tube/tube-porn-gays-2.html HTTP/1.1" 200 11908 "http://www.freetubegay.com/index.php/tag/raw-papi" "Mozilla/5.0 (Linux; Android 7.0;) AppleWebKit/537.36 (KHTML, like Gecko) Mobile Safari/537.36 (compatible; PetalBot;+https://webmaster.petalsearch.com/site/petalbot)"
43.159.143.139 - - [30/Jan/2026:00:40:53 -0500] "GET /index.php/gay-sex-tube/kinky-gay-tube.html HTTP/1.1" 200 11724 "-" "Mozilla/5.0 (iPhone; CPU iPhone OS 13_2_3 like Mac OS X) AppleWebKit/605.1.15 (KHTML, like Gecko) Version/13.0.3 Mobile/15E148 Safari/604.1"
185.117.225.196 - - [30/Jan/2026:00:43:34 -0500] "GET /robots.txt HTTP/1.1" 200 29 "-" "python-requests/2.31.0"
185.117.225.196 - - [30/Jan/2026:00:43:35 -0500] "GET / HTTP/1.1" 200 56288 "-" "Mozilla/5.0 AppleWebKit/537.36 (KHTML, like Gecko) Chrome/123.0.6312.86 Safari/537.36 BitSightBot/1.0"
185.117.225.196 - - [30/Jan/2026:00:43:37 -0500] "GET /wp-content/plugins/wp-postratings/postratings-js.php?ver=1.30 HTTP/1.1" 200 4814 "http://www.freetubegay.com/" "Mozilla/5.0 AppleWebKit/537.36 (KHTML, like Gecko) Chrome/123.0.6312.86 Safari/537.36 BitSightBot/1.0"
66.249.75.8 - - [30/Jan/2026:00:43:58 -0500] "GET /index.php/feed HTTP/1.1" 200 11601 "-" "Mozilla/5.0 (compatible; Googlebot/2.1; +http://www.google.com/bot.html)"
207.46.13.128 - - [30/Jan/2026:00:52:19 -0500] "GET /?s=cock HTTP/1.1" 200 56285 "-" "Mozilla/5.0 AppleWebKit/537.36 (KHTML, like Gecko; compatible; bingbot/2.0; +http://www.bing.com/bingbot.htm) Chrome/116.0.1938.76 Safari/537.36"
20.199.113.235 - - [30/Jan/2026:01:05:02 -0500] "GET /wp-content/plugins/hellopress/wp_filemanager.php HTTP/1.1" 302 275 "-" "-"
20.199.113.235 - - [30/Jan/2026:01:05:05 -0500] "GET /rip.php HTTP/1.1" 302 275 "-" "-"
74.206.190.121 - - [30/Jan/2026:01:09:10 -0500] "POST /wp-cron.php?doing_wp_cron=1769753350.1637699604034423828125 HTTP/1.1" 200 2 "-" "WordPress/3.6.1; http://www.freetubegay.com"
114.119.135.121 - - [30/Jan/2026:01:09:10 -0500] "GET /index.php/gay-tube/papi-tube.html HTTP/1.1" 200 11887 "http://www.freetubegay.com/index.php/category/gay-tube" "Mozilla/5.0 (Linux; Android 7.0;) AppleWebKit/537.36 (KHTML, like Gecko) Mobile Safari/537.36 (compatible; PetalBot;+https://webmaster.petalsearch.com/site/petalbot)"
141.94.194.132 - - [30/Jan/2026:01:13:43 -0500] "GET /index.php/gay-sex-tube/gay-porno-tubes.html/feed HTTP/1.1" 200 840 "-" "Mozilla/5.0 (X11; Linux i686) AppleWebKit/537.36 (KHTML, like Gecko) Chrome/30.0.1599.66 Safari/537.36"
141.94.194.132 - - [30/Jan/2026:01:16:31 -0500] "GET /index.php/gay-sex-tube/rawpapi-tube.html/feed HTTP/1.1" 200 1330 "-" "Mozilla/5.0 (X11; Linux i686) AppleWebKit/537.36 (KHTML, like Gecko) Chrome/30.0.1599.66 Safari/537.36"
141.94.194.132 - - [30/Jan/2026:01:19:45 -0500] "GET /index.php/gay-sex-tube/free-gay-porn-videos.html/feed HTTP/1.1" 200 1384 "-" "Mozilla/5.0 (X11; Linux i686) AppleWebKit/537.36 (KHTML, like Gecko) Chrome/30.0.1599.66 Safari/537.36"
66.249.75.6 - - [30/Jan/2026:01:40:45 -0500] "GET /index.php/feed HTTP/1.1" 200 11601 "-" "Mozilla/5.0 (compatible; Googlebot/2.1; +http://www.google.com/bot.html)"
114.119.152.46 - - [30/Jan/2026:01:59:52 -0500] "GET /index.php/gay-sex-tube/gay-sex-tube-3.html HTTP/1.1" 200 11722 "http://www.freetubegay.com/index.php/category/gay-sex-tube/page/3" "Mozilla/5.0 (Linux; Android 7.0;) AppleWebKit/537.36 (KHTML, like Gecko) Mobile Safari/537.36 (compatible; PetalBot;+https://webmaster.petalsearch.com/site/petalbot)"
74.206.190.121 - - [30/Jan/2026:02:08:35 -0500] "POST /wp-cron.php?doing_wp_cron=1769756915.4952850341796875000000 HTTP/1.1" 200 2 "-" "WordPress/3.6.1; http://www.freetubegay.com"
141.94.194.132 - - [30/Jan/2026:02:08:35 -0500] "GET /index.php/gay-sex-tube/sex-gay-tube.html/feed HTTP/1.1" 200 1280 "-" "Mozilla/5.0 (X11; Linux i686) AppleWebKit/537.36 (KHTML, like Gecko) Chrome/30.0.1599.66 Safari/537.36"
192.236.160.238 - - [30/Jan/2026:02:20:18 -0500] "GET /.git/config HTTP/1.1" 302 275 "-" "-"
141.94.194.132 - - [30/Jan/2026:02:25:36 -0500] "GET /index.php/gay-sex-tube/boy-gay-sex-tube.html/feed HTTP/1.1" 200 843 "-" "Mozilla/5.0 (X11; Linux i686) AppleWebKit/537.36 (KHTML, like Gecko) Chrome/30.0.1599.66 Safari/537.36"
141.94.194.132 - - [30/Jan/2026:02:40:54 -0500] "GET /index.php/gay-sex-tube/gay-8-tube.html/feed HTTP/1.1" 200 1437 "-" "Mozilla/5.0 (X11; Linux i686) AppleWebKit/537.36 (KHTML, like Gecko) Chrome/30.0.1599.66 Safari/537.36"
87.122.24.194 - - [30/Jan/2026:02:41:41 -0500] "GET / HTTP/1.1" 200 56288 "-" "Mozilla/5.0 (Windows NT 10.0; Win64; x64) AppleWebKit/537.36 (KHTML, like Gecko) Chrome/120.0.0.0 Safari/537.36"
71.114.90.27 - - [30/Jan/2026:02:41:43 -0500] "GET /wp-login.php HTTP/1.1" 200 2342 "-" "Mozilla/5.0 (Windows NT 10.0; Win64; x64) AppleWebKit/537.36 (KHTML, like Gecko) Chrome/120.0.0.0 Safari/537.36"
71.114.90.27 - - [30/Jan/2026:02:41:43 -0500] "POST /wp-login.php HTTP/1.1" 302 2 "http://www.freetubegay.com/wp-login.php" "Mozilla/5.0 (Windows NT 10.0; Win64; x64) AppleWebKit/537.36 (KHTML, like Gecko) Chrome/120.0.0.0 Safari/537.36"
71.114.90.27 - - [30/Jan/2026:02:41:44 -0500] "GET /wp-admin/ HTTP/1.1" 200 77137 "http://www.freetubegay.com/wp-login.php" "Mozilla/5.0 (Windows NT 10.0; Win64; x64) AppleWebKit/537.36 (KHTML, like Gecko) Chrome/120.0.0.0 Safari/537.36"
105.155.51.111 - - [30/Jan/2026:02:41:46 -0500] "POST /xmlrpc.php HTTP/1.1" 302 279 "-" "WordPress/5.0; http://www.freetubegay.com"
105.155.51.111 - - [30/Jan/2026:02:41:50 -0500] "GET /wp-admin/admin-ajax.php?action=rest-nonce HTTP/1.1" 200 3 "-" "Mozilla/5.0 (Windows NT 10.0; Win64; x64) AppleWebKit/537.36 (KHTML, like Gecko) Chrome/120.0.0.0 Safari/537.36"
105.155.51.111 - - [30/Jan/2026:02:41:51 -0500] "GET /wp-admin/ HTTP/1.1" 200 77137 "-" "Mozilla/5.0 (Windows NT 10.0; Win64; x64) AppleWebKit/537.36 (KHTML, like Gecko) Chrome/120.0.0.0 Safari/537.36"
66.249.75.6 - - [30/Jan/2026:02:44:50 -0500] "GET /index.php/feed HTTP/1.1" 200 11601 "-" "Mozilla/5.0 (compatible; Googlebot/2.1; +http://www.google.com/bot.html)"
106.227.49.113 - - [30/Jan/2026:03:06:16 -0500] "GET / HTTP/1.1" 301 2 "-" "Mozilla/5.0 (iPhone; CPU iPhone OS 13_2_3 like Mac OS X) AppleWebKit/605.1.15 (KHTML, like Gecko) Version/13.0.3 Mobile/15E148 Safari/604.1"
106.227.49.113 - - [30/Jan/2026:03:06:20 -0500] "GET / HTTP/1.1" 200 56288 "http://freetubegay.com" "Mozilla/5.0 (iPhone; CPU iPhone OS 13_2_3 like Mac OS X) AppleWebKit/605.1.15 (KHTML, like Gecko) Version/13.0.3 Mobile/15E148 Safari/604.1"
114.119.152.46 - - [30/Jan/2026:03:07:06 -0500] "GET /index.php/tag/cum HTTP/1.1" 200 15093 "http://www.freetubegay.com/index.php/category/gay-sex-tube/page/3" "Mozilla/5.0 (Linux; Android 7.0;) AppleWebKit/537.36 (KHTML, like Gecko) Mobile Safari/537.36 (compatible; PetalBot;+https://webmaster.petalsearch.com/site/petalbot)"
74.206.190.121 - - [30/Jan/2026:03:31:39 -0500] "POST /wp-cron.php?doing_wp_cron=1769761899.2101490497589111328125 HTTP/1.1" 200 2 "-" "WordPress/3.6.1; http://www.freetubegay.com"
141.94.194.132 - - [30/Jan/2026:03:31:39 -0500] "GET /index.php/gay-sex-tube/gay-cum-swallow-2.html/feed HTTP/1.1" 200 1294 "-" "Mozilla/5.0 (X11; Linux i686) AppleWebKit/537.36 (KHTML, like Gecko) Chrome/30.0.1599.66 Safari/537.36"
66.249.75.8 - - [30/Jan/2026:03:51:08 -0500] "GET /index.php/feed HTTP/1.1" 200 11601 "-" "Mozilla/5.0 (compatible; Googlebot/2.1; +http://www.google.com/bot.html)"