62.60.130.210 - - [27/Jan/2026:18:31:45 -0500] "GET /wp-login.php HTTP/1.1" 200 2281 "http://freedudetube.com/wp-login.php" "Mozilla/5.0 (Macintosh; Intel Mac OS X 10_15_7) AppleWebKit/605.1.15 (KHTML, like Gecko) Version/17.0 Safari/605.1.15"
62.60.130.210 - - [27/Jan/2026:18:31:57 -0500] "POST /wp-login.php HTTP/1.1" 301 - "http://freedudetube.com/wp-login.php" "Mozilla/5.0 (X11; Ubuntu; Linux x86_64; rv:122.0) Gecko/20100101 Firefox/122.0"
62.60.130.210 - - [27/Jan/2026:18:31:57 -0500] "GET /wp-login.php HTTP/1.1" 200 2281 "http://freedudetube.com/wp-login.php" "Mozilla/5.0 (X11; Ubuntu; Linux x86_64; rv:122.0) Gecko/20100101 Firefox/122.0"
62.60.130.210 - - [27/Jan/2026:18:32:10 -0500] "POST /wp-login.php HTTP/1.1" 301 - "http://freedudetube.com/wp-login.php" "Mozilla/5.0 (Windows NT 10.0; Win64; x64) AppleWebKit/537.36 (KHTML, like Gecko) Chrome/120.0.6099.130 Safari/537.36"
62.60.130.210 - - [27/Jan/2026:18:32:10 -0500] "GET /wp-login.php HTTP/1.1" 200 2281 "http://freedudetube.com/wp-login.php" "Mozilla/5.0 (Windows NT 10.0; Win64; x64) AppleWebKit/537.36 (KHTML, like Gecko) Chrome/120.0.6099.130 Safari/537.36"
62.60.130.210 - - [27/Jan/2026:18:32:22 -0500] "POST /wp-login.php HTTP/1.1" 301 - "http://freedudetube.com/wp-login.php" "Mozilla/5.0 (Macintosh; Intel Mac OS X 10_15_7) AppleWebKit/537.36 (KHTML, like Gecko) Chrome/119.0.6045.159 Safari/537.36"
62.60.130.210 - - [27/Jan/2026:18:32:23 -0500] "GET /wp-login.php HTTP/1.1" 200 2281 "http://freedudetube.com/wp-login.php" "Mozilla/5.0 (Macintosh; Intel Mac OS X 10_15_7) AppleWebKit/537.36 (KHTML, like Gecko) Chrome/119.0.6045.159 Safari/537.36"
62.60.130.210 - - [27/Jan/2026:18:32:35 -0500] "POST /wp-login.php HTTP/1.1" 301 - "http://freedudetube.com/wp-login.php" "Mozilla/5.0 (X11; Ubuntu; Linux x86_64) AppleWebKit/537.36 (KHTML, like Gecko) Chrome/121.0.6167.85 Safari/537.36"
62.60.130.210 - - [27/Jan/2026:18:32:35 -0500] "GET /wp-login.php HTTP/1.1" 200 2281 "http://freedudetube.com/wp-login.php" "Mozilla/5.0 (X11; Ubuntu; Linux x86_64) AppleWebKit/537.36 (KHTML, like Gecko) Chrome/121.0.6167.85 Safari/537.36"
62.60.130.210 - - [27/Jan/2026:18:32:47 -0500] "POST /wp-login.php HTTP/1.1" 301 - "http://freedudetube.com/wp-login.php" "Mozilla/5.0 (Macintosh; Intel Mac OS X 10_15_7) AppleWebKit/537.36 (KHTML, like Gecko) Chrome/121.0.6167.85 Safari/537.36"
62.60.130.210 - - [27/Jan/2026:18:32:48 -0500] "GET /wp-login.php HTTP/1.1" 200 2281 "http://freedudetube.com/wp-login.php" "Mozilla/5.0 (Macintosh; Intel Mac OS X 10_15_7) AppleWebKit/537.36 (KHTML, like Gecko) Chrome/121.0.6167.85 Safari/537.36"
62.60.130.210 - - [27/Jan/2026:18:33:00 -0500] "POST /wp-login.php HTTP/1.1" 301 - "http://freedudetube.com/wp-login.php" "Mozilla/5.0 (Windows NT 11.0; Win64; x64) AppleWebKit/537.36 (KHTML, like Gecko) Chrome/120.0.6099.130 Safari/537.36"
62.60.130.210 - - [27/Jan/2026:18:33:01 -0500] "GET /wp-login.php HTTP/1.1" 200 2281 "http://freedudetube.com/wp-login.php" "Mozilla/5.0 (Windows NT 11.0; Win64; x64) AppleWebKit/537.36 (KHTML, like Gecko) Chrome/120.0.6099.130 Safari/537.36"
62.60.130.210 - - [27/Jan/2026:18:33:13 -0500] "POST /wp-login.php HTTP/1.1" 301 - "http://freedudetube.com/wp-login.php" "Mozilla/5.0 (X11; Ubuntu; Linux x86_64; rv:122.0) Gecko/20100101 Firefox/122.0"
62.60.130.210 - - [27/Jan/2026:18:33:14 -0500] "GET /wp-login.php HTTP/1.1" 200 2281 "http://freedudetube.com/wp-login.php" "Mozilla/5.0 (X11; Ubuntu; Linux x86_64; rv:122.0) Gecko/20100101 Firefox/122.0"
62.60.130.210 - - [27/Jan/2026:18:33:26 -0500] "POST /wp-login.php HTTP/1.1" 301 - "http://freedudetube.com/wp-login.php" "Mozilla/5.0 (Windows NT 10.0; Win64; x64) AppleWebKit/537.36 (KHTML, like Gecko) Chrome/120.0.0.0 Safari/537.36 Edg/120.0.2210.133"
62.60.130.210 - - [27/Jan/2026:18:33:27 -0500] "GET /wp-login.php HTTP/1.1" 200 2281 "http://freedudetube.com/wp-login.php" "Mozilla/5.0 (Windows NT 10.0; Win64; x64) AppleWebKit/537.36 (KHTML, like Gecko) Chrome/120.0.0.0 Safari/537.36 Edg/120.0.2210.133"
62.60.130.210 - - [27/Jan/2026:18:33:39 -0500] "POST /wp-login.php HTTP/1.1" 301 - "http://freedudetube.com/wp-login.php" "Mozilla/5.0 (Windows NT 11.0; Win64; x64) AppleWebKit/537.36 (KHTML, like Gecko) Chrome/122.0.6261.57 Safari/537.36"
62.60.130.210 - - [27/Jan/2026:18:33:39 -0500] "GET /wp-login.php HTTP/1.1" 200 2281 "http://freedudetube.com/wp-login.php" "Mozilla/5.0 (Windows NT 11.0; Win64; x64) AppleWebKit/537.36 (KHTML, like Gecko) Chrome/122.0.6261.57 Safari/537.36"
62.60.130.210 - - [27/Jan/2026:18:33:51 -0500] "POST /wp-login.php HTTP/1.1" 301 - "http://freedudetube.com/wp-login.php" "Mozilla/5.0 (Windows NT 10.0; Win64; x64) Gecko/20100101 Firefox/118.0.2"
62.60.130.210 - - [27/Jan/2026:18:33:52 -0500] "GET /wp-login.php HTTP/1.1" 200 2281 "http://freedudetube.com/wp-login.php" "Mozilla/5.0 (Windows NT 10.0; Win64; x64) Gecko/20100101 Firefox/118.0.2"
62.60.130.210 - - [27/Jan/2026:18:34:04 -0500] "POST /wp-login.php HTTP/1.1" 301 - "http://freedudetube.com/wp-login.php" "Mozilla/5.0 (Windows NT 10.0; Win64; x64) Gecko/20100101 Firefox/118.0.2"
62.60.130.210 - - [27/Jan/2026:18:34:04 -0500] "GET /wp-login.php HTTP/1.1" 200 2281 "http://freedudetube.com/wp-login.php" "Mozilla/5.0 (Windows NT 10.0; Win64; x64) Gecko/20100101 Firefox/118.0.2"
62.60.130.210 - - [27/Jan/2026:18:34:16 -0500] "POST /wp-login.php HTTP/1.1" 301 - "http://freedudetube.com/wp-login.php" "Mozilla/5.0 (X11; Ubuntu; Linux x86_64) AppleWebKit/537.36 (KHTML, like Gecko) Chrome/122.0.6261.57 Safari/537.36"
62.60.130.210 - - [27/Jan/2026:18:34:17 -0500] "GET /wp-login.php HTTP/1.1" 200 2281 "http://freedudetube.com/wp-login.php" "Mozilla/5.0 (X11; Ubuntu; Linux x86_64) AppleWebKit/537.36 (KHTML, like Gecko) Chrome/122.0.6261.57 Safari/537.36"
62.60.130.210 - - [27/Jan/2026:18:34:29 -0500] "POST /wp-login.php HTTP/1.1" 301 - "http://freedudetube.com/wp-login.php" "Mozilla/5.0 (Macintosh; Intel Mac OS X 11_7_2) AppleWebKit/605.1.15 (KHTML, like Gecko) Version/17.1 Safari/605.1.15"
62.60.130.210 - - [27/Jan/2026:18:34:29 -0500] "GET /wp-login.php HTTP/1.1" 200 2281 "http://freedudetube.com/wp-login.php" "Mozilla/5.0 (Macintosh; Intel Mac OS X 11_7_2) AppleWebKit/605.1.15 (KHTML, like Gecko) Version/17.1 Safari/605.1.15"
62.60.130.210 - - [27/Jan/2026:18:34:41 -0500] "POST /wp-login.php HTTP/1.1" 301 - "http://freedudetube.com/wp-login.php" "Mozilla/5.0 (X11; Ubuntu; Linux x86_64) AppleWebKit/537.36 (KHTML, like Gecko) Chrome/120.0.6099.130 Safari/537.36"
62.60.130.210 - - [27/Jan/2026:18:34:42 -0500] "GET /wp-login.php HTTP/1.1" 200 2281 "http://freedudetube.com/wp-login.php" "Mozilla/5.0 (X11; Ubuntu; Linux x86_64) AppleWebKit/537.36 (KHTML, like Gecko) Chrome/120.0.6099.130 Safari/537.36"
62.60.130.210 - - [27/Jan/2026:18:34:54 -0500] "POST /wp-login.php HTTP/1.1" 301 - "http://freedudetube.com/wp-login.php" "Mozilla/5.0 (Windows NT 10.0; Win64; x64) AppleWebKit/537.36 (KHTML, like Gecko) Chrome/120.0.0.0 Safari/537.36 Edg/120.0.2210.133"
62.60.130.210 - - [27/Jan/2026:18:34:54 -0500] "GET /wp-login.php HTTP/1.1" 200 2281 "http://freedudetube.com/wp-login.php" "Mozilla/5.0 (Windows NT 10.0; Win64; x64) AppleWebKit/537.36 (KHTML, like Gecko) Chrome/120.0.0.0 Safari/537.36 Edg/120.0.2210.133"
62.60.130.210 - - [27/Jan/2026:18:35:07 -0500] "POST /wp-login.php HTTP/1.1" 301 - "http://freedudetube.com/wp-login.php" "Mozilla/5.0 (X11; Linux x86_64) Gecko/20100101 Firefox/119.0.1"
62.60.130.210 - - [27/Jan/2026:18:35:07 -0500] "GET /wp-login.php HTTP/1.1" 200 2281 "http://freedudetube.com/wp-login.php" "Mozilla/5.0 (X11; Linux x86_64) Gecko/20100101 Firefox/119.0.1"
62.60.130.210 - - [27/Jan/2026:18:35:19 -0500] "POST /wp-login.php HTTP/1.1" 301 - "http://freedudetube.com/wp-login.php" "Mozilla/5.0 (Windows NT 11.0; Win64; x64) AppleWebKit/537.36 (KHTML, like Gecko) Chrome/119.0.6045.159 Safari/537.36"
62.60.130.210 - - [27/Jan/2026:18:35:20 -0500] "GET /wp-login.php HTTP/1.1" 200 2281 "http://freedudetube.com/wp-login.php" "Mozilla/5.0 (Windows NT 11.0; Win64; x64) AppleWebKit/537.36 (KHTML, like Gecko) Chrome/119.0.6045.159 Safari/537.36"
62.60.130.210 - - [27/Jan/2026:18:35:33 -0500] "POST /wp-login.php HTTP/1.1" 301 - "http://freedudetube.com/wp-login.php" "Mozilla/5.0 (X11; Ubuntu; Linux x86_64) AppleWebKit/537.36 (KHTML, like Gecko) Chrome/121.0.6167.85 Safari/537.36"
62.60.130.210 - - [27/Jan/2026:18:35:33 -0500] "GET /wp-login.php HTTP/1.1" 200 2281 "http://freedudetube.com/wp-login.php" "Mozilla/5.0 (X11; Ubuntu; Linux x86_64) AppleWebKit/537.36 (KHTML, like Gecko) Chrome/121.0.6167.85 Safari/537.36"
62.60.130.210 - - [27/Jan/2026:18:35:46 -0500] "POST /wp-login.php HTTP/1.1" 301 - "http://freedudetube.com/wp-login.php" "Mozilla/5.0 (X11; Ubuntu; Linux x86_64; rv:119.0.1) Gecko/20100101 Firefox/119.0.1"
62.60.130.210 - - [27/Jan/2026:18:35:47 -0500] "GET /wp-login.php HTTP/1.1" 200 2281 "http://freedudetube.com/wp-login.php" "Mozilla/5.0 (X11; Ubuntu; Linux x86_64; rv:119.0.1) Gecko/20100101 Firefox/119.0.1"
62.60.130.210 - - [27/Jan/2026:18:35:59 -0500] "POST /wp-login.php HTTP/1.1" 301 - "http://freedudetube.com/wp-login.php" "Mozilla/5.0 (X11; Ubuntu; Linux x86_64; rv:122.0) Gecko/20100101 Firefox/122.0"
62.60.130.210 - - [27/Jan/2026:18:36:00 -0500] "GET /wp-login.php HTTP/1.1" 200 2281 "http://freedudetube.com/wp-login.php" "Mozilla/5.0 (X11; Ubuntu; Linux x86_64; rv:122.0) Gecko/20100101 Firefox/122.0"
62.60.130.210 - - [27/Jan/2026:18:36:12 -0500] "POST /wp-login.php HTTP/1.1" 301 - "http://freedudetube.com/wp-login.php" "Mozilla/5.0 (Macintosh; Intel Mac OS X 10_15_7) AppleWebKit/537.36 (KHTML, like Gecko) Chrome/120.0.6099.130 Safari/537.36"
62.60.130.210 - - [27/Jan/2026:18:36:12 -0500] "GET /wp-login.php HTTP/1.1" 200 2281 "http://freedudetube.com/wp-login.php" "Mozilla/5.0 (Macintosh; Intel Mac OS X 10_15_7) AppleWebKit/537.36 (KHTML, like Gecko) Chrome/120.0.6099.130 Safari/537.36"
62.60.130.210 - - [27/Jan/2026:18:36:24 -0500] "POST /wp-login.php HTTP/1.1" 301 - "http://freedudetube.com/wp-login.php" "Mozilla/5.0 (Macintosh; Intel Mac OS X 13_6_2) AppleWebKit/537.36 (KHTML, like Gecko) Chrome/120.0.6099.130 Safari/537.36"
62.60.130.210 - - [27/Jan/2026:18:36:25 -0500] "GET /wp-login.php HTTP/1.1" 200 2281 "http://freedudetube.com/wp-login.php" "Mozilla/5.0 (Macintosh; Intel Mac OS X 13_6_2) AppleWebKit/537.36 (KHTML, like Gecko) Chrome/120.0.6099.130 Safari/537.36"
62.60.130.210 - - [27/Jan/2026:18:36:37 -0500] "POST /wp-login.php HTTP/1.1" 301 - "http://freedudetube.com/wp-login.php" "Mozilla/5.0 (X11; Ubuntu; Linux x86_64; rv:121.0) Gecko/20100101 Firefox/121.0"
62.60.130.210 - - [27/Jan/2026:18:36:37 -0500] "GET /wp-login.php HTTP/1.1" 200 2281 "http://freedudetube.com/wp-login.php" "Mozilla/5.0 (X11; Ubuntu; Linux x86_64; rv:121.0) Gecko/20100101 Firefox/121.0"
62.60.130.210 - - [27/Jan/2026:18:36:50 -0500] "POST /wp-login.php HTTP/1.1" 301 - "http://freedudetube.com/wp-login.php" "Mozilla/5.0 (Windows NT 10.0; Win64; x64) AppleWebKit/537.36 (KHTML, like Gecko) Chrome/120.0.0.0 Safari/537.36 Edg/120.0.2210.133"
62.60.130.210 - - [27/Jan/2026:18:36:50 -0500] "GET /wp-login.php HTTP/1.1" 200 2281 "http://freedudetube.com/wp-login.php" "Mozilla/5.0 (Windows NT 10.0; Win64; x64) AppleWebKit/537.36 (KHTML, like Gecko) Chrome/120.0.0.0 Safari/537.36 Edg/120.0.2210.133"
62.60.130.210 - - [27/Jan/2026:18:37:02 -0500] "POST /wp-login.php HTTP/1.1" 301 - "http://freedudetube.com/wp-login.php" "Mozilla/5.0 (Macintosh; Intel Mac OS X 13_6_1) AppleWebKit/605.1.15 (KHTML, like Gecko) Version/17.0 Safari/605.1.15"
62.60.130.210 - - [27/Jan/2026:18:37:03 -0500] "GET /wp-login.php HTTP/1.1" 200 2281 "http://freedudetube.com/wp-login.php" "Mozilla/5.0 (Macintosh; Intel Mac OS X 13_6_1) AppleWebKit/605.1.15 (KHTML, like Gecko) Version/17.0 Safari/605.1.15"
62.60.130.210 - - [27/Jan/2026:18:37:16 -0500] "POST /wp-login.php HTTP/1.1" 301 - "http://freedudetube.com/wp-login.php" "Mozilla/5.0 (X11; Linux x86_64) AppleWebKit/537.36 (KHTML, like Gecko) Chrome/122.0.6261.57 Safari/537.36"
62.60.130.210 - - [27/Jan/2026:18:37:16 -0500] "GET /wp-login.php HTTP/1.1" 200 2281 "http://freedudetube.com/wp-login.php" "Mozilla/5.0 (X11; Linux x86_64) AppleWebKit/537.36 (KHTML, like Gecko) Chrome/122.0.6261.57 Safari/537.36"
62.60.130.210 - - [27/Jan/2026:18:37:29 -0500] "POST /wp-login.php HTTP/1.1" 301 - "http://freedudetube.com/wp-login.php" "Mozilla/5.0 (Windows NT 10.0; Win64; x64) AppleWebKit/537.36 (KHTML, like Gecko) Chrome/118.0.5993.88 Safari/537.36"
62.60.130.210 - - [27/Jan/2026:18:37:30 -0500] "GET /wp-login.php HTTP/1.1" 200 2281 "http://freedudetube.com/wp-login.php" "Mozilla/5.0 (Windows NT 10.0; Win64; x64) AppleWebKit/537.36 (KHTML, like Gecko) Chrome/118.0.5993.88 Safari/537.36"
62.60.130.210 - - [27/Jan/2026:18:37:43 -0500] "POST /wp-login.php HTTP/1.1" 301 - "http://freedudetube.com/wp-login.php" "Mozilla/5.0 (X11; Ubuntu; Linux x86_64) AppleWebKit/537.36 (KHTML, like Gecko) Chrome/122.0.6261.57 Safari/537.36"
62.60.130.210 - - [27/Jan/2026:18:37:43 -0500] "GET /wp-login.php HTTP/1.1" 200 2281 "http://freedudetube.com/wp-login.php" "Mozilla/5.0 (X11; Ubuntu; Linux x86_64) AppleWebKit/537.36 (KHTML, like Gecko) Chrome/122.0.6261.57 Safari/537.36"
62.60.130.210 - - [27/Jan/2026:18:37:57 -0500] "POST /wp-login.php HTTP/1.1" 301 - "http://freedudetube.com/wp-login.php" "Mozilla/5.0 (Windows NT 10.0; Win64; x64) AppleWebKit/537.36 (KHTML, like Gecko) Chrome/119.0.6045.159 Safari/537.36"
62.60.130.210 - - [27/Jan/2026:18:37:57 -0500] "GET /wp-login.php HTTP/1.1" 200 2281 "http://freedudetube.com/wp-login.php" "Mozilla/5.0 (Windows NT 10.0; Win64; x64) AppleWebKit/537.36 (KHTML, like Gecko) Chrome/119.0.6045.159 Safari/537.36"
62.60.130.210 - - [27/Jan/2026:18:38:09 -0500] "POST /wp-login.php HTTP/1.1" 301 - "http://freedudetube.com/wp-login.php" "Mozilla/5.0 (Windows NT 10.0; Win64; x64) AppleWebKit/537.36 (KHTML, like Gecko) Chrome/119.0.0.0 Safari/537.36 Edg/119.0.2151.97"
62.60.130.210 - - [27/Jan/2026:18:38:10 -0500] "GET /wp-login.php HTTP/1.1" 200 2281 "http://freedudetube.com/wp-login.php" "Mozilla/5.0 (Windows NT 10.0; Win64; x64) AppleWebKit/537.36 (KHTML, like Gecko) Chrome/119.0.0.0 Safari/537.36 Edg/119.0.2151.97"
62.60.130.210 - - [27/Jan/2026:18:38:22 -0500] "POST /wp-login.php HTTP/1.1" 301 - "http://freedudetube.com/wp-login.php" "Mozilla/5.0 (Windows NT 10.0; Win64; x64) AppleWebKit/537.36 (KHTML, like Gecko) Chrome/120.0.0.0 Safari/537.36 Edg/120.0.2210.133"
62.60.130.210 - - [27/Jan/2026:18:38:23 -0500] "GET /wp-login.php HTTP/1.1" 200 2281 "http://freedudetube.com/wp-login.php" "Mozilla/5.0 (Windows NT 10.0; Win64; x64) AppleWebKit/537.36 (KHTML, like Gecko) Chrome/120.0.0.0 Safari/537.36 Edg/120.0.2210.133"
62.60.130.210 - - [27/Jan/2026:18:38:35 -0500] "POST /wp-login.php HTTP/1.1" 301 - "http://freedudetube.com/wp-login.php" "Mozilla/5.0 (X11; Ubuntu; Linux x86_64; rv:119.0.1) Gecko/20100101 Firefox/119.0.1"
62.60.130.210 - - [27/Jan/2026:18:38:36 -0500] "GET /wp-login.php HTTP/1.1" 200 2281 "http://freedudetube.com/wp-login.php" "Mozilla/5.0 (X11; Ubuntu; Linux x86_64; rv:119.0.1) Gecko/20100101 Firefox/119.0.1"
62.60.130.210 - - [27/Jan/2026:18:38:48 -0500] "POST /wp-login.php HTTP/1.1" 301 - "http://freedudetube.com/wp-login.php" "Mozilla/5.0 (Macintosh; Intel Mac OS X 13_6_2) AppleWebKit/537.36 (KHTML, like Gecko) Chrome/121.0.6167.85 Safari/537.36"
62.60.130.210 - - [27/Jan/2026:18:38:49 -0500] "GET /wp-login.php HTTP/1.1" 200 2281 "http://freedudetube.com/wp-login.php" "Mozilla/5.0 (Macintosh; Intel Mac OS X 13_6_2) AppleWebKit/537.36 (KHTML, like Gecko) Chrome/121.0.6167.85 Safari/537.36"
62.60.130.210 - - [27/Jan/2026:18:39:01 -0500] "POST /wp-login.php HTTP/1.1" 301 - "http://freedudetube.com/wp-login.php" "Mozilla/5.0 (Macintosh; Intel Mac OS X 10_15_7) AppleWebKit/605.1.15 (KHTML, like Gecko) Version/17.1 Safari/605.1.15"
62.60.130.210 - - [27/Jan/2026:18:39:02 -0500] "GET /wp-login.php HTTP/1.1" 200 2281 "http://freedudetube.com/wp-login.php" "Mozilla/5.0 (Macintosh; Intel Mac OS X 10_15_7) AppleWebKit/605.1.15 (KHTML, like Gecko) Version/17.1 Safari/605.1.15"
107.189.12.18 - - [27/Jan/2026:18:53:28 -0500] "GET /wp-login.php HTTP/1.1" 200 2281 "-" "Mozilla/5.0 (Windows NT 6.1; WOW64; Trident/7.0; rv:11.0) like Gecko"
107.189.12.18 - - [27/Jan/2026:18:53:28 -0500] "POST /wp-login.php HTTP/1.1" 200 3226 "-" "Mozilla/5.0 (Windows NT 6.1; WOW64; Trident/7.0; rv:11.0) like Gecko"
74.206.190.120 - - [27/Jan/2026:19:03:18 -0500] "POST /wp-cron.php?doing_wp_cron=1769558598.8455839157104492187500 HTTP/1.1" 200 - "-" "WordPress/3.6.1; http://www.freedudetube.com"
141.94.194.132 - - [27/Jan/2026:19:03:18 -0500] "GET /index.php/dude-porn/gay-dude-cumshot.html/feed HTTP/1.1" 200 829 "-" "Mozilla/5.0 (X11; Linux i686) AppleWebKit/537.36 (KHTML, like Gecko) Chrome/30.0.1599.66 Safari/537.36"
141.94.194.132 - - [27/Jan/2026:19:46:20 -0500] "GET /index.php/dude-porn/gay-sex-tube.html/feed HTTP/1.1" 200 817 "-" "Mozilla/5.0 (X11; Linux i686) AppleWebKit/537.36 (KHTML, like Gecko) Chrome/30.0.1599.66 Safari/537.36"
52.167.144.18 - - [27/Jan/2026:19:50:14 -0500] "GET / HTTP/1.1" 200 45238 "-" "Mozilla/5.0 AppleWebKit/537.36 (KHTML, like Gecko; compatible; bingbot/2.0; +http://www.bing.com/bingbot.htm) Chrome/116.0.1938.76 Safari/537.36"
74.206.190.120 - - [27/Jan/2026:20:22:36 -0500] "POST /wp-cron.php?doing_wp_cron=1769563356.9915740489959716796875 HTTP/1.1" 200 - "-" "WordPress/3.6.1; http://www.freedudetube.com"
104.244.74.96 - - [27/Jan/2026:20:22:36 -0500] "GET /wp-login.php HTTP/1.1" 200 2281 "-" "Mozilla/5.0 (Windows NT 6.3; WOW64) AppleWebKit/537.36 (KHTML, like Gecko) Chrome/35.0.1916.153 Safari/537.36"
104.244.74.96 - - [27/Jan/2026:20:22:37 -0500] "POST /wp-login.php HTTP/1.1" 200 3244 "-" "Mozilla/5.0 (Windows NT 6.3; WOW64) AppleWebKit/537.36 (KHTML, like Gecko) Chrome/35.0.1916.153 Safari/537.36"
195.250.31.127 - - [27/Jan/2026:20:24:45 -0500] "GET /.env HTTP/1.1" 302 276 "-" "-"
107.189.5.231 - - [27/Jan/2026:20:32:33 -0500] "GET /wp-login.php HTTP/1.1" 200 2281 "-" "Mozilla/5.0 (Windows NT 6.1; WOW64) AppleWebKit/537.36 (KHTML, like Gecko) Chrome/35.0.1916.114 Safari/537.36"
107.189.5.231 - - [27/Jan/2026:20:32:34 -0500] "POST /wp-login.php HTTP/1.1" 200 3226 "-" "Mozilla/5.0 (Windows NT 6.1; WOW64) AppleWebKit/537.36 (KHTML, like Gecko) Chrome/35.0.1916.114 Safari/537.36"
66.216.201.156 - - [27/Jan/2026:20:42:30 -0500] "GET /index.php/dude-tube/dude-tube-cumshots.html HTTP/1.1" 200 13683 "-" "Mozilla/5.0 (iPhone; CPU iPhone OS 26_2 like Mac OS X) AppleWebKit/605.1.15 (KHTML, like Gecko) Mobile/15E148 Version/26.2 Safari/605.1.15 AlohaBrowser/7.14.1"
43.157.62.101 - - [27/Jan/2026:20:57:55 -0500] "GET / HTTP/1.1" 200 45238 "-" "Mozilla/5.0 (iPhone; CPU iPhone OS 13_2_3 like Mac OS X) AppleWebKit/605.1.15 (KHTML, like Gecko) Version/13.0.3 Mobile/15E148 Safari/604.1"
107.189.29.231 - - [27/Jan/2026:20:59:13 -0500] "GET /wp-login.php HTTP/1.1" 200 2281 "-" "Mozilla/5.0 (Macintosh; Intel Mac OS X 10_9_4) AppleWebKit/537.78.2 (KHTML, like Gecko) Version/7.0.6 Safari/537.78.2"
107.189.29.231 - - [27/Jan/2026:20:59:14 -0500] "POST /wp-login.php HTTP/1.1" 200 3226 "-" "Mozilla/5.0 (Macintosh; Intel Mac OS X 10_9_4) AppleWebKit/537.78.2 (KHTML, like Gecko) Version/7.0.6 Safari/537.78.2"
74.206.190.120 - - [27/Jan/2026:21:04:10 -0500] "POST /wp-cron.php?doing_wp_cron=1769565850.9087340831756591796875 HTTP/1.1" 200 - "-" "WordPress/3.6.1; http://www.freedudetube.com"
4.210.23.209 - - [27/Jan/2026:21:04:10 -0500] "GET /index.php/feed HTTP/1.1" 200 15346 "-" "Mozilla/5.0 (Macintosh; Intel Mac OS X 10.15; rv:92.0) Gecko/20100101 Firefox/92.0"
52.191.41.17 - - [27/Jan/2026:21:04:56 -0500] "GET /index.php/dude-tube/free-gay-cumshot-tube.html HTTP/1.1" 200 13742 "-" "Mozilla/5.0 (X11; Linux x86_64) AppleWebKit/537.36 (KHTML, like Gecko) HeadlessChrome/144.0.0.0 Safari/537.36"
52.191.41.19 - - [27/Jan/2026:21:04:57 -0500] "GET /wp-content/plugins/wp-postratings/postratings-js.php?ver=1.30 HTTP/1.1" 200 4813 "http://www.freedudetube.com/index.php/dude-tube/free-gay-cumshot-tube.html" "Mozilla/5.0 (X11; Linux x86_64) AppleWebKit/537.36 (KHTML, like Gecko) HeadlessChrome/144.0.0.0 Safari/537.36"
51.83.33.212 - - [27/Jan/2026:21:39:49 -0500] "GET / HTTP/1.1" 200 45238 "-" "Mozilla/5.0 (Windows NT 10.0; Win64; x64) AppleWebKit/537.36 (KHTML, like Gecko) Chrome/91.0.4472.124 Safari/537.36"
51.83.33.212 - - [27/Jan/2026:21:39:50 -0500] "GET /wp-json/wc/v3 HTTP/1.1" 302 280 "-" "Mozilla/5.0 (Windows NT 10.0; Win64; x64) AppleWebKit/537.36 (KHTML, like Gecko) Chrome/91.0.4472.124 Safari/537.36"
51.83.33.212 - - [27/Jan/2026:21:39:51 -0500] "GET /magento_version HTTP/1.1" 302 280 "-" "Mozilla/5.0 (Windows NT 10.0; Win64; x64) AppleWebKit/537.36 (KHTML, like Gecko) Chrome/91.0.4472.124 Safari/537.36"
51.83.33.212 - - [27/Jan/2026:21:39:51 -0500] "GET /index.php?route=checkout/cart HTTP/1.1" 301 - "-" "Mozilla/5.0 (Windows NT 10.0; Win64; x64) AppleWebKit/537.36 (KHTML, like Gecko) Chrome/91.0.4472.124 Safari/537.36"
51.83.33.212 - - [27/Jan/2026:21:39:51 -0500] "GET /?route=checkout/cart HTTP/1.1" 200 45414 "http://www.freedudetube.com/index.php?route=checkout/cart" "Mozilla/5.0 (Windows NT 10.0; Win64; x64) AppleWebKit/537.36 (KHTML, like Gecko) Chrome/91.0.4472.124 Safari/537.36"
51.83.33.212 - - [27/Jan/2026:21:39:52 -0500] "GET /wp-login.php?action=register HTTP/1.1" 302 - "-" "Mozilla/5.0 (Windows NT 10.0; Win64; x64) AppleWebKit/537.36 (KHTML, like Gecko) Chrome/91.0.4472.124 Safari/537.36"
51.83.33.212 - - [27/Jan/2026:21:39:52 -0500] "GET /wp-login.php?registration=disabled HTTP/1.1" 200 2341 "http://www.freedudetube.com/wp-login.php?action=register" "Mozilla/5.0 (Windows NT 10.0; Win64; x64) AppleWebKit/537.36 (KHTML, like Gecko) Chrome/91.0.4472.124 Safari/537.36"
104.244.75.208 - - [27/Jan/2026:21:52:43 -0500] "GET /wp-login.php HTTP/1.1" 200 2389 "-" "Mozilla/5.0 (iPhone; CPU iPhone OS 7_1_2 like Mac OS X) AppleWebKit/537.51.2 (KHTML, like Gecko) Version/7.0 Mobile/11D257 Safari/9537.53"
104.244.75.208 - - [27/Jan/2026:21:52:43 -0500] "POST /wp-login.php HTTP/1.1" 200 2653 "-" "Mozilla/5.0 (iPhone; CPU iPhone OS 7_1_2 like Mac OS X) AppleWebKit/537.51.2 (KHTML, like Gecko) Version/7.0 Mobile/11D257 Safari/9537.53"
13.74.146.113 - - [27/Jan/2026:22:36:50 -0500] "GET /wp-content/plugins/hellopress/wp_filemanager.php HTTP/1.1" 302 276 "-" "-"
74.206.190.120 - - [27/Jan/2026:22:37:08 -0500] "POST /wp-cron.php?doing_wp_cron=1769571428.3213400840759277343750 HTTP/1.1" 200 - "-" "WordPress/3.6.1; http://www.freedudetube.com"
66.216.201.156 - - [27/Jan/2026:22:37:08 -0500] "GET /index.php/dude-tube/dude-tube-cumshots.html HTTP/1.1" 200 13667 "-" "Mozilla/5.0 (iPhone; CPU iPhone OS 26_2 like Mac OS X) AppleWebKit/605.1.15 (KHTML, like Gecko) Mobile/15E148 Version/26.2 Safari/605.1.15 AlohaBrowser/7.14.1"
66.216.201.156 - - [27/Jan/2026:22:38:08 -0500] "GET /index.php/dude-tube/dude-tube-cumshots.html HTTP/1.1" 200 13673 "-" "Mozilla/5.0 (iPhone; CPU iPhone OS 26_2 like Mac OS X) AppleWebKit/605.1.15 (KHTML, like Gecko) Mobile/15E148 Version/26.2 Safari/605.1.15 AlohaBrowser/7.14.1"
66.216.201.156 - - [27/Jan/2026:22:39:35 -0500] "GET /index.php/dude-tube/dude-tube-cumshots.html HTTP/1.1" 200 13628 "-" "Mozilla/5.0 (iPhone; CPU iPhone OS 26_2 like Mac OS X) AppleWebKit/605.1.15 (KHTML, like Gecko) Mobile/15E148 Version/26.2 Safari/605.1.15 AlohaBrowser/7.14.1"
66.216.201.156 - - [27/Jan/2026:22:47:06 -0500] "GET /index.php/dude-tube/dude-tube-cumshots.html HTTP/1.1" 200 13643 "-" "Mozilla/5.0 (iPhone; CPU iPhone OS 26_2 like Mac OS X) AppleWebKit/605.1.15 (KHTML, like Gecko) Mobile/15E148 Version/26.2 Safari/605.1.15 AlohaBrowser/7.14.1"
66.216.201.156 - - [27/Jan/2026:22:47:10 -0500] "GET /index.php/dude-tube/dude-tube-cumshots.html HTTP/1.1" 200 13712 "-" "Mozilla/5.0 (iPhone; CPU iPhone OS 26_2 like Mac OS X) AppleWebKit/605.1.15 (KHTML, like Gecko) Mobile/15E148 Version/26.2 Safari/605.1.15 AlohaBrowser/7.14.1"
66.216.201.156 - - [27/Jan/2026:22:47:15 -0500] "GET /index.php/dude-tube/dude-tube-cumshots.html HTTP/1.1" 200 13654 "-" "Mozilla/5.0 (iPhone; CPU iPhone OS 26_2 like Mac OS X) AppleWebKit/605.1.15 (KHTML, like Gecko) Mobile/15E148 Version/26.2 Safari/605.1.15 AlohaBrowser/7.14.1"
66.216.201.156 - - [27/Jan/2026:22:47:37 -0500] "GET /index.php/dude-tube/dude-tube-cumshots.html HTTP/1.1" 200 13650 "-" "Mozilla/5.0 (iPhone; CPU iPhone OS 26_2 like Mac OS X) AppleWebKit/605.1.15 (KHTML, like Gecko) Mobile/15E148 Version/26.2 Safari/605.1.15 AlohaBrowser/7.14.1"
141.94.194.132 - - [27/Jan/2026:22:48:23 -0500] "GET /index.php/category/dude-tube/feed HTTP/1.1" 200 15559 "-" "Mozilla/5.0 (X11; Linux i686) AppleWebKit/537.36 (KHTML, like Gecko) Chrome/30.0.1599.66 Safari/537.36"
66.216.201.156 - - [27/Jan/2026:22:50:25 -0500] "GET /index.php/dude-tube/dude-tube-cumshots.html HTTP/1.1" 200 13709 "-" "Mozilla/5.0 (iPhone; CPU iPhone OS 26_2 like Mac OS X) AppleWebKit/605.1.15 (KHTML, like Gecko) Mobile/15E148 Version/26.2 Safari/605.1.15 AlohaBrowser/7.14.1"
66.216.201.156 - - [27/Jan/2026:22:50:30 -0500] "GET /index.php/dude-tube/dude-tube-cumshots.html HTTP/1.1" 200 13684 "-" "Mozilla/5.0 (iPhone; CPU iPhone OS 26_2 like Mac OS X) AppleWebKit/605.1.15 (KHTML, like Gecko) Mobile/15E148 Version/26.2 Safari/605.1.15 AlohaBrowser/7.14.1"
84.239.47.13 - - [27/Jan/2026:22:50:46 -0500] "GET /robots.txt HTTP/1.1" 406 331 "-" "panscient.com"
84.239.47.13 - - [27/Jan/2026:22:50:47 -0500] "GET / HTTP/1.1" 406 321 "-" "panscient.com"
84.239.47.13 - - [27/Jan/2026:22:50:49 -0500] "GET / HTTP/1.1" 406 321 "-" "panscient.com"
84.239.47.13 - - [27/Jan/2026:22:50:49 -0500] "GET / HTTP/1.1" 406 321 "-" "panscient.com"
84.239.47.13 - - [27/Jan/2026:22:50:51 -0500] "GET / HTTP/1.1" 406 321 "-" "panscient.com"
66.216.201.156 - - [27/Jan/2026:23:00:09 -0500] "GET /index.php/dude-tube/dude-tube-cumshots.html HTTP/1.1" 200 13612 "-" "Mozilla/5.0 (iPhone; CPU iPhone OS 26_2 like Mac OS X) AppleWebKit/605.1.15 (KHTML, like Gecko) Mobile/15E148 Version/26.2 Safari/605.1.15 AlohaBrowser/7.14.1"
74.206.190.120 - - [27/Jan/2026:23:25:24 -0500] "POST /wp-cron.php?doing_wp_cron=1769574324.6469841003417968750000 HTTP/1.1" 200 - "-" "WordPress/3.6.1; http://www.freedudetube.com"
52.167.144.141 - - [27/Jan/2026:23:25:24 -0500] "GET /?s= HTTP/1.1" 200 45254 "-" "Mozilla/5.0 AppleWebKit/537.36 (KHTML, like Gecko; compatible; bingbot/2.0; +http://www.bing.com/bingbot.htm) Chrome/116.0.1938.76 Safari/537.36"
66.216.201.156 - - [27/Jan/2026:23:49:02 -0500] "GET /index.php/dude-tube/dude-tube-cumshots.html HTTP/1.1" 200 13712 "-" "Mozilla/5.0 (iPhone; CPU iPhone OS 26_2 like Mac OS X) AppleWebKit/605.1.15 (KHTML, like Gecko) Mobile/15E148 Version/26.2 Safari/605.1.15 AlohaBrowser/7.14.1"
172.171.100.19 - - [28/Jan/2026:00:01:00 -0500] "GET /index.php/dude-tube/gay-dude-ass-sex-tube.html HTTP/1.1" 200 13775 "-" "Mozilla/5.0 (X11; Linux x86_64) AppleWebKit/537.36 (KHTML, like Gecko) HeadlessChrome/144.0.0.0 Safari/537.36"
172.171.99.205 - - [28/Jan/2026:00:01:01 -0500] "GET /wp-content/plugins/wp-postratings/postratings-js.php?ver=1.30 HTTP/1.1" 200 4813 "http://www.freedudetube.com/index.php/dude-tube/gay-dude-ass-sex-tube.html" "Mozilla/5.0 (X11; Linux x86_64) AppleWebKit/537.36 (KHTML, like Gecko) HeadlessChrome/144.0.0.0 Safari/537.36"
66.249.66.76 - - [28/Jan/2026:00:21:00 -0500] "GET /robots.txt HTTP/1.1" 200 29 "-" "Mozilla/5.0 (compatible; Googlebot/2.1; +http://www.google.com/bot.html)"
74.206.190.120 - - [28/Jan/2026:00:21:00 -0500] "POST /wp-cron.php?doing_wp_cron=1769577660.8938729763031005859375 HTTP/1.1" 200 - "-" "WordPress/3.6.1; http://www.freedudetube.com"
66.249.66.78 - - [28/Jan/2026:00:21:00 -0500] "GET / HTTP/1.1" 200 45238 "-" "Mozilla/5.0 (Linux; Android 6.0.1; Nexus 5X Build/MMB29P) AppleWebKit/537.36 (KHTML, like Gecko) Chrome/143.0.7499.192 Mobile Safari/537.36 (compatible; Googlebot/2.1; +http://www.google.com/bot.html)"
66.216.201.156 - - [28/Jan/2026:00:23:05 -0500] "GET /index.php/dude-tube/dude-tube-cumshots.html HTTP/1.1" 200 13662 "-" "Mozilla/5.0 (iPhone; CPU iPhone OS 26_2 like Mac OS X) AppleWebKit/605.1.15 (KHTML, like Gecko) Mobile/15E148 Version/26.2 Safari/605.1.15 AlohaBrowser/7.14.1"
66.216.201.156 - - [28/Jan/2026:00:26:07 -0500] "GET /index.php/dude-tube/dude-tube-cumshots.html HTTP/1.1" 200 13658 "-" "Mozilla/5.0 (iPhone; CPU iPhone OS 26_2 like Mac OS X) AppleWebKit/605.1.15 (KHTML, like Gecko) Mobile/15E148 Version/26.2 Safari/605.1.15 AlohaBrowser/7.14.1"
66.216.201.156 - - [28/Jan/2026:00:26:19 -0500] "GET /index.php/dude-tube/dude-tube-cumshots.html HTTP/1.1" 200 13724 "-" "Mozilla/5.0 (iPhone; CPU iPhone OS 26_2 like Mac OS X) AppleWebKit/605.1.15 (KHTML, like Gecko) Mobile/15E148 Version/26.2 Safari/605.1.15 AlohaBrowser/7.14.1"
91.202.4.80 - - [28/Jan/2026:00:28:47 -0500] "GET /txets.php HTTP/1.1" 302 276 "-" "Mozilla/4.0 (compatible; MSIE 6.0; Windows NT 5.1; SV1)"
107.189.29.155 - - [28/Jan/2026:00:29:35 -0500] "GET /wp-login.php HTTP/1.1" 200 2281 "-" "Mozilla/5.0 (Windows NT 6.1; WOW64; rv:24.0) Gecko/20100101 Firefox/24.0"
107.189.29.155 - - [28/Jan/2026:00:29:36 -0500] "POST /wp-login.php HTTP/1.1" 200 3226 "-" "Mozilla/5.0 (Windows NT 6.1; WOW64; rv:24.0) Gecko/20100101 Firefox/24.0"
66.216.201.156 - - [28/Jan/2026:00:50:15 -0500] "GET /index.php/dude-tube/dude-tube-cumshots.html HTTP/1.1" 200 13623 "-" "Mozilla/5.0 (iPhone; CPU iPhone OS 26_2 like Mac OS X) AppleWebKit/605.1.15 (KHTML, like Gecko) Mobile/15E148 Version/26.2 Safari/605.1.15 AlohaBrowser/7.14.1"
66.216.201.156 - - [28/Jan/2026:00:50:24 -0500] "GET /index.php/dude-tube/dude-tube-cumshots.html HTTP/1.1" 200 13688 "-" "Mozilla/5.0 (iPhone; CPU iPhone OS 26_2 like Mac OS X) AppleWebKit/605.1.15 (KHTML, like Gecko) Mobile/15E148 Version/26.2 Safari/605.1.15 AlohaBrowser/7.14.1"
66.216.201.156 - - [28/Jan/2026:00:51:06 -0500] "GET /index.php/dude-tube/dude-tube-cumshots.html HTTP/1.1" 200 13704 "-" "Mozilla/5.0 (iPhone; CPU iPhone OS 26_2 like Mac OS X) AppleWebKit/605.1.15 (KHTML, like Gecko) Mobile/15E148 Version/26.2 Safari/605.1.15 AlohaBrowser/7.14.1"
43.157.38.228 - - [28/Jan/2026:00:57:19 -0500] "GET / HTTP/1.1" 301 - "-" "Mozilla/5.0 (iPhone; CPU iPhone OS 13_2_3 like Mac OS X) AppleWebKit/605.1.15 (KHTML, like Gecko) Version/13.0.3 Mobile/15E148 Safari/604.1"
43.157.38.228 - - [28/Jan/2026:00:57:20 -0500] "GET / HTTP/1.1" 200 45238 "http://freedudetube.com" "Mozilla/5.0 (iPhone; CPU iPhone OS 13_2_3 like Mac OS X) AppleWebKit/605.1.15 (KHTML, like Gecko) Version/13.0.3 Mobile/15E148 Safari/604.1"
74.206.190.120 - - [28/Jan/2026:01:11:12 -0500] "POST /wp-cron.php?doing_wp_cron=1769580672.2633490562438964843750 HTTP/1.1" 200 - "-" "WordPress/3.6.1; http://www.freedudetube.com"
141.94.194.132 - - [28/Jan/2026:01:11:12 -0500] "GET /index.php/dude-porn/dude-dorm-tube.html/feed HTTP/1.1" 200 823 "-" "Mozilla/5.0 (X11; Linux i686) AppleWebKit/537.36 (KHTML, like Gecko) Chrome/30.0.1599.66 Safari/537.36"
66.216.201.156 - - [28/Jan/2026:01:17:34 -0500] "GET /index.php/dude-tube/dude-tube-cumshots.html HTTP/1.1" 200 13658 "-" "Mozilla/5.0 (iPhone; CPU iPhone OS 26_2 like Mac OS X) AppleWebKit/605.1.15 (KHTML, like Gecko) Mobile/15E148 Version/26.2 Safari/605.1.15 AlohaBrowser/7.14.1"
66.216.201.156 - - [28/Jan/2026:01:20:39 -0500] "GET /index.php/dude-tube/dude-tube-cumshots.html HTTP/1.1" 200 13627 "-" "Mozilla/5.0 (iPhone; CPU iPhone OS 26_2 like Mac OS X) AppleWebKit/605.1.15 (KHTML, like Gecko) Mobile/15E148 Version/26.2 Safari/605.1.15 AlohaBrowser/7.14.1"
185.191.171.7 - - [28/Jan/2026:01:32:11 -0500] "GET /robots.txt HTTP/1.1" 302 280 "-" "Mozilla/5.0 (compatible; SemrushBot/7~bl; +http://www.semrush.com/bot.html)"
185.191.171.19 - - [28/Jan/2026:01:32:12 -0500] "GET / HTTP/1.1" 302 280 "-" "Mozilla/5.0 (compatible; SemrushBot/7~bl; +http://www.semrush.com/bot.html)"
74.206.190.120 - - [28/Jan/2026:01:38:31 -0500] "POST /wp-cron.php?doing_wp_cron=1769582311.2558739185333251953125 HTTP/1.1" 200 - "-" "WordPress/3.6.1; http://www.freedudetube.com"
66.216.201.156 - - [28/Jan/2026:01:38:31 -0500] "GET /index.php/dude-tube/dude-tube-cumshots.html HTTP/1.1" 200 13694 "-" "Mozilla/5.0 (iPhone; CPU iPhone OS 26_2 like Mac OS X) AppleWebKit/605.1.15 (KHTML, like Gecko) Mobile/15E148 Version/26.2 Safari/605.1.15 AlohaBrowser/7.14.1"
66.216.201.156 - - [28/Jan/2026:01:41:09 -0500] "GET /index.php/dude-tube/dude-tube-cumshots.html HTTP/1.1" 200 13682 "-" "Mozilla/5.0 (iPhone; CPU iPhone OS 26_2 like Mac OS X) AppleWebKit/605.1.15 (KHTML, like Gecko) Mobile/15E148 Version/26.2 Safari/605.1.15 AlohaBrowser/7.14.1"
66.216.201.156 - - [28/Jan/2026:01:44:02 -0500] "GET /index.php/dude-tube/dude-tube-cumshots.html HTTP/1.1" 200 13640 "-" "Mozilla/5.0 (iPhone; CPU iPhone OS 26_2 like Mac OS X) AppleWebKit/605.1.15 (KHTML, like Gecko) Mobile/15E148 Version/26.2 Safari/605.1.15 AlohaBrowser/7.14.1"
66.216.201.156 - - [28/Jan/2026:01:44:07 -0500] "GET /index.php/dude-tube/dude-tube-cumshots.html HTTP/1.1" 200 13656 "-" "Mozilla/5.0 (iPhone; CPU iPhone OS 26_2 like Mac OS X) AppleWebKit/605.1.15 (KHTML, like Gecko) Mobile/15E148 Version/26.2 Safari/605.1.15 AlohaBrowser/7.14.1"
66.216.201.156 - - [28/Jan/2026:01:49:25 -0500] "GET /index.php/dude-tube/dude-tube-cumshots.html HTTP/1.1" 200 13683 "-" "Mozilla/5.0 (iPhone; CPU iPhone OS 26_2 like Mac OS X) AppleWebKit/605.1.15 (KHTML, like Gecko) Mobile/15E148 Version/26.2 Safari/605.1.15 AlohaBrowser/7.14.1"
66.216.201.156 - - [28/Jan/2026:01:49:29 -0500] "GET /index.php/dude-tube/dude-tube-cumshots.html HTTP/1.1" 200 13678 "-" "Mozilla/5.0 (iPhone; CPU iPhone OS 26_2 like Mac OS X) AppleWebKit/605.1.15 (KHTML, like Gecko) Mobile/15E148 Version/26.2 Safari/605.1.15 AlohaBrowser/7.14.1"
173.244.42.163 - - [28/Jan/2026:01:50:36 -0500] "GET / HTTP/1.1" 200 45238 "-" "Mozilla/5.0 (Windows; U; Windows NT 6.1; en-US; rv:1.9.1.5) Gecko/20091102 Firefox/3.5.5 (.NET CLR 3.5.30729)"
66.216.201.156 - - [28/Jan/2026:01:53:37 -0500] "GET /index.php/dude-tube/dude-tube-cumshots.html HTTP/1.1" 200 13734 "-" "Mozilla/5.0 (iPhone; CPU iPhone OS 26_2 like Mac OS X) AppleWebKit/605.1.15 (KHTML, like Gecko) Mobile/15E148 Version/26.2 Safari/605.1.15 AlohaBrowser/7.14.1"
66.216.201.156 - - [28/Jan/2026:01:54:13 -0500] "GET /index.php/dude-tube/dude-tube-cumshots.html HTTP/1.1" 200 13692 "-" "Mozilla/5.0 (iPhone; CPU iPhone OS 26_2 like Mac OS X) AppleWebKit/605.1.15 (KHTML, like Gecko) Mobile/15E148 Version/26.2 Safari/605.1.15 AlohaBrowser/7.14.1"
66.216.201.156 - - [28/Jan/2026:01:56:36 -0500] "GET /index.php/dude-tube/dude-tube-cumshots.html HTTP/1.1" 200 13720 "-" "Mozilla/5.0 (iPhone; CPU iPhone OS 26_2 like Mac OS X) AppleWebKit/605.1.15 (KHTML, like Gecko) Mobile/15E148 Version/26.2 Safari/605.1.15 AlohaBrowser/7.14.1"
74.206.190.120 - - [28/Jan/2026:02:07:59 -0500] "POST /wp-cron.php?doing_wp_cron=1769584079.0770480632781982421875 HTTP/1.1" 200 - "-" "WordPress/3.6.1; http://www.freedudetube.com"
66.216.201.156 - - [28/Jan/2026:02:07:58 -0500] "GET /index.php/dude-tube/dude-tube-cumshots.html HTTP/1.1" 200 13690 "-" "Mozilla/5.0 (iPhone; CPU iPhone OS 26_2 like Mac OS X) AppleWebKit/605.1.15 (KHTML, like Gecko) Mobile/15E148 Version/26.2 Safari/605.1.15 AlohaBrowser/7.14.1"
66.216.201.156 - - [28/Jan/2026:02:08:05 -0500] "GET /index.php/dude-tube/dude-tube-cumshots.html HTTP/1.1" 200 13642 "-" "Mozilla/5.0 (iPhone; CPU iPhone OS 26_2 like Mac OS X) AppleWebKit/605.1.15 (KHTML, like Gecko) Mobile/15E148 Version/26.2 Safari/605.1.15 AlohaBrowser/7.14.1"
66.216.201.156 - - [28/Jan/2026:02:11:49 -0500] "GET /index.php/dude-tube/dude-tube-cumshots.html HTTP/1.1" 200 13666 "-" "Mozilla/5.0 (iPhone; CPU iPhone OS 26_2 like Mac OS X) AppleWebKit/605.1.15 (KHTML, like Gecko) Mobile/15E148 Version/26.2 Safari/605.1.15 AlohaBrowser/7.14.1"
66.216.201.156 - - [28/Jan/2026:02:17:15 -0500] "GET /index.php/dude-tube/dude-tube-cumshots.html HTTP/1.1" 200 13650 "-" "Mozilla/5.0 (iPhone; CPU iPhone OS 26_2 like Mac OS X) AppleWebKit/605.1.15 (KHTML, like Gecko) Mobile/15E148 Version/26.2 Safari/605.1.15 AlohaBrowser/7.14.1"
66.216.201.156 - - [28/Jan/2026:02:18:39 -0500] "GET /index.php/dude-tube/dude-tube-cumshots.html HTTP/1.1" 200 13649 "-" "Mozilla/5.0 (iPhone; CPU iPhone OS 26_2 like Mac OS X) AppleWebKit/605.1.15 (KHTML, like Gecko) Mobile/15E148 Version/26.2 Safari/605.1.15 AlohaBrowser/7.14.1"
66.216.201.156 - - [28/Jan/2026:02:19:40 -0500] "GET /index.php/dude-tube/dude-tube-cumshots.html HTTP/1.1" 200 13685 "-" "Mozilla/5.0 (iPhone; CPU iPhone OS 26_2 like Mac OS X) AppleWebKit/605.1.15 (KHTML, like Gecko) Mobile/15E148 Version/26.2 Safari/605.1.15 AlohaBrowser/7.14.1"
66.216.201.156 - - [28/Jan/2026:02:23:06 -0500] "GET /index.php/dude-tube/dude-tube-cumshots.html HTTP/1.1" 200 13682 "-" "Mozilla/5.0 (iPhone; CPU iPhone OS 26_2 like Mac OS X) AppleWebKit/605.1.15 (KHTML, like Gecko) Mobile/15E148 Version/26.2 Safari/605.1.15 AlohaBrowser/7.14.1"
66.216.201.156 - - [28/Jan/2026:02:26:54 -0500] "GET /index.php/dude-tube/dude-tube-cumshots.html HTTP/1.1" 200 13668 "-" "Mozilla/5.0 (iPhone; CPU iPhone OS 26_2 like Mac OS X) AppleWebKit/605.1.15 (KHTML, like Gecko) Mobile/15E148 Version/26.2 Safari/605.1.15 AlohaBrowser/7.14.1"
66.216.201.156 - - [28/Jan/2026:02:27:02 -0500] "GET /index.php/dude-tube/dude-tube-cumshots.html HTTP/1.1" 200 13635 "-" "Mozilla/5.0 (iPhone; CPU iPhone OS 26_2 like Mac OS X) AppleWebKit/605.1.15 (KHTML, like Gecko) Mobile/15E148 Version/26.2 Safari/605.1.15 AlohaBrowser/7.14.1"
66.216.201.156 - - [28/Jan/2026:02:31:38 -0500] "GET /index.php/dude-tube/dude-tube-cumshots.html HTTP/1.1" 200 13642 "-" "Mozilla/5.0 (iPhone; CPU iPhone OS 26_2 like Mac OS X) AppleWebKit/605.1.15 (KHTML, like Gecko) Mobile/15E148 Version/26.2 Safari/605.1.15 AlohaBrowser/7.14.1"
66.216.201.156 - - [28/Jan/2026:02:38:59 -0500] "GET /index.php/dude-tube/dude-tube-cumshots.html HTTP/1.1" 200 13724 "-" "Mozilla/5.0 (iPhone; CPU iPhone OS 26_2 like Mac OS X) AppleWebKit/605.1.15 (KHTML, like Gecko) Mobile/15E148 Version/26.2 Safari/605.1.15 AlohaBrowser/7.14.1"
66.216.201.156 - - [28/Jan/2026:02:40:25 -0500] "GET /index.php/dude-tube/dude-tube-cumshots.html HTTP/1.1" 200 13658 "-" "Mozilla/5.0 (iPhone; CPU iPhone OS 26_2 like Mac OS X) AppleWebKit/605.1.15 (KHTML, like Gecko) Mobile/15E148 Version/26.2 Safari/605.1.15 AlohaBrowser/7.14.1"
66.216.201.156 - - [28/Jan/2026:02:40:34 -0500] "GET /index.php/dude-tube/dude-tube-cumshots.html HTTP/1.1" 200 13705 "-" "Mozilla/5.0 (iPhone; CPU iPhone OS 26_2 like Mac OS X) AppleWebKit/605.1.15 (KHTML, like Gecko) Mobile/15E148 Version/26.2 Safari/605.1.15 AlohaBrowser/7.14.1"
104.28.235.58 - - [28/Jan/2026:02:41:27 -0500] "GET /style.php HTTP/1.1" 302 276 "-" "Go-http-client/1.1"
66.216.201.156 - - [28/Jan/2026:02:43:03 -0500] "GET /index.php/dude-tube/dude-tube-cumshots.html HTTP/1.1" 200 13648 "-" "Mozilla/5.0 (iPhone; CPU iPhone OS 26_2 like Mac OS X) AppleWebKit/605.1.15 (KHTML, like Gecko) Mobile/15E148 Version/26.2 Safari/605.1.15 AlohaBrowser/7.14.1"
66.216.201.156 - - [28/Jan/2026:02:43:09 -0500] "GET /index.php/dude-tube/dude-tube-cumshots.html HTTP/1.1" 200 13664 "-" "Mozilla/5.0 (iPhone; CPU iPhone OS 26_2 like Mac OS X) AppleWebKit/605.1.15 (KHTML, like Gecko) Mobile/15E148 Version/26.2 Safari/605.1.15 AlohaBrowser/7.14.1"
66.216.201.156 - - [28/Jan/2026:02:43:14 -0500] "GET /index.php/dude-tube/dude-tube-cumshots.html HTTP/1.1" 200 13650 "-" "Mozilla/5.0 (iPhone; CPU iPhone OS 26_2 like Mac OS X) AppleWebKit/605.1.15 (KHTML, like Gecko) Mobile/15E148 Version/26.2 Safari/605.1.15 AlohaBrowser/7.14.1"
66.216.201.156 - - [28/Jan/2026:02:43:19 -0500] "GET /index.php/dude-tube/dude-tube-cumshots.html HTTP/1.1" 200 13654 "-" "Mozilla/5.0 (iPhone; CPU iPhone OS 26_2 like Mac OS X) AppleWebKit/605.1.15 (KHTML, like Gecko) Mobile/15E148 Version/26.2 Safari/605.1.15 AlohaBrowser/7.14.1"
66.216.201.156 - - [28/Jan/2026:02:43:24 -0500] "GET /index.php/dude-tube/dude-tube-cumshots.html HTTP/1.1" 200 13599 "-" "Mozilla/5.0 (iPhone; CPU iPhone OS 26_2 like Mac OS X) AppleWebKit/605.1.15 (KHTML, like Gecko) Mobile/15E148 Version/26.2 Safari/605.1.15 AlohaBrowser/7.14.1"
66.216.201.156 - - [28/Jan/2026:02:43:28 -0500] "GET /index.php/dude-tube/dude-tube-cumshots.html HTTP/1.1" 200 13643 "-" "Mozilla/5.0 (iPhone; CPU iPhone OS 26_2 like Mac OS X) AppleWebKit/605.1.15 (KHTML, like Gecko) Mobile/15E148 Version/26.2 Safari/605.1.15 AlohaBrowser/7.14.1"
66.216.201.156 - - [28/Jan/2026:02:43:33 -0500] "GET /index.php/dude-tube/dude-tube-cumshots.html HTTP/1.1" 200 13648 "-" "Mozilla/5.0 (iPhone; CPU iPhone OS 26_2 like Mac OS X) AppleWebKit/605.1.15 (KHTML, like Gecko) Mobile/15E148 Version/26.2 Safari/605.1.15 AlohaBrowser/7.14.1"
66.216.201.156 - - [28/Jan/2026:02:43:39 -0500] "GET /index.php/dude-tube/dude-tube-cumshots.html HTTP/1.1" 200 13678 "-" "Mozilla/5.0 (iPhone; CPU iPhone OS 26_2 like Mac OS X) AppleWebKit/605.1.15 (KHTML, like Gecko) Mobile/15E148 Version/26.2 Safari/605.1.15 AlohaBrowser/7.14.1"
66.216.201.156 - - [28/Jan/2026:02:43:44 -0500] "GET /index.php/dude-tube/dude-tube-cumshots.html HTTP/1.1" 200 13765 "-" "Mozilla/5.0 (iPhone; CPU iPhone OS 26_2 like Mac OS X) AppleWebKit/605.1.15 (KHTML, like Gecko) Mobile/15E148 Version/26.2 Safari/605.1.15 AlohaBrowser/7.14.1"
66.216.201.156 - - [28/Jan/2026:02:43:50 -0500] "GET /index.php/dude-tube/dude-tube-cumshots.html HTTP/1.1" 200 13677 "-" "Mozilla/5.0 (iPhone; CPU iPhone OS 26_2 like Mac OS X) AppleWebKit/605.1.15 (KHTML, like Gecko) Mobile/15E148 Version/26.2 Safari/605.1.15 AlohaBrowser/7.14.1"
66.216.201.156 - - [28/Jan/2026:02:43:58 -0500] "GET /index.php/dude-tube/dude-tube-cumshots.html HTTP/1.1" 200 13717 "-" "Mozilla/5.0 (iPhone; CPU iPhone OS 26_2 like Mac OS X) AppleWebKit/605.1.15 (KHTML, like Gecko) Mobile/15E148 Version/26.2 Safari/605.1.15 AlohaBrowser/7.14.1"
66.216.201.156 - - [28/Jan/2026:02:44:04 -0500] "GET /index.php/dude-tube/dude-tube-cumshots.html HTTP/1.1" 200 13699 "-" "Mozilla/5.0 (iPhone; CPU iPhone OS 26_2 like Mac OS X) AppleWebKit/605.1.15 (KHTML, like Gecko) Mobile/15E148 Version/26.2 Safari/605.1.15 AlohaBrowser/7.14.1"
199.195.253.116 - - [28/Jan/2026:02:45:32 -0500] "GET /wp-login.php HTTP/1.1" 200 2281 "-" "Mozilla/5.0 (X11; Linux x86_64)"
199.195.253.116 - - [28/Jan/2026:02:45:33 -0500] "POST /wp-login.php HTTP/1.1" 200 3226 "-" "Mozilla/5.0 (X11; Linux x86_64)"
66.216.201.156 - - [28/Jan/2026:03:00:14 -0500] "GET /index.php/dude-tube/dude-tube-cumshots.html HTTP/1.1" 200 13707 "-" "Mozilla/5.0 (iPhone; CPU iPhone OS 26_2 like Mac OS X) AppleWebKit/605.1.15 (KHTML, like Gecko) Mobile/15E148 Version/26.2 Safari/605.1.15 AlohaBrowser/7.14.1"
66.216.201.156 - - [28/Jan/2026:03:00:24 -0500] "GET /index.php/dude-tube/dude-tube-cumshots.html HTTP/1.1" 200 13682 "-" "Mozilla/5.0 (iPhone; CPU iPhone OS 26_2 like Mac OS X) AppleWebKit/605.1.15 (KHTML, like Gecko) Mobile/15E148 Version/26.2 Safari/605.1.15 AlohaBrowser/7.14.1"
66.216.201.156 - - [28/Jan/2026:03:00:30 -0500] "GET /index.php/dude-tube/dude-tube-cumshots.html HTTP/1.1" 200 13708 "-" "Mozilla/5.0 (iPhone; CPU iPhone OS 26_2 like Mac OS X) AppleWebKit/605.1.15 (KHTML, like Gecko) Mobile/15E148 Version/26.2 Safari/605.1.15 AlohaBrowser/7.14.1"
66.216.201.156 - - [28/Jan/2026:03:00:34 -0500] "GET /index.php/dude-tube/dude-tube-cumshots.html HTTP/1.1" 200 13680 "-" "Mozilla/5.0 (iPhone; CPU iPhone OS 26_2 like Mac OS X) AppleWebKit/605.1.15 (KHTML, like Gecko) Mobile/15E148 Version/26.2 Safari/605.1.15 AlohaBrowser/7.14.1"
66.216.201.156 - - [28/Jan/2026:03:00:39 -0500] "GET /index.php/dude-tube/dude-tube-cumshots.html HTTP/1.1" 200 13673 "-" "Mozilla/5.0 (iPhone; CPU iPhone OS 26_2 like Mac OS X) AppleWebKit/605.1.15 (KHTML, like Gecko) Mobile/15E148 Version/26.2 Safari/605.1.15 AlohaBrowser/7.14.1"
66.216.201.156 - - [28/Jan/2026:03:00:43 -0500] "GET /index.php/dude-tube/dude-tube-cumshots.html HTTP/1.1" 200 13605 "-" "Mozilla/5.0 (iPhone; CPU iPhone OS 26_2 like Mac OS X) AppleWebKit/605.1.15 (KHTML, like Gecko) Mobile/15E148 Version/26.2 Safari/605.1.15 AlohaBrowser/7.14.1"
66.216.201.156 - - [28/Jan/2026:03:00:49 -0500] "GET /index.php/dude-tube/dude-tube-cumshots.html HTTP/1.1" 200 13711 "-" "Mozilla/5.0 (iPhone; CPU iPhone OS 26_2 like Mac OS X) AppleWebKit/605.1.15 (KHTML, like Gecko) Mobile/15E148 Version/26.2 Safari/605.1.15 AlohaBrowser/7.14.1"
66.216.201.156 - - [28/Jan/2026:03:00:55 -0500] "GET /index.php/dude-tube/dude-tube-cumshots.html HTTP/1.1" 200 13690 "-" "Mozilla/5.0 (iPhone; CPU iPhone OS 26_2 like Mac OS X) AppleWebKit/605.1.15 (KHTML, like Gecko) Mobile/15E148 Version/26.2 Safari/605.1.15 AlohaBrowser/7.14.1"
66.216.201.156 - - [28/Jan/2026:03:00:59 -0500] "GET /index.php/dude-tube/dude-tube-cumshots.html HTTP/1.1" 200 13685 "-" "Mozilla/5.0 (iPhone; CPU iPhone OS 26_2 like Mac OS X) AppleWebKit/605.1.15 (KHTML, like Gecko) Mobile/15E148 Version/26.2 Safari/605.1.15 AlohaBrowser/7.14.1"
66.216.201.156 - - [28/Jan/2026:03:01:04 -0500] "GET /index.php/dude-tube/dude-tube-cumshots.html HTTP/1.1" 200 13662 "-" "Mozilla/5.0 (iPhone; CPU iPhone OS 26_2 like Mac OS X) AppleWebKit/605.1.15 (KHTML, like Gecko) Mobile/15E148 Version/26.2 Safari/605.1.15 AlohaBrowser/7.14.1"
66.216.201.156 - - [28/Jan/2026:03:01:09 -0500] "GET /index.php/dude-tube/dude-tube-cumshots.html HTTP/1.1" 200 13615 "-" "Mozilla/5.0 (iPhone; CPU iPhone OS 26_2 like Mac OS X) AppleWebKit/605.1.15 (KHTML, like Gecko) Mobile/15E148 Version/26.2 Safari/605.1.15 AlohaBrowser/7.14.1"
66.216.201.156 - - [28/Jan/2026:03:01:14 -0500] "GET /index.php/dude-tube/dude-tube-cumshots.html HTTP/1.1" 200 13678 "-" "Mozilla/5.0 (iPhone; CPU iPhone OS 26_2 like Mac OS X) AppleWebKit/605.1.15 (KHTML, like Gecko) Mobile/15E148 Version/26.2 Safari/605.1.15 AlohaBrowser/7.14.1"
66.216.201.156 - - [28/Jan/2026:03:01:20 -0500] "GET /index.php/dude-tube/dude-tube-cumshots.html HTTP/1.1" 200 13668 "-" "Mozilla/5.0 (iPhone; CPU iPhone OS 26_2 like Mac OS X) AppleWebKit/605.1.15 (KHTML, like Gecko) Mobile/15E148 Version/26.2 Safari/605.1.15 AlohaBrowser/7.14.1"
66.216.201.156 - - [28/Jan/2026:03:01:25 -0500] "GET /index.php/dude-tube/dude-tube-cumshots.html HTTP/1.1" 200 13723 "-" "Mozilla/5.0 (iPhone; CPU iPhone OS 26_2 like Mac OS X) AppleWebKit/605.1.15 (KHTML, like Gecko) Mobile/15E148 Version/26.2 Safari/605.1.15 AlohaBrowser/7.14.1"
74.206.190.120 - - [28/Jan/2026:03:07:07 -0500] "POST /wp-cron.php?doing_wp_cron=1769587627.8735311031341552734375 HTTP/1.1" 200 - "-" "WordPress/3.6.1; http://www.freedudetube.com"
66.216.201.156 - - [28/Jan/2026:03:07:07 -0500] "GET /index.php/dude-tube/dude-tube-cumshots.html HTTP/1.1" 200 13679 "-" "Mozilla/5.0 (iPhone; CPU iPhone OS 26_2 like Mac OS X) AppleWebKit/605.1.15 (KHTML, like Gecko) Mobile/15E148 Version/26.2 Safari/605.1.15 AlohaBrowser/7.14.1"
66.216.201.156 - - [28/Jan/2026:03:07:13 -0500] "GET /index.php/dude-tube/dude-tube-cumshots.html HTTP/1.1" 200 13632 "-" "Mozilla/5.0 (iPhone; CPU iPhone OS 26_2 like Mac OS X) AppleWebKit/605.1.15 (KHTML, like Gecko) Mobile/15E148 Version/26.2 Safari/605.1.15 AlohaBrowser/7.14.1"
66.216.201.156 - - [28/Jan/2026:03:07:45 -0500] "GET /index.php/dude-tube/dude-tube-cumshots.html HTTP/1.1" 200 13673 "-" "Mozilla/5.0 (iPhone; CPU iPhone OS 26_2 like Mac OS X) AppleWebKit/605.1.15 (KHTML, like Gecko) Mobile/15E148 Version/26.2 Safari/605.1.15 AlohaBrowser/7.14.1"
66.216.201.156 - - [28/Jan/2026:03:07:52 -0500] "GET /index.php/dude-tube/dude-tube-cumshots.html HTTP/1.1" 200 13606 "-" "Mozilla/5.0 (iPhone; CPU iPhone OS 26_2 like Mac OS X) AppleWebKit/605.1.15 (KHTML, like Gecko) Mobile/15E148 Version/26.2 Safari/605.1.15 AlohaBrowser/7.14.1"
66.216.201.156 - - [28/Jan/2026:03:08:28 -0500] "GET /index.php/dude-tube/dude-tube-cumshots.html HTTP/1.1" 200 13669 "-" "Mozilla/5.0 (iPhone; CPU iPhone OS 26_2 like Mac OS X) AppleWebKit/605.1.15 (KHTML, like Gecko) Mobile/15E148 Version/26.2 Safari/605.1.15 AlohaBrowser/7.14.1"
66.216.201.156 - - [28/Jan/2026:03:09:09 -0500] "GET /index.php/dude-tube/dude-tube-cumshots.html HTTP/1.1" 200 13755 "-" "Mozilla/5.0 (iPhone; CPU iPhone OS 26_2 like Mac OS X) AppleWebKit/605.1.15 (KHTML, like Gecko) Mobile/15E148 Version/26.2 Safari/605.1.15 AlohaBrowser/7.14.1"
66.216.201.156 - - [28/Jan/2026:03:12:42 -0500] "GET /index.php/dude-tube/dude-tube-cumshots.html HTTP/1.1" 200 13755 "-" "Mozilla/5.0 (iPhone; CPU iPhone OS 26_2 like Mac OS X) AppleWebKit/605.1.15 (KHTML, like Gecko) Mobile/15E148 Version/26.2 Safari/605.1.15 AlohaBrowser/7.14.1"
66.216.201.156 - - [28/Jan/2026:03:14:50 -0500] "GET /index.php/dude-tube/dude-tube-cumshots.html HTTP/1.1" 200 13694 "-" "Mozilla/5.0 (iPhone; CPU iPhone OS 26_2 like Mac OS X) AppleWebKit/605.1.15 (KHTML, like Gecko) Mobile/15E148 Version/26.2 Safari/605.1.15 AlohaBrowser/7.14.1"
66.216.201.156 - - [28/Jan/2026:03:14:56 -0500] "GET /index.php/dude-tube/dude-tube-cumshots.html HTTP/1.1" 200 13640 "-" "Mozilla/5.0 (iPhone; CPU iPhone OS 26_2 like Mac OS X) AppleWebKit/605.1.15 (KHTML, like Gecko) Mobile/15E148 Version/26.2 Safari/605.1.15 AlohaBrowser/7.14.1"
66.216.201.156 - - [28/Jan/2026:03:24:12 -0500] "GET /index.php/dude-tube/dude-tube-cumshots.html HTTP/1.1" 200 13700 "-" "Mozilla/5.0 (iPhone; CPU iPhone OS 26_2 like Mac OS X) AppleWebKit/605.1.15 (KHTML, like Gecko) Mobile/15E148 Version/26.2 Safari/605.1.15 AlohaBrowser/7.14.1"
66.216.201.156 - - [28/Jan/2026:03:24:26 -0500] "GET /index.php/dude-tube/dude-tube-cumshots.html HTTP/1.1" 200 13618 "-" "Mozilla/5.0 (iPhone; CPU iPhone OS 26_2 like Mac OS X) AppleWebKit/605.1.15 (KHTML, like Gecko) Mobile/15E148 Version/26.2 Safari/605.1.15 AlohaBrowser/7.14.1"
66.216.201.156 - - [28/Jan/2026:03:27:33 -0500] "GET /index.php/dude-tube/dude-tube-cumshots.html HTTP/1.1" 200 13702 "-" "Mozilla/5.0 (iPhone; CPU iPhone OS 26_2 like Mac OS X) AppleWebKit/605.1.15 (KHTML, like Gecko) Mobile/15E148 Version/26.2 Safari/605.1.15 AlohaBrowser/7.14.1"
