HEX
Server: Apache
System: Linux msm5694.mjhst.com 3.10.0-1160.119.1.el7.x86_64 #1 SMP Tue Jun 4 14:43:51 UTC 2024 x86_64
User: camjab_ssh (1000)
PHP: 5.3.29
Disabled: NONE
Upload Files
File: //home/httpd/logs/freedudetube.com_access_log.2
205.185.126.5 - - [28/Jan/2026:04:38:27 -0500] "GET /wp-login.php HTTP/1.1" 200 2281 "-" "Mozilla/5.0 (compatible; MSIE 10.0; Windows NT 6.1; WOW64; Trident/6.0)"
205.185.126.5 - - [28/Jan/2026:04:38:28 -0500] "POST /wp-login.php HTTP/1.1" 200 3226 "-" "Mozilla/5.0 (compatible; MSIE 10.0; Windows NT 6.1; WOW64; Trident/6.0)"
74.206.190.120 - - [28/Jan/2026:05:34:39 -0500] "POST /wp-cron.php?doing_wp_cron=1769596479.5150499343872070312500 HTTP/1.1" 200 - "-" "WordPress/3.6.1; http://www.freedudetube.com"
107.189.30.231 - - [28/Jan/2026:05:34:39 -0500] "GET /wp-login.php HTTP/1.1" 200 2281 "-" "Mozilla/5.0 (Windows NT 6.1; WOW64; Trident/7.0; rv:11.0) like Gecko"
107.189.30.231 - - [28/Jan/2026:05:34:40 -0500] "POST /wp-login.php HTTP/1.1" 200 3226 "-" "Mozilla/5.0 (Windows NT 6.1; WOW64; Trident/7.0; rv:11.0) like Gecko"
141.94.101.142 - - [28/Jan/2026:05:48:33 -0500] "GET /robots.txt HTTP/1.1" 302 280 "-" "Mozilla/5.0 (compatible; MJ12bot/v1.4.8; http://mj12bot.com/)"
141.94.101.142 - - [28/Jan/2026:05:48:36 -0500] "GET /index.php/dude-tube/gay-ass-to-mouth.html/feed HTTP/1.1" 302 280 "-" "Mozilla/5.0 (compatible; MJ12bot/v1.4.8; http://mj12bot.com/)"
141.94.101.142 - - [28/Jan/2026:05:48:38 -0500] "GET /robots.txt HTTP/1.1" 302 280 "-" "Mozilla/5.0 (compatible; MJ12bot/v1.4.8; http://mj12bot.com/)"
141.94.101.142 - - [28/Jan/2026:05:48:39 -0500] "GET /index.php/dude-tube/gay-dude-porn-4.html HTTP/1.1" 302 280 "-" "Mozilla/5.0 (compatible; MJ12bot/v1.4.8; http://mj12bot.com/)"
141.94.101.142 - - [28/Jan/2026:05:48:41 -0500] "GET /index.php/dude-tube/gay-ass-to-mouth.html/feed HTTP/1.1" 302 280 "-" "Mozilla/5.0 (compatible; MJ12bot/v1.4.8; http://mj12bot.com/)"
141.94.101.142 - - [28/Jan/2026:05:48:42 -0500] "GET /index.php/dude-tube/gay-dude-porn-4.html/feed HTTP/1.1" 302 280 "-" "Mozilla/5.0 (compatible; MJ12bot/v1.4.8; http://mj12bot.com/)"
141.94.101.142 - - [28/Jan/2026:05:48:46 -0500] "GET /index.php/dude-tube/gay-dude-porn-4.html HTTP/1.1" 302 280 "-" "Mozilla/5.0 (compatible; MJ12bot/v1.4.8; http://mj12bot.com/)"
141.94.101.142 - - [28/Jan/2026:05:48:50 -0500] "GET /index.php/dude-tube/gay-dude-porn-4.html/feed HTTP/1.1" 302 280 "-" "Mozilla/5.0 (compatible; MJ12bot/v1.4.8; http://mj12bot.com/)"
141.94.101.142 - - [28/Jan/2026:05:52:29 -0500] "GET /robots.txt HTTP/1.1" 302 280 "-" "Mozilla/5.0 (compatible; MJ12bot/v1.4.8; http://mj12bot.com/)"
141.94.101.142 - - [28/Jan/2026:05:52:31 -0500] "GET /index.php/dude-tube/gay-ass-to-mouth.html/feed HTTP/1.1" 302 280 "-" "Mozilla/5.0 (compatible; MJ12bot/v1.4.8; http://mj12bot.com/)"
141.94.101.142 - - [28/Jan/2026:05:52:34 -0500] "GET /index.php/dude-tube/gay-dude-porn-4.html HTTP/1.1" 302 280 "-" "Mozilla/5.0 (compatible; MJ12bot/v1.4.8; http://mj12bot.com/)"
141.94.101.142 - - [28/Jan/2026:05:52:36 -0500] "GET /index.php/dude-tube/gay-dude-porn-4.html/feed HTTP/1.1" 302 280 "-" "Mozilla/5.0 (compatible; MJ12bot/v1.4.8; http://mj12bot.com/)"
141.94.101.142 - - [28/Jan/2026:05:52:50 -0500] "GET /robots.txt HTTP/1.1" 302 280 "-" "Mozilla/5.0 (compatible; MJ12bot/v1.4.8; http://mj12bot.com/)"
141.94.101.142 - - [28/Jan/2026:05:52:52 -0500] "GET /index.php/dude-tube/gay-ass-to-mouth.html/feed HTTP/1.1" 302 280 "-" "Mozilla/5.0 (compatible; MJ12bot/v1.4.8; http://mj12bot.com/)"
141.94.101.142 - - [28/Jan/2026:05:52:55 -0500] "GET /index.php/dude-tube/gay-dude-porn-4.html HTTP/1.1" 302 280 "-" "Mozilla/5.0 (compatible; MJ12bot/v1.4.8; http://mj12bot.com/)"
141.94.101.142 - - [28/Jan/2026:05:52:58 -0500] "GET /index.php/dude-tube/gay-dude-porn-4.html/feed HTTP/1.1" 302 280 "-" "Mozilla/5.0 (compatible; MJ12bot/v1.4.8; http://mj12bot.com/)"
95.85.238.22 - - [28/Jan/2026:05:57:59 -0500] "GET /wp-login.php HTTP/1.1" 200 2281 "-" "Mozilla/5.0 (Macintosh; Intel Mac OS X 10_10_0) AppleWebKit/537.36 (KHTML, like Gecko) Chrome/36.0.1985.125 Safari/537.36"
95.85.238.22 - - [28/Jan/2026:05:58:00 -0500] "POST /wp-login.php HTTP/1.1" 200 3226 "-" "Mozilla/5.0 (Macintosh; Intel Mac OS X 10_10_0) AppleWebKit/537.36 (KHTML, like Gecko) Chrome/36.0.1985.125 Safari/537.36"
141.94.101.142 - - [28/Jan/2026:05:58:40 -0500] "GET /robots.txt HTTP/1.1" 302 280 "-" "Mozilla/5.0 (compatible; MJ12bot/v1.4.8; http://mj12bot.com/)"
141.94.101.142 - - [28/Jan/2026:05:58:42 -0500] "GET /index.php/dude-tube/gay-ass-to-mouth.html/feed HTTP/1.1" 302 280 "-" "Mozilla/5.0 (compatible; MJ12bot/v1.4.8; http://mj12bot.com/)"
141.94.101.142 - - [28/Jan/2026:05:58:45 -0500] "GET /index.php/dude-tube/gay-dude-porn-4.html HTTP/1.1" 302 280 "-" "Mozilla/5.0 (compatible; MJ12bot/v1.4.8; http://mj12bot.com/)"
141.94.101.142 - - [28/Jan/2026:05:58:47 -0500] "GET /index.php/dude-tube/gay-dude-porn-4.html/feed HTTP/1.1" 302 280 "-" "Mozilla/5.0 (compatible; MJ12bot/v1.4.8; http://mj12bot.com/)"
74.206.190.120 - - [28/Jan/2026:06:15:08 -0500] "POST /wp-cron.php?doing_wp_cron=1769598908.4512510299682617187500 HTTP/1.1" 200 - "-" "WordPress/3.6.1; http://www.freedudetube.com"
49.234.192.248 - - [28/Jan/2026:06:15:08 -0500] "GET / HTTP/1.1" 200 16667 "-" "Mozilla/5.0 (iPhone; CPU iPhone OS 13_2_3 like Mac OS X) AppleWebKit/605.1.15 (KHTML, like Gecko) Version/13.0.3 Mobile/15E148 Safari/604.1"
141.94.194.132 - - [28/Jan/2026:06:24:16 -0500] "GET /index.php/dude-porn/dude-facial-tube.html/feed HTTP/1.1" 200 829 "-" "Mozilla/5.0 (X11; Linux i686) AppleWebKit/537.36 (KHTML, like Gecko) Chrome/30.0.1599.66 Safari/537.36"
185.117.225.243 - - [28/Jan/2026:07:20:36 -0500] "GET /robots.txt HTTP/1.1" 200 29 "-" "python-requests/2.31.0"
74.206.190.120 - - [28/Jan/2026:07:20:37 -0500] "POST /wp-cron.php?doing_wp_cron=1769602837.4549410343170166015625 HTTP/1.1" 200 - "-" "WordPress/3.6.1; http://www.freedudetube.com"
185.117.225.243 - - [28/Jan/2026:07:20:37 -0500] "GET / HTTP/1.1" 200 45238 "-" "Mozilla/5.0 AppleWebKit/537.36 (KHTML, like Gecko) Chrome/123.0.6312.86 Safari/537.36 BitSightBot/1.0"
185.117.225.243 - - [28/Jan/2026:07:20:39 -0500] "GET /wp-content/plugins/wp-postratings/postratings-js.php?ver=1.30 HTTP/1.1" 200 4813 "http://www.freedudetube.com/" "Mozilla/5.0 AppleWebKit/537.36 (KHTML, like Gecko) Chrome/123.0.6312.86 Safari/537.36 BitSightBot/1.0"
45.61.185.101 - - [28/Jan/2026:07:33:01 -0500] "GET / HTTP/1.1" 200 45238 "http://www.freedudetube.com/wp-login.php" "Mozilla/5.0 (Windows NT 10.0; Win64; x64) AppleWebKit/537.36 (KHTML, like Gecko) Chrome/120.0.0.0 Safari/537.36"
45.61.185.101 - - [28/Jan/2026:07:33:15 -0500] "GET /wp-login.php HTTP/1.1" 200 2281 "http://www.freedudetube.com/wp-login.php" "Mozilla/5.0 (Windows NT 10.0; Win64; x64) AppleWebKit/537.36 (KHTML, like Gecko) Chrome/120.0.0.0 Safari/537.36"
45.61.185.101 - - [28/Jan/2026:07:33:57 -0500] "POST /wp-login.php HTTP/1.1" 200 3244 "http://www.freedudetube.com/wp-login.php" "Mozilla/5.0 (Windows NT 10.0; Win64; x64) AppleWebKit/537.36 (KHTML, like Gecko) Chrome/120.0.0.0 Safari/537.36"
141.94.194.132 - - [28/Jan/2026:07:43:51 -0500] "GET /index.php/feed HTTP/1.1" 200 15346 "-" "Mozilla/5.0 (X11; Linux i686) AppleWebKit/537.36 (KHTML, like Gecko) Chrome/30.0.1599.66 Safari/537.36"
43.167.236.228 - - [28/Jan/2026:07:52:41 -0500] "GET / HTTP/1.1" 301 - "-" "Mozilla/5.0 (iPhone; CPU iPhone OS 13_2_3 like Mac OS X) AppleWebKit/605.1.15 (KHTML, like Gecko) Version/13.0.3 Mobile/15E148 Safari/604.1"
43.167.236.228 - - [28/Jan/2026:07:52:43 -0500] "GET / HTTP/1.1" 200 45238 "http://freedudetube.com" "Mozilla/5.0 (iPhone; CPU iPhone OS 13_2_3 like Mac OS X) AppleWebKit/605.1.15 (KHTML, like Gecko) Version/13.0.3 Mobile/15E148 Safari/604.1"
74.206.190.120 - - [28/Jan/2026:08:04:43 -0500] "POST /wp-cron.php?doing_wp_cron=1769605483.8216810226440429687500 HTTP/1.1" 200 - "-" "WordPress/3.6.1; http://www.freedudetube.com"
141.94.194.132 - - [28/Jan/2026:08:04:43 -0500] "GET /index.php/dude-porn/man-cum-tube.html/feed HTTP/1.1" 200 1287 "-" "Mozilla/5.0 (X11; Linux i686) AppleWebKit/537.36 (KHTML, like Gecko) Chrome/30.0.1599.66 Safari/537.36"
141.94.194.132 - - [28/Jan/2026:08:05:46 -0500] "GET /index.php/dude-tube/free-gay-bukkake.html/feed HTTP/1.1" 200 829 "-" "Mozilla/5.0 (X11; Linux i686) AppleWebKit/537.36 (KHTML, like Gecko) Chrome/30.0.1599.66 Safari/537.36"
167.172.55.199 - - [28/Jan/2026:09:21:13 -0500] "GET / HTTP/1.1" 301 - "-" "Mozilla/5.0 (X11; Linux x86_64) AppleWebKit/537.36 (KHTML, like Gecko) Chrome/142.0.0.0 Safari/537.36"
206.168.34.217 - - [28/Jan/2026:09:21:51 -0500] "GET / HTTP/1.1" 301 - "-" "Mozilla/5.0 (compatible; CensysInspect/1.1; +https://about.censys.io/)"
74.206.190.120 - - [28/Jan/2026:09:21:53 -0500] "POST /wp-cron.php?doing_wp_cron=1769610113.5007219314575195312500 HTTP/1.1" 200 - "-" "WordPress/3.6.1; http://www.freedudetube.com"
206.168.34.217 - - [28/Jan/2026:09:21:53 -0500] "GET / HTTP/1.1" 200 45238 "-" "Mozilla/5.0 (compatible; CensysInspect/1.1; +https://about.censys.io/)"
83.217.208.113 - - [28/Jan/2026:09:26:02 -0500] "GET /wp-login.php HTTP/1.1" 200 2281 "-" "Mozilla/5.0 (Macintosh; Intel Mac OS X 10_7_5) AppleWebKit/537.36 (KHTML, like Gecko) Chrome/36.0.1985.125 Safari/537.36"
83.217.208.113 - - [28/Jan/2026:09:26:02 -0500] "POST /wp-login.php HTTP/1.1" 200 3226 "-" "Mozilla/5.0 (Macintosh; Intel Mac OS X 10_7_5) AppleWebKit/537.36 (KHTML, like Gecko) Chrome/36.0.1985.125 Safari/537.36"
52.54.95.127 - - [28/Jan/2026:09:43:51 -0500] "GET /robots.txt HTTP/1.1" 200 29 "-" "Mozilla/5.0 AppleWebKit/537.36 (KHTML, like Gecko; compatible; Amazonbot/0.1; +https://developer.amazon.com/support/amazonbot) Chrome/119.0.6045.214 Safari/537.36"
54.152.163.42 - - [28/Jan/2026:09:44:02 -0500] "GET /index.php/dude-tube/gay-dude-porn-4.html HTTP/1.1" 200 13530 "-" "Mozilla/5.0 AppleWebKit/537.36 (KHTML, like Gecko; compatible; Amazonbot/0.1; +https://developer.amazon.com/support/amazonbot) Chrome/119.0.6045.214 Safari/537.36"
4.194.179.26 - - [28/Jan/2026:09:47:41 -0500] "GET //wp-content/plugins/fix/up.php HTTP/1.1" 302 276 "-" "Mozilla/5.0 (Windows NT 10.0; Win64; x64) AppleWebKit/537.36 (KHTML, like Gecko) Chrome/85.0.4183.102 Safari/537.36"
74.206.190.120 - - [28/Jan/2026:10:03:04 -0500] "POST /wp-cron.php?doing_wp_cron=1769612584.5306351184844970703125 HTTP/1.1" 200 - "-" "WordPress/3.6.1; http://www.freedudetube.com"
141.94.194.132 - - [28/Jan/2026:10:03:04 -0500] "GET /index.php/category/dude-porn/feed HTTP/1.1" 200 15311 "-" "Mozilla/5.0 (X11; Linux i686) AppleWebKit/537.36 (KHTML, like Gecko) Chrome/30.0.1599.66 Safari/537.36"
141.94.194.132 - - [28/Jan/2026:10:36:44 -0500] "GET /index.php/dude-porn/man-cum-tube.html/feed HTTP/1.1" 200 1287 "-" "Mozilla/5.0 (X11; Linux i686) AppleWebKit/537.36 (KHTML, like Gecko) Chrome/30.0.1599.66 Safari/537.36"
155.94.150.212 - - [28/Jan/2026:10:40:41 -0500] "GET /wp-content/plugins/shell/about.php HTTP/1.1" 302 280 "www.google.com" "Mozlila/5.0 (Linux; Android 7.0; SM-G892A Bulid/NRD90M; wv) AppleWebKit/537.36 (KHTML, like Gecko) Version/4.0 Chrome/60.0.3112.107 Moblie Safari/537.36"
43.156.156.96 - - [28/Jan/2026:10:49:35 -0500] "GET / HTTP/1.1" 200 45238 "-" "Mozilla/5.0 (iPhone; CPU iPhone OS 13_2_3 like Mac OS X) AppleWebKit/605.1.15 (KHTML, like Gecko) Version/13.0.3 Mobile/15E148 Safari/604.1"
74.206.190.120 - - [28/Jan/2026:11:04:52 -0500] "POST /wp-cron.php?doing_wp_cron=1769616292.4129610061645507812500 HTTP/1.1" 200 - "-" "WordPress/3.6.1; http://www.freedudetube.com"
141.94.194.132 - - [28/Jan/2026:11:04:52 -0500] "GET /index.php/feed HTTP/1.1" 200 15346 "-" "Mozilla/5.0 (X11; Linux i686) AppleWebKit/537.36 (KHTML, like Gecko) Chrome/30.0.1599.66 Safari/537.36"
51.68.111.199 - - [28/Jan/2026:11:19:14 -0500] "GET /robots.txt HTTP/1.1" 302 280 "-" "Mozilla/5.0 (compatible; MJ12bot/v2.0.4; http://mj12bot.com/)"
51.68.111.199 - - [28/Jan/2026:11:19:14 -0500] "GET / HTTP/1.1" 302 280 "-" "Mozilla/5.0 (compatible; MJ12bot/v2.0.4; http://mj12bot.com/)"
102.164.197.108 - - [28/Jan/2026:11:20:20 -0500] "GET /wp-json/wp/v2/posts HTTP/1.1" 302 276 "-" "Mozilla/5.0 (Windows NT 10.0; Win64; x64) AppleWebKit/537.36 (KHTML, like Gecko) Chrome/120.0.0.0 Safari/537.36"
185.102.115.5 - - [28/Jan/2026:11:26:02 -0500] "GET /wp-login.php HTTP/1.1" 200 2281 "-" "Mozilla/5.0 (Macintosh; Intel Mac OS X 10_9_2) AppleWebKit/537.74.9 (KHTML, like Gecko) Version/7.0.2 Safari/537.74.9"
185.102.115.5 - - [28/Jan/2026:11:26:03 -0500] "POST /wp-login.php HTTP/1.1" 200 3226 "-" "Mozilla/5.0 (Macintosh; Intel Mac OS X 10_9_2) AppleWebKit/537.74.9 (KHTML, like Gecko) Version/7.0.2 Safari/537.74.9"
52.167.144.221 - - [28/Jan/2026:11:44:41 -0500] "GET /?s=2026 HTTP/1.1" 200 12087 "-" "Mozilla/5.0 AppleWebKit/537.36 (KHTML, like Gecko; compatible; bingbot/2.0; +http://www.bing.com/bingbot.htm) Chrome/116.0.1938.76 Safari/537.36"
198.98.51.43 - - [28/Jan/2026:11:57:42 -0500] "GET /wp-login.php HTTP/1.1" 200 2389 "-" "Mozilla/5.0 (iPhone; CPU iPhone OS 7_1_2 like Mac OS X) AppleWebKit/537.51.2 (KHTML, like Gecko) Version/7.0 Mobile/11D257 Safari/9537.53"
198.98.51.43 - - [28/Jan/2026:11:57:42 -0500] "POST /wp-login.php HTTP/1.1" 200 2671 "-" "Mozilla/5.0 (iPhone; CPU iPhone OS 7_1_2 like Mac OS X) AppleWebKit/537.51.2 (KHTML, like Gecko) Version/7.0 Mobile/11D257 Safari/9537.53"
74.206.190.120 - - [28/Jan/2026:12:03:20 -0500] "POST /wp-cron.php?doing_wp_cron=1769619800.7729170322418212890625 HTTP/1.1" 200 - "-" "WordPress/3.6.1; http://www.freedudetube.com"
52.178.141.116 - - [28/Jan/2026:12:03:20 -0500] "GET /index.php/feed HTTP/1.1" 200 15346 "-" "Mozilla/5.0 (Macintosh; Intel Mac OS X 10.15; rv:92.0) Gecko/20100101 Firefox/92.0"
141.94.194.132 - - [28/Jan/2026:12:05:23 -0500] "GET /index.php/dude-porn/nude-dude-tube-2.html/feed HTTP/1.1" 200 1303 "-" "Mozilla/5.0 (X11; Linux i686) AppleWebKit/537.36 (KHTML, like Gecko) Chrome/30.0.1599.66 Safari/537.36"
52.167.144.210 - - [28/Jan/2026:12:18:54 -0500] "GET /?s=2025 HTTP/1.1" 200 12087 "-" "Mozilla/5.0 AppleWebKit/537.36 (KHTML, like Gecko; compatible; bingbot/2.0; +http://www.bing.com/bingbot.htm) Chrome/116.0.1938.76 Safari/537.36"
42.186.124.7 - - [28/Jan/2026:12:31:13 -0500] "GET / HTTP/1.1" 301 - "-" "Mozilla/5.0 (Macintosh; Intel Mac OS X 10_15_7) AppleWebKit/537.36 (KHTML, like Gecko) Chrome/121.0.0.0 Safari/537.36"
182.42.104.32 - - [28/Jan/2026:13:00:19 -0500] "GET / HTTP/1.1" 301 - "-" "Mozilla/5.0 (iPhone; CPU iPhone OS 13_2_3 like Mac OS X) AppleWebKit/605.1.15 (KHTML, like Gecko) Version/13.0.3 Mobile/15E148 Safari/604.1"
74.206.190.120 - - [28/Jan/2026:13:04:29 -0500] "POST /wp-cron.php?doing_wp_cron=1769623469.6695539951324462890625 HTTP/1.1" 200 - "-" "WordPress/3.6.1; http://www.freedudetube.com"
45.61.186.61 - - [28/Jan/2026:13:04:29 -0500] "GET /wp-login.php HTTP/1.1" 200 2281 "-" "Mozilla/5.0 (compatible; MSIE 9.0; Windows NT 6.1; WOW64; Trident/5.0)"
45.61.186.61 - - [28/Jan/2026:13:04:30 -0500] "POST /wp-login.php HTTP/1.1" 200 3226 "-" "Mozilla/5.0 (compatible; MSIE 9.0; Windows NT 6.1; WOW64; Trident/5.0)"
141.94.194.132 - - [28/Jan/2026:13:19:47 -0500] "GET /index.php/dude-porn/free-gay-dude-video.html/feed HTTP/1.1" 200 838 "-" "Mozilla/5.0 (X11; Linux i686) AppleWebKit/537.36 (KHTML, like Gecko) Chrome/30.0.1599.66 Safari/537.36"
74.206.190.120 - - [28/Jan/2026:13:41:45 -0500] "POST /wp-cron.php?doing_wp_cron=1769625705.1687610149383544921875 HTTP/1.1" 200 - "-" "WordPress/3.6.1; http://www.freedudetube.com"
141.94.194.132 - - [28/Jan/2026:13:41:45 -0500] "GET /index.php/dude-porn/man-cum-tube.html/feed HTTP/1.1" 200 1287 "-" "Mozilla/5.0 (X11; Linux i686) AppleWebKit/537.36 (KHTML, like Gecko) Chrome/30.0.1599.66 Safari/537.36"
89.187.162.105 - - [28/Jan/2026:13:41:48 -0500] "GET / HTTP/1.1" 200 45238 "-" "Mozilla/5.0 (Windows; U; Windows NT 6.1; en-US; rv:1.9.1.5) Gecko/20091102 Firefox/3.5.5 (.NET CLR 3.5.30729)"
34.227.156.153 - - [28/Jan/2026:13:51:06 -0500] "GET /index.php/category/dude-tube/ HTTP/1.1" 301 - "-" "Mozilla/5.0 AppleWebKit/537.36 (KHTML, like Gecko; compatible; Amazonbot/0.1; +https://developer.amazon.com/support/amazonbot) Chrome/119.0.6045.214 Safari/537.36"
35.169.119.108 - - [28/Jan/2026:13:51:06 -0500] "GET /index.php/category/dude-tube HTTP/1.1" 200 44853 "-" "Mozilla/5.0 AppleWebKit/537.36 (KHTML, like Gecko; compatible; Amazonbot/0.1; +https://developer.amazon.com/support/amazonbot) Chrome/119.0.6045.214 Safari/537.36"
89.110.99.186 - - [28/Jan/2026:13:52:34 -0500] "GET /privet-mir/ HTTP/1.1" 302 276 "http://freedudetube.com/privet-mir/" "Mozilla/5.0 (Windows NT 10.0; Win64; x64) AppleWebKit/537.36 (KHTML, like Gecko) Chrome/131.0.0.0 Safari/537.36"
89.110.99.186 - - [28/Jan/2026:13:52:34 -0500] "GET /hello-world/ HTTP/1.1" 302 276 "http://freedudetube.com/hello-world/" "Mozilla/5.0 (Windows NT 10.0; Win64; x64) AppleWebKit/537.36 (KHTML, like Gecko) Chrome/131.0.0.0 Safari/537.36"
185.102.115.5 - - [28/Jan/2026:13:55:45 -0500] "GET /wp-login.php HTTP/1.1" 200 2281 "-" "Mozilla/5.0 (Windows NT 6.2; WOW64; rv:31.0) Gecko/20100101 Firefox/31.0"
185.102.115.5 - - [28/Jan/2026:13:55:46 -0500] "POST /wp-login.php HTTP/1.1" 200 3226 "-" "Mozilla/5.0 (Windows NT 6.2; WOW64; rv:31.0) Gecko/20100101 Firefox/31.0"
141.94.194.132 - - [28/Jan/2026:14:01:53 -0500] "GET /index.php/feed HTTP/1.1" 200 15346 "-" "Mozilla/5.0 (X11; Linux i686) AppleWebKit/537.36 (KHTML, like Gecko) Chrome/30.0.1599.66 Safari/537.36"
74.206.190.120 - - [28/Jan/2026:14:12:48 -0500] "POST /wp-cron.php?doing_wp_cron=1769627567.9977390766143798828125 HTTP/1.1" 200 - "-" "WordPress/3.6.1; http://www.freedudetube.com"
66.249.66.78 - - [28/Jan/2026:14:12:47 -0500] "GET /index.php/page/7 HTTP/1.1" 200 37555 "-" "Mozilla/5.0 (Linux; Android 6.0.1; Nexus 5X Build/MMB29P) AppleWebKit/537.36 (KHTML, like Gecko) Chrome/143.0.7499.192 Mobile Safari/537.36 (compatible; Googlebot/2.1; +http://www.google.com/bot.html)"
141.94.194.132 - - [28/Jan/2026:14:36:12 -0500] "GET /index.php/dude-porn/free-gay-clips.html/feed HTTP/1.1" 200 1551 "-" "Mozilla/5.0 (X11; Linux i686) AppleWebKit/537.36 (KHTML, like Gecko) Chrome/30.0.1599.66 Safari/537.36"
148.251.250.51 - - [28/Jan/2026:14:57:01 -0500] "GET / HTTP/1.1" 301 - "-" "Mozilla/5.0 (Linux; Android 15) AppleWebKit/537.36 (KHTML, like Gecko) Chrome/135.0.7049.100 Mobile Safari/537.36"
148.251.250.51 - - [28/Jan/2026:14:57:01 -0500] "GET / HTTP/1.1" 200 45238 "http://freedudetube.com/" "Mozilla/5.0 (Linux; Android 15) AppleWebKit/537.36 (KHTML, like Gecko) Chrome/135.0.7049.100 Mobile Safari/537.36"
74.206.190.120 - - [28/Jan/2026:15:19:34 -0500] "POST /wp-cron.php?doing_wp_cron=1769631574.4298980236053466796875 HTTP/1.1" 200 - "-" "WordPress/3.6.1; http://www.freedudetube.com"
95.85.238.23 - - [28/Jan/2026:15:19:34 -0500] "GET /wp-login.php HTTP/1.1" 200 2281 "-" "Mozilla/5.0 (compatible; MSIE 9.0; Windows NT 6.1; Trident/5.0)"
95.85.238.23 - - [28/Jan/2026:15:19:34 -0500] "POST /wp-login.php HTTP/1.1" 200 3244 "-" "Mozilla/5.0 (compatible; MSIE 9.0; Windows NT 6.1; Trident/5.0)"
104.244.72.245 - - [28/Jan/2026:15:25:06 -0500] "GET /wp-login.php HTTP/1.1" 200 2281 "-" "Mozilla/5.0 (Macintosh; Intel Mac OS X 10_6_8) AppleWebKit/537.36 (KHTML, like Gecko) Chrome/36.0.1985.125 Safari/537.36"
104.244.72.245 - - [28/Jan/2026:15:25:07 -0500] "POST /wp-login.php HTTP/1.1" 200 3226 "-" "Mozilla/5.0 (Macintosh; Intel Mac OS X 10_6_8) AppleWebKit/537.36 (KHTML, like Gecko) Chrome/36.0.1985.125 Safari/537.36"
43.156.202.34 - - [28/Jan/2026:15:31:04 -0500] "GET / HTTP/1.1" 301 - "-" "Mozilla/5.0 (iPhone; CPU iPhone OS 13_2_3 like Mac OS X) AppleWebKit/605.1.15 (KHTML, like Gecko) Version/13.0.3 Mobile/15E148 Safari/604.1"
43.156.202.34 - - [28/Jan/2026:15:31:06 -0500] "GET / HTTP/1.1" 200 45238 "http://freedudetube.com" "Mozilla/5.0 (iPhone; CPU iPhone OS 13_2_3 like Mac OS X) AppleWebKit/605.1.15 (KHTML, like Gecko) Version/13.0.3 Mobile/15E148 Safari/604.1"
93.123.109.175 - - [28/Jan/2026:15:53:22 -0500] "GET /.git/config HTTP/1.1" 302 280 "-" "Mozilla/5.0 (Windows NT 10.0; Win64; x64; rv:124.0) Gecko/20100101 Firefox/124.0"
91.224.92.99 - - [28/Jan/2026:15:54:24 -0500] "GET / HTTP/1.1" 301 - "-" "Mozilla/5.0 (Windows NT 10.0; Win64; x64) AppleWebKit/537.36 (KHTML, like Gecko) Chrome/95.0.4638.69 Safari/537.36"
91.224.92.99 - - [28/Jan/2026:15:54:24 -0500] "GET //wp-includes/ID3/license.txt HTTP/1.1" 200 1290 "-" "Mozilla/5.0 (Windows NT 10.0; Win64; x64) AppleWebKit/537.36 (KHTML, like Gecko) Chrome/95.0.4638.69 Safari/537.36"
91.224.92.99 - - [28/Jan/2026:15:54:24 -0500] "GET //feed/ HTTP/1.1" 302 280 "-" "Mozilla/5.0 (Windows NT 10.0; Win64; x64) AppleWebKit/537.36 (KHTML, like Gecko) Chrome/95.0.4638.69 Safari/537.36"
91.224.92.99 - - [28/Jan/2026:15:54:24 -0500] "GET //xmlrpc.php?rsd HTTP/1.1" 302 280 "-" "Mozilla/5.0 (Windows NT 10.0; Win64; x64) AppleWebKit/537.36 (KHTML, like Gecko) Chrome/95.0.4638.69 Safari/537.36"
43.135.139.165 - - [28/Jan/2026:15:54:30 -0500] "GET /index.php/page/4 HTTP/1.1" 200 44982 "-" "Mozilla/5.0 (iPhone; CPU iPhone OS 13_2_3 like Mac OS X) AppleWebKit/605.1.15 (KHTML, like Gecko) Version/13.0.3 Mobile/15E148 Safari/604.1"
103.179.253.11 - - [28/Jan/2026:15:57:00 -0500] "GET /wp-json/wp/v2/posts HTTP/1.1" 302 276 "-" "Mozilla/5.0 (Windows NT 10.0; Win64; x64) AppleWebKit/537.36 (KHTML, like Gecko) Chrome/120.0.0.0 Safari/537.36"
45.61.185.137 - - [28/Jan/2026:16:01:46 -0500] "GET /wp-login.php HTTP/1.1" 200 2281 "-" "Mozilla/5.0 (Macintosh; Intel Mac OS X 10_9_3) AppleWebKit/537.76.4 (KHTML, like Gecko) Version/7.0.4 Safari/537.76.4"
45.61.185.137 - - [28/Jan/2026:16:01:47 -0500] "POST /wp-login.php HTTP/1.1" 200 3226 "-" "Mozilla/5.0 (Macintosh; Intel Mac OS X 10_9_3) AppleWebKit/537.76.4 (KHTML, like Gecko) Version/7.0.4 Safari/537.76.4"
155.94.150.212 - - [28/Jan/2026:16:08:11 -0500] "GET /wp-content/plugins/shell/about.php HTTP/1.1" 302 280 "www.google.com" "Mozlila/5.0 (Linux; Android 7.0; SM-G892A Bulid/NRD90M; wv) AppleWebKit/537.36 (KHTML, like Gecko) Version/4.0 Chrome/60.0.3112.107 Moblie Safari/537.36"
74.206.190.120 - - [28/Jan/2026:16:13:45 -0500] "POST /wp-cron.php?doing_wp_cron=1769634825.1051259040832519531250 HTTP/1.1" 200 - "-" "WordPress/3.6.1; http://www.freedudetube.com"
141.94.194.132 - - [28/Jan/2026:16:13:45 -0500] "GET /index.php/dude-porn/man-cum-tube.html/feed HTTP/1.1" 200 1287 "-" "Mozilla/5.0 (X11; Linux i686) AppleWebKit/537.36 (KHTML, like Gecko) Chrome/30.0.1599.66 Safari/537.36"
162.62.213.165 - - [28/Jan/2026:16:16:59 -0500] "GET /index.php/dude-porn/gay-dude-porn-3.html HTTP/1.1" 200 13618 "-" "Mozilla/5.0 (iPhone; CPU iPhone OS 13_2_3 like Mac OS X) AppleWebKit/605.1.15 (KHTML, like Gecko) Version/13.0.3 Mobile/15E148 Safari/604.1"
145.239.10.137 - - [28/Jan/2026:16:20:52 -0500] "GET /edit-css.php HTTP/1.1" 302 276 "http://freedudetube.com/edit-css.php" "Mozilla/5.0 (iPhone; CPU iPhone OS 17_5_1 like Mac OS X) AppleWebKit/605.1.15 (KHTML, like Gecko) Version/17.5 Mobile/15E148 Safari/604.1"
145.239.10.137 - - [28/Jan/2026:16:20:52 -0500] "GET /vx.php HTTP/1.1" 302 276 "http://freedudetube.com/vx.php" "Mozilla/5.0 (iPhone; CPU iPhone OS 17_5_1 like Mac OS X) AppleWebKit/605.1.15 (KHTML, like Gecko) Version/17.5 Mobile/15E148 Safari/604.1"
107.189.14.25 - - [28/Jan/2026:16:48:28 -0500] "GET /wp-login.php HTTP/1.1" 200 2281 "-" "Mozilla/5.0 (Windows NT 6.1; WOW64; rv:24.0) Gecko/20100101 Firefox/24.0"
107.189.14.25 - - [28/Jan/2026:16:48:28 -0500] "POST /wp-login.php HTTP/1.1" 200 3226 "-" "Mozilla/5.0 (Windows NT 6.1; WOW64; rv:24.0) Gecko/20100101 Firefox/24.0"
43.134.186.61 - - [28/Jan/2026:16:48:41 -0500] "GET /index.php/dude-tube/dudetube-facial.html HTTP/1.1" 200 13583 "-" "Mozilla/5.0 (iPhone; CPU iPhone OS 13_2_3 like Mac OS X) AppleWebKit/605.1.15 (KHTML, like Gecko) Version/13.0.3 Mobile/15E148 Safari/604.1"
136.117.149.103 - - [28/Jan/2026:16:53:51 -0500] "HEAD /wordpress/ HTTP/1.1" 302 - "-" "Mozilla/5.0 (Linux; Android 14; Xiaomi 14 Pro) AppleWebKit/537.36 (KHTML, like Gecko) Chrome/126.0.6478.33 Mobile Safari/537.36"
136.117.149.103 - - [28/Jan/2026:16:53:52 -0500] "HEAD /backup/ HTTP/1.1" 302 - "-" "Mozilla/5.0 (Macintosh; Intel Mac OS X 14_5) AppleWebKit/605.1.15 (KHTML, like Gecko) Version/17.5 Safari/605.1.15"
136.117.149.103 - - [28/Jan/2026:16:53:52 -0500] "HEAD /wp/ HTTP/1.1" 302 - "-" "Mozilla/5.0 (Linux; Android 11; RMX2195) AppleWebKit/537.36 (KHTML, like Gecko) Chrome/120.0.6099.210 Mobile Safari/537.36 OPR/75.2.3995.72468"
136.117.149.103 - - [28/Jan/2026:16:53:52 -0500] "HEAD /new/ HTTP/1.1" 302 - "-" "Mozilla/5.0 (Linux; Android 14; Xiaomi 14 Pro) AppleWebKit/537.36 (KHTML, like Gecko) Chrome/126.0.6478.33 Mobile Safari/537.36"
136.117.149.103 - - [28/Jan/2026:16:53:52 -0500] "HEAD /blog/ HTTP/1.1" 302 - "-" "Mozilla/5.0 (Macintosh; Intel Mac OS X 14_5) AppleWebKit/605.1.15 (KHTML, like Gecko) Version/17.5 Safari/605.1.15"
136.117.149.103 - - [28/Jan/2026:16:53:52 -0500] "HEAD / HTTP/1.1" 301 - "-" "Mozilla/5.0 (iPhone; CPU iPhone OS 16_7 like Mac OS X) AppleWebKit/605.1.15 (KHTML, like Gecko) Version/16.7 Mobile/15E148 Safari/604.1"
136.117.149.103 - - [28/Jan/2026:16:53:53 -0500] "HEAD / HTTP/1.1" 200 - "http://freedudetube.com/" "Mozilla/5.0 (iPhone; CPU iPhone OS 16_7 like Mac OS X) AppleWebKit/605.1.15 (KHTML, like Gecko) Version/16.7 Mobile/15E148 Safari/604.1"
136.117.149.103 - - [28/Jan/2026:16:53:53 -0500] "HEAD /old/ HTTP/1.1" 302 - "-" "Mozilla/5.0 (Linux; Android 14; Samsung SM-A546B) AppleWebKit/537.36 (KHTML, like Gecko) Chrome/126.0.6478.14 Mobile Safari/537.36"
43.157.46.118 - - [28/Jan/2026:16:57:52 -0500] "GET /index.php/dude-porn/hot-dude-tube.html HTTP/1.1" 200 13581 "-" "Mozilla/5.0 (iPhone; CPU iPhone OS 13_2_3 like Mac OS X) AppleWebKit/605.1.15 (KHTML, like Gecko) Version/13.0.3 Mobile/15E148 Safari/604.1"
141.94.194.132 - - [28/Jan/2026:17:01:23 -0500] "GET /index.php/tag/cowboy/feed HTTP/1.1" 200 2654 "-" "Mozilla/5.0 (X11; Linux i686) AppleWebKit/537.36 (KHTML, like Gecko) Chrome/30.0.1599.66 Safari/537.36"
141.94.194.132 - - [28/Jan/2026:17:01:54 -0500] "GET /index.php/feed HTTP/1.1" 200 15346 "-" "Mozilla/5.0 (X11; Linux i686) AppleWebKit/537.36 (KHTML, like Gecko) Chrome/30.0.1599.66 Safari/537.36"
74.206.190.120 - - [28/Jan/2026:17:07:08 -0500] "POST /wp-cron.php?doing_wp_cron=1769638028.7274219989776611328125 HTTP/1.1" 200 - "-" "WordPress/3.6.1; http://www.freedudetube.com"
45.61.186.61 - - [28/Jan/2026:17:07:08 -0500] "GET /wp-login.php HTTP/1.1" 200 2281 "-" "Mozilla/5.0 (X11; Linux x86_64; rv:31.0) Gecko/20100101 Firefox/31.0"
45.61.186.61 - - [28/Jan/2026:17:07:09 -0500] "POST /wp-login.php HTTP/1.1" 200 3226 "-" "Mozilla/5.0 (X11; Linux x86_64; rv:31.0) Gecko/20100101 Firefox/31.0"
170.106.37.134 - - [28/Jan/2026:17:09:31 -0500] "GET /index.php/dude-porn/gay-dude-porn-3.html/feed HTTP/1.1" 200 823 "-" "Mozilla/5.0 (iPhone; CPU iPhone OS 13_2_3 like Mac OS X) AppleWebKit/605.1.15 (KHTML, like Gecko) Version/13.0.3 Mobile/15E148 Safari/604.1"
52.167.144.56 - - [28/Jan/2026:17:11:17 -0500] "GET /robots.txt HTTP/1.1" 200 29 "-" "Mozilla/5.0 AppleWebKit/537.36 (KHTML, like Gecko; compatible; bingbot/2.0; +http://www.bing.com/bingbot.htm) Chrome/116.0.1938.76 Safari/537.36"
40.77.167.155 - - [28/Jan/2026:17:11:27 -0500] "GET /index.php/dude-porn/free-gay-sex-2.html HTTP/1.1" 200 13617 "-" "Mozilla/5.0 AppleWebKit/537.36 (KHTML, like Gecko; compatible; bingbot/2.0; +http://www.bing.com/bingbot.htm) Chrome/116.0.1938.76 Safari/537.36"
185.196.10.225 - - [28/Jan/2026:17:14:53 -0500] "GET /.env HTTP/1.1" 302 276 "-" "Mozilla/5.0 (Windows NT 10.0; Win64; x64) AppleWebKit/537.36 (KHTML, like Gecko) Chrome/120.0.0.0 Safari/537.36"
43.157.142.101 - - [28/Jan/2026:17:17:25 -0500] "GET /index.php/dude-tube/gay-dude-porn-4.html HTTP/1.1" 200 13610 "-" "Mozilla/5.0 (iPhone; CPU iPhone OS 13_2_3 like Mac OS X) AppleWebKit/605.1.15 (KHTML, like Gecko) Version/13.0.3 Mobile/15E148 Safari/604.1"
107.189.28.173 - - [28/Jan/2026:17:26:44 -0500] "GET /wp-login.php HTTP/1.1" 200 2281 "-" "Mozilla/5.0 (X11; Linux x86_64) AppleWebKit/537.36 (KHTML, like Gecko) Ubuntu Chromium/36.0.1985.125 Chrome/36.0.1985.125 Safari/537.36"
107.189.28.173 - - [28/Jan/2026:17:26:46 -0500] "POST /wp-login.php HTTP/1.1" 200 3226 "-" "Mozilla/5.0 (X11; Linux x86_64) AppleWebKit/537.36 (KHTML, like Gecko) Ubuntu Chromium/36.0.1985.125 Chrome/36.0.1985.125 Safari/537.36"
43.153.123.4 - - [28/Jan/2026:17:29:04 -0500] "GET /index.php/dude-porn/dude-tube-facial.html HTTP/1.1" 200 13648 "-" "Mozilla/5.0 (iPhone; CPU iPhone OS 13_2_3 like Mac OS X) AppleWebKit/605.1.15 (KHTML, like Gecko) Version/13.0.3 Mobile/15E148 Safari/604.1"
43.130.3.122 - - [28/Jan/2026:17:38:17 -0500] "GET /index.php/dude-tube/dudetube-facial.html HTTP/1.1" 200 13569 "-" "Mozilla/5.0 (iPhone; CPU iPhone OS 13_2_3 like Mac OS X) AppleWebKit/605.1.15 (KHTML, like Gecko) Version/13.0.3 Mobile/15E148 Safari/604.1"
43.130.57.76 - - [28/Jan/2026:17:48:24 -0500] "GET /index.php/dude-porn/118.html HTTP/1.1" 200 13519 "-" "Mozilla/5.0 (iPhone; CPU iPhone OS 13_2_3 like Mac OS X) AppleWebKit/605.1.15 (KHTML, like Gecko) Version/13.0.3 Mobile/15E148 Safari/604.1"
141.94.194.132 - - [28/Jan/2026:17:57:27 -0500] "GET /index.php/dude-porn/free-gay-dude.html/feed HTTP/1.1" 200 820 "-" "Mozilla/5.0 (X11; Linux i686) AppleWebKit/537.36 (KHTML, like Gecko) Chrome/30.0.1599.66 Safari/537.36"
43.166.237.57 - - [28/Jan/2026:17:58:13 -0500] "GET /index.php/dude-porn/gay-dude.html HTTP/1.1" 200 13493 "-" "Mozilla/5.0 (iPhone; CPU iPhone OS 13_2_3 like Mac OS X) AppleWebKit/605.1.15 (KHTML, like Gecko) Version/13.0.3 Mobile/15E148 Safari/604.1"
17.241.219.151 - - [28/Jan/2026:18:07:47 -0500] "GET /robots.txt HTTP/1.1" 200 29 "-" "Mozilla/5.0 (Macintosh; Intel Mac OS X 10_15_7) AppleWebKit/605.1.15 (KHTML, like Gecko) Version/17.4 Safari/605.1.15 (Applebot/0.1; +http://www.apple.com/go/applebot)"
74.206.190.120 - - [28/Jan/2026:18:07:48 -0500] "POST /wp-cron.php?doing_wp_cron=1769641668.2096049785614013671875 HTTP/1.1" 200 - "-" "WordPress/3.6.1; http://www.freedudetube.com"
17.241.219.151 - - [28/Jan/2026:18:07:48 -0500] "GET /index.php/page/2 HTTP/1.1" 200 45101 "-" "Mozilla/5.0 (Macintosh; Intel Mac OS X 10_15_7) AppleWebKit/605.1.15 (KHTML, like Gecko) Version/17.4 Safari/605.1.15 (Applebot/0.1; +http://www.apple.com/go/applebot)"
141.94.194.132 - - [28/Jan/2026:18:13:57 -0500] "GET /index.php/dude-tube/cum-butter-tube.html/feed HTTP/1.1" 200 1317 "-" "Mozilla/5.0 (X11; Linux i686) AppleWebKit/537.36 (KHTML, like Gecko) Chrome/30.0.1599.66 Safari/537.36"
95.85.238.23 - - [28/Jan/2026:18:36:22 -0500] "GET /wp-login.php HTTP/1.1" 200 2281 "-" "Mozilla/5.0 (Windows NT 6.3; WOW64; rv:30.0) Gecko/20100101 Firefox/30.0"
95.85.238.23 - - [28/Jan/2026:18:36:22 -0500] "POST /wp-login.php HTTP/1.1" 200 3244 "-" "Mozilla/5.0 (Windows NT 6.3; WOW64; rv:30.0) Gecko/20100101 Firefox/30.0"
188.143.244.130 - - [28/Jan/2026:18:44:42 -0500] "GET /index.php/dude-porn/ HTTP/1.1" 301 - "-" "Mozilla/5.0 X11; Ubuntu; Linux x86_64; rv:126.0 Gecko/20100101 Firefox/126.0"
188.143.244.130 - - [28/Jan/2026:18:44:43 -0500] "GET /index.php/dude-porn/ HTTP/1.1" 301 - "http://freedudetube.com/index.php/dude-porn/#comment-2384" "Mozilla/5.0 X11; Ubuntu; Linux x86_64; rv:126.0 Gecko/20100101 Firefox/126.0"
188.143.244.130 - - [28/Jan/2026:18:44:43 -0500] "GET /index.php/dude-porn HTTP/1.1" 200 45149 "http://www.freedudetube.com/index.php/dude-porn/" "Mozilla/5.0 X11; Ubuntu; Linux x86_64; rv:126.0 Gecko/20100101 Firefox/126.0"
188.143.244.130 - - [28/Jan/2026:18:44:46 -0500] "GET /index.php/dude-porn/ HTTP/1.1" 301 - "-" "Mozilla/5.0 X11; Ubuntu; Linux x86_64; rv:126.0 Gecko/20100101 Firefox/126.0"
188.143.244.130 - - [28/Jan/2026:18:44:46 -0500] "GET /index.php/dude-porn/ HTTP/1.1" 301 - "http://freedudetube.com/index.php/dude-porn/#comment-413" "Mozilla/5.0 X11; Ubuntu; Linux x86_64; rv:126.0 Gecko/20100101 Firefox/126.0"
188.143.244.130 - - [28/Jan/2026:18:44:47 -0500] "GET /index.php/dude-porn HTTP/1.1" 200 45149 "http://www.freedudetube.com/index.php/dude-porn/" "Mozilla/5.0 X11; Ubuntu; Linux x86_64; rv:126.0 Gecko/20100101 Firefox/126.0"
188.143.244.130 - - [28/Jan/2026:18:44:50 -0500] "GET /index.php/dude-tube/ HTTP/1.1" 301 - "-" "Mozilla/5.0 X11; Ubuntu; Linux x86_64; rv:126.0 Gecko/20100101 Firefox/126.0"
188.143.244.130 - - [28/Jan/2026:18:44:50 -0500] "GET /index.php/dude-tube/ HTTP/1.1" 301 - "http://freedudetube.com/index.php/dude-tube/#comment-5988" "Mozilla/5.0 X11; Ubuntu; Linux x86_64; rv:126.0 Gecko/20100101 Firefox/126.0"
188.143.244.130 - - [28/Jan/2026:18:44:50 -0500] "GET /index.php/dude-tube HTTP/1.1" 200 44826 "http://www.freedudetube.com/index.php/dude-tube/" "Mozilla/5.0 X11; Ubuntu; Linux x86_64; rv:126.0 Gecko/20100101 Firefox/126.0"
188.143.244.130 - - [28/Jan/2026:18:44:53 -0500] "GET /index.php/dude-tube/ HTTP/1.1" 301 - "-" "Mozilla/5.0 X11; Ubuntu; Linux x86_64; rv:126.0 Gecko/20100101 Firefox/126.0"
188.143.244.130 - - [28/Jan/2026:18:44:54 -0500] "GET /index.php/dude-tube/ HTTP/1.1" 301 - "http://freedudetube.com/index.php/dude-tube/#respond" "Mozilla/5.0 X11; Ubuntu; Linux x86_64; rv:126.0 Gecko/20100101 Firefox/126.0"
188.143.244.130 - - [28/Jan/2026:18:44:54 -0500] "GET /index.php/dude-tube HTTP/1.1" 200 44826 "http://www.freedudetube.com/index.php/dude-tube/" "Mozilla/5.0 X11; Ubuntu; Linux x86_64; rv:126.0 Gecko/20100101 Firefox/126.0"
188.143.244.130 - - [28/Jan/2026:18:44:57 -0500] "GET /index.php/dude-porn/ HTTP/1.1" 301 - "-" "Mozilla/5.0 X11; Ubuntu; Linux x86_64; rv:126.0 Gecko/20100101 Firefox/126.0"
188.143.244.130 - - [28/Jan/2026:18:44:57 -0500] "GET /index.php/dude-porn/ HTTP/1.1" 301 - "http://freedudetube.com/index.php/dude-porn/#respond" "Mozilla/5.0 X11; Ubuntu; Linux x86_64; rv:126.0 Gecko/20100101 Firefox/126.0"
188.143.244.130 - - [28/Jan/2026:18:44:58 -0500] "GET /index.php/dude-porn HTTP/1.1" 200 45149 "http://www.freedudetube.com/index.php/dude-porn/" "Mozilla/5.0 X11; Ubuntu; Linux x86_64; rv:126.0 Gecko/20100101 Firefox/126.0"
188.143.244.130 - - [28/Jan/2026:18:45:01 -0500] "GET /index.php/dude-porn/ HTTP/1.1" 301 - "-" "Mozilla/5.0 X11; Ubuntu; Linux x86_64; rv:126.0 Gecko/20100101 Firefox/126.0"
188.143.244.130 - - [28/Jan/2026:18:45:01 -0500] "GET /index.php/dude-porn/ HTTP/1.1" 301 - "http://freedudetube.com/index.php/dude-porn/#comment-2327" "Mozilla/5.0 X11; Ubuntu; Linux x86_64; rv:126.0 Gecko/20100101 Firefox/126.0"
188.143.244.130 - - [28/Jan/2026:18:45:01 -0500] "GET /index.php/dude-porn HTTP/1.1" 200 45149 "http://www.freedudetube.com/index.php/dude-porn/" "Mozilla/5.0 X11; Ubuntu; Linux x86_64; rv:126.0 Gecko/20100101 Firefox/126.0"
188.143.244.130 - - [28/Jan/2026:18:45:04 -0500] "GET /index.php/category/dude-porn/ HTTP/1.1" 301 - "-" "Mozilla/5.0 X11; Ubuntu; Linux x86_64; rv:126.0 Gecko/20100101 Firefox/126.0"
188.143.244.130 - - [28/Jan/2026:18:45:05 -0500] "GET /index.php/category/dude-porn/ HTTP/1.1" 301 - "http://freedudetube.com/index.php/category/dude-porn/" "Mozilla/5.0 X11; Ubuntu; Linux x86_64; rv:126.0 Gecko/20100101 Firefox/126.0"
188.143.244.130 - - [28/Jan/2026:18:45:05 -0500] "GET /index.php/category/dude-porn HTTP/1.1" 200 45203 "http://www.freedudetube.com/index.php/category/dude-porn/" "Mozilla/5.0 X11; Ubuntu; Linux x86_64; rv:126.0 Gecko/20100101 Firefox/126.0"
188.143.244.130 - - [28/Jan/2026:18:45:08 -0500] "GET /index.php/category/dude-tube/ HTTP/1.1" 301 - "-" "Mozilla/5.0 X11; Ubuntu; Linux x86_64; rv:126.0 Gecko/20100101 Firefox/126.0"
188.143.244.130 - - [28/Jan/2026:18:45:09 -0500] "GET /index.php/category/dude-tube/ HTTP/1.1" 301 - "http://freedudetube.com/index.php/category/dude-tube/" "Mozilla/5.0 X11; Ubuntu; Linux x86_64; rv:126.0 Gecko/20100101 Firefox/126.0"
188.143.244.130 - - [28/Jan/2026:18:45:09 -0500] "GET /index.php/category/dude-tube HTTP/1.1" 200 44853 "http://www.freedudetube.com/index.php/category/dude-tube/" "Mozilla/5.0 X11; Ubuntu; Linux x86_64; rv:126.0 Gecko/20100101 Firefox/126.0"
188.143.244.130 - - [28/Jan/2026:18:45:12 -0500] "GET /index.php/dude-porn/gay-dude-porn.html HTTP/1.1" 301 - "-" "Mozilla/5.0 X11; Ubuntu; Linux x86_64; rv:126.0 Gecko/20100101 Firefox/126.0"
188.143.244.130 - - [28/Jan/2026:18:45:12 -0500] "GET /index.php/dude-porn/gay-dude-porn.html HTTP/1.1" 200 13613 "http://freedudetube.com/index.php/dude-porn/gay-dude-porn.html" "Mozilla/5.0 X11; Ubuntu; Linux x86_64; rv:126.0 Gecko/20100101 Firefox/126.0"
188.143.244.130 - - [28/Jan/2026:18:45:15 -0500] "GET /index.php/dude-tube/man-butter-sextube.html HTTP/1.1" 301 - "-" "Mozilla/5.0 X11; Ubuntu; Linux x86_64; rv:126.0 Gecko/20100101 Firefox/126.0"
188.143.244.130 - - [28/Jan/2026:18:45:16 -0500] "GET /index.php/dude-tube/man-butter-sextube.html HTTP/1.1" 200 13574 "http://freedudetube.com/index.php/dude-tube/man-butter-sextube.html" "Mozilla/5.0 X11; Ubuntu; Linux x86_64; rv:126.0 Gecko/20100101 Firefox/126.0"
188.143.244.130 - - [28/Jan/2026:18:45:19 -0500] "GET /index.php/dude-porn/college-dude-dorm.html HTTP/1.1" 301 - "-" "Mozilla/5.0 X11; Ubuntu; Linux x86_64; rv:126.0 Gecko/20100101 Firefox/126.0"
188.143.244.130 - - [28/Jan/2026:18:45:19 -0500] "GET /index.php/dude-porn/college-dude-dorm.html HTTP/1.1" 200 13793 "http://freedudetube.com/index.php/dude-porn/college-dude-dorm.html" "Mozilla/5.0 X11; Ubuntu; Linux x86_64; rv:126.0 Gecko/20100101 Firefox/126.0"
188.143.244.130 - - [28/Jan/2026:18:45:22 -0500] "GET /index.php/dude-tube/free-gay-bukkake.html HTTP/1.1" 301 - "-" "Mozilla/5.0 X11; Ubuntu; Linux x86_64; rv:126.0 Gecko/20100101 Firefox/126.0"
188.143.244.130 - - [28/Jan/2026:18:45:23 -0500] "GET /index.php/dude-tube/free-gay-bukkake.html HTTP/1.1" 200 13628 "http://freedudetube.com/index.php/dude-tube/free-gay-bukkake.html" "Mozilla/5.0 X11; Ubuntu; Linux x86_64; rv:126.0 Gecko/20100101 Firefox/126.0"
188.143.244.130 - - [28/Jan/2026:18:45:26 -0500] "GET /index.php/dude-porn/free-gay-sex-2.html HTTP/1.1" 301 - "-" "Mozilla/5.0 X11; Ubuntu; Linux x86_64; rv:126.0 Gecko/20100101 Firefox/126.0"
188.143.244.130 - - [28/Jan/2026:18:45:26 -0500] "GET /index.php/dude-porn/free-gay-sex-2.html HTTP/1.1" 200 13629 "http://freedudetube.com/index.php/dude-porn/free-gay-sex-2.html" "Mozilla/5.0 X11; Ubuntu; Linux x86_64; rv:126.0 Gecko/20100101 Firefox/126.0"
188.143.244.130 - - [28/Jan/2026:18:45:29 -0500] "GET /index.php/dude-porn/free-tube-gays.html HTTP/1.1" 301 - "-" "Mozilla/5.0 X11; Ubuntu; Linux x86_64; rv:126.0 Gecko/20100101 Firefox/126.0"
188.143.244.130 - - [28/Jan/2026:18:45:30 -0500] "GET /index.php/dude-porn/free-tube-gays.html HTTP/1.1" 200 13556 "http://freedudetube.com/index.php/dude-porn/free-tube-gays.html" "Mozilla/5.0 X11; Ubuntu; Linux x86_64; rv:126.0 Gecko/20100101 Firefox/126.0"
188.143.244.130 - - [28/Jan/2026:18:45:33 -0500] "GET /index.php/dude-porn/gay-sex-tube.html HTTP/1.1" 301 - "-" "Mozilla/5.0 X11; Ubuntu; Linux x86_64; rv:126.0 Gecko/20100101 Firefox/126.0"
188.143.244.130 - - [28/Jan/2026:18:45:33 -0500] "GET /index.php/dude-porn/gay-sex-tube.html HTTP/1.1" 200 13696 "http://freedudetube.com/index.php/dude-porn/gay-sex-tube.html" "Mozilla/5.0 X11; Ubuntu; Linux x86_64; rv:126.0 Gecko/20100101 Firefox/126.0"
188.143.244.130 - - [28/Jan/2026:18:45:36 -0500] "GET /index.php/dude-porn/sex-dude-tube.html HTTP/1.1" 301 - "-" "Mozilla/5.0 X11; Ubuntu; Linux x86_64; rv:126.0 Gecko/20100101 Firefox/126.0"
188.143.244.130 - - [28/Jan/2026:18:45:36 -0500] "GET /index.php/dude-porn/sex-dude-tube.html HTTP/1.1" 200 13575 "http://freedudetube.com/index.php/dude-porn/sex-dude-tube.html" "Mozilla/5.0 X11; Ubuntu; Linux x86_64; rv:126.0 Gecko/20100101 Firefox/126.0"
188.143.244.130 - - [28/Jan/2026:18:45:39 -0500] "GET /index.php/dude-porn/creampie-ass-tube.html HTTP/1.1" 301 - "-" "Mozilla/5.0 X11; Ubuntu; Linux x86_64; rv:126.0 Gecko/20100101 Firefox/126.0"
188.143.244.130 - - [28/Jan/2026:18:45:40 -0500] "GET /index.php/dude-porn/creampie-ass-tube.html HTTP/1.1" 200 13788 "http://freedudetube.com/index.php/dude-porn/creampie-ass-tube.html" "Mozilla/5.0 X11; Ubuntu; Linux x86_64; rv:126.0 Gecko/20100101 Firefox/126.0"
188.143.244.130 - - [28/Jan/2026:18:45:43 -0500] "GET /index.php/dude-tube/dudetube-facial.html HTTP/1.1" 301 - "-" "Mozilla/5.0 X11; Ubuntu; Linux x86_64; rv:126.0 Gecko/20100101 Firefox/126.0"
188.143.244.130 - - [28/Jan/2026:18:45:43 -0500] "GET /index.php/dude-tube/dudetube-facial.html HTTP/1.1" 200 13534 "http://freedudetube.com/index.php/dude-tube/dudetube-facial.html" "Mozilla/5.0 X11; Ubuntu; Linux x86_64; rv:126.0 Gecko/20100101 Firefox/126.0"
188.143.244.130 - - [28/Jan/2026:18:45:46 -0500] "GET /index.php/dude-porn/raw-tube-gay.html HTTP/1.1" 301 - "-" "Mozilla/5.0 X11; Ubuntu; Linux x86_64; rv:126.0 Gecko/20100101 Firefox/126.0"
188.143.244.130 - - [28/Jan/2026:18:45:46 -0500] "GET /index.php/dude-porn/raw-tube-gay.html HTTP/1.1" 200 13631 "http://freedudetube.com/index.php/dude-porn/raw-tube-gay.html" "Mozilla/5.0 X11; Ubuntu; Linux x86_64; rv:126.0 Gecko/20100101 Firefox/126.0"
188.143.244.130 - - [28/Jan/2026:18:45:49 -0500] "GET /index.php/dude-porn/gay-animal-sex.html HTTP/1.1" 301 - "-" "Mozilla/5.0 X11; Ubuntu; Linux x86_64; rv:126.0 Gecko/20100101 Firefox/126.0"
188.143.244.130 - - [28/Jan/2026:18:45:50 -0500] "GET /index.php/dude-porn/gay-animal-sex.html HTTP/1.1" 200 13807 "http://freedudetube.com/index.php/dude-porn/gay-animal-sex.html" "Mozilla/5.0 X11; Ubuntu; Linux x86_64; rv:126.0 Gecko/20100101 Firefox/126.0"
188.143.244.130 - - [28/Jan/2026:18:45:53 -0500] "GET /index.php/dude-porn/gay-dude-porn-3.html HTTP/1.1" 301 - "-" "Mozilla/5.0 X11; Ubuntu; Linux x86_64; rv:126.0 Gecko/20100101 Firefox/126.0"
188.143.244.130 - - [28/Jan/2026:18:45:53 -0500] "GET /index.php/dude-porn/gay-dude-porn-3.html HTTP/1.1" 200 13563 "http://freedudetube.com/index.php/dude-porn/gay-dude-porn-3.html" "Mozilla/5.0 X11; Ubuntu; Linux x86_64; rv:126.0 Gecko/20100101 Firefox/126.0"
188.143.244.130 - - [28/Jan/2026:18:45:56 -0500] "GET /index.php/dude-porn/dude-cum-tube-2.html HTTP/1.1" 301 - "-" "Mozilla/5.0 X11; Ubuntu; Linux x86_64; rv:126.0 Gecko/20100101 Firefox/126.0"
188.143.244.130 - - [28/Jan/2026:18:45:56 -0500] "GET /index.php/dude-porn/dude-cum-tube-2.html HTTP/1.1" 200 13627 "http://freedudetube.com/index.php/dude-porn/dude-cum-tube-2.html" "Mozilla/5.0 X11; Ubuntu; Linux x86_64; rv:126.0 Gecko/20100101 Firefox/126.0"
188.143.244.130 - - [28/Jan/2026:18:45:59 -0500] "GET /index.php/dude-porn/free-gay-tube.html HTTP/1.1" 301 - "-" "Mozilla/5.0 X11; Ubuntu; Linux x86_64; rv:126.0 Gecko/20100101 Firefox/126.0"
188.143.244.130 - - [28/Jan/2026:18:46:00 -0500] "GET /index.php/dude-porn/free-gay-tube.html HTTP/1.1" 200 13647 "http://freedudetube.com/index.php/dude-porn/free-gay-tube.html" "Mozilla/5.0 X11; Ubuntu; Linux x86_64; rv:126.0 Gecko/20100101 Firefox/126.0"
188.143.244.130 - - [28/Jan/2026:18:46:03 -0500] "GET /index.php/dude-porn/horny-dude-tube.html HTTP/1.1" 301 - "-" "Mozilla/5.0 X11; Ubuntu; Linux x86_64; rv:126.0 Gecko/20100101 Firefox/126.0"
188.143.244.130 - - [28/Jan/2026:18:46:03 -0500] "GET /index.php/dude-porn/horny-dude-tube.html HTTP/1.1" 200 13608 "http://freedudetube.com/index.php/dude-porn/horny-dude-tube.html" "Mozilla/5.0 X11; Ubuntu; Linux x86_64; rv:126.0 Gecko/20100101 Firefox/126.0"
188.143.244.130 - - [28/Jan/2026:18:46:06 -0500] "GET /index.php/dude-porn/free-gay-dude.html HTTP/1.1" 301 - "-" "Mozilla/5.0 X11; Ubuntu; Linux x86_64; rv:126.0 Gecko/20100101 Firefox/126.0"
188.143.244.130 - - [28/Jan/2026:18:46:06 -0500] "GET /index.php/dude-porn/free-gay-dude.html HTTP/1.1" 200 13840 "http://freedudetube.com/index.php/dude-porn/free-gay-dude.html" "Mozilla/5.0 X11; Ubuntu; Linux x86_64; rv:126.0 Gecko/20100101 Firefox/126.0"
188.143.244.130 - - [28/Jan/2026:18:46:09 -0500] "GET /index.php/dude-porn/dude-dorm-tube.html HTTP/1.1" 301 - "-" "Mozilla/5.0 X11; Ubuntu; Linux x86_64; rv:126.0 Gecko/20100101 Firefox/126.0"
188.143.244.130 - - [28/Jan/2026:18:46:10 -0500] "GET /index.php/dude-porn/dude-dorm-tube.html HTTP/1.1" 200 13824 "http://freedudetube.com/index.php/dude-porn/dude-dorm-tube.html" "Mozilla/5.0 X11; Ubuntu; Linux x86_64; rv:126.0 Gecko/20100101 Firefox/126.0"
188.143.244.130 - - [28/Jan/2026:18:46:13 -0500] "GET /index.php/category/dude-porn/page/5 HTTP/1.1" 301 - "-" "Mozilla/5.0 X11; Ubuntu; Linux x86_64; rv:126.0 Gecko/20100101 Firefox/126.0"
188.143.244.130 - - [28/Jan/2026:18:46:13 -0500] "GET /index.php/category/dude-porn/page/5 HTTP/1.1" 200 44940 "http://freedudetube.com/index.php/category/dude-porn/page/5" "Mozilla/5.0 X11; Ubuntu; Linux x86_64; rv:126.0 Gecko/20100101 Firefox/126.0"
188.143.244.130 - - [28/Jan/2026:18:46:16 -0500] "GET /index.php/dude-tube/gay-ass-to-mouth.html HTTP/1.1" 301 - "-" "Mozilla/5.0 X11; Ubuntu; Linux x86_64; rv:126.0 Gecko/20100101 Firefox/126.0"
188.143.244.130 - - [28/Jan/2026:18:46:16 -0500] "GET /index.php/dude-tube/gay-ass-to-mouth.html HTTP/1.1" 200 13571 "http://freedudetube.com/index.php/dude-tube/gay-ass-to-mouth.html" "Mozilla/5.0 X11; Ubuntu; Linux x86_64; rv:126.0 Gecko/20100101 Firefox/126.0"
188.143.244.130 - - [28/Jan/2026:18:46:19 -0500] "GET /index.php/category/dude-porn/page/4 HTTP/1.1" 301 - "-" "Mozilla/5.0 X11; Ubuntu; Linux x86_64; rv:126.0 Gecko/20100101 Firefox/126.0"
188.143.244.130 - - [28/Jan/2026:18:46:20 -0500] "GET /index.php/category/dude-porn/page/4 HTTP/1.1" 200 45069 "http://freedudetube.com/index.php/category/dude-porn/page/4" "Mozilla/5.0 X11; Ubuntu; Linux x86_64; rv:126.0 Gecko/20100101 Firefox/126.0"
188.143.244.130 - - [28/Jan/2026:18:46:24 -0500] "GET /index.php/dude-porn/nude-dude-tube.html HTTP/1.1" 301 - "-" "Mozilla/5.0 X11; Ubuntu; Linux x86_64; rv:126.0 Gecko/20100101 Firefox/126.0"
188.143.244.130 - - [28/Jan/2026:18:46:24 -0500] "GET /index.php/dude-porn/nude-dude-tube.html HTTP/1.1" 200 13767 "http://freedudetube.com/index.php/dude-porn/nude-dude-tube.html" "Mozilla/5.0 X11; Ubuntu; Linux x86_64; rv:126.0 Gecko/20100101 Firefox/126.0"
188.143.244.130 - - [28/Jan/2026:18:46:27 -0500] "GET /index.php/dude-porn/muscle-dudes-tube-2.html HTTP/1.1" 301 - "-" "Mozilla/5.0 X11; Ubuntu; Linux x86_64; rv:126.0 Gecko/20100101 Firefox/126.0"
188.143.244.130 - - [28/Jan/2026:18:46:27 -0500] "GET /index.php/dude-porn/muscle-dudes-tube-2.html HTTP/1.1" 200 13618 "http://freedudetube.com/index.php/dude-porn/muscle-dudes-tube-2.html" "Mozilla/5.0 X11; Ubuntu; Linux x86_64; rv:126.0 Gecko/20100101 Firefox/126.0"
188.143.244.130 - - [28/Jan/2026:18:46:30 -0500] "GET /index.php/dude-porn/hot-dude-tube.html HTTP/1.1" 301 - "-" "Mozilla/5.0 X11; Ubuntu; Linux x86_64; rv:126.0 Gecko/20100101 Firefox/126.0"
188.143.244.130 - - [28/Jan/2026:18:46:31 -0500] "GET /index.php/dude-porn/hot-dude-tube.html HTTP/1.1" 200 13527 "http://freedudetube.com/index.php/dude-porn/hot-dude-tube.html" "Mozilla/5.0 X11; Ubuntu; Linux x86_64; rv:126.0 Gecko/20100101 Firefox/126.0"
188.143.244.130 - - [28/Jan/2026:18:46:34 -0500] "GET /index.php/dude-tube/gay-dudes-nude.html HTTP/1.1" 301 - "-" "Mozilla/5.0 X11; Ubuntu; Linux x86_64; rv:126.0 Gecko/20100101 Firefox/126.0"
188.143.244.130 - - [28/Jan/2026:18:46:34 -0500] "GET /index.php/dude-tube/gay-dudes-nude.html HTTP/1.1" 200 13670 "http://freedudetube.com/index.php/dude-tube/gay-dudes-nude.html" "Mozilla/5.0 X11; Ubuntu; Linux x86_64; rv:126.0 Gecko/20100101 Firefox/126.0"
188.143.244.130 - - [28/Jan/2026:18:46:37 -0500] "GET /index.php/dude-porn/gay-fuck-tube.html HTTP/1.1" 301 - "-" "Mozilla/5.0 X11; Ubuntu; Linux x86_64; rv:126.0 Gecko/20100101 Firefox/126.0"
188.143.244.130 - - [28/Jan/2026:18:46:37 -0500] "GET /index.php/dude-porn/gay-fuck-tube.html HTTP/1.1" 200 13499 "http://freedudetube.com/index.php/dude-porn/gay-fuck-tube.html" "Mozilla/5.0 X11; Ubuntu; Linux x86_64; rv:126.0 Gecko/20100101 Firefox/126.0"
188.143.244.130 - - [28/Jan/2026:18:46:40 -0500] "GET /index.php/dude-porn/dude-facialtube.html HTTP/1.1" 301 - "-" "Mozilla/5.0 X11; Ubuntu; Linux x86_64; rv:126.0 Gecko/20100101 Firefox/126.0"
188.143.244.130 - - [28/Jan/2026:18:46:41 -0500] "GET /index.php/dude-porn/dude-facialtube.html HTTP/1.1" 200 13659 "http://freedudetube.com/index.php/dude-porn/dude-facialtube.html" "Mozilla/5.0 X11; Ubuntu; Linux x86_64; rv:126.0 Gecko/20100101 Firefox/126.0"
188.143.244.130 - - [28/Jan/2026:18:46:44 -0500] "GET /index.php/dude-porn/gay-dude-sex-tube.html HTTP/1.1" 301 - "-" "Mozilla/5.0 X11; Ubuntu; Linux x86_64; rv:126.0 Gecko/20100101 Firefox/126.0"
188.143.244.130 - - [28/Jan/2026:18:46:44 -0500] "GET /index.php/dude-porn/gay-dude-sex-tube.html HTTP/1.1" 200 13616 "http://freedudetube.com/index.php/dude-porn/gay-dude-sex-tube.html" "Mozilla/5.0 X11; Ubuntu; Linux x86_64; rv:126.0 Gecko/20100101 Firefox/126.0"
188.143.244.130 - - [28/Jan/2026:18:46:47 -0500] "GET /index.php/dude-porn/gay-dude-cumshot.html HTTP/1.1" 301 - "-" "Mozilla/5.0 X11; Ubuntu; Linux x86_64; rv:126.0 Gecko/20100101 Firefox/126.0"
188.143.244.130 - - [28/Jan/2026:18:46:47 -0500] "GET /index.php/dude-porn/gay-dude-cumshot.html HTTP/1.1" 200 13711 "http://freedudetube.com/index.php/dude-porn/gay-dude-cumshot.html" "Mozilla/5.0 X11; Ubuntu; Linux x86_64; rv:126.0 Gecko/20100101 Firefox/126.0"
188.143.244.130 - - [28/Jan/2026:18:46:50 -0500] "GET /index.php/dude-tube/sexy-dude-tube.html HTTP/1.1" 301 - "-" "Mozilla/5.0 X11; Ubuntu; Linux x86_64; rv:126.0 Gecko/20100101 Firefox/126.0"
188.143.244.130 - - [28/Jan/2026:18:46:51 -0500] "GET /index.php/dude-tube/sexy-dude-tube.html HTTP/1.1" 200 13372 "http://freedudetube.com/index.php/dude-tube/sexy-dude-tube.html" "Mozilla/5.0 X11; Ubuntu; Linux x86_64; rv:126.0 Gecko/20100101 Firefox/126.0"
188.143.244.130 - - [28/Jan/2026:18:46:53 -0500] "GET /index.php/dude-tube/dudes-tube.html HTTP/1.1" 301 - "-" "Mozilla/5.0 X11; Ubuntu; Linux x86_64; rv:126.0 Gecko/20100101 Firefox/126.0"
