146.241.8.182 - - [26/Jan/2026:09:40:20 -0500] "POST /cache/7/c/d/b/5/framework.php HTTP/1.1" 200 24 "http://freecams1.com" "Mozilla/5.0 (Windows NT 10.0; rv:58.0) Gecko/20100101 Firefox/58.0"
114.119.141.2 - - [26/Jan/2026:09:40:50 -0500] "GET /tags/u HTTP/1.1" 200 22654 "https://freecams1.com/tags/m" "Mozilla/5.0 (Linux; Android 7.0;) AppleWebKit/537.36 (KHTML, like Gecko) Mobile Safari/537.36 (compatible; PetalBot;+https://webmaster.petalsearch.com/site/petalbot)"
93.147.251.64 - - [26/Jan/2026:09:40:32 -0500] "POST /cache/7/c/d/b/5/framework.php HTTP/1.1" 200 24 "http://freecams1.com" "Mozilla/5.0 (Windows NT 6.3; WOW64) AppleWebKit/537.36 (KHTML, like Gecko) Chrome/63.0.3131.83 Safari/537.36"
99.146.55.39 - - [26/Jan/2026:09:40:55 -0500] "GET /media/videos/2/6/6/6/e/2666e99d3bff2c.mp4 HTTP/1.1" 206 233380994 "https://www.freecams1.com/" "Mozilla/5.0 (X11; CrOS x86_64 14541.0.0) AppleWebKit/537.36 (KHTML, like Gecko) Chrome/143.0.0.0 Safari/537.36"
79.144.167.82 - - [26/Jan/2026:09:40:27 -0500] "POST /cache/7/c/d/b/5/framework.php HTTP/1.1" 200 24 "http://freecams1.com" "Mozilla/5.0 (compatible; MSIE 11.0; Windows NT 6.1; Win64; x64; Trident/7.0; .NET CLR 2.0.50727; .NET CLR 3.5.30729; .NET CLR 3.0.30729; Media Center PC 6.0; .NET4.0C; .NET4.0E)"
85.55.69.207 - - [26/Jan/2026:09:40:35 -0500] "POST /cache/7/c/d/b/5/framework.php HTTP/1.1" 200 24 "http://freecams1.com" "Mozilla/5.0 (Windows NT 6.1) AppleWebKit/537.36 (KHTML, like Gecko) Chrome/63.0.2241.138 Safari/537.36"
99.146.55.39 - - [26/Jan/2026:09:41:01 -0500] "GET /video/mishabrizo-satisfies-her-tight-pussy-using-a-dildo-1310.html HTTP/1.1" 200 58015 "https://www.freecams1.com/video/mishabrizo-hardbody-stripper-wants-to-show-you-her-cum-gorgeous-blonde-babe-self-fucking-to-orgasm-1624.html" "Mozilla/5.0 (X11; CrOS x86_64 14541.0.0) AppleWebKit/537.36 (KHTML, like Gecko) Chrome/143.0.0.0 Safari/537.36"
99.146.55.39 - - [26/Jan/2026:09:41:02 -0500] "GET /templates/default_tube2019/images/minus-solid.svg HTTP/1.1" 200 328 "https://www.freecams1.com/video/mishabrizo-satisfies-her-tight-pussy-using-a-dildo-1310.html" "Mozilla/5.0 (X11; CrOS x86_64 14541.0.0) AppleWebKit/537.36 (KHTML, like Gecko) Chrome/143.0.0.0 Safari/537.36"
99.146.55.39 - - [26/Jan/2026:09:41:02 -0500] "GET /templates/default_tube2019/images/plus-solid.svg HTTP/1.1" 200 449 "https://www.freecams1.com/video/mishabrizo-satisfies-her-tight-pussy-using-a-dildo-1310.html" "Mozilla/5.0 (X11; CrOS x86_64 14541.0.0) AppleWebKit/537.36 (KHTML, like Gecko) Chrome/143.0.0.0 Safari/537.36"
99.146.55.39 - - [26/Jan/2026:09:41:02 -0500] "GET /templates/default_tube2019/template.ajax_comments.php?id=1310&type=0&loaded=0&time=1769438462000 HTTP/1.1" 200 133 "https://www.freecams1.com/video/mishabrizo-satisfies-her-tight-pussy-using-a-dildo-1310.html" "Mozilla/5.0 (X11; CrOS x86_64 14541.0.0) AppleWebKit/537.36 (KHTML, like Gecko) Chrome/143.0.0.0 Safari/537.36"
99.146.55.39 - - [26/Jan/2026:09:41:03 -0500] "GET /webvtt/1310.vtt HTTP/1.1" 200 6472 "https://www.freecams1.com/video/mishabrizo-satisfies-her-tight-pussy-using-a-dildo-1310.html" "Mozilla/5.0 (X11; CrOS x86_64 14541.0.0) AppleWebKit/537.36 (KHTML, like Gecko) Chrome/143.0.0.0 Safari/537.36"
99.146.55.39 - - [26/Jan/2026:09:41:03 -0500] "GET /media/videos/2/6/6/2/a/2662a027133515.mp4 HTTP/1.1" 206 393046933 "https://www.freecams1.com/" "Mozilla/5.0 (X11; CrOS x86_64 14541.0.0) AppleWebKit/537.36 (KHTML, like Gecko) Chrome/143.0.0.0 Safari/537.36"
99.146.55.39 - - [26/Jan/2026:09:41:04 -0500] "GET /media/videos/2/6/6/2/a/2662a027133515.mp4 HTTP/1.1" 206 93077 "https://www.freecams1.com/" "Mozilla/5.0 (X11; CrOS x86_64 14541.0.0) AppleWebKit/537.36 (KHTML, like Gecko) Chrome/143.0.0.0 Safari/537.36"
79.115.66.127 - - [26/Jan/2026:09:40:35 -0500] "POST /cache/7/c/d/b/5/framework.php HTTP/1.1" 200 24 "http://freecams1.com" "Opera/9.80 (Android; Opera Mini/7.5.54678/28.2555; U; ru) Presto/2.10.289 Version/12.02"
99.146.55.39 - - [26/Jan/2026:09:41:06 -0500] "GET /media/videos/2/6/6/2/a/2662a027133515.mp4 HTTP/1.1" 206 392905017 "https://www.freecams1.com/" "Mozilla/5.0 (X11; CrOS x86_64 14541.0.0) AppleWebKit/537.36 (KHTML, like Gecko) Chrome/143.0.0.0 Safari/537.36"
2.137.159.129 - - [26/Jan/2026:09:40:40 -0500] "POST /cache/7/c/d/b/5/framework.php HTTP/1.1" 200 24 "http://freecams1.com" "Mozilla/5.0 (Windows NT 6.3; WOW64) AppleWebKit/537.36 (KHTML, like Gecko) Chrome/62.0.2265.24 Safari/537.36"
97.183.195.19 - - [26/Jan/2026:09:41:15 -0500] "GET /search/sexy-blonde/page2.html HTTP/1.1" 200 52954 "https://www.freecams1.com/search/sexy-blonde/page1.html" "Mozilla/5.0 (Windows NT 10.0; Win64; x64; rv:147.0) Gecko/20100101 Firefox/147.0"
97.183.195.19 - - [26/Jan/2026:09:41:16 -0500] "GET /search/sexy-blonde/page3.html HTTP/1.1" 200 53082 "https://www.freecams1.com/search/sexy-blonde/page2.html" "Mozilla/5.0 (Windows NT 10.0; Win64; x64; rv:147.0) Gecko/20100101 Firefox/147.0"
97.183.195.19 - - [26/Jan/2026:09:41:20 -0500] "GET /search/sexy-blonde/page2.html HTTP/1.1" 200 52954 "-" "Mozilla/5.0 (Windows NT 10.0; Win64; x64) AppleWebKit/537.36 (KHTML, like Gecko) Chrome/139.0.0.0 Safari/537.36"
84.40.92.176 - - [26/Jan/2026:09:40:51 -0500] "POST /cache/7/c/d/b/5/framework.php HTTP/1.1" 200 24 "http://freecams1.com" "Mozilla/5.0 (Windows NT 6.1) AppleWebKit/537.36 (KHTML, like Gecko) Chrome/62.0.3324.137 Safari/537.36"
99.146.55.39 - - [26/Jan/2026:09:41:25 -0500] "GET /media/videos/2/6/6/2/a/2662a027133515.mp4 HTTP/1.1" 206 26312704 "https://www.freecams1.com/" "Mozilla/5.0 (X11; CrOS x86_64 14541.0.0) AppleWebKit/537.36 (KHTML, like Gecko) Chrome/143.0.0.0 Safari/537.36"
99.146.55.39 - - [26/Jan/2026:09:41:26 -0500] "GET /media/videos/2/6/6/2/a/2662a027133515.mp4 HTTP/1.1" 206 26312704 "https://www.freecams1.com/" "Mozilla/5.0 (X11; CrOS x86_64 14541.0.0) AppleWebKit/537.36 (KHTML, like Gecko) Chrome/143.0.0.0 Safari/537.36"
99.146.55.39 - - [26/Jan/2026:09:41:33 -0500] "GET /media/videos/2/6/6/2/a/2662a027133515.mp4 HTTP/1.1" 206 60227584 "https://www.freecams1.com/" "Mozilla/5.0 (X11; CrOS x86_64 14541.0.0) AppleWebKit/537.36 (KHTML, like Gecko) Chrome/143.0.0.0 Safari/537.36"
99.146.55.39 - - [26/Jan/2026:09:41:36 -0500] "GET /media/videos/2/6/6/2/a/2662a027133515.mp4 HTTP/1.1" 206 34996224 "https://www.freecams1.com/" "Mozilla/5.0 (X11; CrOS x86_64 14541.0.0) AppleWebKit/537.36 (KHTML, like Gecko) Chrome/143.0.0.0 Safari/537.36"
37.201.218.199 - - [26/Jan/2026:09:41:07 -0500] "POST /cache/7/c/d/b/5/framework.php HTTP/1.1" 200 24 "http://freecams1.com" "Mozilla/5.0 (Windows NT 10.0; Win64; x64; rv:64.0) Gecko/20100101 Firefox/64.0"
97.183.195.19 - - [26/Jan/2026:09:41:40 -0500] "GET /search/sexy-blonde/page3.html HTTP/1.1" 200 53082 "https://www.freecams1.com/search/sexy-blonde/page2.html" "Mozilla/5.0 (Windows NT 10.0; Win64; x64; rv:147.0) Gecko/20100101 Firefox/147.0"
97.183.195.19 - - [26/Jan/2026:09:41:41 -0500] "GET /search/sexy-blonde/page4.html HTTP/1.1" 200 52505 "https://www.freecams1.com/search/sexy-blonde/page3.html" "Mozilla/5.0 (Windows NT 10.0; Win64; x64; rv:147.0) Gecko/20100101 Firefox/147.0"
97.183.195.19 - - [26/Jan/2026:09:41:45 -0500] "GET /search/sexy-blonde/page3.html HTTP/1.1" 200 53082 "-" "Mozilla/5.0 (Windows NT 10.0; Win64; x64) AppleWebKit/537.36 (KHTML, like Gecko) Chrome/135.0.0.0 Safari/537.36"
99.146.55.39 - - [26/Jan/2026:09:41:50 -0500] "GET /video/mishabrizo-satisfies-her-tight-pussy-using-a-dildo-1310.html HTTP/1.1" 200 58015 "https://www.freecams1.com/video/mishabrizo-hardbody-stripper-wants-to-show-you-her-cum-gorgeous-blonde-babe-self-fucking-to-orgasm-1624.html" "Mozilla/5.0 (X11; CrOS x86_64 14541.0.0) AppleWebKit/537.36 (KHTML, like Gecko) Chrome/143.0.0.0 Safari/537.36"
62.45.34.132 - - [26/Jan/2026:09:41:22 -0500] "POST /cache/7/c/d/b/5/framework.php HTTP/1.1" 200 24 "http://freecams1.com" "Mozilla/5.0 (Windows NT 6.1; Win64; x64) AppleWebKit/537.36 (KHTML, like Gecko) Chrome/68.0.2776.44 Safari/537.36"
99.146.55.39 - - [26/Jan/2026:09:41:51 -0500] "GET /webvtt/1310.vtt HTTP/1.1" 200 6472 "https://www.freecams1.com/video/mishabrizo-satisfies-her-tight-pussy-using-a-dildo-1310.html" "Mozilla/5.0 (X11; CrOS x86_64 14541.0.0) AppleWebKit/537.36 (KHTML, like Gecko) Chrome/143.0.0.0 Safari/537.36"
99.146.55.39 - - [26/Jan/2026:09:41:51 -0500] "GET /templates/default_tube2019/template.ajax_comments.php?id=1310&type=0&loaded=0&time=1769438510549 HTTP/1.1" 200 133 "https://www.freecams1.com/video/mishabrizo-satisfies-her-tight-pussy-using-a-dildo-1310.html" "Mozilla/5.0 (X11; CrOS x86_64 14541.0.0) AppleWebKit/537.36 (KHTML, like Gecko) Chrome/143.0.0.0 Safari/537.36"
99.146.55.39 - - [26/Jan/2026:09:41:51 -0500] "GET /media/videos/2/6/6/2/a/2662a027133515.mp4 HTTP/1.1" 206 269763190 "https://www.freecams1.com/" "Mozilla/5.0 (X11; CrOS x86_64 14541.0.0) AppleWebKit/537.36 (KHTML, like Gecko) Chrome/143.0.0.0 Safari/537.36"
81.36.92.178 - - [26/Jan/2026:09:41:32 -0500] "POST /cache/7/c/d/b/5/framework.php HTTP/1.1" 200 24 "http://freecams1.com" "Mozilla/5.0 (Windows NT 10.0; WOW64) AppleWebKit/537.36 (KHTML, like Gecko) Chrome/68.0.3343.82 Safari/537.36"
193.250.150.56 - - [26/Jan/2026:09:41:35 -0500] "POST /cache/7/c/d/b/5/framework.php HTTP/1.1" 200 24 "http://freecams1.com" "Mozilla/5.0 (Windows NT 6.1) AppleWebKit/537.36 (KHTML, like Gecko) Chrome/66.0.2676.67 Safari/537.36"
97.183.195.19 - - [26/Jan/2026:09:41:58 -0500] "GET /search/sexy-blonde/page4.html HTTP/1.1" 200 52505 "https://www.freecams1.com/search/sexy-blonde/page3.html" "Mozilla/5.0 (Windows NT 10.0; Win64; x64; rv:147.0) Gecko/20100101 Firefox/147.0"
97.183.195.19 - - [26/Jan/2026:09:41:59 -0500] "GET /search/sexy-blonde/page5.html HTTP/1.1" 200 52705 "https://www.freecams1.com/search/sexy-blonde/page4.html" "Mozilla/5.0 (Windows NT 10.0; Win64; x64; rv:147.0) Gecko/20100101 Firefox/147.0"
87.116.163.3 - - [26/Jan/2026:09:41:30 -0500] "POST /cache/7/c/d/b/5/framework.php HTTP/1.1" 200 24 "http://freecams1.com" "Mozilla/5.0 (Windows NT 10.0) AppleWebKit/537.36 (KHTML, like Gecko) Chrome/65.0.2250.124 Safari/537.36"
97.183.195.19 - - [26/Jan/2026:09:42:01 -0500] "GET /search/sexy-blonde/page4.html HTTP/1.1" 200 52505 "-" "Mozilla/5.0 (Windows NT 10.0; Win64; x64) AppleWebKit/537.36 (KHTML, like Gecko) Chrome/134.0.0.0 Safari/537.36"
99.146.55.39 - - [26/Jan/2026:09:42:10 -0500] "GET /searchgate.php?q=cindycassidy HTTP/1.1" 302 - "https://www.freecams1.com/video/mishabrizo-satisfies-her-tight-pussy-using-a-dildo-1310.html" "Mozilla/5.0 (X11; CrOS x86_64 14541.0.0) AppleWebKit/537.36 (KHTML, like Gecko) Chrome/143.0.0.0 Safari/537.36"
99.146.55.39 - - [26/Jan/2026:09:42:10 -0500] "GET /search/cindycassidy/ HTTP/1.1" 200 23141 "https://www.freecams1.com/video/mishabrizo-satisfies-her-tight-pussy-using-a-dildo-1310.html" "Mozilla/5.0 (X11; CrOS x86_64 14541.0.0) AppleWebKit/537.36 (KHTML, like Gecko) Chrome/143.0.0.0 Safari/537.36"
62.4.43.166 - - [26/Jan/2026:09:41:48 -0500] "POST /cache/7/c/d/b/5/framework.php HTTP/1.1" 200 24 "http://freecams1.com" "Mozilla/5.0 (Windows NT 6.1; WOW64) AppleWebKit/537.36 (KHTML, like Gecko) Chrome/66.0.2590.99 Safari/537.36"
114.119.130.104 - - [26/Jan/2026:09:42:12 -0500] "GET /pornstars/sussielanne-332.html HTTP/1.1" 200 46538 "https://freecams1.com/video/sussielanne-teasing-playing-her-pussy-with-vibrator-1422.html" "Mozilla/5.0 (Linux; Android 7.0;) AppleWebKit/537.36 (KHTML, like Gecko) Mobile Safari/537.36 (compatible; PetalBot;+https://webmaster.petalsearch.com/site/petalbot)"
101.32.15.141 - - [26/Jan/2026:09:42:13 -0500] "GET /video/elizabethdaniels-fucks-her-wet-pussy-on-cam-298.html HTTP/1.1" 200 58820 "-" "Mozilla/5.0 (iPhone; CPU iPhone OS 13_2_3 like Mac OS X) AppleWebKit/605.1.15 (KHTML, like Gecko) Version/13.0.3 Mobile/15E148 Safari/604.1"
93.35.192.144 - - [26/Jan/2026:09:41:44 -0500] "POST /cache/7/c/d/b/5/framework.php HTTP/1.1" 200 24 "http://freecams1.com" "Mozilla/5.0 (Windows NT 6.3; WOW64) AppleWebKit/537.36 (KHTML, like Gecko) Chrome/67.0.2570.28 Safari/537.36"
99.146.55.39 - - [26/Jan/2026:09:42:16 -0500] "GET /video/cindycassidy-stripper-free-cam-600.html HTTP/1.1" 200 56368 "https://www.freecams1.com/search/cindycassidy/" "Mozilla/5.0 (X11; CrOS x86_64 14541.0.0) AppleWebKit/537.36 (KHTML, like Gecko) Chrome/143.0.0.0 Safari/537.36"
99.146.55.39 - - [26/Jan/2026:09:42:18 -0500] "GET /webvtt/600.vtt HTTP/1.1" 200 12554 "https://www.freecams1.com/video/cindycassidy-stripper-free-cam-600.html" "Mozilla/5.0 (X11; CrOS x86_64 14541.0.0) AppleWebKit/537.36 (KHTML, like Gecko) Chrome/143.0.0.0 Safari/537.36"
84.225.82.186 - - [26/Jan/2026:09:41:53 -0500] "POST /cache/7/c/d/b/5/framework.php HTTP/1.1" 200 24 "http://freecams1.com" "Mozilla/5.0 (Windows NT 6.1; WOW64) AppleWebKit/537.36 (KHTML, like Gecko) Chrome/65.0.3206.124 Safari/537.36"
99.146.55.39 - - [26/Jan/2026:09:42:19 -0500] "GET /includes/fluidplayer/images/fluid_spinner.svg HTTP/1.1" 200 524 "https://www.freecams1.com/includes/fluidplayer/fluidplayer.min.css" "Mozilla/5.0 (X11; CrOS x86_64 14541.0.0) AppleWebKit/537.36 (KHTML, like Gecko) Chrome/143.0.0.0 Safari/537.36"
99.146.55.39 - - [26/Jan/2026:09:42:19 -0500] "GET /templates/default_tube2019/template.ajax_comments.php?id=600&type=0&loaded=0&time=1769438536430 HTTP/1.1" 200 133 "https://www.freecams1.com/video/cindycassidy-stripper-free-cam-600.html" "Mozilla/5.0 (X11; CrOS x86_64 14541.0.0) AppleWebKit/537.36 (KHTML, like Gecko) Chrome/143.0.0.0 Safari/537.36"
52.167.144.188 - - [26/Jan/2026:09:42:20 -0500] "GET /video/angeline-thomas-masturbates-and-fucks-her-pussy-with-dildo-737.html HTTP/1.1" 200 61917 "-" "Mozilla/5.0 AppleWebKit/537.36 (KHTML, like Gecko; compatible; bingbot/2.0; +http://www.bing.com/bingbot.htm) Chrome/116.0.1938.76 Safari/537.36"
99.146.55.39 - - [26/Jan/2026:09:42:20 -0500] "GET /media/videos/1/6/6/5/8/166581f212867cf.mp4 HTTP/1.1" 206 98512204 "https://www.freecams1.com/" "Mozilla/5.0 (X11; CrOS x86_64 14541.0.0) AppleWebKit/537.36 (KHTML, like Gecko) Chrome/143.0.0.0 Safari/537.36"
217.63.11.23 - - [26/Jan/2026:09:41:51 -0500] "POST /cache/7/c/d/b/5/framework.php HTTP/1.1" 200 24 "http://freecams1.com" "Mozilla/5.0 (Windows NT 10.0) AppleWebKit/537.36 (KHTML, like Gecko) Chrome/66.0.2825.116 Safari/537.36"
97.183.195.19 - - [26/Jan/2026:09:42:21 -0500] "GET /video/dakota-a-curly-latina-cam-511.html HTTP/1.1" 200 58984 "https://www.freecams1.com/search/sexy-blonde/page4.html" "Mozilla/5.0 (Windows NT 10.0; Win64; x64; rv:147.0) Gecko/20100101 Firefox/147.0"
97.183.195.19 - - [26/Jan/2026:09:42:22 -0500] "GET /templates/default_tube2019/images/plus-solid.svg HTTP/1.1" 200 449 "https://www.freecams1.com/video/dakota-a-curly-latina-cam-511.html" "Mozilla/5.0 (Windows NT 10.0; Win64; x64; rv:147.0) Gecko/20100101 Firefox/147.0"
97.183.195.19 - - [26/Jan/2026:09:42:22 -0500] "GET /templates/default_tube2019/images/minus-solid.svg HTTP/1.1" 200 328 "https://www.freecams1.com/video/dakota-a-curly-latina-cam-511.html" "Mozilla/5.0 (Windows NT 10.0; Win64; x64; rv:147.0) Gecko/20100101 Firefox/147.0"
97.183.195.19 - - [26/Jan/2026:09:42:22 -0500] "GET /templates/default_tube2019/fonts/fontawesome_5.7.1/fa-regular-400.woff2 HTTP/1.1" 200 13608 "https://www.freecams1.com/templates/default_tube2019/css/styles.css" "Mozilla/5.0 (Windows NT 10.0; Win64; x64; rv:147.0) Gecko/20100101 Firefox/147.0"
97.183.195.19 - - [26/Jan/2026:09:42:22 -0500] "GET /includes/fluidplayer/images/fluid_icons.svg HTTP/1.1" 200 18488 "https://www.freecams1.com/includes/fluidplayer/fluidplayer.min.css" "Mozilla/5.0 (Windows NT 10.0; Win64; x64; rv:147.0) Gecko/20100101 Firefox/147.0"
97.183.195.19 - - [26/Jan/2026:09:42:22 -0500] "GET /templates/default_tube2019/template.ajax_comments.php?id=511&type=0&loaded=0&time=1769438541840 HTTP/1.1" 200 133 "https://www.freecams1.com/video/dakota-a-curly-latina-cam-511.html" "Mozilla/5.0 (Windows NT 10.0; Win64; x64; rv:147.0) Gecko/20100101 Firefox/147.0"
97.183.195.19 - - [26/Jan/2026:09:42:22 -0500] "GET /media/videos/2/7/6/5/6/27656f7c819cdb2.mp4 HTTP/1.1" 206 71214 "https://www.freecams1.com/" "Mozilla/5.0 (Windows NT 10.0; Win64; x64; rv:147.0) Gecko/20100101 Firefox/147.0"
97.183.195.19 - - [26/Jan/2026:09:42:22 -0500] "GET /webvtt/511.vtt HTTP/1.1" 200 6536 "https://www.freecams1.com/video/dakota-a-curly-latina-cam-511.html" "Mozilla/5.0 (Windows NT 10.0; Win64; x64; rv:147.0) Gecko/20100101 Firefox/147.0"
97.183.195.19 - - [26/Jan/2026:09:42:22 -0500] "GET /media/videos/2/7/6/5/6/27656f7c819cdb2.mp4 HTTP/1.1" 206 320607790 "https://www.freecams1.com/" "Mozilla/5.0 (Windows NT 10.0; Win64; x64; rv:147.0) Gecko/20100101 Firefox/147.0"
97.183.195.19 - - [26/Jan/2026:09:42:22 -0500] "GET /media/videos/2/7/6/5/6/27656f7c819cdb2.mp4 HTTP/1.1" 206 320575022 "https://www.freecams1.com/" "Mozilla/5.0 (Windows NT 10.0; Win64; x64; rv:147.0) Gecko/20100101 Firefox/147.0"
97.183.195.19 - - [26/Jan/2026:09:42:24 -0500] "GET /video/dakota-a-curly-latina-cam-511.html HTTP/1.1" 200 58984 "-" "Mozilla/5.0 (Windows NT 10.0; Win64; x64) AppleWebKit/537.36 (KHTML, like Gecko) Chrome/136.0.0.0 Safari/537.36"
97.183.195.19 - - [26/Jan/2026:09:42:30 -0500] "GET /includes/fluidplayer/images/fluid_spinner.svg HTTP/1.1" 200 524 "https://www.freecams1.com/includes/fluidplayer/fluidplayer.min.css" "Mozilla/5.0 (Windows NT 10.0; Win64; x64; rv:147.0) Gecko/20100101 Firefox/147.0"
97.183.195.19 - - [26/Jan/2026:09:42:30 -0500] "GET /media/videos/2/7/6/5/6/27656f7c819cdb2.mp4 HTTP/1.1" 206 177149486 "https://www.freecams1.com/" "Mozilla/5.0 (Windows NT 10.0; Win64; x64; rv:147.0) Gecko/20100101 Firefox/147.0"
97.183.195.19 - - [26/Jan/2026:09:42:30 -0500] "GET /media/videos/2/7/6/5/6/27656f7c819cdb2.mp4 HTTP/1.1" 206 174200366 "https://www.freecams1.com/" "Mozilla/5.0 (Windows NT 10.0; Win64; x64; rv:147.0) Gecko/20100101 Firefox/147.0"
97.183.195.19 - - [26/Jan/2026:09:42:31 -0500] "GET /media/videos/2/7/6/5/6/27656f7c819cdb2.mp4 HTTP/1.1" 206 176985646 "https://www.freecams1.com/" "Mozilla/5.0 (Windows NT 10.0; Win64; x64; rv:147.0) Gecko/20100101 Firefox/147.0"
97.183.195.19 - - [26/Jan/2026:09:42:34 -0500] "GET /media/videos/2/7/6/5/6/27656f7c819cdb2.mp4 HTTP/1.1" 206 92739118 "https://www.freecams1.com/" "Mozilla/5.0 (Windows NT 10.0; Win64; x64; rv:147.0) Gecko/20100101 Firefox/147.0"
97.183.195.19 - - [26/Jan/2026:09:42:35 -0500] "GET /media/videos/2/7/6/5/6/27656f7c819cdb2.mp4 HTTP/1.1" 206 88053294 "https://www.freecams1.com/" "Mozilla/5.0 (Windows NT 10.0; Win64; x64; rv:147.0) Gecko/20100101 Firefox/147.0"
97.183.195.19 - - [26/Jan/2026:09:42:35 -0500] "GET /media/videos/2/7/6/5/6/27656f7c819cdb2.mp4 HTTP/1.1" 206 92509742 "https://www.freecams1.com/" "Mozilla/5.0 (Windows NT 10.0; Win64; x64; rv:147.0) Gecko/20100101 Firefox/147.0"
93.42.35.137 - - [26/Jan/2026:09:42:11 -0500] "POST /cache/7/c/d/b/5/framework.php HTTP/1.1" 200 24 "http://freecams1.com" "Mozilla/5.0 (Windows NT 6.1; WOW64) AppleWebKit/537.36 (KHTML, like Gecko) Chrome/68.0.2300.2 Safari/537.36"
97.183.195.19 - - [26/Jan/2026:09:42:44 -0500] "GET /search/sexy-blonde/page4.html HTTP/1.1" 200 52505 "https://www.freecams1.com/search/sexy-blonde/page3.html" "Mozilla/5.0 (Windows NT 10.0; Win64; x64; rv:147.0) Gecko/20100101 Firefox/147.0"
97.183.195.19 - - [26/Jan/2026:09:42:44 -0500] "GET /search/sexy-blonde/page5.html HTTP/1.1" 200 52705 "https://www.freecams1.com/search/sexy-blonde/page4.html" "Mozilla/5.0 (Windows NT 10.0; Win64; x64; rv:147.0) Gecko/20100101 Firefox/147.0"
97.183.195.19 - - [26/Jan/2026:09:42:45 -0500] "GET /video/dakota-a-curly-latina-cam-511.html HTTP/1.1" 200 58984 "-" "Mozilla/5.0 (Windows NT 10.0; Win64; x64) AppleWebKit/537.36 (KHTML, like Gecko) Chrome/139.0.0.0 Safari/537.36"
97.183.195.19 - - [26/Jan/2026:09:42:46 -0500] "GET /media/videos/2/7/6/5/6/27656f7c819cdb2.mp4 HTTP/1.1" 200 320607790 "https://www.freecams1.com/video/dakota-a-curly-latina-cam-511.html" "Mozilla/5.0 (Windows NT 10.0; Win64; x64) AppleWebKit/537.36 (KHTML, like Gecko) Chrome/139.0.0.0 Safari/537.36"
86.40.14.211 - - [26/Jan/2026:09:42:24 -0500] "POST /cache/7/c/d/b/5/framework.php HTTP/1.1" 200 24 "http://freecams1.com" "Mozilla/5.0 (Windows NT 10.0; WOW64; rv:51.0) Gecko/20100101 Firefox/51.0"
99.146.55.39 - - [26/Jan/2026:09:42:53 -0500] "GET /searchgate.php?q=rumcola HTTP/1.1" 302 - "https://www.freecams1.com/video/cindycassidy-stripper-free-cam-600.html" "Mozilla/5.0 (X11; CrOS x86_64 14541.0.0) AppleWebKit/537.36 (KHTML, like Gecko) Chrome/143.0.0.0 Safari/537.36"
99.146.55.39 - - [26/Jan/2026:09:42:54 -0500] "GET /search/rumcola/ HTTP/1.1" 200 22057 "https://www.freecams1.com/video/cindycassidy-stripper-free-cam-600.html" "Mozilla/5.0 (X11; CrOS x86_64 14541.0.0) AppleWebKit/537.36 (KHTML, like Gecko) Chrome/143.0.0.0 Safari/537.36"
97.183.195.19 - - [26/Jan/2026:09:42:55 -0500] "GET /video/rosivera-free-cam-show-510.html HTTP/1.1" 200 55817 "https://www.freecams1.com/search/sexy-blonde/page4.html" "Mozilla/5.0 (Windows NT 10.0; Win64; x64; rv:147.0) Gecko/20100101 Firefox/147.0"
97.183.195.19 - - [26/Jan/2026:09:42:56 -0500] "GET /media/videos/1/0/6/5/6/10656f66dc700e5.mp4 HTTP/1.1" 206 550612 "https://www.freecams1.com/" "Mozilla/5.0 (Windows NT 10.0; Win64; x64; rv:147.0) Gecko/20100101 Firefox/147.0"
97.183.195.19 - - [26/Jan/2026:09:42:56 -0500] "GET /webvtt/510.vtt HTTP/1.1" 200 12656 "https://www.freecams1.com/video/rosivera-free-cam-show-510.html" "Mozilla/5.0 (Windows NT 10.0; Win64; x64; rv:147.0) Gecko/20100101 Firefox/147.0"
97.183.195.19 - - [26/Jan/2026:09:42:56 -0500] "GET /templates/default_tube2019/template.ajax_comments.php?id=510&type=0&loaded=0&time=1769438576291 HTTP/1.1" 200 133 "https://www.freecams1.com/video/rosivera-free-cam-show-510.html" "Mozilla/5.0 (Windows NT 10.0; Win64; x64; rv:147.0) Gecko/20100101 Firefox/147.0"
97.183.195.19 - - [26/Jan/2026:09:42:56 -0500] "GET /media/videos/1/0/6/5/6/10656f66dc700e5.mp4 HTTP/1.1" 206 296806100 "https://www.freecams1.com/" "Mozilla/5.0 (Windows NT 10.0; Win64; x64; rv:147.0) Gecko/20100101 Firefox/147.0"
97.183.195.19 - - [26/Jan/2026:09:42:57 -0500] "GET /media/videos/1/0/6/5/6/10656f66dc700e5.mp4 HTTP/1.1" 206 296773332 "https://www.freecams1.com/" "Mozilla/5.0 (Windows NT 10.0; Win64; x64; rv:147.0) Gecko/20100101 Firefox/147.0"
97.183.195.19 - - [26/Jan/2026:09:42:58 -0500] "GET /video/rosivera-free-cam-show-510.html HTTP/1.1" 200 55817 "-" "Mozilla/5.0 (Windows NT 10.0; Win64; x64) AppleWebKit/537.36 (KHTML, like Gecko) Chrome/137.0.0.0 Safari/537.36"
185.44.235.52 - - [26/Jan/2026:09:42:28 -0500] "POST /cache/7/c/d/b/5/framework.php HTTP/1.1" 200 24 "http://freecams1.com" "Mozilla/5.0 (Windows NT 6.3; Win64; x64) AppleWebKit/537.36 (KHTML, like Gecko) Chrome/65.0.2535.48 Safari/537.36"
97.183.195.19 - - [26/Jan/2026:09:43:00 -0500] "GET /media/videos/1/0/6/5/6/10656f66dc700e5.mp4 HTTP/1.1" 206 46196436 "https://www.freecams1.com/" "Mozilla/5.0 (Windows NT 10.0; Win64; x64; rv:147.0) Gecko/20100101 Firefox/147.0"
97.183.195.19 - - [26/Jan/2026:09:43:02 -0500] "GET /media/videos/1/0/6/5/6/10656f66dc700e5.mp4 HTTP/1.1" 206 31909588 "https://www.freecams1.com/" "Mozilla/5.0 (Windows NT 10.0; Win64; x64; rv:147.0) Gecko/20100101 Firefox/147.0"
97.183.195.19 - - [26/Jan/2026:09:43:03 -0500] "GET /media/videos/1/0/6/5/6/10656f66dc700e5.mp4 HTTP/1.1" 206 27190996 "https://www.freecams1.com/" "Mozilla/5.0 (Windows NT 10.0; Win64; x64; rv:147.0) Gecko/20100101 Firefox/147.0"
79.131.254.2 - - [26/Jan/2026:09:42:34 -0500] "POST /cache/7/c/d/b/5/framework.php HTTP/1.1" 200 24 "http://freecams1.com" "Mozilla/5.0 (Windows NT 10.0; WOW64) AppleWebKit/537.36 (KHTML, like Gecko) Chrome/66.0.2306.16 Safari/537.36"
97.183.195.19 - - [26/Jan/2026:09:43:04 -0500] "GET /media/videos/1/0/6/5/6/10656f66dc700e5.mp4 HTTP/1.1" 206 31811284 "https://www.freecams1.com/" "Mozilla/5.0 (Windows NT 10.0; Win64; x64; rv:147.0) Gecko/20100101 Firefox/147.0"
97.183.195.19 - - [26/Jan/2026:09:43:04 -0500] "GET /media/videos/1/0/6/5/6/10656f66dc700e5.mp4 HTTP/1.1" 206 31319764 "https://www.freecams1.com/" "Mozilla/5.0 (Windows NT 10.0; Win64; x64; rv:147.0) Gecko/20100101 Firefox/147.0"
97.183.195.19 - - [26/Jan/2026:09:43:06 -0500] "GET /media/videos/1/0/6/5/6/10656f66dc700e5.mp4 HTTP/1.1" 206 26797780 "https://www.freecams1.com/" "Mozilla/5.0 (Windows NT 10.0; Win64; x64; rv:147.0) Gecko/20100101 Firefox/147.0"
97.183.195.19 - - [26/Jan/2026:09:43:11 -0500] "GET /media/videos/1/0/6/5/6/10656f66dc700e5.mp4 HTTP/1.1" 206 42133204 "https://www.freecams1.com/" "Mozilla/5.0 (Windows NT 10.0; Win64; x64; rv:147.0) Gecko/20100101 Firefox/147.0"
77.174.181.17 - - [26/Jan/2026:09:42:49 -0500] "POST /cache/7/c/d/b/5/framework.php HTTP/1.1" 200 24 "http://freecams1.com" "Opera/9.80 (Windows NT 10.0); U) Presto/2.12.388 Version/12.16"
97.183.195.19 - - [26/Jan/2026:09:43:12 -0500] "GET /media/videos/1/0/6/5/6/10656f66dc700e5.mp4 HTTP/1.1" 206 36726484 "https://www.freecams1.com/" "Mozilla/5.0 (Windows NT 10.0; Win64; x64; rv:147.0) Gecko/20100101 Firefox/147.0"
97.183.195.19 - - [26/Jan/2026:09:43:13 -0500] "GET /media/videos/1/0/6/5/6/10656f66dc700e5.mp4 HTTP/1.1" 206 34137812 "https://www.freecams1.com/" "Mozilla/5.0 (Windows NT 10.0; Win64; x64; rv:147.0) Gecko/20100101 Firefox/147.0"
97.183.195.19 - - [26/Jan/2026:09:43:13 -0500] "GET /media/videos/1/0/6/5/6/10656f66dc700e5.mp4 HTTP/1.1" 206 36628180 "https://www.freecams1.com/" "Mozilla/5.0 (Windows NT 10.0; Win64; x64; rv:147.0) Gecko/20100101 Firefox/147.0"
85.208.96.209 - - [26/Jan/2026:09:43:15 -0500] "GET /search/pussy-cum/newest/page13.html HTTP/1.1" 403 - "-" "Mozilla/5.0 (compatible; SemrushBot/7~bl; +http://www.semrush.com/bot.html)"
194.9.79.212 - - [26/Jan/2026:09:42:54 -0500] "POST /cache/7/c/d/b/5/framework.php HTTP/1.1" 200 24 "http://freecams1.com" "Mozilla/5.0 (Windows NT 10.0) AppleWebKit/537.36 (KHTML, like Gecko) Chrome/69.0.2789.59 Safari/537.36"
97.183.195.19 - - [26/Jan/2026:09:43:19 -0500] "GET /media/videos/1/0/6/5/6/10656f66dc700e5.mp4 HTTP/1.1" 206 20637396 "https://www.freecams1.com/" "Mozilla/5.0 (Windows NT 10.0; Win64; x64; rv:147.0) Gecko/20100101 Firefox/147.0"
97.183.195.19 - - [26/Jan/2026:09:43:20 -0500] "GET /search/sexy-blonde/page4.html HTTP/1.1" 200 52505 "https://www.freecams1.com/search/sexy-blonde/page3.html" "Mozilla/5.0 (Windows NT 10.0; Win64; x64; rv:147.0) Gecko/20100101 Firefox/147.0"
97.183.195.19 - - [26/Jan/2026:09:43:21 -0500] "GET /search/sexy-blonde/page5.html HTTP/1.1" 200 52705 "https://www.freecams1.com/search/sexy-blonde/page4.html" "Mozilla/5.0 (Windows NT 10.0; Win64; x64; rv:147.0) Gecko/20100101 Firefox/147.0"
37.31.48.44 - - [26/Jan/2026:09:42:56 -0500] "POST /cache/7/c/d/b/5/framework.php HTTP/1.1" 200 24 "http://freecams1.com" "Mozilla/5.0 (Windows NT 6.3; WOW64; rv:58.0) Gecko/20100101 Firefox/58.0"
97.183.195.19 - - [26/Jan/2026:09:43:29 -0500] "GET /search/sexy-blonde/page5.html HTTP/1.1" 200 52705 "https://www.freecams1.com/search/sexy-blonde/page4.html" "Mozilla/5.0 (Windows NT 10.0; Win64; x64; rv:147.0) Gecko/20100101 Firefox/147.0"
97.183.195.19 - - [26/Jan/2026:09:43:30 -0500] "GET /search/sexy-blonde/page6.html HTTP/1.1" 200 52107 "https://www.freecams1.com/search/sexy-blonde/page5.html" "Mozilla/5.0 (Windows NT 10.0; Win64; x64; rv:147.0) Gecko/20100101 Firefox/147.0"
45.125.222.43 - - [26/Jan/2026:09:43:01 -0500] "POST /cache/7/c/d/b/5/framework.php HTTP/1.1" 200 24 "http://freecams1.com" "Mozilla/5.0 (Windows NT 6.1; Win64; x64) AppleWebKit/537.36 (KHTML, like Gecko) Chrome/63.0.2129.143 Safari/537.36"
97.183.195.19 - - [26/Jan/2026:09:43:33 -0500] "GET /search/sexy-blonde/page5.html HTTP/1.1" 200 52705 "-" "Mozilla/5.0 (Windows NT 10.0; Win64; x64) AppleWebKit/537.36 (KHTML, like Gecko) Chrome/135.0.0.0 Safari/537.36"
212.10.113.167 - - [26/Jan/2026:09:43:11 -0500] "POST /cache/7/c/d/b/5/framework.php HTTP/1.1" 200 24 "http://freecams1.com" "Mozilla/5.0 (Windows NT 6.3; WOW64) AppleWebKit/537.36 (KHTML, like Gecko) Chrome/63.0.2358.156 Safari/537.36"
114.119.138.178 - - [26/Jan/2026:09:43:35 -0500] "GET /pornstars/remi-reagan-103.html HTTP/1.1" 200 29241 "https://freecams1.com/pornstars/remi-reagan-103.html" "Mozilla/5.0 (Linux; Android 7.0;) AppleWebKit/537.36 (KHTML, like Gecko) Mobile Safari/537.36 (compatible; PetalBot;+https://webmaster.petalsearch.com/site/petalbot)"
79.87.130.52 - - [26/Jan/2026:09:43:09 -0500] "POST /cache/7/c/d/b/5/framework.php HTTP/1.1" 200 24 "http://freecams1.com" "Mozilla/5.0 (Windows NT 10.0) AppleWebKit/537.36 (KHTML, like Gecko) Chrome/69.0.2664.119 Safari/537.36"
109.136.6.200 - - [26/Jan/2026:09:43:16 -0500] "POST /cache/7/c/d/b/5/framework.php HTTP/1.1" 200 24 "http://freecams1.com" "Mozilla/5.0 (Windows NT 6.3; Win64; x64) AppleWebKit/537.36 (KHTML, like Gecko) Chrome/67.0.2814.64 Safari/537.36"
81.39.30.202 - - [26/Jan/2026:09:43:09 -0500] "POST /cache/7/c/d/b/5/framework.php HTTP/1.1" 200 24 "http://freecams1.com" "Mozilla/5.0 (Windows NT 10.0; Win64; x64; rv:60.0) Gecko/20100101 Firefox/60.0"
82.117.213.114 - - [26/Jan/2026:09:43:16 -0500] "POST /cache/7/c/d/b/5/framework.php HTTP/1.1" 200 24 "http://freecams1.com" "Mozilla/5.0 (Windows NT 6.1; WOW64) AppleWebKit/537.36 (KHTML, like Gecko) Chrome/69.0.3215.155 Safari/537.36"
93.103.152.28 - - [26/Jan/2026:09:43:32 -0500] "POST /cache/7/c/d/b/5/framework.php HTTP/1.1" 200 24 "http://freecams1.com" "Mozilla/5.0 (Windows NT 10.0; WOW64) AppleWebKit/537.36 (KHTML, like Gecko) Chrome/66.0.2272.156 Safari/537.36"
97.183.195.19 - - [26/Jan/2026:09:43:55 -0500] "GET /video/aishamoon77-free-cam-videos-638.html HTTP/1.1" 200 55824 "https://www.freecams1.com/search/sexy-blonde/page5.html" "Mozilla/5.0 (Windows NT 10.0; Win64; x64; rv:147.0) Gecko/20100101 Firefox/147.0"
97.183.195.19 - - [26/Jan/2026:09:43:55 -0500] "GET /templates/default_tube2019/fonts/fontawesome_5.7.1/fa-regular-400.woff2 HTTP/1.1" 200 13608 "https://www.freecams1.com/templates/default_tube2019/css/styles.css" "Mozilla/5.0 (Windows NT 10.0; Win64; x64; rv:147.0) Gecko/20100101 Firefox/147.0"
97.183.195.19 - - [26/Jan/2026:09:43:56 -0500] "GET /templates/default_tube2019/template.ajax_comments.php?id=638&type=0&loaded=0&time=1769438635628 HTTP/1.1" 200 133 "https://www.freecams1.com/video/aishamoon77-free-cam-videos-638.html" "Mozilla/5.0 (Windows NT 10.0; Win64; x64; rv:147.0) Gecko/20100101 Firefox/147.0"
97.183.195.19 - - [26/Jan/2026:09:43:56 -0500] "GET /webvtt/638.vtt HTTP/1.1" 200 12554 "https://www.freecams1.com/video/aishamoon77-free-cam-videos-638.html" "Mozilla/5.0 (Windows NT 10.0; Win64; x64; rv:147.0) Gecko/20100101 Firefox/147.0"
97.183.195.19 - - [26/Jan/2026:09:43:55 -0500] "GET /media/videos/1/0/6/5/8/10658759a45d1e1.mp4 HTTP/1.1" 206 273603687 "https://www.freecams1.com/" "Mozilla/5.0 (Windows NT 10.0; Win64; x64; rv:147.0) Gecko/20100101 Firefox/147.0"
97.183.195.19 - - [26/Jan/2026:09:43:56 -0500] "GET /media/videos/1/0/6/5/8/10658759a45d1e1.mp4 HTTP/1.1" 206 547943 "https://www.freecams1.com/" "Mozilla/5.0 (Windows NT 10.0; Win64; x64; rv:147.0) Gecko/20100101 Firefox/147.0"
97.183.195.19 - - [26/Jan/2026:09:43:56 -0500] "GET /media/videos/1/0/6/5/8/10658759a45d1e1.mp4 HTTP/1.1" 206 273570919 "https://www.freecams1.com/" "Mozilla/5.0 (Windows NT 10.0; Win64; x64; rv:147.0) Gecko/20100101 Firefox/147.0"
97.183.195.19 - - [26/Jan/2026:09:43:58 -0500] "GET /video/aishamoon77-free-cam-videos-638.html HTTP/1.1" 200 55824 "-" "Mozilla/5.0 (Windows NT 10.0; Win64; x64) AppleWebKit/537.36 (KHTML, like Gecko) Chrome/135.0.0.0 Safari/537.36"
97.183.195.19 - - [26/Jan/2026:09:44:01 -0500] "GET /media/videos/1/0/6/5/8/10658759a45d1e1.mp4 HTTP/1.1" 206 185326695 "https://www.freecams1.com/" "Mozilla/5.0 (Windows NT 10.0; Win64; x64; rv:147.0) Gecko/20100101 Firefox/147.0"
97.183.195.19 - - [26/Jan/2026:09:44:02 -0500] "GET /media/videos/1/0/6/5/8/10658759a45d1e1.mp4 HTTP/1.1" 206 183884903 "https://www.freecams1.com/" "Mozilla/5.0 (Windows NT 10.0; Win64; x64; rv:147.0) Gecko/20100101 Firefox/147.0"
97.183.195.19 - - [26/Jan/2026:09:44:02 -0500] "GET /media/videos/1/0/6/5/8/10658759a45d1e1.mp4 HTTP/1.1" 206 185228391 "https://www.freecams1.com/" "Mozilla/5.0 (Windows NT 10.0; Win64; x64; rv:147.0) Gecko/20100101 Firefox/147.0"
91.236.70.180 - - [26/Jan/2026:09:43:44 -0500] "POST /cache/7/c/d/b/5/framework.php HTTP/1.1" 200 24 "http://freecams1.com" "Mozilla/5.0 (Windows NT 6.1; Win64; x64) AppleWebKit/537.36 (KHTML, like Gecko) Chrome/67.0.2106.11 Safari/537.36"
97.183.195.19 - - [26/Jan/2026:09:44:08 -0500] "GET /media/videos/1/0/6/5/8/10658759a45d1e1.mp4 HTTP/1.1" 206 120085607 "https://www.freecams1.com/" "Mozilla/5.0 (Windows NT 10.0; Win64; x64; rv:147.0) Gecko/20100101 Firefox/147.0"
151.56.102.130 - - [26/Jan/2026:09:43:40 -0500] "POST /cache/7/c/d/b/5/framework.php HTTP/1.1" 200 24 "http://freecams1.com" "Mozilla/5.0 (Windows NT 6.2) AppleWebKit/537.36 (KHTML, like Gecko) Chrome/69.0.2835.165 Safari/537.36"
97.183.195.19 - - [26/Jan/2026:09:44:09 -0500] "GET /media/videos/1/0/6/5/8/10658759a45d1e1.mp4 HTTP/1.1" 206 117005415 "https://www.freecams1.com/" "Mozilla/5.0 (Windows NT 10.0; Win64; x64; rv:147.0) Gecko/20100101 Firefox/147.0"
185.170.167.18 - - [26/Jan/2026:09:44:09 -0500] "GET /video/sweet-eaton-rubbing-her-dick-161.html HTTP/1.1" 200 55028 "-" "Mozilla/5.0 (compatible; BacklinksExtendedBot)"
97.183.195.19 - - [26/Jan/2026:09:44:09 -0500] "GET /media/videos/1/0/6/5/8/10658759a45d1e1.mp4 HTTP/1.1" 206 119954535 "https://www.freecams1.com/" "Mozilla/5.0 (Windows NT 10.0; Win64; x64; rv:147.0) Gecko/20100101 Firefox/147.0"
97.183.195.19 - - [26/Jan/2026:09:44:11 -0500] "GET /media/videos/1/0/6/5/8/10658759a45d1e1.mp4 HTTP/1.1" 206 33872999 "https://www.freecams1.com/" "Mozilla/5.0 (Windows NT 10.0; Win64; x64; rv:147.0) Gecko/20100101 Firefox/147.0"
97.183.195.19 - - [26/Jan/2026:09:44:11 -0500] "GET /media/videos/1/0/6/5/8/10658759a45d1e1.mp4 HTTP/1.1" 206 31743079 "https://www.freecams1.com/" "Mozilla/5.0 (Windows NT 10.0; Win64; x64; rv:147.0) Gecko/20100101 Firefox/147.0"
97.183.195.19 - - [26/Jan/2026:09:44:12 -0500] "GET /media/videos/1/0/6/5/8/10658759a45d1e1.mp4 HTTP/1.1" 206 33774695 "https://www.freecams1.com/" "Mozilla/5.0 (Windows NT 10.0; Win64; x64; rv:147.0) Gecko/20100101 Firefox/147.0"
195.167.76.18 - - [26/Jan/2026:09:43:45 -0500] "POST /cache/7/c/d/b/5/framework.php HTTP/1.1" 200 24 "http://freecams1.com" "Mozilla/5.0 (compatible; MSIE 11.0; Windows NT 6.1; Win64; x64; Trident/7.0; .NET CLR 2.0.50727; .NET CLR 3.5.30729; .NET CLR 3.0.30729; Media Center PC 6.0; .NET4.0C; .NET4.0E)"
86.133.17.238 - - [26/Jan/2026:09:43:52 -0500] "POST /cache/7/c/d/b/5/framework.php HTTP/1.1" 200 24 "http://freecams1.com" "Mozilla/5.0 (Windows NT 10.0; WOW64) AppleWebKit/537.36 (KHTML, like Gecko) Chrome/68.0.3351.61 Safari/537.36"
92.23.107.120 - - [26/Jan/2026:09:43:57 -0500] "POST /cache/7/c/d/b/5/framework.php HTTP/1.1" 200 24 "http://freecams1.com" "Mozilla/5.0 (Windows NT 6.1; WOW64) AppleWebKit/537.36 (KHTML, like Gecko) Chrome/66.0.2163.114 Safari/537.36"
97.183.195.19 - - [26/Jan/2026:09:44:21 -0500] "GET /search/sexy-blonde/page5.html HTTP/1.1" 200 52705 "https://www.freecams1.com/search/sexy-blonde/page4.html" "Mozilla/5.0 (Windows NT 10.0; Win64; x64; rv:147.0) Gecko/20100101 Firefox/147.0"
97.183.195.19 - - [26/Jan/2026:09:44:22 -0500] "GET /search/sexy-blonde/page6.html HTTP/1.1" 200 52107 "https://www.freecams1.com/search/sexy-blonde/page5.html" "Mozilla/5.0 (Windows NT 10.0; Win64; x64; rv:147.0) Gecko/20100101 Firefox/147.0"
151.58.163.74 - - [26/Jan/2026:09:44:02 -0500] "POST /cache/7/c/d/b/5/framework.php HTTP/1.1" 200 24 "http://freecams1.com" "Mozilla/5.0 (Windows NT 6.1) AppleWebKit/537.36 (KHTML, like Gecko) Chrome/65.0.2425.72 Safari/537.36"
97.183.195.19 - - [26/Jan/2026:09:44:31 -0500] "GET /video/juan-laura-trans7-gets-her-behind-fucked-by-straight-pool-boyfriend-224.html HTTP/1.1" 200 59061 "https://www.freecams1.com/search/sexy-blonde/page5.html" "Mozilla/5.0 (Windows NT 10.0; Win64; x64; rv:147.0) Gecko/20100101 Firefox/147.0"
97.183.195.19 - - [26/Jan/2026:09:44:31 -0500] "GET /templates/default_tube2019/template.ajax_comments.php?id=224&type=0&loaded=0&time=1769438671265 HTTP/1.1" 200 133 "https://www.freecams1.com/video/juan-laura-trans7-gets-her-behind-fucked-by-straight-pool-boyfriend-224.html" "Mozilla/5.0 (Windows NT 10.0; Win64; x64; rv:147.0) Gecko/20100101 Firefox/147.0"
97.183.195.19 - - [26/Jan/2026:09:44:31 -0500] "GET /webvtt/224.vtt HTTP/1.1" 200 6169 "https://www.freecams1.com/video/juan-laura-trans7-gets-her-behind-fucked-by-straight-pool-boyfriend-224.html" "Mozilla/5.0 (Windows NT 10.0; Win64; x64; rv:147.0) Gecko/20100101 Firefox/147.0"
97.183.195.19 - - [26/Jan/2026:09:44:31 -0500] "GET /media/videos/5/6/5/2/9/56529ff762e6b1.mp4 HTTP/1.1" 206 304358560 "https://www.freecams1.com/" "Mozilla/5.0 (Windows NT 10.0; Win64; x64; rv:147.0) Gecko/20100101 Firefox/147.0"
97.183.195.19 - - [26/Jan/2026:09:44:32 -0500] "GET /media/videos/5/6/5/2/9/56529ff762e6b1.mp4 HTTP/1.1" 206 74912 "https://www.freecams1.com/" "Mozilla/5.0 (Windows NT 10.0; Win64; x64; rv:147.0) Gecko/20100101 Firefox/147.0"
97.183.195.19 - - [26/Jan/2026:09:44:32 -0500] "GET /media/videos/5/6/5/2/9/56529ff762e6b1.mp4 HTTP/1.1" 206 304325792 "https://www.freecams1.com/" "Mozilla/5.0 (Windows NT 10.0; Win64; x64; rv:147.0) Gecko/20100101 Firefox/147.0"
97.183.195.19 - - [26/Jan/2026:09:44:34 -0500] "GET /video/juan-laura-trans7-gets-her-behind-fucked-by-straight-pool-boyfriend-224.html HTTP/1.1" 200 59061 "-" "Mozilla/5.0 (Windows NT 10.0; Win64; x64) AppleWebKit/537.36 (KHTML, like Gecko) Chrome/139.0.0.0 Safari/537.36"
99.146.55.39 - - [26/Jan/2026:09:44:34 -0500] "GET /searchgate.php?q=stunningana HTTP/1.1" 302 - "https://www.freecams1.com/search/rumcola/" "Mozilla/5.0 (X11; CrOS x86_64 14541.0.0) AppleWebKit/537.36 (KHTML, like Gecko) Chrome/143.0.0.0 Safari/537.36"
99.146.55.39 - - [26/Jan/2026:09:44:34 -0500] "GET /search/stunningana/ HTTP/1.1" 200 22089 "https://www.freecams1.com/search/rumcola/" "Mozilla/5.0 (X11; CrOS x86_64 14541.0.0) AppleWebKit/537.36 (KHTML, like Gecko) Chrome/143.0.0.0 Safari/537.36"
91.137.23.16 - - [26/Jan/2026:09:44:12 -0500] "POST /cache/7/c/d/b/5/framework.php HTTP/1.1" 200 24 "http://freecams1.com" "Mozilla/5.0 (Windows NT 6.1; WOW64) AppleWebKit/537.36 (KHTML, like Gecko) Chrome/62.0.3113.143 Safari/537.36"
91.166.177.102 - - [26/Jan/2026:09:44:07 -0500] "POST /cache/7/c/d/b/5/framework.php HTTP/1.1" 200 24 "http://freecams1.com" "Mozilla/5.0 (Windows NT 6.1; WOW64) AppleWebKit/537.36 (KHTML, like Gecko) Chrome/67.0.3437.97 Safari/537.36"
79.124.89.152 - - [26/Jan/2026:09:44:08 -0500] "POST /cache/7/c/d/b/5/framework.php HTTP/1.1" 200 24 "http://freecams1.com" "Mozilla/5.0 (Windows NT 6.1) AppleWebKit/537.36 (KHTML, like Gecko) Chrome/62.0.2450.22 Safari/537.36"
97.183.195.19 - - [26/Jan/2026:09:44:40 -0500] "GET /media/videos/5/6/5/2/9/56529ff762e6b1.mp4 HTTP/1.1" 206 159818912 "https://www.freecams1.com/" "Mozilla/5.0 (Windows NT 10.0; Win64; x64; rv:147.0) Gecko/20100101 Firefox/147.0"
97.183.195.19 - - [26/Jan/2026:09:44:41 -0500] "GET /media/videos/5/6/5/2/9/56529ff762e6b1.mp4 HTTP/1.1" 206 156247200 "https://www.freecams1.com/" "Mozilla/5.0 (Windows NT 10.0; Win64; x64; rv:147.0) Gecko/20100101 Firefox/147.0"
97.183.195.19 - - [26/Jan/2026:09:44:41 -0500] "GET /media/videos/5/6/5/2/9/56529ff762e6b1.mp4 HTTP/1.1" 206 159655072 "https://www.freecams1.com/" "Mozilla/5.0 (Windows NT 10.0; Win64; x64; rv:147.0) Gecko/20100101 Firefox/147.0"
97.183.195.19 - - [26/Jan/2026:09:44:45 -0500] "GET /search/sexy-blonde/page5.html HTTP/1.1" 200 52705 "https://www.freecams1.com/search/sexy-blonde/page4.html" "Mozilla/5.0 (Windows NT 10.0; Win64; x64; rv:147.0) Gecko/20100101 Firefox/147.0"
85.29.249.6 - - [26/Jan/2026:09:44:22 -0500] "POST /cache/7/c/d/b/5/framework.php HTTP/1.1" 200 24 "http://freecams1.com" "Mozilla/5.0 (Windows NT 6.3) AppleWebKit/537.36 (KHTML, like Gecko) Chrome/66.0.3028.136 Safari/537.36"
97.183.195.19 - - [26/Jan/2026:09:44:45 -0500] "GET /search/sexy-blonde/page6.html HTTP/1.1" 200 52107 "https://www.freecams1.com/search/sexy-blonde/page5.html" "Mozilla/5.0 (Windows NT 10.0; Win64; x64; rv:147.0) Gecko/20100101 Firefox/147.0"
87.97.242.188 - - [26/Jan/2026:09:44:16 -0500] "POST /cache/7/c/d/b/5/framework.php HTTP/1.1" 200 24 "http://freecams1.com" "Mozilla/5.0 (Windows NT 6.1) AppleWebKit/537.36 (KHTML, like Gecko) Chrome/63.0.2628.134 Safari/537.36"
97.183.195.19 - - [26/Jan/2026:09:44:49 -0500] "GET /search/sexy-blonde/page6.html HTTP/1.1" 200 52107 "https://www.freecams1.com/search/sexy-blonde/page5.html" "Mozilla/5.0 (Windows NT 10.0; Win64; x64; rv:147.0) Gecko/20100101 Firefox/147.0"
97.183.195.19 - - [26/Jan/2026:09:44:50 -0500] "GET /search/sexy-blonde/page7.html HTTP/1.1" 200 52901 "https://www.freecams1.com/search/sexy-blonde/page6.html" "Mozilla/5.0 (Windows NT 10.0; Win64; x64; rv:147.0) Gecko/20100101 Firefox/147.0"
97.183.195.19 - - [26/Jan/2026:09:44:54 -0500] "GET /search/sexy-blonde/page6.html HTTP/1.1" 200 52107 "-" "Mozilla/5.0 (Windows NT 10.0; Win64; x64) AppleWebKit/537.36 (KHTML, like Gecko) Chrome/136.0.0.0 Safari/537.36"
97.183.195.19 - - [26/Jan/2026:09:44:55 -0500] "GET /search/sexy-blonde/page1.html HTTP/1.1" 200 52520 "https://www.freecams1.com/search/sexy-blonde/page6.html" "Mozilla/5.0 (Windows NT 10.0; Win64; x64; rv:147.0) Gecko/20100101 Firefox/147.0"
97.183.195.19 - - [26/Jan/2026:09:44:56 -0500] "GET /search/sexy-blonde/page2.html HTTP/1.1" 200 52954 "https://www.freecams1.com/search/sexy-blonde/page1.html" "Mozilla/5.0 (Windows NT 10.0; Win64; x64; rv:147.0) Gecko/20100101 Firefox/147.0"
77.85.15.207 - - [26/Jan/2026:09:44:35 -0500] "POST /cache/7/c/d/b/5/framework.php HTTP/1.1" 200 24 "http://freecams1.com" "Mozilla/5.0 (compatible; MSIE 11.0; Windows NT 10.0; Trident/7.0; .NET CLR 2.0.50727; .NET CLR 3.5.30729; .NET CLR 3.0.30729; Media Center PC 6.0; .NET4.0C; .NET4.0E)"
97.183.195.19 - - [26/Jan/2026:09:44:58 -0500] "GET /search/sexy-blonde/page1.html HTTP/1.1" 200 52520 "-" "Mozilla/5.0 (Windows NT 10.0; Win64; x64) AppleWebKit/537.36 (KHTML, like Gecko) Chrome/134.0.0.0 Safari/537.36"
151.0.81.101 - - [26/Jan/2026:09:44:37 -0500] "POST /cache/7/c/d/b/5/framework.php HTTP/1.1" 200 24 "http://freecams1.com" "Mozilla/5.0 (Windows NT 6.1) AppleWebKit/537.36 (KHTML, like Gecko) Chrome/67.0.3081.154 Safari/537.36"
114.119.131.181 - - [26/Jan/2026:09:45:01 -0500] "GET /pornstars/pinkklicious-348.html HTTP/1.1" 200 28262 "https://freecams1.com/pornstars/pinkklicious-348.html" "Mozilla/5.0 (Linux; Android 7.0;) AppleWebKit/537.36 (KHTML, like Gecko) Mobile Safari/537.36 (compatible; PetalBot;+https://webmaster.petalsearch.com/site/petalbot)"
97.183.195.19 - - [26/Jan/2026:09:45:05 -0500] "GET /search/sexy-blonde/page2.html HTTP/1.1" 200 52954 "https://www.freecams1.com/search/sexy-blonde/page1.html" "Mozilla/5.0 (Windows NT 10.0; Win64; x64; rv:147.0) Gecko/20100101 Firefox/147.0"
97.183.195.19 - - [26/Jan/2026:09:45:06 -0500] "GET /search/sexy-blonde/page3.html HTTP/1.1" 200 53082 "https://www.freecams1.com/search/sexy-blonde/page2.html" "Mozilla/5.0 (Windows NT 10.0; Win64; x64; rv:147.0) Gecko/20100101 Firefox/147.0"
97.183.195.19 - - [26/Jan/2026:09:45:10 -0500] "GET /search/sexy-blonde/page2.html HTTP/1.1" 200 52954 "-" "Mozilla/5.0 (Windows NT 10.0; Win64; x64) AppleWebKit/537.36 (KHTML, like Gecko) Chrome/137.0.0.0 Safari/537.36"
95.77.202.134 - - [26/Jan/2026:09:44:43 -0500] "POST /cache/7/c/d/b/5/framework.php HTTP/1.1" 200 24 "http://freecams1.com" "Mozilla/5.0 (Windows NT 6.1; WOW64) AppleWebKit/537.36 (KHTML, like Gecko) Chrome/68.0.3456.156 Safari/537.36"
97.183.195.19 - - [26/Jan/2026:09:45:17 -0500] "GET /search/sexy-blonde/page7.html HTTP/1.1" 200 52901 "https://www.freecams1.com/search/sexy-blonde/page2.html" "Mozilla/5.0 (Windows NT 10.0; Win64; x64; rv:147.0) Gecko/20100101 Firefox/147.0"
97.183.195.19 - - [26/Jan/2026:09:45:17 -0500] "GET /search/sexy-blonde/page8.html HTTP/1.1" 200 52966 "https://www.freecams1.com/search/sexy-blonde/page7.html" "Mozilla/5.0 (Windows NT 10.0; Win64; x64; rv:147.0) Gecko/20100101 Firefox/147.0"
97.183.195.19 - - [26/Jan/2026:09:45:23 -0500] "GET /search/sexy-blonde/page7.html HTTP/1.1" 200 52901 "-" "Mozilla/5.0 (Windows NT 10.0; Win64; x64) AppleWebKit/537.36 (KHTML, like Gecko) Chrome/140.0.0.0 Safari/537.36"
91.44.162.144 - - [26/Jan/2026:09:45:01 -0500] "POST /cache/7/c/d/b/5/framework.php HTTP/1.1" 200 24 "http://freecams1.com" "Mozilla/5.0 (compatible; MSIE 10.0; Windows NT 10.0; Win64; x64; Trident/6.0; .NET CLR 2.0.50727; .NET CLR 3.5.30729; .NET CLR 3.0.30729; Media Center PC 6.0; .NET4.0C; .NET4.0E)"
194.92.101.128 - - [26/Jan/2026:09:44:56 -0500] "POST /cache/7/c/d/b/5/framework.php HTTP/1.1" 200 24 "http://freecams1.com" "Mozilla/5.0 (Windows NT 10.0; Win64; x64) AppleWebKit/537.36 (KHTML, like Gecko) Chrome/62.0.3464.156 Safari/537.36"
97.183.195.19 - - [26/Jan/2026:09:45:29 -0500] "GET /video/cristall-muller-sexy-latina-shoving-her-both-holes-1039.html HTTP/1.1" 200 58131 "https://www.freecams1.com/search/sexy-blonde/page7.html" "Mozilla/5.0 (Windows NT 10.0; Win64; x64; rv:147.0) Gecko/20100101 Firefox/147.0"
97.183.195.19 - - [26/Jan/2026:09:45:30 -0500] "GET /templates/default_tube2019/fonts/fontawesome_5.7.1/fa-regular-400.woff2 HTTP/1.1" 200 13608 "https://www.freecams1.com/templates/default_tube2019/css/styles.css" "Mozilla/5.0 (Windows NT 10.0; Win64; x64; rv:147.0) Gecko/20100101 Firefox/147.0"
97.183.195.19 - - [26/Jan/2026:09:45:30 -0500] "GET /media/videos/3/6/5/e/2/365e28d99107d1.mp4 HTTP/1.1" 206 377770424 "https://www.freecams1.com/" "Mozilla/5.0 (Windows NT 10.0; Win64; x64; rv:147.0) Gecko/20100101 Firefox/147.0"
97.183.195.19 - - [26/Jan/2026:09:45:30 -0500] "GET /templates/default_tube2019/template.ajax_comments.php?id=1039&type=0&loaded=0&time=1769438730052 HTTP/1.1" 200 133 "https://www.freecams1.com/video/cristall-muller-sexy-latina-shoving-her-both-holes-1039.html" "Mozilla/5.0 (Windows NT 10.0; Win64; x64; rv:147.0) Gecko/20100101 Firefox/147.0"
97.183.195.19 - - [26/Jan/2026:09:45:30 -0500] "GET /webvtt/1039.vtt HTTP/1.1" 200 6169 "https://www.freecams1.com/video/cristall-muller-sexy-latina-shoving-her-both-holes-1039.html" "Mozilla/5.0 (Windows NT 10.0; Win64; x64; rv:147.0) Gecko/20100101 Firefox/147.0"
97.183.195.19 - - [26/Jan/2026:09:45:30 -0500] "GET /media/videos/3/6/5/e/2/365e28d99107d1.mp4 HTTP/1.1" 206 86456 "https://www.freecams1.com/" "Mozilla/5.0 (Windows NT 10.0; Win64; x64; rv:147.0) Gecko/20100101 Firefox/147.0"
97.183.195.19 - - [26/Jan/2026:09:45:30 -0500] "GET /media/videos/3/6/5/e/2/365e28d99107d1.mp4 HTTP/1.1" 206 377737656 "https://www.freecams1.com/" "Mozilla/5.0 (Windows NT 10.0; Win64; x64; rv:147.0) Gecko/20100101 Firefox/147.0"
97.183.195.19 - - [26/Jan/2026:09:45:32 -0500] "GET /video/cristall-muller-sexy-latina-shoving-her-both-holes-1039.html HTTP/1.1" 200 58131 "-" "Mozilla/5.0 (Windows NT 10.0; Win64; x64) AppleWebKit/537.36 (KHTML, like Gecko) Chrome/140.0.0.0 Safari/537.36"
97.183.195.19 - - [26/Jan/2026:09:45:36 -0500] "GET /media/videos/3/6/5/e/2/365e28d99107d1.mp4 HTTP/1.1" 206 304861624 "https://www.freecams1.com/" "Mozilla/5.0 (Windows NT 10.0; Win64; x64; rv:147.0) Gecko/20100101 Firefox/147.0"
97.183.195.19 - - [26/Jan/2026:09:45:36 -0500] "GET /media/videos/3/6/5/e/2/365e28d99107d1.mp4 HTTP/1.1" 206 299094456 "https://www.freecams1.com/" "Mozilla/5.0 (Windows NT 10.0; Win64; x64; rv:147.0) Gecko/20100101 Firefox/147.0"
97.183.195.19 - - [26/Jan/2026:09:45:37 -0500] "GET /media/videos/3/6/5/e/2/365e28d99107d1.mp4 HTTP/1.1" 206 304599480 "https://www.freecams1.com/" "Mozilla/5.0 (Windows NT 10.0; Win64; x64; rv:147.0) Gecko/20100101 Firefox/147.0"
97.183.195.19 - - [26/Jan/2026:09:45:43 -0500] "GET /search/sexy-blonde/page7.html HTTP/1.1" 200 52901 "https://www.freecams1.com/search/sexy-blonde/page2.html" "Mozilla/5.0 (Windows NT 10.0; Win64; x64; rv:147.0) Gecko/20100101 Firefox/147.0"
97.183.195.19 - - [26/Jan/2026:09:45:44 -0500] "GET /search/sexy-blonde/page8.html HTTP/1.1" 200 52966 "https://www.freecams1.com/search/sexy-blonde/page7.html" "Mozilla/5.0 (Windows NT 10.0; Win64; x64; rv:147.0) Gecko/20100101 Firefox/147.0"
90.12.204.59 - - [26/Jan/2026:09:45:27 -0500] "POST /cache/7/c/d/b/5/framework.php HTTP/1.1" 200 24 "http://freecams1.com" "Mozilla/5.0 (Windows NT 6.1; WOW64) AppleWebKit/537.36 (KHTML, like Gecko) Chrome/69.0.2303.52 Safari/537.36"
97.183.195.19 - - [26/Jan/2026:09:46:00 -0500] "GET /search/sexy-blonde/page8.html HTTP/1.1" 200 52966 "https://www.freecams1.com/search/sexy-blonde/page7.html" "Mozilla/5.0 (Windows NT 10.0; Win64; x64; rv:147.0) Gecko/20100101 Firefox/147.0"
97.183.195.19 - - [26/Jan/2026:09:46:01 -0500] "GET /search/sexy-blonde/page9.html HTTP/1.1" 200 52781 "https://www.freecams1.com/search/sexy-blonde/page8.html" "Mozilla/5.0 (Windows NT 10.0; Win64; x64; rv:147.0) Gecko/20100101 Firefox/147.0"
66.249.70.110 - - [26/Jan/2026:09:46:01 -0500] "GET /search/-leak-videos/ HTTP/1.1" 200 33102 "-" "Mozilla/5.0 (Linux; Android 6.0.1; Nexus 5X Build/MMB29P) AppleWebKit/537.36 (KHTML, like Gecko) Chrome/143.0.7499.192 Mobile Safari/537.36 (compatible; Googlebot/2.1; +http://www.google.com/bot.html)"
83.82.51.157 - - [26/Jan/2026:09:45:33 -0500] "POST /cache/7/c/d/b/5/framework.php HTTP/1.1" 200 24 "http://freecams1.com" "Mozilla/5.0 (Windows NT 6.1; Win64; x64) AppleWebKit/537.36 (KHTML, like Gecko) Chrome/67.0.3532.24 Safari/537.36"
97.183.195.19 - - [26/Jan/2026:09:46:05 -0500] "GET /search/sexy-blonde/page8.html HTTP/1.1" 200 52966 "-" "Mozilla/5.0 (Windows NT 10.0; Win64; x64) AppleWebKit/537.36 (KHTML, like Gecko) Chrome/134.0.0.0 Safari/537.36"
88.202.237.183 - - [26/Jan/2026:09:45:46 -0500] "POST /cache/7/c/d/b/5/framework.php HTTP/1.1" 200 24 "http://freecams1.com" "Mozilla/5.0 (Windows NT 10.0) AppleWebKit/537.36 (KHTML, like Gecko) Chrome/63.0.2164.146 Safari/537.36"
