129.212.237.74 - - [26/Jan/2026:05:40:23 -0500] "GET /manager/vendor/phpunit/phpunit/src/Util/PHP/eval-stdin.php HTTP/1.1" 404 20582 "-" "Mozilla/5.0 (Windows NT 10.0; Win64; x64) AppleWebKit/537.36 (KHTML, like Gecko) Chrome/121.0.0.0 Safari/537.36"
135.181.3.246 - - [26/Jan/2026:05:40:26 -0500] "GET /channels/14/babe/views/page13.html HTTP/1.1" 200 52278 "-" "Mozilla/5.0 (compatible; SERankingBacklinksBot/1.0; +https://seranking.com/backlinks-crawler)"
188.83.27.104 - - [26/Jan/2026:05:40:05 -0500] "POST /cache/7/c/d/b/5/framework.php HTTP/1.1" 200 24 "http://freecams1.com" "Mozilla/5.0 (Windows NT 10.0; Win64; x64) AppleWebKit/537.36 (KHTML, like Gecko) Chrome/67.0.3388.73 Safari/537.36"
135.181.3.246 - - [26/Jan/2026:05:40:30 -0500] "GET /channels/14/babe/views/page14.html HTTP/1.1" 200 53800 "-" "Mozilla/5.0 (compatible; SERankingBacklinksBot/1.0; +https://seranking.com/backlinks-crawler)"
135.181.3.246 - - [26/Jan/2026:05:40:34 -0500] "GET /channels/14/babe/views/page15.html HTTP/1.1" 200 52814 "-" "Mozilla/5.0 (compatible; SERankingBacklinksBot/1.0; +https://seranking.com/backlinks-crawler)"
135.181.3.246 - - [26/Jan/2026:05:40:38 -0500] "GET /channels/14/babe/views/page16.html HTTP/1.1" 200 52806 "-" "Mozilla/5.0 (compatible; SERankingBacklinksBot/1.0; +https://seranking.com/backlinks-crawler)"
79.11.63.79 - - [26/Jan/2026:05:40:15 -0500] "POST /cache/7/c/d/b/5/framework.php HTTP/1.1" 200 24 "http://freecams1.com" "Mozilla/5.0 (Windows NT 10.0; WOW64) AppleWebKit/537.36 (KHTML, like Gecko) Chrome/69.0.2351.2 Safari/537.36"
135.181.3.246 - - [26/Jan/2026:05:40:41 -0500] "GET /channels/14/babe/views/page17.html HTTP/1.1" 200 54308 "-" "Mozilla/5.0 (compatible; SERankingBacklinksBot/1.0; +https://seranking.com/backlinks-crawler)"
79.168.186.142 - - [26/Jan/2026:05:40:12 -0500] "POST /cache/7/c/d/b/5/framework.php HTTP/1.1" 200 24 "http://freecams1.com" "Mozilla/5.0 (Windows NT 10.0; WOW64) AppleWebKit/537.36 (KHTML, like Gecko) Chrome/65.0.3137.27 Safari/537.36"
135.181.3.246 - - [26/Jan/2026:05:40:46 -0500] "GET /channels/14/babe/views/page18.html HTTP/1.1" 200 52910 "-" "Mozilla/5.0 (compatible; SERankingBacklinksBot/1.0; +https://seranking.com/backlinks-crawler)"
93.41.225.201 - - [26/Jan/2026:05:40:24 -0500] "POST /cache/7/c/d/b/5/framework.php HTTP/1.1" 200 24 "http://freecams1.com" "Mozilla/5.0 (Windows NT 10.0) AppleWebKit/537.36 (KHTML, like Gecko) Chrome/68.0.2416.110 Safari/537.36"
66.249.70.96 - - [26/Jan/2026:05:40:50 -0500] "GET /channels/6/transsexual-cams/page3.html HTTP/1.1" 200 59147 "-" "Mozilla/5.0 (Linux; Android 6.0.1; Nexus 5X Build/MMB29P) AppleWebKit/537.36 (KHTML, like Gecko) Chrome/143.0.7499.192 Mobile Safari/537.36 (compatible; Googlebot/2.1; +http://www.google.com/bot.html)"
135.181.3.246 - - [26/Jan/2026:05:40:50 -0500] "GET /channels/14/babe/views/page19.html HTTP/1.1" 200 53016 "-" "Mozilla/5.0 (compatible; SERankingBacklinksBot/1.0; +https://seranking.com/backlinks-crawler)"
135.181.3.246 - - [26/Jan/2026:05:40:54 -0500] "GET /channels/14/babe/views/page20.html HTTP/1.1" 200 53894 "-" "Mozilla/5.0 (compatible; SERankingBacklinksBot/1.0; +https://seranking.com/backlinks-crawler)"
31.10.145.204 - - [26/Jan/2026:05:40:35 -0500] "POST /cache/7/c/d/b/5/framework.php HTTP/1.1" 200 24 "http://freecams1.com" "Mozilla/5.0 (Windows NT 6.3; WOW64) AppleWebKit/537.36 (KHTML, like Gecko) Chrome/69.0.3445.18 Safari/537.36"
114.119.131.181 - - [26/Jan/2026:05:40:58 -0500] "GET /action.php?action=add_favorites&id=2526 HTTP/1.1" 200 739 "https://www.freecams1.com/video/victoriabalee-huge-tits-2526.html" "Mozilla/5.0 (Linux; Android 7.0;) AppleWebKit/537.36 (KHTML, like Gecko) Mobile Safari/537.36 (compatible; PetalBot;+https://webmaster.petalsearch.com/site/petalbot)"
135.181.3.246 - - [26/Jan/2026:05:40:58 -0500] "GET /channels/14/babe/views/page21.html HTTP/1.1" 200 34092 "-" "Mozilla/5.0 (compatible; SERankingBacklinksBot/1.0; +https://seranking.com/backlinks-crawler)"
43.166.240.231 - - [26/Jan/2026:05:40:59 -0500] "GET /action.php?action=add_favorites&id=664 HTTP/1.1" 200 731 "-" "Mozilla/5.0 (iPhone; CPU iPhone OS 13_2_3 like Mac OS X) AppleWebKit/605.1.15 (KHTML, like Gecko) Version/13.0.3 Mobile/15E148 Safari/604.1"
135.181.3.246 - - [26/Jan/2026:05:41:03 -0500] "GET /pornstars/hungry-rabbits1-153.html HTTP/1.1" 200 28507 "-" "Mozilla/5.0 (compatible; SERankingBacklinksBot/1.0; +https://seranking.com/backlinks-crawler)"
135.181.3.246 - - [26/Jan/2026:05:41:07 -0500] "GET /search/body-shaking-orgasm/newest/ HTTP/1.1" 200 53338 "-" "Mozilla/5.0 (compatible; SERankingBacklinksBot/1.0; +https://seranking.com/backlinks-crawler)"
79.116.208.218 - - [26/Jan/2026:05:40:40 -0500] "POST /cache/7/c/d/b/5/framework.php HTTP/1.1" 200 24 "http://freecams1.com" "Mozilla/5.0 (Windows NT 6.1) AppleWebKit/537.36 (KHTML, like Gecko) Chrome/68.0.2974.147 Safari/537.36"
135.181.3.246 - - [26/Jan/2026:05:41:10 -0500] "GET /search/body-shaking-orgasm/rating/ HTTP/1.1" 200 52659 "-" "Mozilla/5.0 (compatible; SERankingBacklinksBot/1.0; +https://seranking.com/backlinks-crawler)"
135.181.3.246 - - [26/Jan/2026:05:41:14 -0500] "GET /search/female-pleasure/page10.html HTTP/1.1" 200 31328 "-" "Mozilla/5.0 (compatible; SERankingBacklinksBot/1.0; +https://seranking.com/backlinks-crawler)"
91.44.162.144 - - [26/Jan/2026:05:40:54 -0500] "POST /cache/7/c/d/b/5/framework.php HTTP/1.1" 200 24 "http://freecams1.com" "Mozilla/5.0 (Windows NT 6.2) AppleWebKit/537.36 (KHTML, like Gecko) Chrome/68.0.2883.69 Safari/537.36"
135.181.3.246 - - [26/Jan/2026:05:41:19 -0500] "GET /action.php?action=reportVideo&id=100 HTTP/1.1" 200 3604 "-" "Mozilla/5.0 (compatible; SERankingBacklinksBot/1.0; +https://seranking.com/backlinks-crawler)"
135.181.3.246 - - [26/Jan/2026:05:41:23 -0500] "GET /action.php?action=reportVideo&id=110 HTTP/1.1" 200 3604 "-" "Mozilla/5.0 (compatible; SERankingBacklinksBot/1.0; +https://seranking.com/backlinks-crawler)"
135.181.3.246 - - [26/Jan/2026:05:41:27 -0500] "GET /action.php?action=reportVideo&id=114 HTTP/1.1" 200 3604 "-" "Mozilla/5.0 (compatible; SERankingBacklinksBot/1.0; +https://seranking.com/backlinks-crawler)"
31.27.252.102 - - [26/Jan/2026:05:41:05 -0500] "POST /cache/7/c/d/b/5/framework.php HTTP/1.1" 200 24 "http://freecams1.com" "Mozilla/5.0 (Windows NT 6.1; Win64; x64) AppleWebKit/537.36 (KHTML, like Gecko) Chrome/66.0.3535.60 Safari/537.36"
135.181.3.246 - - [26/Jan/2026:05:41:30 -0500] "GET /action.php?action=reportVideo&id=119 HTTP/1.1" 200 3604 "-" "Mozilla/5.0 (compatible; SERankingBacklinksBot/1.0; +https://seranking.com/backlinks-crawler)"
135.181.3.246 - - [26/Jan/2026:05:41:34 -0500] "GET /action.php?action=reportVideo&id=126 HTTP/1.1" 200 3604 "-" "Mozilla/5.0 (compatible; SERankingBacklinksBot/1.0; +https://seranking.com/backlinks-crawler)"
77.207.118.99 - - [26/Jan/2026:05:41:08 -0500] "POST /cache/7/c/d/b/5/framework.php HTTP/1.1" 200 24 "http://freecams1.com" "Mozilla/5.0 (Windows NT 6.3; WOW64) AppleWebKit/537.36 (KHTML, like Gecko) Chrome/63.0.2990.137 Safari/537.36"
135.181.3.246 - - [26/Jan/2026:05:41:38 -0500] "GET /action.php?action=reportVideo&id=127 HTTP/1.1" 200 3604 "-" "Mozilla/5.0 (compatible; SERankingBacklinksBot/1.0; +https://seranking.com/backlinks-crawler)"
91.140.28.43 - - [26/Jan/2026:05:41:15 -0500] "POST /cache/7/c/d/b/5/framework.php HTTP/1.1" 200 24 "http://freecams1.com" "Mozilla/5.0 (Windows NT 6.1; WOW64) AppleWebKit/537.36 (KHTML, like Gecko) Chrome/69.0.3012.3 Safari/537.36"
135.181.3.246 - - [26/Jan/2026:05:41:42 -0500] "GET /action.php?action=reportVideo&id=128 HTTP/1.1" 200 3604 "-" "Mozilla/5.0 (compatible; SERankingBacklinksBot/1.0; +https://seranking.com/backlinks-crawler)"
135.181.3.246 - - [26/Jan/2026:05:41:47 -0500] "GET /action.php?action=reportVideo&id=135 HTTP/1.1" 200 3604 "-" "Mozilla/5.0 (compatible; SERankingBacklinksBot/1.0; +https://seranking.com/backlinks-crawler)"
135.181.3.246 - - [26/Jan/2026:05:41:53 -0500] "GET /action.php?action=reportVideo&id=136 HTTP/1.1" 200 3604 "-" "Mozilla/5.0 (compatible; SERankingBacklinksBot/1.0; +https://seranking.com/backlinks-crawler)"
135.181.3.246 - - [26/Jan/2026:05:41:57 -0500] "GET /action.php?action=reportVideo&id=137 HTTP/1.1" 200 3604 "-" "Mozilla/5.0 (compatible; SERankingBacklinksBot/1.0; +https://seranking.com/backlinks-crawler)"
2.15.152.28 - - [26/Jan/2026:05:41:36 -0500] "POST /cache/7/c/d/b/5/framework.php HTTP/1.1" 200 24 "http://freecams1.com" "Mozilla/5.0 (Windows NT 10.0) AppleWebKit/537.36 (KHTML, like Gecko) Chrome/66.0.3176.98 Safari/537.36"
135.181.3.246 - - [26/Jan/2026:05:42:02 -0500] "GET /action.php?action=reportVideo&id=138 HTTP/1.1" 200 3604 "-" "Mozilla/5.0 (compatible; SERankingBacklinksBot/1.0; +https://seranking.com/backlinks-crawler)"
135.181.3.246 - - [26/Jan/2026:05:42:06 -0500] "GET /action.php?action=reportVideo&id=139 HTTP/1.1" 200 3604 "-" "Mozilla/5.0 (compatible; SERankingBacklinksBot/1.0; +https://seranking.com/backlinks-crawler)"
46.128.75.131 - - [26/Jan/2026:05:41:45 -0500] "POST /cache/7/c/d/b/5/framework.php HTTP/1.1" 200 24 "http://freecams1.com" "Mozilla/5.0 (Windows NT 10.0; Win64; x64) AppleWebKit/537.36 (KHTML, like Gecko) Chrome/67.0.2816.53 Safari/537.36"
135.181.3.246 - - [26/Jan/2026:05:42:10 -0500] "GET /action.php?action=reportVideo&id=142 HTTP/1.1" 200 3604 "-" "Mozilla/5.0 (compatible; SERankingBacklinksBot/1.0; +https://seranking.com/backlinks-crawler)"
135.181.3.246 - - [26/Jan/2026:05:42:14 -0500] "GET /action.php?action=reportVideo&id=143 HTTP/1.1" 200 3604 "-" "Mozilla/5.0 (compatible; SERankingBacklinksBot/1.0; +https://seranking.com/backlinks-crawler)"
135.181.3.246 - - [26/Jan/2026:05:42:18 -0500] "GET /action.php?action=reportVideo&id=147 HTTP/1.1" 200 3604 "-" "Mozilla/5.0 (compatible; SERankingBacklinksBot/1.0; +https://seranking.com/backlinks-crawler)"
90.101.225.90 - - [26/Jan/2026:05:41:55 -0500] "POST /cache/7/c/d/b/5/framework.php HTTP/1.1" 200 24 "http://freecams1.com" "Mozilla/5.0 (Windows NT 10.0) AppleWebKit/537.36 (KHTML, like Gecko) Chrome/65.0.2832.16 Safari/537.36"
114.119.155.42 - - [26/Jan/2026:05:42:21 -0500] "GET /action.php?action=add_favorites&id=149 HTTP/1.1" 200 739 "https://www.freecams1.com/channels/6/transsexuals/page4.html" "Mozilla/5.0 (Linux; Android 7.0;) AppleWebKit/537.36 (KHTML, like Gecko) Mobile Safari/537.36 (compatible; PetalBot;+https://webmaster.petalsearch.com/site/petalbot)"
135.181.3.246 - - [26/Jan/2026:05:42:22 -0500] "GET /action.php?action=reportVideo&id=151 HTTP/1.1" 200 3604 "-" "Mozilla/5.0 (compatible; SERankingBacklinksBot/1.0; +https://seranking.com/backlinks-crawler)"
91.173.243.140 - - [26/Jan/2026:05:42:04 -0500] "POST /cache/7/c/d/b/5/framework.php HTTP/1.1" 200 24 "http://freecams1.com" "Mozilla/5.0 (Windows NT 6.1; WOW64) AppleWebKit/537.36 (KHTML, like Gecko) Chrome/65.0.2855.45 Safari/537.36"
135.181.3.246 - - [26/Jan/2026:05:42:26 -0500] "GET /action.php?action=reportVideo&id=154 HTTP/1.1" 200 3604 "-" "Mozilla/5.0 (compatible; SERankingBacklinksBot/1.0; +https://seranking.com/backlinks-crawler)"
135.181.3.246 - - [26/Jan/2026:05:42:30 -0500] "GET /action.php?action=reportVideo&id=159 HTTP/1.1" 200 3604 "-" "Mozilla/5.0 (compatible; SERankingBacklinksBot/1.0; +https://seranking.com/backlinks-crawler)"
135.181.3.246 - - [26/Jan/2026:05:42:34 -0500] "GET /action.php?action=reportVideo&id=161 HTTP/1.1" 200 3604 "-" "Mozilla/5.0 (compatible; SERankingBacklinksBot/1.0; +https://seranking.com/backlinks-crawler)"
182.48.151.170 - - [26/Jan/2026:05:42:04 -0500] "POST /cache/7/c/d/b/5/framework.php HTTP/1.1" 200 24 "http://freecams1.com" "Mozilla/5.0 (Windows NT 6.3; Win64; x64; rv:51.0) Gecko/20100101 Firefox/51.0"
83.48.3.8 - - [26/Jan/2026:05:42:14 -0500] "POST /cache/7/c/d/b/5/framework.php HTTP/1.1" 200 24 "http://freecams1.com" "Mozilla/5.0 (Windows NT 6.1; Win64; x64; rv:64.0) Gecko/20100101 Firefox/64.0"
135.181.3.246 - - [26/Jan/2026:05:42:37 -0500] "GET /action.php?action=reportVideo&id=164 HTTP/1.1" 200 3604 "-" "Mozilla/5.0 (compatible; SERankingBacklinksBot/1.0; +https://seranking.com/backlinks-crawler)"
135.181.3.246 - - [26/Jan/2026:05:42:41 -0500] "GET /action.php?action=reportVideo&id=171 HTTP/1.1" 200 3604 "-" "Mozilla/5.0 (compatible; SERankingBacklinksBot/1.0; +https://seranking.com/backlinks-crawler)"
135.181.3.246 - - [26/Jan/2026:05:42:45 -0500] "GET /action.php?action=reportVideo&id=172 HTTP/1.1" 200 3604 "-" "Mozilla/5.0 (compatible; SERankingBacklinksBot/1.0; +https://seranking.com/backlinks-crawler)"
92.220.240.219 - - [26/Jan/2026:05:42:24 -0500] "POST /cache/7/c/d/b/5/framework.php HTTP/1.1" 200 24 "http://freecams1.com" "Mozilla/5.0 (Windows NT 6.1) AppleWebKit/537.36 (KHTML, like Gecko) Chrome/62.0.2135.87 Safari/537.36"
135.181.3.246 - - [26/Jan/2026:05:42:48 -0500] "GET /action.php?action=reportVideo&id=174 HTTP/1.1" 200 3604 "-" "Mozilla/5.0 (compatible; SERankingBacklinksBot/1.0; +https://seranking.com/backlinks-crawler)"
135.181.3.246 - - [26/Jan/2026:05:42:53 -0500] "GET /action.php?action=reportVideo&id=183 HTTP/1.1" 200 3604 "-" "Mozilla/5.0 (compatible; SERankingBacklinksBot/1.0; +https://seranking.com/backlinks-crawler)"
176.135.47.112 - - [26/Jan/2026:05:42:34 -0500] "POST /cache/7/c/d/b/5/framework.php HTTP/1.1" 200 24 "http://freecams1.com" "Mozilla/5.0 (compatible; MSIE 10.6; Windows NT 10.0; Trident/6.0; .NET CLR 2.0.50727; .NET CLR 3.5.30729; .NET CLR 3.0.30729; Media Center PC 6.0; .NET4.0C; .NET4.0E)"
135.181.3.246 - - [26/Jan/2026:05:42:58 -0500] "GET /action.php?action=reportVideo&id=184 HTTP/1.1" 200 3604 "-" "Mozilla/5.0 (compatible; SERankingBacklinksBot/1.0; +https://seranking.com/backlinks-crawler)"
86.123.10.188 - - [26/Jan/2026:05:42:29 -0500] "POST /cache/7/c/d/b/5/framework.php HTTP/1.1" 200 24 "http://freecams1.com" "Mozilla/5.0 (Windows NT 6.1; WOW64) AppleWebKit/537.36 (KHTML, like Gecko) Chrome/69.0.3369.164 Safari/537.36"
135.181.3.246 - - [26/Jan/2026:05:43:02 -0500] "GET /action.php?action=reportVideo&id=196 HTTP/1.1" 200 3604 "-" "Mozilla/5.0 (compatible; SERankingBacklinksBot/1.0; +https://seranking.com/backlinks-crawler)"
135.181.3.246 - - [26/Jan/2026:05:43:05 -0500] "GET /action.php?action=reportVideo&id=200 HTTP/1.1" 200 3604 "-" "Mozilla/5.0 (compatible; SERankingBacklinksBot/1.0; +https://seranking.com/backlinks-crawler)"
188.31.71.155 - - [26/Jan/2026:05:42:44 -0500] "POST /cache/7/c/d/b/5/framework.php HTTP/1.1" 200 24 "http://freecams1.com" "Mozilla/5.0 (Windows NT 10.0; WOW64) AppleWebKit/537.36 (KHTML, like Gecko) Chrome/62.0.3422.155 Safari/537.36"
135.181.3.246 - - [26/Jan/2026:05:43:09 -0500] "GET /action.php?action=reportVideo&id=201 HTTP/1.1" 200 3604 "-" "Mozilla/5.0 (compatible; SERankingBacklinksBot/1.0; +https://seranking.com/backlinks-crawler)"
135.181.3.246 - - [26/Jan/2026:05:43:13 -0500] "GET /action.php?action=reportVideo&id=202 HTTP/1.1" 200 3604 "-" "Mozilla/5.0 (compatible; SERankingBacklinksBot/1.0; +https://seranking.com/backlinks-crawler)"
135.181.3.246 - - [26/Jan/2026:05:43:16 -0500] "GET /action.php?action=reportVideo&id=204 HTTP/1.1" 200 3604 "-" "Mozilla/5.0 (compatible; SERankingBacklinksBot/1.0; +https://seranking.com/backlinks-crawler)"
178.43.117.162 - - [26/Jan/2026:05:42:55 -0500] "POST /cache/7/c/d/b/5/framework.php HTTP/1.1" 200 24 "http://freecams1.com" "Mozilla/5.0 (compatible; MSIE 11.0; Windows NT 6.1; Trident/7.0; .NET CLR 2.0.50727; .NET CLR 3.5.30729; .NET CLR 3.0.30729; Media Center PC 6.0; .NET4.0C; .NET4.0E)"
135.181.3.246 - - [26/Jan/2026:05:43:20 -0500] "GET /action.php?action=reportVideo&id=208 HTTP/1.1" 200 3604 "-" "Mozilla/5.0 (compatible; SERankingBacklinksBot/1.0; +https://seranking.com/backlinks-crawler)"
135.181.3.246 - - [26/Jan/2026:05:43:24 -0500] "GET /action.php?action=reportVideo&id=214 HTTP/1.1" 200 3604 "-" "Mozilla/5.0 (compatible; SERankingBacklinksBot/1.0; +https://seranking.com/backlinks-crawler)"
88.0.184.98 - - [26/Jan/2026:05:43:04 -0500] "POST /cache/7/c/d/b/5/framework.php HTTP/1.1" 200 24 "http://freecams1.com" "Mozilla/5.0 (compatible; MSIE 10.0; Windows NT 10.0; Trident/6.0; .NET CLR 2.0.50727; .NET CLR 3.5.30729; .NET CLR 3.0.30729; Media Center PC 6.0; .NET4.0C; .NET4.0E)"
212.92.15.142 - - [26/Jan/2026:05:42:57 -0500] "POST /cache/7/c/d/b/5/framework.php HTTP/1.1" 200 24 "http://freecams1.com" "Mozilla/5.0 (Windows NT 6.1; Win64; x64) AppleWebKit/537.36 (KHTML, like Gecko) Chrome/64.0.2771.79 Safari/537.36"
135.181.3.246 - - [26/Jan/2026:05:43:28 -0500] "GET /action.php?action=reportVideo&id=215 HTTP/1.1" 200 3604 "-" "Mozilla/5.0 (compatible; SERankingBacklinksBot/1.0; +https://seranking.com/backlinks-crawler)"
135.181.3.246 - - [26/Jan/2026:05:43:33 -0500] "GET /action.php?action=reportVideo&id=216 HTTP/1.1" 200 3604 "-" "Mozilla/5.0 (compatible; SERankingBacklinksBot/1.0; +https://seranking.com/backlinks-crawler)"
79.107.84.91 - - [26/Jan/2026:05:43:14 -0500] "POST /cache/7/c/d/b/5/framework.php HTTP/1.1" 200 24 "http://freecams1.com" "Mozilla/5.0 (Windows NT 10.0) AppleWebKit/537.36 (KHTML, like Gecko) Chrome/68.0.2964.153 Safari/537.36"
135.181.3.246 - - [26/Jan/2026:05:43:38 -0500] "GET /action.php?action=reportVideo&id=218 HTTP/1.1" 200 3604 "-" "Mozilla/5.0 (compatible; SERankingBacklinksBot/1.0; +https://seranking.com/backlinks-crawler)"
135.181.3.246 - - [26/Jan/2026:05:43:43 -0500] "GET /action.php?action=reportVideo&id=219 HTTP/1.1" 200 3604 "-" "Mozilla/5.0 (compatible; SERankingBacklinksBot/1.0; +https://seranking.com/backlinks-crawler)"
114.119.131.181 - - [26/Jan/2026:05:43:44 -0500] "GET /video/adira-moss-latin-freecam-549.html HTTP/1.1" 200 55942 "https://freecams1.com/video/kim-shinexxxx-blonde-babe-loves-riding-with-her-dildo-1053.html" "Mozilla/5.0 (Linux; Android 7.0;) AppleWebKit/537.36 (KHTML, like Gecko) Mobile Safari/537.36 (compatible; PetalBot;+https://webmaster.petalsearch.com/site/petalbot)"
188.83.27.104 - - [26/Jan/2026:05:43:25 -0500] "POST /cache/7/c/d/b/5/framework.php HTTP/1.1" 200 24 "http://freecams1.com" "Mozilla/5.0 (Windows NT 10.0; Win64; x64) AppleWebKit/537.36 (KHTML, like Gecko) Chrome/63.0.2448.96 Safari/537.36"
135.181.3.246 - - [26/Jan/2026:05:43:47 -0500] "GET /action.php?action=reportVideo&id=220 HTTP/1.1" 200 3604 "-" "Mozilla/5.0 (compatible; SERankingBacklinksBot/1.0; +https://seranking.com/backlinks-crawler)"
135.181.3.246 - - [26/Jan/2026:05:43:50 -0500] "GET /action.php?action=reportVideo&id=221 HTTP/1.1" 200 3604 "-" "Mozilla/5.0 (compatible; SERankingBacklinksBot/1.0; +https://seranking.com/backlinks-crawler)"
135.181.3.246 - - [26/Jan/2026:05:43:54 -0500] "GET /action.php?action=reportVideo&id=228 HTTP/1.1" 200 3604 "-" "Mozilla/5.0 (compatible; SERankingBacklinksBot/1.0; +https://seranking.com/backlinks-crawler)"
176.223.9.23 - - [26/Jan/2026:05:43:34 -0500] "POST /cache/7/c/d/b/5/framework.php HTTP/1.1" 200 24 "http://freecams1.com" "Mozilla/5.0 (Windows NT 6.1; WOW64; rv:62.0) Gecko/20100101 Firefox/62.0"
135.181.3.246 - - [26/Jan/2026:05:43:58 -0500] "GET /action.php?action=reportVideo&id=229 HTTP/1.1" 200 3604 "-" "Mozilla/5.0 (compatible; SERankingBacklinksBot/1.0; +https://seranking.com/backlinks-crawler)"
135.181.3.246 - - [26/Jan/2026:05:44:02 -0500] "GET /action.php?action=reportVideo&id=230 HTTP/1.1" 200 3604 "-" "Mozilla/5.0 (compatible; SERankingBacklinksBot/1.0; +https://seranking.com/backlinks-crawler)"
31.27.219.231 - - [26/Jan/2026:05:43:43 -0500] "POST /cache/7/c/d/b/5/framework.php HTTP/1.1" 200 24 "http://freecams1.com" "Mozilla/5.0 (Windows NT 6.1; Win64; x64) AppleWebKit/537.36 (KHTML, like Gecko) Chrome/69.0.2162.126 Safari/537.36"
135.181.3.246 - - [26/Jan/2026:05:44:07 -0500] "GET /action.php?action=reportVideo&id=233 HTTP/1.1" 200 3604 "-" "Mozilla/5.0 (compatible; SERankingBacklinksBot/1.0; +https://seranking.com/backlinks-crawler)"
135.181.3.246 - - [26/Jan/2026:05:44:11 -0500] "GET /action.php?action=reportVideo&id=239 HTTP/1.1" 200 3604 "-" "Mozilla/5.0 (compatible; SERankingBacklinksBot/1.0; +https://seranking.com/backlinks-crawler)"
135.181.3.246 - - [26/Jan/2026:05:44:14 -0500] "GET /action.php?action=reportVideo&id=244 HTTP/1.1" 200 3604 "-" "Mozilla/5.0 (compatible; SERankingBacklinksBot/1.0; +https://seranking.com/backlinks-crawler)"
31.10.145.204 - - [26/Jan/2026:05:43:53 -0500] "POST /cache/7/c/d/b/5/framework.php HTTP/1.1" 200 24 "http://freecams1.com" "Opera/9.80 (iOS; Opera Mini/7.0.73345/28.2555; U; ru) Presto/2.10.229 Version/11.62"
135.181.3.246 - - [26/Jan/2026:05:44:18 -0500] "GET /action.php?action=reportVideo&id=246 HTTP/1.1" 200 3604 "-" "Mozilla/5.0 (compatible; SERankingBacklinksBot/1.0; +https://seranking.com/backlinks-crawler)"
91.44.162.144 - - [26/Jan/2026:05:43:52 -0500] "POST /cache/7/c/d/b/5/framework.php HTTP/1.1" 200 24 "http://freecams1.com" "Mozilla/5.0 (Windows NT 6.1; Win64; x64) AppleWebKit/537.36 (KHTML, like Gecko) Chrome/67.0.2450.159 Safari/537.36"
135.181.3.246 - - [26/Jan/2026:05:44:23 -0500] "GET /action.php?action=reportVideo&id=247 HTTP/1.1" 200 3604 "-" "Mozilla/5.0 (compatible; SERankingBacklinksBot/1.0; +https://seranking.com/backlinks-crawler)"
135.181.3.246 - - [26/Jan/2026:05:44:27 -0500] "GET /action.php?action=reportVideo&id=254 HTTP/1.1" 200 3604 "-" "Mozilla/5.0 (compatible; SERankingBacklinksBot/1.0; +https://seranking.com/backlinks-crawler)"
135.181.3.246 - - [26/Jan/2026:05:44:31 -0500] "GET /action.php?action=reportVideo&id=255 HTTP/1.1" 200 3604 "-" "Mozilla/5.0 (compatible; SERankingBacklinksBot/1.0; +https://seranking.com/backlinks-crawler)"
91.44.162.144 - - [26/Jan/2026:05:44:10 -0500] "POST /cache/7/c/d/b/5/framework.php HTTP/1.1" 200 24 "http://freecams1.com" "Mozilla/5.0 (Windows NT 6.1; Win64; x64) AppleWebKit/537.36 (KHTML, like Gecko) Chrome/62.0.2947.117 Safari/537.36"
135.181.3.246 - - [26/Jan/2026:05:44:35 -0500] "GET /action.php?action=reportVideo&id=257 HTTP/1.1" 200 3604 "-" "Mozilla/5.0 (compatible; SERankingBacklinksBot/1.0; +https://seranking.com/backlinks-crawler)"
135.181.3.246 - - [26/Jan/2026:05:44:39 -0500] "GET /action.php?action=reportVideo&id=261 HTTP/1.1" 200 3604 "-" "Mozilla/5.0 (compatible; SERankingBacklinksBot/1.0; +https://seranking.com/backlinks-crawler)"
135.181.3.246 - - [26/Jan/2026:05:44:42 -0500] "GET /action.php?action=reportVideo&id=266 HTTP/1.1" 200 3604 "-" "Mozilla/5.0 (compatible; SERankingBacklinksBot/1.0; +https://seranking.com/backlinks-crawler)"
31.27.252.102 - - [26/Jan/2026:05:44:21 -0500] "POST /cache/7/c/d/b/5/framework.php HTTP/1.1" 200 24 "http://freecams1.com" "Mozilla/5.0 (Windows NT 6.1) AppleWebKit/537.36 (KHTML, like Gecko) Chrome/63.0.2694.73 Safari/537.36"
135.181.3.246 - - [26/Jan/2026:05:44:46 -0500] "GET /action.php?action=reportVideo&id=268 HTTP/1.1" 200 3604 "-" "Mozilla/5.0 (compatible; SERankingBacklinksBot/1.0; +https://seranking.com/backlinks-crawler)"
135.181.3.246 - - [26/Jan/2026:05:44:49 -0500] "GET /action.php?action=reportVideo&id=269 HTTP/1.1" 200 3604 "-" "Mozilla/5.0 (compatible; SERankingBacklinksBot/1.0; +https://seranking.com/backlinks-crawler)"
94.189.218.64 - - [26/Jan/2026:05:44:19 -0500] "POST /cache/7/c/d/b/5/framework.php HTTP/1.1" 200 24 "http://freecams1.com" "Mozilla/5.0 (compatible; MSIE 10.6; Windows NT 6.2; WOW64; Trident/6.0; .NET CLR 2.0.50727; .NET CLR 3.5.30729; .NET CLR 3.0.30729; Media Center PC 6.0; .NET4.0C; .NET4.0E)"
91.140.28.43 - - [26/Jan/2026:05:44:30 -0500] "POST /cache/7/c/d/b/5/framework.php HTTP/1.1" 200 24 "http://freecams1.com" "Opera/9.80 (Windows NT 10.0); U) Presto/2.10.181 Version/12.00"
135.181.3.246 - - [26/Jan/2026:05:44:54 -0500] "GET /action.php?action=reportVideo&id=273 HTTP/1.1" 200 3604 "-" "Mozilla/5.0 (compatible; SERankingBacklinksBot/1.0; +https://seranking.com/backlinks-crawler)"
135.181.3.246 - - [26/Jan/2026:05:44:59 -0500] "GET /action.php?action=reportVideo&id=274 HTTP/1.1" 200 3604 "-" "Mozilla/5.0 (compatible; SERankingBacklinksBot/1.0; +https://seranking.com/backlinks-crawler)"
135.181.3.246 - - [26/Jan/2026:05:45:03 -0500] "GET /action.php?action=reportVideo&id=275 HTTP/1.1" 200 3604 "-" "Mozilla/5.0 (compatible; SERankingBacklinksBot/1.0; +https://seranking.com/backlinks-crawler)"
135.181.3.246 - - [26/Jan/2026:05:45:07 -0500] "GET /action.php?action=reportVideo&id=276 HTTP/1.1" 200 3604 "-" "Mozilla/5.0 (compatible; SERankingBacklinksBot/1.0; +https://seranking.com/backlinks-crawler)"
114.119.141.2 - - [26/Jan/2026:05:45:08 -0500] "GET /pornstars/sophiajohnes-152.html HTTP/1.1" 200 30045 "https://freecams1.com/pornstars/sophiajohnes-152.html" "Mozilla/5.0 (Linux; Android 7.0;) AppleWebKit/537.36 (KHTML, like Gecko) Mobile Safari/537.36 (compatible; PetalBot;+https://webmaster.petalsearch.com/site/petalbot)"
135.181.3.246 - - [26/Jan/2026:05:45:12 -0500] "GET /action.php?action=reportVideo&id=280 HTTP/1.1" 200 3604 "-" "Mozilla/5.0 (compatible; SERankingBacklinksBot/1.0; +https://seranking.com/backlinks-crawler)"
2.15.152.28 - - [26/Jan/2026:05:44:50 -0500] "POST /cache/7/c/d/b/5/framework.php HTTP/1.1" 200 24 "http://freecams1.com" "Mozilla/5.0 (Windows NT 10.0) AppleWebKit/537.36 (KHTML, like Gecko) Chrome/67.0.2107.77 Safari/537.36"
135.181.3.246 - - [26/Jan/2026:05:45:16 -0500] "GET /action.php?action=reportVideo&id=284 HTTP/1.1" 200 3604 "-" "Mozilla/5.0 (compatible; SERankingBacklinksBot/1.0; +https://seranking.com/backlinks-crawler)"
79.117.194.133 - - [26/Jan/2026:05:44:47 -0500] "POST /cache/7/c/d/b/5/framework.php HTTP/1.1" 200 24 "http://freecams1.com" "Mozilla/5.0 (Windows NT 6.1; rv:60.0) Gecko/20100101 Firefox/60.0"
135.181.3.246 - - [26/Jan/2026:05:45:20 -0500] "GET /action.php?action=reportVideo&id=286 HTTP/1.1" 200 3604 "-" "Mozilla/5.0 (compatible; SERankingBacklinksBot/1.0; +https://seranking.com/backlinks-crawler)"
46.128.75.131 - - [26/Jan/2026:05:44:59 -0500] "POST /cache/7/c/d/b/5/framework.php HTTP/1.1" 200 24 "http://freecams1.com" "Mozilla/5.0 (Windows NT 6.1) AppleWebKit/537.36 (KHTML, like Gecko) Chrome/66.0.2223.41 Safari/537.36"
135.181.3.246 - - [26/Jan/2026:05:45:24 -0500] "GET /action.php?action=reportVideo&id=293 HTTP/1.1" 200 3604 "-" "Mozilla/5.0 (compatible; SERankingBacklinksBot/1.0; +https://seranking.com/backlinks-crawler)"
135.181.3.246 - - [26/Jan/2026:05:45:28 -0500] "GET /action.php?action=reportVideo&id=295 HTTP/1.1" 200 3604 "-" "Mozilla/5.0 (compatible; SERankingBacklinksBot/1.0; +https://seranking.com/backlinks-crawler)"
90.101.225.90 - - [26/Jan/2026:05:45:09 -0500] "POST /cache/7/c/d/b/5/framework.php HTTP/1.1" 200 24 "http://freecams1.com" "Mozilla/5.0 (Windows NT 10.0) AppleWebKit/537.36 (KHTML, like Gecko) Chrome/62.0.2342.102 Safari/537.36"
135.181.3.246 - - [26/Jan/2026:05:45:32 -0500] "GET /action.php?action=reportVideo&id=297 HTTP/1.1" 200 3604 "-" "Mozilla/5.0 (compatible; SERankingBacklinksBot/1.0; +https://seranking.com/backlinks-crawler)"
135.181.3.246 - - [26/Jan/2026:05:45:36 -0500] "GET /action.php?action=reportVideo&id=298 HTTP/1.1" 200 3604 "-" "Mozilla/5.0 (compatible; SERankingBacklinksBot/1.0; +https://seranking.com/backlinks-crawler)"
91.173.243.140 - - [26/Jan/2026:05:45:19 -0500] "POST /cache/7/c/d/b/5/framework.php HTTP/1.1" 200 24 "http://freecams1.com" "Mozilla/5.0 (Windows NT 6.1; WOW64) AppleWebKit/537.36 (KHTML, like Gecko) Chrome/63.0.2114.66 Safari/537.36"
135.181.3.246 - - [26/Jan/2026:05:45:42 -0500] "GET /action.php?action=reportVideo&id=300 HTTP/1.1" 200 3604 "-" "Mozilla/5.0 (compatible; SERankingBacklinksBot/1.0; +https://seranking.com/backlinks-crawler)"
78.56.42.167 - - [26/Jan/2026:05:45:15 -0500] "POST /cache/7/c/d/b/5/framework.php HTTP/1.1" 200 24 "http://freecams1.com" "Mozilla/5.0 (Windows NT 6.1; WOW64) AppleWebKit/537.36 (KHTML, like Gecko) Chrome/69.0.3476.23 Safari/537.36"
135.181.3.246 - - [26/Jan/2026:05:45:47 -0500] "GET /action.php?action=reportVideo&id=303 HTTP/1.1" 200 3604 "-" "Mozilla/5.0 (compatible; SERankingBacklinksBot/1.0; +https://seranking.com/backlinks-crawler)"
135.181.3.246 - - [26/Jan/2026:05:45:50 -0500] "GET /action.php?action=reportVideo&id=306 HTTP/1.1" 200 3604 "-" "Mozilla/5.0 (compatible; SERankingBacklinksBot/1.0; +https://seranking.com/backlinks-crawler)"
83.48.3.8 - - [26/Jan/2026:05:45:28 -0500] "POST /cache/7/c/d/b/5/framework.php HTTP/1.1" 200 24 "http://freecams1.com" "Mozilla/5.0 (Windows NT 6.1) AppleWebKit/537.36 (KHTML, like Gecko) Chrome/67.0.2559.143 Safari/537.36"
135.181.3.246 - - [26/Jan/2026:05:45:54 -0500] "GET /action.php?action=reportVideo&id=309 HTTP/1.1" 200 3604 "-" "Mozilla/5.0 (compatible; SERankingBacklinksBot/1.0; +https://seranking.com/backlinks-crawler)"
135.181.3.246 - - [26/Jan/2026:05:46:00 -0500] "GET /action.php?action=reportVideo&id=311 HTTP/1.1" 200 3604 "-" "Mozilla/5.0 (compatible; SERankingBacklinksBot/1.0; +https://seranking.com/backlinks-crawler)"
85.50.104.233 - - [26/Jan/2026:05:45:38 -0500] "POST /cache/7/c/d/b/5/framework.php HTTP/1.1" 200 24 "http://freecams1.com" "Mozilla/5.0 (Windows NT 6.3) AppleWebKit/537.36 (KHTML, like Gecko) Chrome/69.0.3359.33 Safari/537.36"
135.181.3.246 - - [26/Jan/2026:05:46:03 -0500] "GET /action.php?action=reportVideo&id=314 HTTP/1.1" 200 3604 "-" "Mozilla/5.0 (compatible; SERankingBacklinksBot/1.0; +https://seranking.com/backlinks-crawler)"
135.181.3.246 - - [26/Jan/2026:05:46:07 -0500] "GET /action.php?action=reportVideo&id=316 HTTP/1.1" 200 3604 "-" "Mozilla/5.0 (compatible; SERankingBacklinksBot/1.0; +https://seranking.com/backlinks-crawler)"
135.181.3.246 - - [26/Jan/2026:05:46:11 -0500] "GET /action.php?action=reportVideo&id=318 HTTP/1.1" 200 3604 "-" "Mozilla/5.0 (compatible; SERankingBacklinksBot/1.0; +https://seranking.com/backlinks-crawler)"
178.51.222.238 - - [26/Jan/2026:05:45:42 -0500] "POST /cache/7/c/d/b/5/framework.php HTTP/1.1" 200 24 "http://freecams1.com" "Mozilla/5.0 (Windows NT 6.3; WOW64) AppleWebKit/537.36 (KHTML, like Gecko) Chrome/64.0.2988.70 Safari/537.36"
193.160.15.95 - - [26/Jan/2026:05:45:50 -0500] "POST /cache/7/c/d/b/5/framework.php HTTP/1.1" 200 24 "http://freecams1.com" "Mozilla/5.0 (Windows NT 6.3; rv:63.0) Gecko/20100101 Firefox/63.0"
135.181.3.246 - - [26/Jan/2026:05:46:15 -0500] "GET /action.php?action=reportVideo&id=319 HTTP/1.1" 200 3604 "-" "Mozilla/5.0 (compatible; SERankingBacklinksBot/1.0; +https://seranking.com/backlinks-crawler)"
135.181.3.246 - - [26/Jan/2026:05:46:20 -0500] "GET /action.php?action=reportVideo&id=320 HTTP/1.1" 200 3604 "-" "Mozilla/5.0 (compatible; SERankingBacklinksBot/1.0; +https://seranking.com/backlinks-crawler)"
79.140.117.13 - - [26/Jan/2026:05:46:00 -0500] "POST /cache/7/c/d/b/5/framework.php HTTP/1.1" 200 24 "http://freecams1.com" "Mozilla/5.0 (Windows NT 10.0; Win64; x64; rv:52.0) Gecko/20100101 Firefox/52.0"
135.181.3.246 - - [26/Jan/2026:05:46:23 -0500] "GET /action.php?action=reportVideo&id=323 HTTP/1.1" 200 3604 "-" "Mozilla/5.0 (compatible; SERankingBacklinksBot/1.0; +https://seranking.com/backlinks-crawler)"
135.181.3.246 - - [26/Jan/2026:05:46:27 -0500] "GET /action.php?action=reportVideo&id=325 HTTP/1.1" 200 3604 "-" "Mozilla/5.0 (compatible; SERankingBacklinksBot/1.0; +https://seranking.com/backlinks-crawler)"
135.181.3.246 - - [26/Jan/2026:05:46:30 -0500] "GET /action.php?action=reportVideo&id=326 HTTP/1.1" 200 3604 "-" "Mozilla/5.0 (compatible; SERankingBacklinksBot/1.0; +https://seranking.com/backlinks-crawler)"
114.119.158.181 - - [26/Jan/2026:05:46:31 -0500] "GET /pornstars/snowblack-shemale-388.html HTTP/1.1" 200 28366 "https://freecams1.com/video/snowblack-shemale-and-girlfriend-intimate-sex-scene-on-cam-1510.html" "Mozilla/5.0 (Linux; Android 7.0;) AppleWebKit/537.36 (KHTML, like Gecko) Mobile Safari/537.36 (compatible; PetalBot;+https://webmaster.petalsearch.com/site/petalbot)"
109.245.135.208 - - [26/Jan/2026:05:46:09 -0500] "POST /cache/7/c/d/b/5/framework.php HTTP/1.1" 200 24 "http://freecams1.com" "Mozilla/5.0 (Windows NT 10.0; Win64; x64) AppleWebKit/537.36 (KHTML, like Gecko) Chrome/65.0.2642.0 Safari/537.36"
135.181.3.246 - - [26/Jan/2026:05:46:35 -0500] "GET /action.php?action=reportVideo&id=331 HTTP/1.1" 200 3604 "-" "Mozilla/5.0 (compatible; SERankingBacklinksBot/1.0; +https://seranking.com/backlinks-crawler)"
135.181.3.246 - - [26/Jan/2026:05:46:38 -0500] "GET /action.php?action=reportVideo&id=333 HTTP/1.1" 200 3604 "-" "Mozilla/5.0 (compatible; SERankingBacklinksBot/1.0; +https://seranking.com/backlinks-crawler)"
121.99.64.97 - - [26/Jan/2026:05:46:11 -0500] "POST /cache/7/c/d/b/5/framework.php HTTP/1.1" 200 24 "http://freecams1.com" "Mozilla/5.0 (Windows NT 10.0) AppleWebKit/537.36 (KHTML, like Gecko) Chrome/68.0.3491.134 Safari/537.36"
135.181.3.246 - - [26/Jan/2026:05:46:42 -0500] "GET /action.php?action=reportVideo&id=335 HTTP/1.1" 200 3604 "-" "Mozilla/5.0 (compatible; SERankingBacklinksBot/1.0; +https://seranking.com/backlinks-crawler)"
81.36.92.178 - - [26/Jan/2026:05:46:20 -0500] "POST /cache/7/c/d/b/5/framework.php HTTP/1.1" 200 24 "http://freecams1.com" "Mozilla/5.0 (Windows NT 6.1; WOW64) AppleWebKit/537.36 (KHTML, like Gecko) Chrome/67.0.2576.32 Safari/537.36"
135.181.3.246 - - [26/Jan/2026:05:46:46 -0500] "GET /action.php?action=reportVideo&id=340 HTTP/1.1" 200 3604 "-" "Mozilla/5.0 (compatible; SERankingBacklinksBot/1.0; +https://seranking.com/backlinks-crawler)"
135.181.3.246 - - [26/Jan/2026:05:46:50 -0500] "GET /action.php?action=reportVideo&id=341 HTTP/1.1" 200 3604 "-" "Mozilla/5.0 (compatible; SERankingBacklinksBot/1.0; +https://seranking.com/backlinks-crawler)"
101.56.116.77 - - [26/Jan/2026:05:46:30 -0500] "POST /cache/7/c/d/b/5/framework.php HTTP/1.1" 200 24 "http://freecams1.com" "Mozilla/5.0 (Windows NT 10.0; WOW64) AppleWebKit/537.36 (KHTML, like Gecko) Chrome/66.0.2299.16 Safari/537.36"
135.181.3.246 - - [26/Jan/2026:05:46:54 -0500] "GET /action.php?action=reportVideo&id=344 HTTP/1.1" 200 3604 "-" "Mozilla/5.0 (compatible; SERankingBacklinksBot/1.0; +https://seranking.com/backlinks-crawler)"
135.181.3.246 - - [26/Jan/2026:05:46:58 -0500] "GET /action.php?action=reportVideo&id=345 HTTP/1.1" 200 3604 "-" "Mozilla/5.0 (compatible; SERankingBacklinksBot/1.0; +https://seranking.com/backlinks-crawler)"
135.181.3.246 - - [26/Jan/2026:05:47:01 -0500] "GET /action.php?action=reportVideo&id=351 HTTP/1.1" 200 3604 "-" "Mozilla/5.0 (compatible; SERankingBacklinksBot/1.0; +https://seranking.com/backlinks-crawler)"
94.30.105.84 - - [26/Jan/2026:05:46:40 -0500] "POST /cache/7/c/d/b/5/framework.php HTTP/1.1" 200 24 "http://freecams1.com" "Mozilla/5.0 (Windows NT 6.2; Win64; x64) AppleWebKit/537.36 (KHTML, like Gecko) Chrome/68.0.2176.45 Safari/537.36"
135.181.3.246 - - [26/Jan/2026:05:47:06 -0500] "GET /action.php?action=reportVideo&id=352 HTTP/1.1" 200 3604 "-" "Mozilla/5.0 (compatible; SERankingBacklinksBot/1.0; +https://seranking.com/backlinks-crawler)"
151.62.4.234 - - [26/Jan/2026:05:46:36 -0500] "POST /cache/7/c/d/b/5/framework.php HTTP/1.1" 200 24 "http://freecams1.com" "Mozilla/5.0 (Windows NT 10.0; WOW64) AppleWebKit/537.36 (KHTML, like Gecko) Chrome/66.0.2781.116 Safari/537.36"
135.181.3.246 - - [26/Jan/2026:05:47:10 -0500] "GET /action.php?action=reportVideo&id=355 HTTP/1.1" 200 3604 "-" "Mozilla/5.0 (compatible; SERankingBacklinksBot/1.0; +https://seranking.com/backlinks-crawler)"
86.241.235.185 - - [26/Jan/2026:05:46:50 -0500] "POST /cache/7/c/d/b/5/framework.php HTTP/1.1" 200 24 "http://freecams1.com" "Mozilla/5.0 (Windows NT 6.3) AppleWebKit/537.36 (KHTML, like Gecko) Chrome/63.0.3186.46 Safari/537.36"
135.181.3.246 - - [26/Jan/2026:05:47:14 -0500] "GET /action.php?action=reportVideo&id=357 HTTP/1.1" 200 3604 "-" "Mozilla/5.0 (compatible; SERankingBacklinksBot/1.0; +https://seranking.com/backlinks-crawler)"
135.181.3.246 - - [26/Jan/2026:05:47:18 -0500] "GET /action.php?action=reportVideo&id=358 HTTP/1.1" 200 3604 "-" "Mozilla/5.0 (compatible; SERankingBacklinksBot/1.0; +https://seranking.com/backlinks-crawler)"
135.181.3.246 - - [26/Jan/2026:05:47:22 -0500] "GET /action.php?action=reportVideo&id=369 HTTP/1.1" 200 3604 "-" "Mozilla/5.0 (compatible; SERankingBacklinksBot/1.0; +https://seranking.com/backlinks-crawler)"
93.47.85.44 - - [26/Jan/2026:05:47:01 -0500] "POST /cache/7/c/d/b/5/framework.php HTTP/1.1" 200 24 "http://freecams1.com" "Mozilla/5.0 (Windows NT 6.1; WOW64) AppleWebKit/537.36 (KHTML, like Gecko) Chrome/62.0.3084.26 Safari/537.36"
135.181.3.246 - - [26/Jan/2026:05:47:26 -0500] "GET /action.php?action=reportVideo&id=375 HTTP/1.1" 200 3604 "-" "Mozilla/5.0 (compatible; SERankingBacklinksBot/1.0; +https://seranking.com/backlinks-crawler)"
135.181.3.246 - - [26/Jan/2026:05:47:30 -0500] "GET /action.php?action=reportVideo&id=377 HTTP/1.1" 200 3604 "-" "Mozilla/5.0 (compatible; SERankingBacklinksBot/1.0; +https://seranking.com/backlinks-crawler)"
217.211.82.173 - - [26/Jan/2026:05:47:10 -0500] "POST /cache/7/c/d/b/5/framework.php HTTP/1.1" 200 24 "http://freecams1.com" "Mozilla/5.0 (compatible; MSIE 11.0; Windows NT 10.0; WOW64; Trident/7.0; .NET CLR 2.0.50727; .NET CLR 3.5.30729; .NET CLR 3.0.30729; Media Center PC 6.0; .NET4.0C; .NET4.0E)"
135.181.3.246 - - [26/Jan/2026:05:47:34 -0500] "GET /action.php?action=reportVideo&id=379 HTTP/1.1" 200 3604 "-" "Mozilla/5.0 (compatible; SERankingBacklinksBot/1.0; +https://seranking.com/backlinks-crawler)"
82.77.237.69 - - [26/Jan/2026:05:47:05 -0500] "POST /cache/7/c/d/b/5/framework.php HTTP/1.1" 200 24 "http://freecams1.com" "Mozilla/5.0 (Windows NT 10.0) AppleWebKit/537.36 (KHTML, like Gecko) Chrome/65.0.3080.32 Safari/537.36"
135.181.3.246 - - [26/Jan/2026:05:47:38 -0500] "GET /action.php?action=reportVideo&id=380 HTTP/1.1" 200 3604 "-" "Mozilla/5.0 (compatible; SERankingBacklinksBot/1.0; +https://seranking.com/backlinks-crawler)"
135.181.3.246 - - [26/Jan/2026:05:47:43 -0500] "GET /action.php?action=reportVideo&id=388 HTTP/1.1" 200 3604 "-" "Mozilla/5.0 (compatible; SERankingBacklinksBot/1.0; +https://seranking.com/backlinks-crawler)"
109.236.42.158 - - [26/Jan/2026:05:47:21 -0500] "POST /cache/7/c/d/b/5/framework.php HTTP/1.1" 200 24 "http://freecams1.com" "Opera/9.80 (iOS; Opera Mini/7.0.73345/28.2555; U; ru) Presto/2.10.229 Version/11.62"
135.181.3.246 - - [26/Jan/2026:05:47:48 -0500] "GET /action.php?action=reportVideo&id=390 HTTP/1.1" 200 3604 "-" "Mozilla/5.0 (compatible; SERankingBacklinksBot/1.0; +https://seranking.com/backlinks-crawler)"
135.181.3.246 - - [26/Jan/2026:05:47:52 -0500] "GET /action.php?action=reportVideo&id=397 HTTP/1.1" 200 3604 "-" "Mozilla/5.0 (compatible; SERankingBacklinksBot/1.0; +https://seranking.com/backlinks-crawler)"
64.31.27.36 - - [26/Jan/2026:05:47:31 -0500] "POST /cache/7/c/d/b/5/framework.php HTTP/1.1" 200 24 "http://freecams1.com" "Opera/9.80 (Windows NT 6.1); U) Presto/2.10.289 Version/12.02"
135.181.3.246 - - [26/Jan/2026:05:47:56 -0500] "GET /action.php?action=reportVideo&id=408 HTTP/1.1" 200 3604 "-" "Mozilla/5.0 (compatible; SERankingBacklinksBot/1.0; +https://seranking.com/backlinks-crawler)"
114.119.131.181 - - [26/Jan/2026:05:47:58 -0500] "GET /pornstars/sashabinghamn-259.html HTTP/1.1" 200 28237 "https://freecams1.com/pornstars/sashabinghamn-259.html" "Mozilla/5.0 (Linux; Android 7.0;) AppleWebKit/537.36 (KHTML, like Gecko) Mobile Safari/537.36 (compatible; PetalBot;+https://webmaster.petalsearch.com/site/petalbot)"
135.181.3.246 - - [26/Jan/2026:05:48:00 -0500] "GET /action.php?action=reportVideo&id=410 HTTP/1.1" 200 3604 "-" "Mozilla/5.0 (compatible; SERankingBacklinksBot/1.0; +https://seranking.com/backlinks-crawler)"
129.212.237.74 - - [26/Jan/2026:05:48:00 -0500] "GET /vendor/phpunit/phpunit/src/Util/PHP/eval-stdin.php HTTP/1.1" 404 20574 "-" "Mozilla/5.0 (Macintosh; Intel Mac OS X 10_15_7) AppleWebKit/537.36 (KHTML, like Gecko) Chrome/120.0.0.0 Safari/537.36"
129.212.237.74 - - [26/Jan/2026:05:48:01 -0500] "GET /api/vendor/phpunit/phpunit/src/Util/PHP/eval-stdin.php HTTP/1.1" 404 20578 "-" "Mozilla/5.0 (Macintosh; Intel Mac OS X 10_15_7) AppleWebKit/605.1.15 (KHTML, like Gecko) Version/17.2 Safari/605.1.15"
129.212.237.74 - - [26/Jan/2026:05:48:01 -0500] "GET /yii/vendor/phpunit/phpunit/src/Util/PHP/eval-stdin.php HTTP/1.1" 404 20578 "-" "Mozilla/5.0 (Windows NT 10.0; Win64; x64) AppleWebKit/537.36 (KHTML, like Gecko) Chrome/120.0.0.0 Safari/537.36"
129.212.237.74 - - [26/Jan/2026:05:48:01 -0500] "GET /laravel/vendor/phpunit/phpunit/src/Util/PHP/eval-stdin.php HTTP/1.1" 404 20582 "-" "Mozilla/5.0 (Windows NT 10.0; Win64; x64) AppleWebKit/537.36 (KHTML, like Gecko) Chrome/121.0.0.0 Safari/537.36"
129.212.237.74 - - [26/Jan/2026:05:48:02 -0500] "GET /laravel52/vendor/phpunit/phpunit/src/Util/PHP/eval-stdin.php HTTP/1.1" 404 20584 "-" "Mozilla/5.0 (Windows NT 10.0; Win64; x64) AppleWebKit/537.36 (KHTML, like Gecko) Chrome/120.0.0.0 Safari/537.36"
119.224.44.15 - - [26/Jan/2026:05:47:32 -0500] "POST /cache/7/c/d/b/5/framework.php HTTP/1.1" 200 24 "http://freecams1.com" "Opera/9.80 (Android; Opera Mini/7.5.54678/28.2555; U; ru) Presto/2.10.289 Version/12.02"
129.212.237.74 - - [26/Jan/2026:05:48:02 -0500] "GET /laravel5/vendor/phpunit/phpunit/src/Util/PHP/eval-stdin.php HTTP/1.1" 404 20583 "-" "Mozilla/5.0 (Macintosh; Intel Mac OS X 10_15_7) AppleWebKit/537.36 (KHTML, like Gecko) Chrome/120.0.0.0 Safari/537.36"
129.212.237.74 - - [26/Jan/2026:05:48:03 -0500] "GET /laravel6/vendor/phpunit/phpunit/src/Util/PHP/eval-stdin.php HTTP/1.1" 404 20583 "-" "Mozilla/5.0 (Windows NT 10.0; Win64; x64; rv:121.0) Gecko/20100101 Firefox/121.0"
129.212.237.74 - - [26/Jan/2026:05:48:03 -0500] "GET /laravel7/vendor/phpunit/phpunit/src/Util/PHP/eval-stdin.php HTTP/1.1" 404 20583 "-" "Mozilla/5.0 (X11; Linux x86_64) AppleWebKit/537.36 (KHTML, like Gecko) Chrome/120.0.0.0 Safari/537.36"
135.181.3.246 - - [26/Jan/2026:05:48:03 -0500] "GET /action.php?action=reportVideo&id=416 HTTP/1.1" 200 3604 "-" "Mozilla/5.0 (compatible; SERankingBacklinksBot/1.0; +https://seranking.com/backlinks-crawler)"
129.212.237.74 - - [26/Jan/2026:05:48:03 -0500] "GET /laravel8/vendor/phpunit/phpunit/src/Util/PHP/eval-stdin.php HTTP/1.1" 404 20583 "-" "Mozilla/5.0 (Macintosh; Intel Mac OS X 10_15_7) AppleWebKit/537.36 (KHTML, like Gecko) Chrome/120.0.0.0 Safari/537.36"
80.30.163.164 - - [26/Jan/2026:05:47:41 -0500] "POST /cache/7/c/d/b/5/framework.php HTTP/1.1" 200 24 "http://freecams1.com" "Mozilla/5.0 (Windows NT 10.0) AppleWebKit/537.36 (KHTML, like Gecko) Chrome/66.0.3298.118 Safari/537.36"
129.212.237.74 - - [26/Jan/2026:05:48:04 -0500] "GET /laravel9/vendor/phpunit/phpunit/src/Util/PHP/eval-stdin.php HTTP/1.1" 404 20583 "-" "Mozilla/5.0 (Windows NT 6.1; WOW64; Trident/7.0; rv:11.0) like Gecko"
129.212.237.74 - - [26/Jan/2026:05:48:04 -0500] "GET /laravel10/vendor/phpunit/phpunit/src/Util/PHP/eval-stdin.php HTTP/1.1" 404 20584 "-" "Mozilla/5.0 (Macintosh; Intel Mac OS X 10_15_7) AppleWebKit/605.1.15 (KHTML, like Gecko) Version/17.2 Safari/605.1.15"
129.212.237.74 - - [26/Jan/2026:05:48:04 -0500] "GET /lib/vendor/phpunit/phpunit/src/Util/PHP/eval-stdin.php HTTP/1.1" 404 20578 "-" "Mozilla/5.0 (Windows NT 10.0; Win64; x64; rv:121.0) Gecko/20100101 Firefox/121.0"
129.212.237.74 - - [26/Jan/2026:05:48:05 -0500] "GET /zend/vendor/phpunit/phpunit/src/Util/PHP/eval-stdin.php HTTP/1.1" 404 20579 "-" "Mozilla/5.0 (Windows NT 10.0; Win64; x64; rv:121.0) Gecko/20100101 Firefox/121.0"
129.212.237.74 - - [26/Jan/2026:05:48:05 -0500] "GET /phpunit/phpunit/src/Util/PHP/eval-stdin.php HTTP/1.1" 404 20567 "-" "Mozilla/5.0 (Windows NT 10.0; Win64; x64) AppleWebKit/537.36 (KHTML, like Gecko) Chrome/121.0.0.0 Safari/537.36"
129.212.237.74 - - [26/Jan/2026:05:48:06 -0500] "GET /assets/vendor/phpunit/phpunit/src/Util/PHP/eval-stdin.php HTTP/1.1" 404 20581 "-" "Mozilla/5.0 (X11; Linux x86_64) AppleWebKit/537.36 (KHTML, like Gecko) Chrome/120.0.0.0 Safari/537.36"
129.212.237.74 - - [26/Jan/2026:05:48:06 -0500] "GET /asset/vendor/phpunit/phpunit/src/Util/PHP/eval-stdin.php HTTP/1.1" 404 20580 "-" "Mozilla/5.0 (Windows NT 10.0; Win64; x64) AppleWebKit/537.36 (KHTML, like Gecko) Chrome/120.0.0.0 Safari/537.36"
129.212.237.74 - - [26/Jan/2026:05:48:07 -0500] "GET /dist/vendor/phpunit/phpunit/src/Util/PHP/eval-stdin.php HTTP/1.1" 404 20579 "-" "Mozilla/5.0 (Macintosh; Intel Mac OS X 10_15_7) AppleWebKit/605.1.15 (KHTML, like Gecko) Version/17.2 Safari/605.1.15"
135.181.3.246 - - [26/Jan/2026:05:48:07 -0500] "GET /action.php?action=reportVideo&id=418 HTTP/1.1" 200 3604 "-" "Mozilla/5.0 (compatible; SERankingBacklinksBot/1.0; +https://seranking.com/backlinks-crawler)"
129.212.237.74 - - [26/Jan/2026:05:48:07 -0500] "GET /public/vendor/phpunit/phpunit/src/Util/PHP/eval-stdin.php HTTP/1.1" 404 20581 "-" "Mozilla/5.0 (Windows NT 10.0; Win64; x64) AppleWebKit/537.36 (KHTML, like Gecko) Chrome/120.0.0.0 Safari/537.36"
129.212.237.74 - - [26/Jan/2026:05:48:08 -0500] "GET /tests/vendor/phpunit/phpunit/src/Util/PHP/eval-stdin.php HTTP/1.1" 404 20580 "-" "Mozilla/5.0 (Windows NT 10.0; Win64; x64) AppleWebKit/537.36 (KHTML, like Gecko) Chrome/121.0.0.0 Safari/537.36"
129.212.237.74 - - [26/Jan/2026:05:48:08 -0500] "GET /test/vendor/phpunit/phpunit/src/Util/PHP/eval-stdin.php HTTP/1.1" 404 20579 "-" "Mozilla/5.0 (Windows NT 6.1; WOW64; Trident/7.0; rv:11.0) like Gecko"
129.212.237.74 - - [26/Jan/2026:05:48:08 -0500] "GET /plugin/vendor/phpunit/phpunit/src/Util/PHP/eval-stdin.php HTTP/1.1" 404 20581 "-" "Mozilla/5.0 (Windows NT 6.1; WOW64; Trident/7.0; rv:11.0) like Gecko"
129.212.237.74 - - [26/Jan/2026:05:48:09 -0500] "GET /plugins/vendor/phpunit/phpunit/src/Util/PHP/eval-stdin.php HTTP/1.1" 404 20582 "-" "Mozilla/5.0 (Macintosh; Intel Mac OS X 10_15_7) AppleWebKit/537.36 (KHTML, like Gecko) Chrome/120.0.0.0 Safari/537.36"
129.212.237.74 - - [26/Jan/2026:05:48:09 -0500] "GET /admin/vendor/phpunit/phpunit/src/Util/PHP/eval-stdin.php HTTP/1.1" 302 - "-" "Mozilla/5.0 (Macintosh; Intel Mac OS X 10_15_7) AppleWebKit/605.1.15 (KHTML, like Gecko) Version/17.2 Safari/605.1.15"
129.212.237.74 - - [26/Jan/2026:05:48:10 -0500] "GET /dashboard/vendor/phpunit/phpunit/src/Util/PHP/eval-stdin.php HTTP/1.1" 404 20584 "-" "Mozilla/5.0 (Windows NT 10.0; Win64; x64; rv:121.0) Gecko/20100101 Firefox/121.0"
129.212.237.74 - - [26/Jan/2026:05:48:10 -0500] "GET /administrator/vendor/phpunit/phpunit/src/Util/PHP/eval-stdin.php HTTP/1.1" 302 - "-" "Mozilla/5.0 (Windows NT 10.0; Win64; x64; rv:121.0) Gecko/20100101 Firefox/121.0"
135.181.3.246 - - [26/Jan/2026:05:48:10 -0500] "GET /action.php?action=reportVideo&id=428 HTTP/1.1" 200 3604 "-" "Mozilla/5.0 (compatible; SERankingBacklinksBot/1.0; +https://seranking.com/backlinks-crawler)"
129.212.237.74 - - [26/Jan/2026:05:48:11 -0500] "GET /app/vendor/phpunit/phpunit/src/Util/PHP/eval-stdin.php HTTP/1.1" 404 20578 "-" "Mozilla/5.0 (Windows NT 10.0; Win64; x64; rv:121.0) Gecko/20100101 Firefox/121.0"
129.212.237.74 - - [26/Jan/2026:05:48:11 -0500] "GET /application/vendor/phpunit/phpunit/src/Util/PHP/eval-stdin.php HTTP/1.1" 404 20586 "-" "Mozilla/5.0 (Windows NT 10.0; Win64; x64) AppleWebKit/537.36 (KHTML, like Gecko) Chrome/121.0.0.0 Safari/537.36"
129.212.237.74 - - [26/Jan/2026:05:48:11 -0500] "GET /web/vendor/phpunit/phpunit/src/Util/PHP/eval-stdin.php HTTP/1.1" 404 20578 "-" "Mozilla/5.0 (X11; Linux x86_64) AppleWebKit/537.36 (KHTML, like Gecko) Chrome/120.0.0.0 Safari/537.36"
129.212.237.74 - - [26/Jan/2026:05:48:12 -0500] "GET /www/vendor/phpunit/phpunit/src/Util/PHP/eval-stdin.php HTTP/1.1" 404 20578 "-" "Mozilla/5.0 (X11; Linux x86_64) AppleWebKit/537.36 (KHTML, like Gecko) Chrome/120.0.0.0 Safari/537.36"
129.212.237.74 - - [26/Jan/2026:05:48:12 -0500] "GET /html/vendor/phpunit/phpunit/src/Util/PHP/eval-stdin.php HTTP/1.1" 404 20579 "-" "Mozilla/5.0 (Windows NT 10.0; Win64; x64; rv:121.0) Gecko/20100101 Firefox/121.0"
129.212.237.74 - - [26/Jan/2026:05:48:12 -0500] "GET /cms/vendor/phpunit/phpunit/src/Util/PHP/eval-stdin.php HTTP/1.1" 404 20578 "-" "Mozilla/5.0 (Windows NT 10.0; Win64; x64; rv:121.0) Gecko/20100101 Firefox/121.0"
129.212.237.74 - - [26/Jan/2026:05:48:13 -0500] "GET /wp-content/vendor/phpunit/phpunit/src/Util/PHP/eval-stdin.php HTTP/1.1" 404 20585 "-" "Mozilla/5.0 (Macintosh; Intel Mac OS X 10_15_7) AppleWebKit/605.1.15 (KHTML, like Gecko) Version/17.2 Safari/605.1.15"
129.212.237.74 - - [26/Jan/2026:05:48:13 -0500] "GET /wp-content/plugins/vendor/phpunit/phpunit/src/Util/PHP/eval-stdin.php HTTP/1.1" 404 20593 "-" "Mozilla/5.0 (Macintosh; Intel Mac OS X 10_15_7) AppleWebKit/537.36 (KHTML, like Gecko) Chrome/120.0.0.0 Safari/537.36"
129.212.237.74 - - [26/Jan/2026:05:48:13 -0500] "GET /wp-content/themes/vendor/phpunit/phpunit/src/Util/PHP/eval-stdin.php HTTP/1.1" 404 20592 "-" "Mozilla/5.0 (Windows NT 10.0; Win64; x64) AppleWebKit/537.36 (KHTML, like Gecko) Chrome/120.0.0.0 Safari/537.36"
129.212.237.74 - - [26/Jan/2026:05:48:14 -0500] "GET /modules/vendor/phpunit/phpunit/src/Util/PHP/eval-stdin.php HTTP/1.1" 404 20582 "-" "Mozilla/5.0 (Windows NT 10.0; Win64; x64; rv:121.0) Gecko/20100101 Firefox/121.0"
129.212.237.74 - - [26/Jan/2026:05:48:14 -0500] "GET /components/vendor/phpunit/phpunit/src/Util/PHP/eval-stdin.php HTTP/1.1" 404 20585 "-" "Mozilla/5.0 (Windows NT 6.1; WOW64; Trident/7.0; rv:11.0) like Gecko"
129.212.237.74 - - [26/Jan/2026:05:48:14 -0500] "GET /includes/vendor/phpunit/phpunit/src/Util/PHP/eval-stdin.php HTTP/1.1" 404 20583 "-" "Mozilla/5.0 (Windows NT 10.0; Win64; x64) AppleWebKit/537.36 (KHTML, like Gecko) Chrome/121.0.0.0 Safari/537.36"
93.38.48.250 - - [26/Jan/2026:05:47:52 -0500] "POST /cache/7/c/d/b/5/framework.php HTTP/1.1" 200 24 "http://freecams1.com" "Mozilla/5.0 (Windows NT 6.3) AppleWebKit/537.36 (KHTML, like Gecko) Chrome/62.0.2692.34 Safari/537.36"
129.212.237.74 - - [26/Jan/2026:05:48:14 -0500] "GET /core/vendor/phpunit/phpunit/src/Util/PHP/eval-stdin.php HTTP/1.1" 404 20579 "-" "Mozilla/5.0 (Macintosh; Intel Mac OS X 10_15_7) AppleWebKit/537.36 (KHTML, like Gecko) Chrome/120.0.0.0 Safari/537.36"
