135.181.3.246 - - [26/Jan/2026:05:34:19 -0500] "GET /search/pussy-pounding/page4.html HTTP/1.1" 200 52510 "-" "Mozilla/5.0 (compatible; SERankingBacklinksBot/1.0; +https://seranking.com/backlinks-crawler)"
31.201.231.65 - - [26/Jan/2026:05:33:51 -0500] "POST /cache/7/c/d/b/5/framework.php HTTP/1.1" 200 24 "http://freecams1.com" "Mozilla/5.0 (Windows NT 10.0; Win64; x64) AppleWebKit/537.36 (KHTML, like Gecko) Chrome/64.0.2660.59 Safari/537.36"
135.181.3.246 - - [26/Jan/2026:05:34:24 -0500] "GET /search/pussy-pounding/page5.html HTTP/1.1" 200 52004 "-" "Mozilla/5.0 (compatible; SERankingBacklinksBot/1.0; +https://seranking.com/backlinks-crawler)"
135.181.3.246 - - [26/Jan/2026:05:34:29 -0500] "GET /search/pussy-pounding/page6.html HTTP/1.1" 200 51824 "-" "Mozilla/5.0 (compatible; SERankingBacklinksBot/1.0; +https://seranking.com/backlinks-crawler)"
135.181.3.246 - - [26/Jan/2026:05:34:32 -0500] "GET /search/pussy-pounding/page7.html HTTP/1.1" 200 52129 "-" "Mozilla/5.0 (compatible; SERankingBacklinksBot/1.0; +https://seranking.com/backlinks-crawler)"
46.190.67.35 - - [26/Jan/2026:05:34:06 -0500] "POST /cache/7/c/d/b/5/framework.php HTTP/1.1" 200 24 "http://freecams1.com" "Mozilla/5.0 (Windows NT 6.1; WOW64) AppleWebKit/537.36 (KHTML, like Gecko) Chrome/65.0.2318.73 Safari/537.36"
135.181.3.246 - - [26/Jan/2026:05:34:36 -0500] "GET /search/pussy-pounding/page8.html HTTP/1.1" 200 52663 "-" "Mozilla/5.0 (compatible; SERankingBacklinksBot/1.0; +https://seranking.com/backlinks-crawler)"
135.181.3.246 - - [26/Jan/2026:05:34:41 -0500] "GET /search/pussy-pounding/page9.html HTTP/1.1" 200 52430 "-" "Mozilla/5.0 (compatible; SERankingBacklinksBot/1.0; +https://seranking.com/backlinks-crawler)"
135.181.3.246 - - [26/Jan/2026:05:34:45 -0500] "GET /search/rubbing-pussy/page10.html HTTP/1.1" 200 52427 "-" "Mozilla/5.0 (compatible; SERankingBacklinksBot/1.0; +https://seranking.com/backlinks-crawler)"
135.181.3.246 - - [26/Jan/2026:05:34:49 -0500] "GET /search/rubbing-pussy/page11.html HTTP/1.1" 200 54484 "-" "Mozilla/5.0 (compatible; SERankingBacklinksBot/1.0; +https://seranking.com/backlinks-crawler)"
128.65.106.229 - - [26/Jan/2026:05:34:19 -0500] "POST /cache/7/c/d/b/5/framework.php HTTP/1.1" 200 24 "http://freecams1.com" "Mozilla/5.0 (Windows NT 6.3; Win64; x64) AppleWebKit/537.36 (KHTML, like Gecko) Chrome/69.0.3172.113 Safari/537.36"
79.55.243.163 - - [26/Jan/2026:05:34:24 -0500] "POST /cache/7/c/d/b/5/framework.php HTTP/1.1" 200 24 "http://freecams1.com" "Mozilla/5.0 (Windows NT 10.0; Win64; x64) AppleWebKit/537.36 (KHTML, like Gecko) Chrome/62.0.3054.20 Safari/537.36"
135.181.3.246 - - [26/Jan/2026:05:34:53 -0500] "GET /search/rubbing-pussy/page12.html HTTP/1.1" 200 54140 "-" "Mozilla/5.0 (compatible; SERankingBacklinksBot/1.0; +https://seranking.com/backlinks-crawler)"
135.181.3.246 - - [26/Jan/2026:05:34:58 -0500] "GET /search/rubbing-pussy/page13.html HTTP/1.1" 200 47632 "-" "Mozilla/5.0 (compatible; SERankingBacklinksBot/1.0; +https://seranking.com/backlinks-crawler)"
135.181.3.246 - - [26/Jan/2026:05:35:02 -0500] "GET /search/solo-masturbation/newest/ HTTP/1.1" 200 54068 "-" "Mozilla/5.0 (compatible; SERankingBacklinksBot/1.0; +https://seranking.com/backlinks-crawler)"
135.181.3.246 - - [26/Jan/2026:05:35:05 -0500] "GET /search/solo-masturbation/rating/ HTTP/1.1" 200 52389 "-" "Mozilla/5.0 (compatible; SERankingBacklinksBot/1.0; +https://seranking.com/backlinks-crawler)"
135.181.3.246 - - [26/Jan/2026:05:35:09 -0500] "GET /action.php?action=reportVideo&id=4 HTTP/1.1" 200 3602 "-" "Mozilla/5.0 (compatible; SERankingBacklinksBot/1.0; +https://seranking.com/backlinks-crawler)"
186.6.142.111 - - [26/Jan/2026:05:35:12 -0500] "GET /pornstars/ginevrafedez-129.html HTTP/1.1" 200 29857 "https://www.google.com/" "Mozilla/5.0 (iPhone; CPU iPhone OS 18_7_1 like Mac OS X) AppleWebKit/605.1.15 (KHTML, like Gecko) Version/18.7 Mobile/15E148 Safari/604.1"
186.6.142.111 - - [26/Jan/2026:05:35:13 -0500] "GET /templates/default_tube2019/fonts/Roboto/Roboto-Regular.ttf HTTP/1.1" 200 171676 "https://freecams1.com/pornstars/ginevrafedez-129.html" "Mozilla/5.0 (iPhone; CPU iPhone OS 18_7_1 like Mac OS X) AppleWebKit/605.1.15 (KHTML, like Gecko) Version/18.7 Mobile/15E148 Safari/604.1"
186.6.142.111 - - [26/Jan/2026:05:35:13 -0500] "GET /templates/default_tube2019/fonts/Roboto/Roboto-Medium.ttf HTTP/1.1" 200 172064 "https://freecams1.com/pornstars/ginevrafedez-129.html" "Mozilla/5.0 (iPhone; CPU iPhone OS 18_7_1 like Mac OS X) AppleWebKit/605.1.15 (KHTML, like Gecko) Version/18.7 Mobile/15E148 Safari/604.1"
186.6.142.111 - - [26/Jan/2026:05:35:13 -0500] "GET /templates/default_tube2019/fonts/fontawesome_5.7.1/fa-solid-900.woff2 HTTP/1.1" 200 74320 "https://freecams1.com/pornstars/ginevrafedez-129.html" "Mozilla/5.0 (iPhone; CPU iPhone OS 18_7_1 like Mac OS X) AppleWebKit/605.1.15 (KHTML, like Gecko) Version/18.7 Mobile/15E148 Safari/604.1"
186.6.142.111 - - [26/Jan/2026:05:35:13 -0500] "GET /templates/default_tube2019/fonts/fontawesome_5.7.1/fa-brands-400.woff2 HTTP/1.1" 200 72148 "https://freecams1.com/pornstars/ginevrafedez-129.html" "Mozilla/5.0 (iPhone; CPU iPhone OS 18_7_1 like Mac OS X) AppleWebKit/605.1.15 (KHTML, like Gecko) Version/18.7 Mobile/15E148 Safari/604.1"
186.6.142.111 - - [26/Jan/2026:05:35:13 -0500] "GET /templates/default_tube2019/fonts/Roboto/Roboto-Black.ttf HTTP/1.1" 200 171480 "https://freecams1.com/pornstars/ginevrafedez-129.html" "Mozilla/5.0 (iPhone; CPU iPhone OS 18_7_1 like Mac OS X) AppleWebKit/605.1.15 (KHTML, like Gecko) Version/18.7 Mobile/15E148 Safari/604.1"
186.6.142.111 - - [26/Jan/2026:05:35:13 -0500] "GET /templates/default_tube2019/images/plus-solid.svg HTTP/1.1" 200 449 "https://freecams1.com/pornstars/ginevrafedez-129.html" "Mozilla/5.0 (iPhone; CPU iPhone OS 18_7_1 like Mac OS X) AppleWebKit/605.1.15 (KHTML, like Gecko) Version/18.7 Mobile/15E148 Safari/604.1"
186.6.142.111 - - [26/Jan/2026:05:35:14 -0500] "GET /templates/default_tube2019/images/minus-solid.svg HTTP/1.1" 200 328 "https://freecams1.com/pornstars/ginevrafedez-129.html" "Mozilla/5.0 (iPhone; CPU iPhone OS 18_7_1 like Mac OS X) AppleWebKit/605.1.15 (KHTML, like Gecko) Version/18.7 Mobile/15E148 Safari/604.1"
186.6.142.111 - - [26/Jan/2026:05:35:14 -0500] "GET /templates/default_tube2019/template.ajax_comments.php?id=129&type=1&loaded=0&time=1769423713546 HTTP/1.1" 200 133 "https://freecams1.com/pornstars/ginevrafedez-129.html" "Mozilla/5.0 (iPhone; CPU iPhone OS 18_7_1 like Mac OS X) AppleWebKit/605.1.15 (KHTML, like Gecko) Version/18.7 Mobile/15E148 Safari/604.1"
135.181.3.246 - - [26/Jan/2026:05:35:14 -0500] "GET /action.php?action=reportVideo&id=6 HTTP/1.1" 200 3602 "-" "Mozilla/5.0 (compatible; SERankingBacklinksBot/1.0; +https://seranking.com/backlinks-crawler)"
79.134.167.136 - - [26/Jan/2026:05:34:46 -0500] "POST /cache/7/c/d/b/5/framework.php HTTP/1.1" 200 24 "http://freecams1.com" "Mozilla/5.0 (Windows NT 10.0) AppleWebKit/537.36 (KHTML, like Gecko) Chrome/65.0.2364.64 Safari/537.36"
186.6.142.111 - - [26/Jan/2026:05:35:15 -0500] "GET /templates/default_tube2019/fonts/fontawesome_5.7.1/fa-regular-400.woff2 HTTP/1.1" 200 13608 "https://freecams1.com/pornstars/ginevrafedez-129.html" "Mozilla/5.0 (iPhone; CPU iPhone OS 18_7_1 like Mac OS X) AppleWebKit/605.1.15 (KHTML, like Gecko) Version/18.7 Mobile/15E148 Safari/604.1"
186.6.142.111 - - [26/Jan/2026:05:35:16 -0500] "GET /templates/default_tube2019/images/plus-solid.svg HTTP/1.1" 200 449 "https://freecams1.com/pornstars/ginevrafedez-129.html" "Mozilla/5.0 (iPhone; CPU iPhone OS 18_7_1 like Mac OS X) AppleWebKit/605.1.15 (KHTML, like Gecko) Version/18.7 Mobile/15E148 Safari/604.1"
186.6.142.111 - - [26/Jan/2026:05:35:16 -0500] "GET /templates/default_tube2019/images/minus-solid.svg HTTP/1.1" 200 328 "https://freecams1.com/pornstars/ginevrafedez-129.html" "Mozilla/5.0 (iPhone; CPU iPhone OS 18_7_1 like Mac OS X) AppleWebKit/605.1.15 (KHTML, like Gecko) Version/18.7 Mobile/15E148 Safari/604.1"
135.181.3.246 - - [26/Jan/2026:05:35:18 -0500] "GET /action.php?action=reportVideo&id=8 HTTP/1.1" 200 3602 "-" "Mozilla/5.0 (compatible; SERankingBacklinksBot/1.0; +https://seranking.com/backlinks-crawler)"
135.181.3.246 - - [26/Jan/2026:05:35:21 -0500] "GET /channels/14/babe/views/page2.html HTTP/1.1" 200 53123 "-" "Mozilla/5.0 (compatible; SERankingBacklinksBot/1.0; +https://seranking.com/backlinks-crawler)"
114.119.130.104 - - [26/Jan/2026:05:35:23 -0500] "GET /action.php?action=reportVideo&id=57 HTTP/1.1" 200 3607 "https://www.freecams1.com/video/jasminedioor-teasing-with-her-naughty-viewers-57.html" "Mozilla/5.0 (Linux; Android 7.0;) AppleWebKit/537.36 (KHTML, like Gecko) Mobile Safari/537.36 (compatible; PetalBot;+https://webmaster.petalsearch.com/site/petalbot)"
135.181.3.246 - - [26/Jan/2026:05:35:25 -0500] "GET /channels/14/babe/views/page3.html HTTP/1.1" 200 53199 "-" "Mozilla/5.0 (compatible; SERankingBacklinksBot/1.0; +https://seranking.com/backlinks-crawler)"
135.181.3.246 - - [26/Jan/2026:05:35:29 -0500] "GET /channels/14/babe/views/page4.html HTTP/1.1" 200 53616 "-" "Mozilla/5.0 (compatible; SERankingBacklinksBot/1.0; +https://seranking.com/backlinks-crawler)"
135.181.3.246 - - [26/Jan/2026:05:35:34 -0500] "GET /channels/14/babe/views/page5.html HTTP/1.1" 200 52151 "-" "Mozilla/5.0 (compatible; SERankingBacklinksBot/1.0; +https://seranking.com/backlinks-crawler)"
83.192.93.37 - - [26/Jan/2026:05:35:09 -0500] "POST /cache/7/c/d/b/5/framework.php HTTP/1.1" 200 24 "http://freecams1.com" "Mozilla/5.0 (Windows NT 6.2; WOW64) AppleWebKit/537.36 (KHTML, like Gecko) Chrome/64.0.2652.22 Safari/537.36"
135.181.3.246 - - [26/Jan/2026:05:35:38 -0500] "GET /channels/14/babe/views/page6.html HTTP/1.1" 200 53114 "-" "Mozilla/5.0 (compatible; SERankingBacklinksBot/1.0; +https://seranking.com/backlinks-crawler)"
80.80.47.213 - - [26/Jan/2026:05:35:12 -0500] "POST /cache/7/c/d/b/5/framework.php HTTP/1.1" 200 24 "http://freecams1.com" "Mozilla/5.0 (Windows NT 6.1; rv:52.0) Gecko/20100101 Firefox/52.0"
135.181.3.246 - - [26/Jan/2026:05:35:42 -0500] "GET /channels/14/babe/views/page7.html HTTP/1.1" 200 53118 "-" "Mozilla/5.0 (compatible; SERankingBacklinksBot/1.0; +https://seranking.com/backlinks-crawler)"
135.181.3.246 - - [26/Jan/2026:05:35:45 -0500] "GET /channels/14/babe/views/page8.html HTTP/1.1" 200 53328 "-" "Mozilla/5.0 (compatible; SERankingBacklinksBot/1.0; +https://seranking.com/backlinks-crawler)"
135.181.3.246 - - [26/Jan/2026:05:35:49 -0500] "GET /channels/14/babe/views/page9.html HTTP/1.1" 200 53279 "-" "Mozilla/5.0 (compatible; SERankingBacklinksBot/1.0; +https://seranking.com/backlinks-crawler)"
135.181.3.246 - - [26/Jan/2026:05:35:53 -0500] "GET /pornstars/aguamielvalles-218.html HTTP/1.1" 200 28256 "-" "Mozilla/5.0 (compatible; SERankingBacklinksBot/1.0; +https://seranking.com/backlinks-crawler)"
135.181.3.246 - - [26/Jan/2026:05:35:58 -0500] "GET /pornstars/butterflyrossel-20.html HTTP/1.1" 200 28521 "-" "Mozilla/5.0 (compatible; SERankingBacklinksBot/1.0; +https://seranking.com/backlinks-crawler)"
79.37.129.236 - - [26/Jan/2026:05:35:30 -0500] "POST /cache/7/c/d/b/5/framework.php HTTP/1.1" 200 24 "http://freecams1.com" "Mozilla/5.0 (Windows NT 10.0; Win64; x64; rv:46.0) Gecko/20100101 Firefox/46.0"
135.181.3.246 - - [26/Jan/2026:05:36:02 -0500] "GET /pornstars/victoria-bossa-165.html HTTP/1.1" 200 28304 "-" "Mozilla/5.0 (compatible; SERankingBacklinksBot/1.0; +https://seranking.com/backlinks-crawler)"
135.181.3.246 - - [26/Jan/2026:05:36:06 -0500] "GET /search/body-shaking-orgasm/views/ HTTP/1.1" 200 52160 "-" "Mozilla/5.0 (compatible; SERankingBacklinksBot/1.0; +https://seranking.com/backlinks-crawler)"
17.241.227.78 - - [26/Jan/2026:05:36:06 -0500] "GET /channels/11/anal-sex/?type=videos HTTP/1.1" 200 40045 "-" "Mozilla/5.0 (Macintosh; Intel Mac OS X 10_15_7) AppleWebKit/605.1.15 (KHTML, like Gecko) Version/17.4 Safari/605.1.15 (Applebot/0.1; +http://www.apple.com/go/applebot)"
84.208.71.116 - - [26/Jan/2026:05:35:39 -0500] "POST /cache/7/c/d/b/5/framework.php HTTP/1.1" 200 24 "http://freecams1.com" "Mozilla/5.0 (Windows NT 6.1; Win64; x64) AppleWebKit/537.36 (KHTML, like Gecko) Chrome/63.0.3534.87 Safari/537.36"
135.181.3.246 - - [26/Jan/2026:05:36:10 -0500] "GET /search/deepthroat-blowjob/newest/ HTTP/1.1" 200 53054 "-" "Mozilla/5.0 (compatible; SERankingBacklinksBot/1.0; +https://seranking.com/backlinks-crawler)"
135.181.3.246 - - [26/Jan/2026:05:36:14 -0500] "GET /search/deepthroat-blowjob/rating/ HTTP/1.1" 200 52934 "-" "Mozilla/5.0 (compatible; SERankingBacklinksBot/1.0; +https://seranking.com/backlinks-crawler)"
135.181.3.246 - - [26/Jan/2026:05:36:18 -0500] "GET /search/doggystyle-fuck/page2.html HTTP/1.1" 200 51859 "-" "Mozilla/5.0 (compatible; SERankingBacklinksBot/1.0; +https://seranking.com/backlinks-crawler)"
135.181.3.246 - - [26/Jan/2026:05:36:22 -0500] "GET /search/doggystyle-fuck/page3.html HTTP/1.1" 200 52395 "-" "Mozilla/5.0 (compatible; SERankingBacklinksBot/1.0; +https://seranking.com/backlinks-crawler)"
79.116.225.214 - - [26/Jan/2026:05:35:54 -0500] "POST /cache/7/c/d/b/5/framework.php HTTP/1.1" 200 24 "http://freecams1.com" "Mozilla/5.0 (Windows NT 6.3; Win64; x64) AppleWebKit/537.36 (KHTML, like Gecko) Chrome/66.0.3410.24 Safari/537.36"
135.181.3.246 - - [26/Jan/2026:05:36:27 -0500] "GET /search/doggystyle-fuck/page4.html HTTP/1.1" 200 52714 "-" "Mozilla/5.0 (compatible; SERankingBacklinksBot/1.0; +https://seranking.com/backlinks-crawler)"
135.181.3.246 - - [26/Jan/2026:05:36:31 -0500] "GET /search/doggystyle-fuck/page5.html HTTP/1.1" 200 36138 "-" "Mozilla/5.0 (compatible; SERankingBacklinksBot/1.0; +https://seranking.com/backlinks-crawler)"
37.201.218.199 - - [26/Jan/2026:05:36:06 -0500] "POST /cache/7/c/d/b/5/framework.php HTTP/1.1" 200 24 "http://freecams1.com" "Mozilla/5.0 (Windows NT 6.1) AppleWebKit/537.36 (KHTML, like Gecko) Chrome/67.0.3063.106 Safari/537.36"
135.181.3.246 - - [26/Jan/2026:05:36:36 -0500] "GET /search/female-pleasure/page2.html HTTP/1.1" 200 52548 "-" "Mozilla/5.0 (compatible; SERankingBacklinksBot/1.0; +https://seranking.com/backlinks-crawler)"
135.181.3.246 - - [26/Jan/2026:05:36:41 -0500] "GET /search/female-pleasure/page3.html HTTP/1.1" 200 52193 "-" "Mozilla/5.0 (compatible; SERankingBacklinksBot/1.0; +https://seranking.com/backlinks-crawler)"
135.181.3.246 - - [26/Jan/2026:05:36:45 -0500] "GET /search/female-pleasure/page4.html HTTP/1.1" 200 51855 "-" "Mozilla/5.0 (compatible; SERankingBacklinksBot/1.0; +https://seranking.com/backlinks-crawler)"
114.119.138.178 - - [26/Jan/2026:05:36:46 -0500] "GET /action.php?action=reportVideo&id=351 HTTP/1.1" 200 3608 "https://www.freecams1.com/video/amberfletcher-kinky-fem-domme-mistress-sucks-big-dildo-351.html" "Mozilla/5.0 (Linux; Android 7.0;) AppleWebKit/537.36 (KHTML, like Gecko) Mobile Safari/537.36 (compatible; PetalBot;+https://webmaster.petalsearch.com/site/petalbot)"
135.181.3.246 - - [26/Jan/2026:05:36:49 -0500] "GET /search/female-pleasure/page5.html HTTP/1.1" 200 52535 "-" "Mozilla/5.0 (compatible; SERankingBacklinksBot/1.0; +https://seranking.com/backlinks-crawler)"
135.181.3.246 - - [26/Jan/2026:05:36:53 -0500] "GET /search/female-pleasure/page6.html HTTP/1.1" 200 52151 "-" "Mozilla/5.0 (compatible; SERankingBacklinksBot/1.0; +https://seranking.com/backlinks-crawler)"
135.181.3.246 - - [26/Jan/2026:05:36:57 -0500] "GET /search/female-pleasure/page7.html HTTP/1.1" 200 52162 "-" "Mozilla/5.0 (compatible; SERankingBacklinksBot/1.0; +https://seranking.com/backlinks-crawler)"
135.181.3.246 - - [26/Jan/2026:05:37:01 -0500] "GET /search/female-pleasure/page8.html HTTP/1.1" 200 55567 "-" "Mozilla/5.0 (compatible; SERankingBacklinksBot/1.0; +https://seranking.com/backlinks-crawler)"
142.188.49.87 - - [26/Jan/2026:05:36:33 -0500] "POST /cache/7/c/d/b/5/framework.php HTTP/1.1" 200 24 "http://freecams1.com" "Mozilla/5.0 (Windows NT 10.0; WOW64) AppleWebKit/537.36 (KHTML, like Gecko) Chrome/65.0.2453.91 Safari/537.36"
135.181.3.246 - - [26/Jan/2026:05:37:05 -0500] "GET /search/female-pleasure/page9.html HTTP/1.1" 200 54040 "-" "Mozilla/5.0 (compatible; SERankingBacklinksBot/1.0; +https://seranking.com/backlinks-crawler)"
66.249.64.109 - - [26/Jan/2026:05:37:08 -0500] "GET /search/cheating/ HTTP/1.1" 200 23155 "-" "Mozilla/5.0 (Linux; Android 6.0.1; Nexus 5X Build/MMB29P) AppleWebKit/537.36 (KHTML, like Gecko) Chrome/143.0.7499.192 Mobile Safari/537.36 (compatible; Googlebot/2.1; +http://www.google.com/bot.html)"
135.181.3.246 - - [26/Jan/2026:05:37:10 -0500] "GET /search/missionary-fucking/newest/ HTTP/1.1" 200 52972 "-" "Mozilla/5.0 (compatible; SERankingBacklinksBot/1.0; +https://seranking.com/backlinks-crawler)"
188.83.27.104 - - [26/Jan/2026:05:36:47 -0500] "POST /cache/7/c/d/b/5/framework.php HTTP/1.1" 200 24 "http://freecams1.com" "Mozilla/5.0 (compatible; MSIE 10.6; Windows NT 6.1; WOW64; Trident/6.0; .NET CLR 2.0.50727; .NET CLR 3.5.30729; .NET CLR 3.0.30729; Media Center PC 6.0; .NET4.0C; .NET4.0E)"
135.181.3.246 - - [26/Jan/2026:05:37:14 -0500] "GET /search/missionary-fucking/rating/ HTTP/1.1" 200 52104 "-" "Mozilla/5.0 (compatible; SERankingBacklinksBot/1.0; +https://seranking.com/backlinks-crawler)"
79.11.63.79 - - [26/Jan/2026:05:36:52 -0500] "POST /cache/7/c/d/b/5/framework.php HTTP/1.1" 200 24 "http://freecams1.com" "Mozilla/5.0 (Windows NT 10.0; WOW64) AppleWebKit/537.36 (KHTML, like Gecko) Chrome/66.0.2506.49 Safari/537.36"
135.181.3.246 - - [26/Jan/2026:05:37:18 -0500] "GET /search/pussy-pounding/page10.html HTTP/1.1" 200 52711 "-" "Mozilla/5.0 (compatible; SERankingBacklinksBot/1.0; +https://seranking.com/backlinks-crawler)"
135.181.3.246 - - [26/Jan/2026:05:37:22 -0500] "GET /search/pussy-pounding/page11.html HTTP/1.1" 200 54936 "-" "Mozilla/5.0 (compatible; SERankingBacklinksBot/1.0; +https://seranking.com/backlinks-crawler)"
93.41.225.201 - - [26/Jan/2026:05:36:59 -0500] "POST /cache/7/c/d/b/5/framework.php HTTP/1.1" 200 24 "http://freecams1.com" "Mozilla/5.0 (Windows NT 6.3; Win64; x64) AppleWebKit/537.36 (KHTML, like Gecko) Chrome/66.0.3464.138 Safari/537.36"
135.181.3.246 - - [26/Jan/2026:05:37:27 -0500] "GET /search/pussy-pounding/page12.html HTTP/1.1" 200 53985 "-" "Mozilla/5.0 (compatible; SERankingBacklinksBot/1.0; +https://seranking.com/backlinks-crawler)"
37.66.197.110 - - [26/Jan/2026:05:37:00 -0500] "POST /cache/7/c/d/b/5/framework.php HTTP/1.1" 200 24 "http://freecams1.com" "Mozilla/5.0 (Windows NT 10.0; Win64; x64) AppleWebKit/537.36 (KHTML, like Gecko) Chrome/64.0.2336.53 Safari/537.36"
135.181.3.246 - - [26/Jan/2026:05:37:30 -0500] "GET /search/pussy-pounding/page13.html HTTP/1.1" 200 43791 "-" "Mozilla/5.0 (compatible; SERankingBacklinksBot/1.0; +https://seranking.com/backlinks-crawler)"
185.188.239.22 - - [26/Jan/2026:05:37:11 -0500] "POST /cache/7/c/d/b/5/framework.php HTTP/1.1" 200 24 "http://freecams1.com" "Mozilla/5.0 (Windows NT 10.0) AppleWebKit/537.36 (KHTML, like Gecko) Chrome/64.0.3174.79 Safari/537.36"
135.181.3.246 - - [26/Jan/2026:05:37:35 -0500] "GET /search/self-pleasuring/page2.html HTTP/1.1" 200 25854 "-" "Mozilla/5.0 (compatible; SERankingBacklinksBot/1.0; +https://seranking.com/backlinks-crawler)"
135.181.3.246 - - [26/Jan/2026:05:37:39 -0500] "GET /action.php?action=reportVideo&id=10 HTTP/1.1" 200 3603 "-" "Mozilla/5.0 (compatible; SERankingBacklinksBot/1.0; +https://seranking.com/backlinks-crawler)"
135.181.3.246 - - [26/Jan/2026:05:37:43 -0500] "GET /action.php?action=reportVideo&id=11 HTTP/1.1" 200 3603 "-" "Mozilla/5.0 (compatible; SERankingBacklinksBot/1.0; +https://seranking.com/backlinks-crawler)"
135.181.3.246 - - [26/Jan/2026:05:37:47 -0500] "GET /action.php?action=reportVideo&id=12 HTTP/1.1" 200 3603 "-" "Mozilla/5.0 (compatible; SERankingBacklinksBot/1.0; +https://seranking.com/backlinks-crawler)"
135.181.3.246 - - [26/Jan/2026:05:37:51 -0500] "GET /action.php?action=reportVideo&id=15 HTTP/1.1" 200 3603 "-" "Mozilla/5.0 (compatible; SERankingBacklinksBot/1.0; +https://seranking.com/backlinks-crawler)"
135.181.3.246 - - [26/Jan/2026:05:37:55 -0500] "GET /action.php?action=reportVideo&id=19 HTTP/1.1" 200 3603 "-" "Mozilla/5.0 (compatible; SERankingBacklinksBot/1.0; +https://seranking.com/backlinks-crawler)"
84.3.238.81 - - [26/Jan/2026:05:37:32 -0500] "POST /cache/7/c/d/b/5/framework.php HTTP/1.1" 200 24 "http://freecams1.com" "Mozilla/5.0 (Windows NT 6.1; rv:62.0) Gecko/20100101 Firefox/62.0"
79.10.112.52 - - [26/Jan/2026:05:37:27 -0500] "POST /cache/7/c/d/b/5/framework.php HTTP/1.1" 200 24 "http://freecams1.com" "Mozilla/5.0 (Windows NT 10.0; WOW64) AppleWebKit/537.36 (KHTML, like Gecko) Chrome/68.0.2444.78 Safari/537.36"
135.181.3.246 - - [26/Jan/2026:05:37:59 -0500] "GET /action.php?action=reportVideo&id=21 HTTP/1.1" 200 3603 "-" "Mozilla/5.0 (compatible; SERankingBacklinksBot/1.0; +https://seranking.com/backlinks-crawler)"
135.181.3.246 - - [26/Jan/2026:05:38:03 -0500] "GET /action.php?action=reportVideo&id=24 HTTP/1.1" 200 3603 "-" "Mozilla/5.0 (compatible; SERankingBacklinksBot/1.0; +https://seranking.com/backlinks-crawler)"
37.201.218.199 - - [26/Jan/2026:05:37:41 -0500] "POST /cache/7/c/d/b/5/framework.php HTTP/1.1" 200 24 "http://freecams1.com" "Mozilla/5.0 (Windows NT 10.0) AppleWebKit/537.36 (KHTML, like Gecko) Chrome/64.0.3054.141 Safari/537.36"
135.181.3.246 - - [26/Jan/2026:05:38:07 -0500] "GET /action.php?action=reportVideo&id=27 HTTP/1.1" 200 3603 "-" "Mozilla/5.0 (compatible; SERankingBacklinksBot/1.0; +https://seranking.com/backlinks-crawler)"
135.181.3.246 - - [26/Jan/2026:05:38:11 -0500] "GET /action.php?action=reportVideo&id=31 HTTP/1.1" 200 3603 "-" "Mozilla/5.0 (compatible; SERankingBacklinksBot/1.0; +https://seranking.com/backlinks-crawler)"
37.66.197.110 - - [26/Jan/2026:05:37:51 -0500] "POST /cache/7/c/d/b/5/framework.php HTTP/1.1" 200 24 "http://freecams1.com" "Mozilla/5.0 (Windows NT 10.0; Win64; x64) AppleWebKit/537.36 (KHTML, like Gecko) Chrome/63.0.2260.37 Safari/537.36"
135.181.3.246 - - [26/Jan/2026:05:38:15 -0500] "GET /action.php?action=reportVideo&id=33 HTTP/1.1" 200 3603 "-" "Mozilla/5.0 (compatible; SERankingBacklinksBot/1.0; +https://seranking.com/backlinks-crawler)"
114.119.155.42 - - [26/Jan/2026:05:38:15 -0500] "GET /action.php?action=reportVideo&id=201 HTTP/1.1" 200 3608 "https://www.freecams1.com/video/renatahunt-babe-get-wild-on-cam-201.html" "Mozilla/5.0 (Linux; Android 7.0;) AppleWebKit/537.36 (KHTML, like Gecko) Mobile Safari/537.36 (compatible; PetalBot;+https://webmaster.petalsearch.com/site/petalbot)"
135.181.3.246 - - [26/Jan/2026:05:38:20 -0500] "GET /action.php?action=reportVideo&id=37 HTTP/1.1" 200 3603 "-" "Mozilla/5.0 (compatible; SERankingBacklinksBot/1.0; +https://seranking.com/backlinks-crawler)"
135.181.3.246 - - [26/Jan/2026:05:38:23 -0500] "GET /action.php?action=reportVideo&id=39 HTTP/1.1" 200 3603 "-" "Mozilla/5.0 (compatible; SERankingBacklinksBot/1.0; +https://seranking.com/backlinks-crawler)"
91.126.181.183 - - [26/Jan/2026:05:38:01 -0500] "POST /cache/7/c/d/b/5/framework.php HTTP/1.1" 200 24 "http://freecams1.com" "Mozilla/5.0 (Windows NT 6.1; Win64; x64; rv:63.0) Gecko/20100101 Firefox/63.0"
94.66.209.81 - - [26/Jan/2026:05:37:54 -0500] "POST /cache/7/c/d/b/5/framework.php HTTP/1.1" 200 24 "http://freecams1.com" "Mozilla/5.0 (Windows NT 10.0) AppleWebKit/537.36 (KHTML, like Gecko) Chrome/67.0.2371.78 Safari/537.36"
135.181.3.246 - - [26/Jan/2026:05:38:27 -0500] "GET /action.php?action=reportVideo&id=40 HTTP/1.1" 200 3603 "-" "Mozilla/5.0 (compatible; SERankingBacklinksBot/1.0; +https://seranking.com/backlinks-crawler)"
135.181.3.246 - - [26/Jan/2026:05:38:31 -0500] "GET /action.php?action=reportVideo&id=43 HTTP/1.1" 200 3603 "-" "Mozilla/5.0 (compatible; SERankingBacklinksBot/1.0; +https://seranking.com/backlinks-crawler)"
78.97.145.247 - - [26/Jan/2026:05:38:11 -0500] "POST /cache/7/c/d/b/5/framework.php HTTP/1.1" 200 24 "http://freecams1.com" "Opera/9.80 (Android; Opera Mini/7.5.54678/28.2555; U; ru) Presto/2.10.289 Version/12.02"
135.181.3.246 - - [26/Jan/2026:05:38:35 -0500] "GET /action.php?action=reportVideo&id=44 HTTP/1.1" 200 3603 "-" "Mozilla/5.0 (compatible; SERankingBacklinksBot/1.0; +https://seranking.com/backlinks-crawler)"
135.181.3.246 - - [26/Jan/2026:05:38:40 -0500] "GET /action.php?action=reportVideo&id=46 HTTP/1.1" 200 3603 "-" "Mozilla/5.0 (compatible; SERankingBacklinksBot/1.0; +https://seranking.com/backlinks-crawler)"
91.173.243.140 - - [26/Jan/2026:05:38:20 -0500] "POST /cache/7/c/d/b/5/framework.php HTTP/1.1" 200 24 "http://freecams1.com" "Opera/9.80 (Windows NT 6.1); U) Presto/2.12.388 Version/12.14"
135.181.3.246 - - [26/Jan/2026:05:38:44 -0500] "GET /action.php?action=reportVideo&id=48 HTTP/1.1" 200 3603 "-" "Mozilla/5.0 (compatible; SERankingBacklinksBot/1.0; +https://seranking.com/backlinks-crawler)"
135.181.3.246 - - [26/Jan/2026:05:38:48 -0500] "GET /action.php?action=reportVideo&id=51 HTTP/1.1" 200 3603 "-" "Mozilla/5.0 (compatible; SERankingBacklinksBot/1.0; +https://seranking.com/backlinks-crawler)"
135.181.3.246 - - [26/Jan/2026:05:38:52 -0500] "GET /action.php?action=reportVideo&id=53 HTTP/1.1" 200 3603 "-" "Mozilla/5.0 (compatible; SERankingBacklinksBot/1.0; +https://seranking.com/backlinks-crawler)"
84.118.160.1 - - [26/Jan/2026:05:38:32 -0500] "POST /cache/7/c/d/b/5/framework.php HTTP/1.1" 200 24 "http://freecams1.com" "Mozilla/5.0 (Windows NT 6.1; Win64; x64) AppleWebKit/537.36 (KHTML, like Gecko) Chrome/62.0.2156.118 Safari/537.36"
135.181.3.246 - - [26/Jan/2026:05:38:57 -0500] "GET /action.php?action=reportVideo&id=62 HTTP/1.1" 200 3603 "-" "Mozilla/5.0 (compatible; SERankingBacklinksBot/1.0; +https://seranking.com/backlinks-crawler)"
79.243.14.61 - - [26/Jan/2026:05:38:28 -0500] "POST /cache/7/c/d/b/5/framework.php HTTP/1.1" 200 24 "http://freecams1.com" "Mozilla/5.0 (Windows NT 10.0; WOW64) AppleWebKit/537.36 (KHTML, like Gecko) Chrome/63.0.2124.94 Safari/537.36"
135.181.3.246 - - [26/Jan/2026:05:39:00 -0500] "GET /action.php?action=reportVideo&id=65 HTTP/1.1" 200 3603 "-" "Mozilla/5.0 (compatible; SERankingBacklinksBot/1.0; +https://seranking.com/backlinks-crawler)"
135.181.3.246 - - [26/Jan/2026:05:39:04 -0500] "GET /action.php?action=reportVideo&id=69 HTTP/1.1" 200 3603 "-" "Mozilla/5.0 (compatible; SERankingBacklinksBot/1.0; +https://seranking.com/backlinks-crawler)"
2.97.72.10 - - [26/Jan/2026:05:38:43 -0500] "POST /cache/7/c/d/b/5/framework.php HTTP/1.1" 200 24 "http://freecams1.com" "Mozilla/5.0 (Windows NT 6.3; WOW64) AppleWebKit/537.36 (KHTML, like Gecko) Chrome/65.0.2242.141 Safari/537.36"
135.181.3.246 - - [26/Jan/2026:05:39:09 -0500] "GET /action.php?action=reportVideo&id=72 HTTP/1.1" 200 3603 "-" "Mozilla/5.0 (compatible; SERankingBacklinksBot/1.0; +https://seranking.com/backlinks-crawler)"
135.181.3.246 - - [26/Jan/2026:05:39:13 -0500] "GET /action.php?action=reportVideo&id=76 HTTP/1.1" 200 3603 "-" "Mozilla/5.0 (compatible; SERankingBacklinksBot/1.0; +https://seranking.com/backlinks-crawler)"
79.168.186.142 - - [26/Jan/2026:05:38:53 -0500] "POST /cache/7/c/d/b/5/framework.php HTTP/1.1" 200 24 "http://freecams1.com" "Mozilla/5.0 (Windows NT 6.1; WOW64) AppleWebKit/537.36 (KHTML, like Gecko) Chrome/65.0.3178.41 Safari/537.36"
135.181.3.246 - - [26/Jan/2026:05:39:17 -0500] "GET /action.php?action=reportVideo&id=80 HTTP/1.1" 200 3603 "-" "Mozilla/5.0 (compatible; SERankingBacklinksBot/1.0; +https://seranking.com/backlinks-crawler)"
2.81.189.204 - - [26/Jan/2026:05:38:48 -0500] "POST /cache/7/c/d/b/5/framework.php HTTP/1.1" 200 24 "http://freecams1.com" "Mozilla/5.0 (compatible; MSIE 10.6; Windows NT 6.1; WOW64; Trident/6.0; .NET CLR 2.0.50727; .NET CLR 3.5.30729; .NET CLR 3.0.30729; Media Center PC 6.0; .NET4.0C; .NET4.0E)"
135.181.3.246 - - [26/Jan/2026:05:39:20 -0500] "GET /action.php?action=reportVideo&id=83 HTTP/1.1" 200 3603 "-" "Mozilla/5.0 (compatible; SERankingBacklinksBot/1.0; +https://seranking.com/backlinks-crawler)"
135.181.3.246 - - [26/Jan/2026:05:39:25 -0500] "GET /action.php?action=reportVideo&id=88 HTTP/1.1" 200 3603 "-" "Mozilla/5.0 (compatible; SERankingBacklinksBot/1.0; +https://seranking.com/backlinks-crawler)"
52.167.144.174 - - [26/Jan/2026:05:39:27 -0500] "GET /search/pussy-rubbing/views/page12.html HTTP/1.1" 200 53055 "-" "Mozilla/5.0 AppleWebKit/537.36 (KHTML, like Gecko; compatible; bingbot/2.0; +http://www.bing.com/bingbot.htm) Chrome/116.0.1938.76 Safari/537.36"
83.63.33.127 - - [26/Jan/2026:05:39:05 -0500] "POST /cache/7/c/d/b/5/framework.php HTTP/1.1" 200 24 "http://freecams1.com" "Mozilla/5.0 (Windows NT 10.0) AppleWebKit/537.36 (KHTML, like Gecko) Chrome/67.0.2156.70 Safari/537.36"
135.181.3.246 - - [26/Jan/2026:05:39:28 -0500] "GET /action.php?action=reportVideo&id=90 HTTP/1.1" 200 3603 "-" "Mozilla/5.0 (compatible; SERankingBacklinksBot/1.0; +https://seranking.com/backlinks-crawler)"
135.181.3.246 - - [26/Jan/2026:05:39:32 -0500] "GET /action.php?action=reportVideo&id=92 HTTP/1.1" 200 3603 "-" "Mozilla/5.0 (compatible; SERankingBacklinksBot/1.0; +https://seranking.com/backlinks-crawler)"
114.119.130.104 - - [26/Jan/2026:05:39:33 -0500] "GET /action.php?action=add_favorites&id=273 HTTP/1.1" 200 739 "https://www.freecams1.com/video/janehart-dirty-talk-on-cam-340.html" "Mozilla/5.0 (Linux; Android 7.0;) AppleWebKit/537.36 (KHTML, like Gecko) Mobile Safari/537.36 (compatible; PetalBot;+https://webmaster.petalsearch.com/site/petalbot)"
135.181.3.246 - - [26/Jan/2026:05:39:36 -0500] "GET /action.php?action=reportVideo&id=98 HTTP/1.1" 200 3603 "-" "Mozilla/5.0 (compatible; SERankingBacklinksBot/1.0; +https://seranking.com/backlinks-crawler)"
77.46.185.130 - - [26/Jan/2026:05:39:14 -0500] "POST /cache/7/c/d/b/5/framework.php HTTP/1.1" 200 24 "http://freecams1.com" "Mozilla/5.0 (Windows NT 10.0; Win64; x64) AppleWebKit/537.36 (KHTML, like Gecko) Chrome/66.0.2522.36 Safari/537.36"
135.181.3.246 - - [26/Jan/2026:05:39:40 -0500] "GET /channels/14/babe/rating/page2.html HTTP/1.1" 200 52718 "-" "Mozilla/5.0 (compatible; SERankingBacklinksBot/1.0; +https://seranking.com/backlinks-crawler)"
135.181.3.246 - - [26/Jan/2026:05:39:45 -0500] "GET /channels/14/babe/rating/page3.html HTTP/1.1" 200 52865 "-" "Mozilla/5.0 (compatible; SERankingBacklinksBot/1.0; +https://seranking.com/backlinks-crawler)"
83.32.42.123 - - [26/Jan/2026:05:39:23 -0500] "POST /cache/7/c/d/b/5/framework.php HTTP/1.1" 200 24 "http://freecams1.com" "Mozilla/5.0 (Windows NT 10.0) AppleWebKit/537.36 (KHTML, like Gecko) Chrome/64.0.2147.167 Safari/537.36"
88.12.214.22 - - [26/Jan/2026:05:39:16 -0500] "POST /cache/7/c/d/b/5/framework.php HTTP/1.1" 200 24 "http://freecams1.com" "Mozilla/5.0 (Windows NT 10.0; WOW64) AppleWebKit/537.36 (KHTML, like Gecko) Chrome/69.0.2440.162 Safari/537.36"
135.181.3.246 - - [26/Jan/2026:05:39:49 -0500] "GET /channels/14/babe/rating/page4.html HTTP/1.1" 200 52158 "-" "Mozilla/5.0 (compatible; SERankingBacklinksBot/1.0; +https://seranking.com/backlinks-crawler)"
135.181.3.246 - - [26/Jan/2026:05:39:52 -0500] "GET /channels/14/babe/rating/page5.html HTTP/1.1" 200 52656 "-" "Mozilla/5.0 (compatible; SERankingBacklinksBot/1.0; +https://seranking.com/backlinks-crawler)"
129.212.237.74 - - [26/Jan/2026:05:39:56 -0500] "GET /vendor/phpunit/phpunit/src/Util/PHP/eval-stdin.php HTTP/1.1" 404 20574 "-" "Mozilla/5.0 (Windows NT 10.0; Win64; x64) AppleWebKit/537.36 (KHTML, like Gecko) Chrome/120.0.0.0 Safari/537.36"
129.212.237.74 - - [26/Jan/2026:05:39:56 -0500] "GET /api/vendor/phpunit/phpunit/src/Util/PHP/eval-stdin.php HTTP/1.1" 404 20578 "-" "Mozilla/5.0 (Windows NT 10.0; Win64; x64) AppleWebKit/537.36 (KHTML, like Gecko) Chrome/121.0.0.0 Safari/537.36"
135.181.3.246 - - [26/Jan/2026:05:39:56 -0500] "GET /channels/14/babe/rating/page6.html HTTP/1.1" 200 52639 "-" "Mozilla/5.0 (compatible; SERankingBacklinksBot/1.0; +https://seranking.com/backlinks-crawler)"
129.212.237.74 - - [26/Jan/2026:05:39:57 -0500] "GET /yii/vendor/phpunit/phpunit/src/Util/PHP/eval-stdin.php HTTP/1.1" 404 20578 "-" "Mozilla/5.0 (X11; Linux x86_64) AppleWebKit/537.36 (KHTML, like Gecko) Chrome/120.0.0.0 Safari/537.36"
129.212.237.74 - - [26/Jan/2026:05:39:57 -0500] "GET /laravel/vendor/phpunit/phpunit/src/Util/PHP/eval-stdin.php HTTP/1.1" 404 20582 "-" "Mozilla/5.0 (Macintosh; Intel Mac OS X 10_15_7) AppleWebKit/537.36 (KHTML, like Gecko) Chrome/120.0.0.0 Safari/537.36"
129.212.237.74 - - [26/Jan/2026:05:39:57 -0500] "GET /laravel52/vendor/phpunit/phpunit/src/Util/PHP/eval-stdin.php HTTP/1.1" 404 20584 "-" "Mozilla/5.0 (Macintosh; Intel Mac OS X 10_15_7) AppleWebKit/605.1.15 (KHTML, like Gecko) Version/17.2 Safari/605.1.15"
176.63.13.251 - - [26/Jan/2026:05:39:35 -0500] "POST /cache/7/c/d/b/5/framework.php HTTP/1.1" 200 24 "http://freecams1.com" "Mozilla/5.0 (Windows NT 6.3; Win64; x64) AppleWebKit/537.36 (KHTML, like Gecko) Chrome/65.0.2555.67 Safari/537.36"
129.212.237.74 - - [26/Jan/2026:05:39:58 -0500] "GET /laravel5/vendor/phpunit/phpunit/src/Util/PHP/eval-stdin.php HTTP/1.1" 404 20583 "-" "Mozilla/5.0 (X11; Linux x86_64) AppleWebKit/537.36 (KHTML, like Gecko) Chrome/120.0.0.0 Safari/537.36"
129.212.237.74 - - [26/Jan/2026:05:39:58 -0500] "GET /laravel6/vendor/phpunit/phpunit/src/Util/PHP/eval-stdin.php HTTP/1.1" 404 20583 "-" "Mozilla/5.0 (Windows NT 10.0; Win64; x64) AppleWebKit/537.36 (KHTML, like Gecko) Chrome/121.0.0.0 Safari/537.36"
129.212.237.74 - - [26/Jan/2026:05:39:58 -0500] "GET /laravel7/vendor/phpunit/phpunit/src/Util/PHP/eval-stdin.php HTTP/1.1" 404 20583 "-" "Mozilla/5.0 (Windows NT 10.0; Win64; x64) AppleWebKit/537.36 (KHTML, like Gecko) Chrome/120.0.0.0 Safari/537.36"
129.212.237.74 - - [26/Jan/2026:05:39:59 -0500] "GET /laravel8/vendor/phpunit/phpunit/src/Util/PHP/eval-stdin.php HTTP/1.1" 404 20583 "-" "Mozilla/5.0 (Windows NT 10.0; Win64; x64) AppleWebKit/537.36 (KHTML, like Gecko) Chrome/121.0.0.0 Safari/537.36"
129.212.237.74 - - [26/Jan/2026:05:39:59 -0500] "GET /laravel9/vendor/phpunit/phpunit/src/Util/PHP/eval-stdin.php HTTP/1.1" 404 20583 "-" "Mozilla/5.0 (Macintosh; Intel Mac OS X 10_15_7) AppleWebKit/537.36 (KHTML, like Gecko) Chrome/120.0.0.0 Safari/537.36"
129.212.237.74 - - [26/Jan/2026:05:40:00 -0500] "GET /laravel10/vendor/phpunit/phpunit/src/Util/PHP/eval-stdin.php HTTP/1.1" 404 20584 "-" "Mozilla/5.0 (Windows NT 10.0; Win64; x64; rv:121.0) Gecko/20100101 Firefox/121.0"
129.212.237.74 - - [26/Jan/2026:05:40:00 -0500] "GET /lib/vendor/phpunit/phpunit/src/Util/PHP/eval-stdin.php HTTP/1.1" 404 20578 "-" "Mozilla/5.0 (Windows NT 10.0; Win64; x64) AppleWebKit/537.36 (KHTML, like Gecko) Chrome/121.0.0.0 Safari/537.36"
135.181.3.246 - - [26/Jan/2026:05:40:00 -0500] "GET /channels/14/babe/rating/page7.html HTTP/1.1" 200 52970 "-" "Mozilla/5.0 (compatible; SERankingBacklinksBot/1.0; +https://seranking.com/backlinks-crawler)"
129.212.237.74 - - [26/Jan/2026:05:40:00 -0500] "GET /zend/vendor/phpunit/phpunit/src/Util/PHP/eval-stdin.php HTTP/1.1" 404 20579 "-" "Mozilla/5.0 (Macintosh; Intel Mac OS X 10_15_7) AppleWebKit/605.1.15 (KHTML, like Gecko) Version/17.2 Safari/605.1.15"
129.212.237.74 - - [26/Jan/2026:05:40:01 -0500] "GET /phpunit/phpunit/src/Util/PHP/eval-stdin.php HTTP/1.1" 404 20567 "-" "Mozilla/5.0 (Windows NT 10.0; Win64; x64) AppleWebKit/537.36 (KHTML, like Gecko) Chrome/121.0.0.0 Safari/537.36"
129.212.237.74 - - [26/Jan/2026:05:40:01 -0500] "GET /assets/vendor/phpunit/phpunit/src/Util/PHP/eval-stdin.php HTTP/1.1" 404 20581 "-" "Mozilla/5.0 (Macintosh; Intel Mac OS X 10_15_7) AppleWebKit/605.1.15 (KHTML, like Gecko) Version/17.2 Safari/605.1.15"
129.212.237.74 - - [26/Jan/2026:05:40:02 -0500] "GET /asset/vendor/phpunit/phpunit/src/Util/PHP/eval-stdin.php HTTP/1.1" 404 20580 "-" "Mozilla/5.0 (Macintosh; Intel Mac OS X 10_15_7) AppleWebKit/605.1.15 (KHTML, like Gecko) Version/17.2 Safari/605.1.15"
129.212.237.74 - - [26/Jan/2026:05:40:02 -0500] "GET /dist/vendor/phpunit/phpunit/src/Util/PHP/eval-stdin.php HTTP/1.1" 404 20579 "-" "Mozilla/5.0 (Windows NT 10.0; Win64; x64) AppleWebKit/537.36 (KHTML, like Gecko) Chrome/120.0.0.0 Safari/537.36"
129.212.237.74 - - [26/Jan/2026:05:40:03 -0500] "GET /public/vendor/phpunit/phpunit/src/Util/PHP/eval-stdin.php HTTP/1.1" 404 20581 "-" "Mozilla/5.0 (X11; Linux x86_64) AppleWebKit/537.36 (KHTML, like Gecko) Chrome/120.0.0.0 Safari/537.36"
129.212.237.74 - - [26/Jan/2026:05:40:03 -0500] "GET /tests/vendor/phpunit/phpunit/src/Util/PHP/eval-stdin.php HTTP/1.1" 404 20580 "-" "Mozilla/5.0 (Windows NT 10.0; Win64; x64) AppleWebKit/537.36 (KHTML, like Gecko) Chrome/120.0.0.0 Safari/537.36"
129.212.237.74 - - [26/Jan/2026:05:40:03 -0500] "GET /test/vendor/phpunit/phpunit/src/Util/PHP/eval-stdin.php HTTP/1.1" 404 20579 "-" "Mozilla/5.0 (Windows NT 10.0; Win64; x64) AppleWebKit/537.36 (KHTML, like Gecko) Chrome/121.0.0.0 Safari/537.36"
129.212.237.74 - - [26/Jan/2026:05:40:04 -0500] "GET /plugin/vendor/phpunit/phpunit/src/Util/PHP/eval-stdin.php HTTP/1.1" 404 20581 "-" "Mozilla/5.0 (Windows NT 6.1; WOW64; Trident/7.0; rv:11.0) like Gecko"
129.212.237.74 - - [26/Jan/2026:05:40:04 -0500] "GET /plugins/vendor/phpunit/phpunit/src/Util/PHP/eval-stdin.php HTTP/1.1" 404 20582 "-" "Mozilla/5.0 (Windows NT 6.1; WOW64; Trident/7.0; rv:11.0) like Gecko"
135.181.3.246 - - [26/Jan/2026:05:40:04 -0500] "GET /channels/14/babe/rating/page8.html HTTP/1.1" 200 52924 "-" "Mozilla/5.0 (compatible; SERankingBacklinksBot/1.0; +https://seranking.com/backlinks-crawler)"
129.212.237.74 - - [26/Jan/2026:05:40:05 -0500] "GET /admin/vendor/phpunit/phpunit/src/Util/PHP/eval-stdin.php HTTP/1.1" 302 - "-" "Mozilla/5.0 (Windows NT 6.1; WOW64; Trident/7.0; rv:11.0) like Gecko"
129.212.237.74 - - [26/Jan/2026:05:40:06 -0500] "GET /dashboard/vendor/phpunit/phpunit/src/Util/PHP/eval-stdin.php HTTP/1.1" 404 20584 "-" "Mozilla/5.0 (Macintosh; Intel Mac OS X 10_15_7) AppleWebKit/537.36 (KHTML, like Gecko) Chrome/120.0.0.0 Safari/537.36"
129.212.237.74 - - [26/Jan/2026:05:40:06 -0500] "GET /administrator/vendor/phpunit/phpunit/src/Util/PHP/eval-stdin.php HTTP/1.1" 302 - "-" "Mozilla/5.0 (Windows NT 10.0; Win64; x64) AppleWebKit/537.36 (KHTML, like Gecko) Chrome/120.0.0.0 Safari/537.36"
129.212.237.74 - - [26/Jan/2026:05:40:06 -0500] "GET /app/vendor/phpunit/phpunit/src/Util/PHP/eval-stdin.php HTTP/1.1" 404 20578 "-" "Mozilla/5.0 (Macintosh; Intel Mac OS X 10_15_7) AppleWebKit/537.36 (KHTML, like Gecko) Chrome/120.0.0.0 Safari/537.36"
129.212.237.74 - - [26/Jan/2026:05:40:07 -0500] "GET /application/vendor/phpunit/phpunit/src/Util/PHP/eval-stdin.php HTTP/1.1" 404 20586 "-" "Mozilla/5.0 (Windows NT 6.1; WOW64; Trident/7.0; rv:11.0) like Gecko"
151.31.126.231 - - [26/Jan/2026:05:39:44 -0500] "POST /cache/7/c/d/b/5/framework.php HTTP/1.1" 200 24 "http://freecams1.com" "Mozilla/5.0 (Windows NT 10.0; Win64; x64) AppleWebKit/537.36 (KHTML, like Gecko) Chrome/67.0.3147.19 Safari/537.36"
129.212.237.74 - - [26/Jan/2026:05:40:07 -0500] "GET /web/vendor/phpunit/phpunit/src/Util/PHP/eval-stdin.php HTTP/1.1" 404 20578 "-" "Mozilla/5.0 (Windows NT 10.0; Win64; x64) AppleWebKit/537.36 (KHTML, like Gecko) Chrome/120.0.0.0 Safari/537.36"
135.181.3.246 - - [26/Jan/2026:05:40:08 -0500] "GET /channels/14/babe/rating/page9.html HTTP/1.1" 200 54191 "-" "Mozilla/5.0 (compatible; SERankingBacklinksBot/1.0; +https://seranking.com/backlinks-crawler)"
129.212.237.74 - - [26/Jan/2026:05:40:08 -0500] "GET /www/vendor/phpunit/phpunit/src/Util/PHP/eval-stdin.php HTTP/1.1" 404 20578 "-" "Mozilla/5.0 (Windows NT 10.0; Win64; x64; rv:121.0) Gecko/20100101 Firefox/121.0"
129.212.237.74 - - [26/Jan/2026:05:40:08 -0500] "GET /html/vendor/phpunit/phpunit/src/Util/PHP/eval-stdin.php HTTP/1.1" 404 20579 "-" "Mozilla/5.0 (Windows NT 10.0; Win64; x64; rv:121.0) Gecko/20100101 Firefox/121.0"
129.212.237.74 - - [26/Jan/2026:05:40:09 -0500] "GET /cms/vendor/phpunit/phpunit/src/Util/PHP/eval-stdin.php HTTP/1.1" 404 20578 "-" "Mozilla/5.0 (Macintosh; Intel Mac OS X 10_15_7) AppleWebKit/605.1.15 (KHTML, like Gecko) Version/17.2 Safari/605.1.15"
129.212.237.74 - - [26/Jan/2026:05:40:09 -0500] "GET /wp-content/vendor/phpunit/phpunit/src/Util/PHP/eval-stdin.php HTTP/1.1" 404 20585 "-" "Mozilla/5.0 (Windows NT 10.0; Win64; x64; rv:121.0) Gecko/20100101 Firefox/121.0"
129.212.237.74 - - [26/Jan/2026:05:40:10 -0500] "GET /wp-content/plugins/vendor/phpunit/phpunit/src/Util/PHP/eval-stdin.php HTTP/1.1" 404 20593 "-" "Mozilla/5.0 (Macintosh; Intel Mac OS X 10_15_7) AppleWebKit/537.36 (KHTML, like Gecko) Chrome/120.0.0.0 Safari/537.36"
129.212.237.74 - - [26/Jan/2026:05:40:10 -0500] "GET /wp-content/themes/vendor/phpunit/phpunit/src/Util/PHP/eval-stdin.php HTTP/1.1" 404 20592 "-" "Mozilla/5.0 (Windows NT 10.0; Win64; x64; rv:121.0) Gecko/20100101 Firefox/121.0"
129.212.237.74 - - [26/Jan/2026:05:40:10 -0500] "GET /modules/vendor/phpunit/phpunit/src/Util/PHP/eval-stdin.php HTTP/1.1" 404 20582 "-" "Mozilla/5.0 (Windows NT 10.0; Win64; x64) AppleWebKit/537.36 (KHTML, like Gecko) Chrome/121.0.0.0 Safari/537.36"
129.212.237.74 - - [26/Jan/2026:05:40:11 -0500] "GET /components/vendor/phpunit/phpunit/src/Util/PHP/eval-stdin.php HTTP/1.1" 404 20585 "-" "Mozilla/5.0 (Macintosh; Intel Mac OS X 10_15_7) AppleWebKit/605.1.15 (KHTML, like Gecko) Version/17.2 Safari/605.1.15"
129.212.237.74 - - [26/Jan/2026:05:40:11 -0500] "GET /includes/vendor/phpunit/phpunit/src/Util/PHP/eval-stdin.php HTTP/1.1" 404 20583 "-" "Mozilla/5.0 (X11; Linux x86_64) AppleWebKit/537.36 (KHTML, like Gecko) Chrome/120.0.0.0 Safari/537.36"
129.212.237.74 - - [26/Jan/2026:05:40:12 -0500] "GET /core/vendor/phpunit/phpunit/src/Util/PHP/eval-stdin.php HTTP/1.1" 404 20579 "-" "Mozilla/5.0 (Windows NT 10.0; Win64; x64) AppleWebKit/537.36 (KHTML, like Gecko) Chrome/120.0.0.0 Safari/537.36"
129.212.237.74 - - [26/Jan/2026:05:40:12 -0500] "GET /system/vendor/phpunit/phpunit/src/Util/PHP/eval-stdin.php HTTP/1.1" 404 20581 "-" "Mozilla/5.0 (X11; Linux x86_64) AppleWebKit/537.36 (KHTML, like Gecko) Chrome/120.0.0.0 Safari/537.36"
129.212.237.74 - - [26/Jan/2026:05:40:12 -0500] "GET /framework/vendor/phpunit/phpunit/src/Util/PHP/eval-stdin.php HTTP/1.1" 404 20584 "-" "Mozilla/5.0 (X11; Linux x86_64) AppleWebKit/537.36 (KHTML, like Gecko) Chrome/120.0.0.0 Safari/537.36"
129.212.237.74 - - [26/Jan/2026:05:40:13 -0500] "GET /src/vendor/phpunit/phpunit/src/Util/PHP/eval-stdin.php HTTP/1.1" 404 20578 "-" "Mozilla/5.0 (Macintosh; Intel Mac OS X 10_15_7) AppleWebKit/537.36 (KHTML, like Gecko) Chrome/120.0.0.0 Safari/537.36"
135.181.3.246 - - [26/Jan/2026:05:40:13 -0500] "GET /channels/14/babe/views/page10.html HTTP/1.1" 200 53367 "-" "Mozilla/5.0 (compatible; SERankingBacklinksBot/1.0; +https://seranking.com/backlinks-crawler)"
129.212.237.74 - - [26/Jan/2026:05:40:13 -0500] "GET /build/vendor/phpunit/phpunit/src/Util/PHP/eval-stdin.php HTTP/1.1" 404 20580 "-" "Mozilla/5.0 (Windows NT 10.0; Win64; x64) AppleWebKit/537.36 (KHTML, like Gecko) Chrome/120.0.0.0 Safari/537.36"
129.212.237.74 - - [26/Jan/2026:05:40:13 -0500] "GET /bin/vendor/phpunit/phpunit/src/Util/PHP/eval-stdin.php HTTP/1.1" 404 20578 "-" "Mozilla/5.0 (Windows NT 10.0; Win64; x64; rv:121.0) Gecko/20100101 Firefox/121.0"
129.212.237.74 - - [26/Jan/2026:05:40:14 -0500] "GET /config/vendor/phpunit/phpunit/src/Util/PHP/eval-stdin.php HTTP/1.1" 404 20581 "-" "Mozilla/5.0 (Windows NT 6.1; WOW64; Trident/7.0; rv:11.0) like Gecko"
129.212.237.74 - - [26/Jan/2026:05:40:14 -0500] "GET /storage/vendor/phpunit/phpunit/src/Util/PHP/eval-stdin.php HTTP/1.1" 404 20582 "-" "Mozilla/5.0 (Windows NT 10.0; Win64; x64) AppleWebKit/537.36 (KHTML, like Gecko) Chrome/121.0.0.0 Safari/537.36"
129.212.237.74 - - [26/Jan/2026:05:40:14 -0500] "GET /cache/vendor/phpunit/phpunit/src/Util/PHP/eval-stdin.php HTTP/1.1" 404 20580 "-" "Mozilla/5.0 (Windows NT 10.0; Win64; x64) AppleWebKit/537.36 (KHTML, like Gecko) Chrome/121.0.0.0 Safari/537.36"
129.212.237.74 - - [26/Jan/2026:05:40:15 -0500] "GET /tmp/vendor/phpunit/phpunit/src/Util/PHP/eval-stdin.php HTTP/1.1" 404 20578 "-" "Mozilla/5.0 (Windows NT 6.1; WOW64; Trident/7.0; rv:11.0) like Gecko"
129.212.237.74 - - [26/Jan/2026:05:40:15 -0500] "GET /temp/vendor/phpunit/phpunit/src/Util/PHP/eval-stdin.php HTTP/1.1" 404 20579 "-" "Mozilla/5.0 (Windows NT 10.0; Win64; x64) AppleWebKit/537.36 (KHTML, like Gecko) Chrome/120.0.0.0 Safari/537.36"
129.212.237.74 - - [26/Jan/2026:05:40:16 -0500] "GET /var/vendor/phpunit/phpunit/src/Util/PHP/eval-stdin.php HTTP/1.1" 404 20578 "-" "Mozilla/5.0 (Macintosh; Intel Mac OS X 10_15_7) AppleWebKit/537.36 (KHTML, like Gecko) Chrome/120.0.0.0 Safari/537.36"
129.212.237.74 - - [26/Jan/2026:05:40:16 -0500] "GET /var/www/vendor/phpunit/phpunit/src/Util/PHP/eval-stdin.php HTTP/1.1" 404 20582 "-" "Mozilla/5.0 (Windows NT 10.0; Win64; x64) AppleWebKit/537.36 (KHTML, like Gecko) Chrome/120.0.0.0 Safari/537.36"
194.61.19.99 - - [26/Jan/2026:05:39:44 -0500] "POST /cache/7/c/d/b/5/framework.php HTTP/1.1" 200 24 "http://freecams1.com" "Mozilla/5.0 (Windows NT 6.1; Win64; x64) AppleWebKit/537.36 (KHTML, like Gecko) Chrome/65.0.2238.161 Safari/537.36"
129.212.237.74 - - [26/Jan/2026:05:40:16 -0500] "GET /var/www/html/vendor/phpunit/phpunit/src/Util/PHP/eval-stdin.php HTTP/1.1" 404 20587 "-" "Mozilla/5.0 (Windows NT 10.0; Win64; x64) AppleWebKit/537.36 (KHTML, like Gecko) Chrome/120.0.0.0 Safari/537.36"
129.212.237.74 - - [26/Jan/2026:05:40:17 -0500] "GET /home/vendor/phpunit/phpunit/src/Util/PHP/eval-stdin.php HTTP/1.1" 404 20579 "-" "Mozilla/5.0 (Macintosh; Intel Mac OS X 10_15_7) AppleWebKit/537.36 (KHTML, like Gecko) Chrome/120.0.0.0 Safari/537.36"
135.181.3.246 - - [26/Jan/2026:05:40:17 -0500] "GET /channels/14/babe/views/page11.html HTTP/1.1" 200 52955 "-" "Mozilla/5.0 (compatible; SERankingBacklinksBot/1.0; +https://seranking.com/backlinks-crawler)"
129.212.237.74 - - [26/Jan/2026:05:40:17 -0500] "GET /sites/vendor/phpunit/phpunit/src/Util/PHP/eval-stdin.php HTTP/1.1" 404 20580 "-" "Mozilla/5.0 (X11; Linux x86_64) AppleWebKit/537.36 (KHTML, like Gecko) Chrome/120.0.0.0 Safari/537.36"
79.116.251.117 - - [26/Jan/2026:05:39:54 -0500] "POST /cache/7/c/d/b/5/framework.php HTTP/1.1" 200 24 "http://freecams1.com" "Mozilla/5.0 (Windows NT 10.0; WOW64) AppleWebKit/537.36 (KHTML, like Gecko) Chrome/65.0.2583.154 Safari/537.36"
129.212.237.74 - - [26/Jan/2026:05:40:18 -0500] "GET /site/vendor/phpunit/phpunit/src/Util/PHP/eval-stdin.php HTTP/1.1" 404 20579 "-" "Mozilla/5.0 (Windows NT 6.1; WOW64; Trident/7.0; rv:11.0) like Gecko"
129.212.237.74 - - [26/Jan/2026:05:40:18 -0500] "GET /blog/vendor/phpunit/phpunit/src/Util/PHP/eval-stdin.php HTTP/1.1" 404 20579 "-" "Mozilla/5.0 (Windows NT 10.0; Win64; x64) AppleWebKit/537.36 (KHTML, like Gecko) Chrome/120.0.0.0 Safari/537.36"
129.212.237.74 - - [26/Jan/2026:05:40:19 -0500] "GET /shop/vendor/phpunit/phpunit/src/Util/PHP/eval-stdin.php HTTP/1.1" 404 20579 "-" "Mozilla/5.0 (Windows NT 10.0; Win64; x64) AppleWebKit/537.36 (KHTML, like Gecko) Chrome/121.0.0.0 Safari/537.36"
129.212.237.74 - - [26/Jan/2026:05:40:19 -0500] "GET /store/vendor/phpunit/phpunit/src/Util/PHP/eval-stdin.php HTTP/1.1" 404 20580 "-" "Mozilla/5.0 (Windows NT 10.0; Win64; x64; rv:121.0) Gecko/20100101 Firefox/121.0"
129.212.237.74 - - [26/Jan/2026:05:40:19 -0500] "GET /api/v1/vendor/phpunit/phpunit/src/Util/PHP/eval-stdin.php HTTP/1.1" 404 20581 "-" "Mozilla/5.0 (X11; Linux x86_64) AppleWebKit/537.36 (KHTML, like Gecko) Chrome/120.0.0.0 Safari/537.36"
129.212.237.74 - - [26/Jan/2026:05:40:20 -0500] "GET /api/v2/vendor/phpunit/phpunit/src/Util/PHP/eval-stdin.php HTTP/1.1" 404 20581 "-" "Mozilla/5.0 (Windows NT 10.0; Win64; x64; rv:121.0) Gecko/20100101 Firefox/121.0"
129.212.237.74 - - [26/Jan/2026:05:40:20 -0500] "GET /v1/vendor/phpunit/phpunit/src/Util/PHP/eval-stdin.php HTTP/1.1" 404 20577 "-" "Mozilla/5.0 (Windows NT 10.0; Win64; x64) AppleWebKit/537.36 (KHTML, like Gecko) Chrome/120.0.0.0 Safari/537.36"
129.212.237.74 - - [26/Jan/2026:05:40:20 -0500] "GET /v2/vendor/phpunit/phpunit/src/Util/PHP/eval-stdin.php HTTP/1.1" 404 20577 "-" "Mozilla/5.0 (Windows NT 10.0; Win64; x64) AppleWebKit/537.36 (KHTML, like Gecko) Chrome/121.0.0.0 Safari/537.36"
129.212.237.74 - - [26/Jan/2026:05:40:21 -0500] "GET /backend/vendor/phpunit/phpunit/src/Util/PHP/eval-stdin.php HTTP/1.1" 404 20582 "-" "Mozilla/5.0 (Windows NT 10.0; Win64; x64; rv:121.0) Gecko/20100101 Firefox/121.0"
129.212.237.74 - - [26/Jan/2026:05:40:21 -0500] "GET /frontend/vendor/phpunit/phpunit/src/Util/PHP/eval-stdin.php HTTP/1.1" 404 20583 "-" "Mozilla/5.0 (Windows NT 6.1; WOW64; Trident/7.0; rv:11.0) like Gecko"
129.212.237.74 - - [26/Jan/2026:05:40:21 -0500] "GET /panel/vendor/phpunit/phpunit/src/Util/PHP/eval-stdin.php HTTP/1.1" 404 20580 "-" "Mozilla/5.0 (Macintosh; Intel Mac OS X 10_15_7) AppleWebKit/537.36 (KHTML, like Gecko) Chrome/120.0.0.0 Safari/537.36"
135.181.3.246 - - [26/Jan/2026:05:40:21 -0500] "GET /channels/14/babe/views/page12.html HTTP/1.1" 200 53111 "-" "Mozilla/5.0 (compatible; SERankingBacklinksBot/1.0; +https://seranking.com/backlinks-crawler)"
129.212.237.74 - - [26/Jan/2026:05:40:22 -0500] "GET /portal/vendor/phpunit/phpunit/src/Util/PHP/eval-stdin.php HTTP/1.1" 404 20581 "-" "Mozilla/5.0 (Macintosh; Intel Mac OS X 10_15_7) AppleWebKit/605.1.15 (KHTML, like Gecko) Version/17.2 Safari/605.1.15"
129.212.237.74 - - [26/Jan/2026:05:40:22 -0500] "GET /console/vendor/phpunit/phpunit/src/Util/PHP/eval-stdin.php HTTP/1.1" 404 20582 "-" "Mozilla/5.0 (X11; Linux x86_64) AppleWebKit/537.36 (KHTML, like Gecko) Chrome/120.0.0.0 Safari/537.36"
129.212.237.74 - - [26/Jan/2026:05:40:22 -0500] "GET /control/vendor/phpunit/phpunit/src/Util/PHP/eval-stdin.php HTTP/1.1" 404 20582 "-" "Mozilla/5.0 (Windows NT 10.0; Win64; x64) AppleWebKit/537.36 (KHTML, like Gecko) Chrome/120.0.0.0 Safari/537.36"
129.212.237.74 - - [26/Jan/2026:05:40:23 -0500] "GET /manage/vendor/phpunit/phpunit/src/Util/PHP/eval-stdin.php HTTP/1.1" 404 20581 "-" "Mozilla/5.0 (Windows NT 10.0; Win64; x64; rv:121.0) Gecko/20100101 Firefox/121.0"
