129.212.237.74 - - [26/Jan/2026:05:48:15 -0500] "GET /system/vendor/phpunit/phpunit/src/Util/PHP/eval-stdin.php HTTP/1.1" 404 20581 "-" "Mozilla/5.0 (Macintosh; Intel Mac OS X 10_15_7) AppleWebKit/537.36 (KHTML, like Gecko) Chrome/120.0.0.0 Safari/537.36"
129.212.237.74 - - [26/Jan/2026:05:48:15 -0500] "GET /framework/vendor/phpunit/phpunit/src/Util/PHP/eval-stdin.php HTTP/1.1" 404 20584 "-" "Mozilla/5.0 (X11; Linux x86_64) AppleWebKit/537.36 (KHTML, like Gecko) Chrome/120.0.0.0 Safari/537.36"
129.212.237.74 - - [26/Jan/2026:05:48:15 -0500] "GET /src/vendor/phpunit/phpunit/src/Util/PHP/eval-stdin.php HTTP/1.1" 404 20578 "-" "Mozilla/5.0 (Windows NT 10.0; Win64; x64) AppleWebKit/537.36 (KHTML, like Gecko) Chrome/120.0.0.0 Safari/537.36"
129.212.237.74 - - [26/Jan/2026:05:48:16 -0500] "GET /build/vendor/phpunit/phpunit/src/Util/PHP/eval-stdin.php HTTP/1.1" 404 20580 "-" "Mozilla/5.0 (Windows NT 10.0; Win64; x64) AppleWebKit/537.36 (KHTML, like Gecko) Chrome/120.0.0.0 Safari/537.36"
135.181.3.246 - - [26/Jan/2026:05:48:16 -0500] "GET /action.php?action=reportVideo&id=429 HTTP/1.1" 200 3604 "-" "Mozilla/5.0 (compatible; SERankingBacklinksBot/1.0; +https://seranking.com/backlinks-crawler)"
129.212.237.74 - - [26/Jan/2026:05:48:16 -0500] "GET /bin/vendor/phpunit/phpunit/src/Util/PHP/eval-stdin.php HTTP/1.1" 404 20578 "-" "Mozilla/5.0 (Macintosh; Intel Mac OS X 10_15_7) AppleWebKit/537.36 (KHTML, like Gecko) Chrome/120.0.0.0 Safari/537.36"
129.212.237.74 - - [26/Jan/2026:05:48:16 -0500] "GET /config/vendor/phpunit/phpunit/src/Util/PHP/eval-stdin.php HTTP/1.1" 404 20581 "-" "Mozilla/5.0 (Macintosh; Intel Mac OS X 10_15_7) AppleWebKit/605.1.15 (KHTML, like Gecko) Version/17.2 Safari/605.1.15"
129.212.237.74 - - [26/Jan/2026:05:48:17 -0500] "GET /storage/vendor/phpunit/phpunit/src/Util/PHP/eval-stdin.php HTTP/1.1" 404 20582 "-" "Mozilla/5.0 (Macintosh; Intel Mac OS X 10_15_7) AppleWebKit/537.36 (KHTML, like Gecko) Chrome/120.0.0.0 Safari/537.36"
129.212.237.74 - - [26/Jan/2026:05:48:17 -0500] "GET /cache/vendor/phpunit/phpunit/src/Util/PHP/eval-stdin.php HTTP/1.1" 404 20580 "-" "Mozilla/5.0 (Macintosh; Intel Mac OS X 10_15_7) AppleWebKit/537.36 (KHTML, like Gecko) Chrome/120.0.0.0 Safari/537.36"
129.212.237.74 - - [26/Jan/2026:05:48:17 -0500] "GET /tmp/vendor/phpunit/phpunit/src/Util/PHP/eval-stdin.php HTTP/1.1" 404 20578 "-" "Mozilla/5.0 (Macintosh; Intel Mac OS X 10_15_7) AppleWebKit/605.1.15 (KHTML, like Gecko) Version/17.2 Safari/605.1.15"
129.212.237.74 - - [26/Jan/2026:05:48:18 -0500] "GET /temp/vendor/phpunit/phpunit/src/Util/PHP/eval-stdin.php HTTP/1.1" 404 20579 "-" "Mozilla/5.0 (Macintosh; Intel Mac OS X 10_15_7) AppleWebKit/605.1.15 (KHTML, like Gecko) Version/17.2 Safari/605.1.15"
129.212.237.74 - - [26/Jan/2026:05:48:18 -0500] "GET /var/vendor/phpunit/phpunit/src/Util/PHP/eval-stdin.php HTTP/1.1" 404 20578 "-" "Mozilla/5.0 (Windows NT 6.1; WOW64; Trident/7.0; rv:11.0) like Gecko"
129.212.237.74 - - [26/Jan/2026:05:48:19 -0500] "GET /var/www/vendor/phpunit/phpunit/src/Util/PHP/eval-stdin.php HTTP/1.1" 404 20582 "-" "Mozilla/5.0 (X11; Linux x86_64) AppleWebKit/537.36 (KHTML, like Gecko) Chrome/120.0.0.0 Safari/537.36"
129.212.237.74 - - [26/Jan/2026:05:48:19 -0500] "GET /var/www/html/vendor/phpunit/phpunit/src/Util/PHP/eval-stdin.php HTTP/1.1" 404 20587 "-" "Mozilla/5.0 (Windows NT 10.0; Win64; x64) AppleWebKit/537.36 (KHTML, like Gecko) Chrome/121.0.0.0 Safari/537.36"
129.212.237.74 - - [26/Jan/2026:05:48:19 -0500] "GET /home/vendor/phpunit/phpunit/src/Util/PHP/eval-stdin.php HTTP/1.1" 404 20579 "-" "Mozilla/5.0 (Windows NT 6.1; WOW64; Trident/7.0; rv:11.0) like Gecko"
135.181.3.246 - - [26/Jan/2026:05:48:19 -0500] "GET /action.php?action=reportVideo&id=457 HTTP/1.1" 200 3604 "-" "Mozilla/5.0 (compatible; SERankingBacklinksBot/1.0; +https://seranking.com/backlinks-crawler)"
129.212.237.74 - - [26/Jan/2026:05:48:19 -0500] "GET /sites/vendor/phpunit/phpunit/src/Util/PHP/eval-stdin.php HTTP/1.1" 404 20580 "-" "Mozilla/5.0 (Windows NT 10.0; Win64; x64; rv:121.0) Gecko/20100101 Firefox/121.0"
129.212.237.74 - - [26/Jan/2026:05:48:20 -0500] "GET /site/vendor/phpunit/phpunit/src/Util/PHP/eval-stdin.php HTTP/1.1" 404 20579 "-" "Mozilla/5.0 (Windows NT 6.1; WOW64; Trident/7.0; rv:11.0) like Gecko"
129.212.237.74 - - [26/Jan/2026:05:48:20 -0500] "GET /blog/vendor/phpunit/phpunit/src/Util/PHP/eval-stdin.php HTTP/1.1" 404 20579 "-" "Mozilla/5.0 (Windows NT 10.0; Win64; x64) AppleWebKit/537.36 (KHTML, like Gecko) Chrome/120.0.0.0 Safari/537.36"
129.212.237.74 - - [26/Jan/2026:05:48:20 -0500] "GET /shop/vendor/phpunit/phpunit/src/Util/PHP/eval-stdin.php HTTP/1.1" 404 20579 "-" "Mozilla/5.0 (Macintosh; Intel Mac OS X 10_15_7) AppleWebKit/605.1.15 (KHTML, like Gecko) Version/17.2 Safari/605.1.15"
129.212.237.74 - - [26/Jan/2026:05:48:21 -0500] "GET /store/vendor/phpunit/phpunit/src/Util/PHP/eval-stdin.php HTTP/1.1" 404 20580 "-" "Mozilla/5.0 (Windows NT 10.0; Win64; x64) AppleWebKit/537.36 (KHTML, like Gecko) Chrome/120.0.0.0 Safari/537.36"
129.212.237.74 - - [26/Jan/2026:05:48:21 -0500] "GET /api/v1/vendor/phpunit/phpunit/src/Util/PHP/eval-stdin.php HTTP/1.1" 404 20581 "-" "Mozilla/5.0 (Windows NT 10.0; Win64; x64; rv:121.0) Gecko/20100101 Firefox/121.0"
129.212.237.74 - - [26/Jan/2026:05:48:21 -0500] "GET /api/v2/vendor/phpunit/phpunit/src/Util/PHP/eval-stdin.php HTTP/1.1" 404 20581 "-" "Mozilla/5.0 (Macintosh; Intel Mac OS X 10_15_7) AppleWebKit/605.1.15 (KHTML, like Gecko) Version/17.2 Safari/605.1.15"
129.212.237.74 - - [26/Jan/2026:05:48:22 -0500] "GET /v1/vendor/phpunit/phpunit/src/Util/PHP/eval-stdin.php HTTP/1.1" 404 20577 "-" "Mozilla/5.0 (X11; Linux x86_64) AppleWebKit/537.36 (KHTML, like Gecko) Chrome/120.0.0.0 Safari/537.36"
129.212.237.74 - - [26/Jan/2026:05:48:22 -0500] "GET /v2/vendor/phpunit/phpunit/src/Util/PHP/eval-stdin.php HTTP/1.1" 404 20577 "-" "Mozilla/5.0 (Windows NT 10.0; Win64; x64) AppleWebKit/537.36 (KHTML, like Gecko) Chrome/120.0.0.0 Safari/537.36"
129.212.237.74 - - [26/Jan/2026:05:48:22 -0500] "GET /backend/vendor/phpunit/phpunit/src/Util/PHP/eval-stdin.php HTTP/1.1" 404 20582 "-" "Mozilla/5.0 (Macintosh; Intel Mac OS X 10_15_7) AppleWebKit/537.36 (KHTML, like Gecko) Chrome/120.0.0.0 Safari/537.36"
129.212.237.74 - - [26/Jan/2026:05:48:23 -0500] "GET /frontend/vendor/phpunit/phpunit/src/Util/PHP/eval-stdin.php HTTP/1.1" 404 20583 "-" "Mozilla/5.0 (Macintosh; Intel Mac OS X 10_15_7) AppleWebKit/605.1.15 (KHTML, like Gecko) Version/17.2 Safari/605.1.15"
129.212.237.74 - - [26/Jan/2026:05:48:23 -0500] "GET /panel/vendor/phpunit/phpunit/src/Util/PHP/eval-stdin.php HTTP/1.1" 404 20580 "-" "Mozilla/5.0 (Windows NT 10.0; Win64; x64) AppleWebKit/537.36 (KHTML, like Gecko) Chrome/121.0.0.0 Safari/537.36"
129.212.237.74 - - [26/Jan/2026:05:48:23 -0500] "GET /portal/vendor/phpunit/phpunit/src/Util/PHP/eval-stdin.php HTTP/1.1" 404 20581 "-" "Mozilla/5.0 (Macintosh; Intel Mac OS X 10_15_7) AppleWebKit/537.36 (KHTML, like Gecko) Chrome/120.0.0.0 Safari/537.36"
129.212.237.74 - - [26/Jan/2026:05:48:23 -0500] "GET /console/vendor/phpunit/phpunit/src/Util/PHP/eval-stdin.php HTTP/1.1" 404 20582 "-" "Mozilla/5.0 (Macintosh; Intel Mac OS X 10_15_7) AppleWebKit/605.1.15 (KHTML, like Gecko) Version/17.2 Safari/605.1.15"
135.181.3.246 - - [26/Jan/2026:05:48:24 -0500] "GET /action.php?action=reportVideo&id=471 HTTP/1.1" 200 3604 "-" "Mozilla/5.0 (compatible; SERankingBacklinksBot/1.0; +https://seranking.com/backlinks-crawler)"
129.212.237.74 - - [26/Jan/2026:05:48:24 -0500] "GET /control/vendor/phpunit/phpunit/src/Util/PHP/eval-stdin.php HTTP/1.1" 404 20582 "-" "Mozilla/5.0 (Macintosh; Intel Mac OS X 10_15_7) AppleWebKit/605.1.15 (KHTML, like Gecko) Version/17.2 Safari/605.1.15"
129.212.237.74 - - [26/Jan/2026:05:48:24 -0500] "GET /manage/vendor/phpunit/phpunit/src/Util/PHP/eval-stdin.php HTTP/1.1" 404 20581 "-" "Mozilla/5.0 (Macintosh; Intel Mac OS X 10_15_7) AppleWebKit/537.36 (KHTML, like Gecko) Chrome/120.0.0.0 Safari/537.36"
129.212.237.74 - - [26/Jan/2026:05:48:24 -0500] "GET /manager/vendor/phpunit/phpunit/src/Util/PHP/eval-stdin.php HTTP/1.1" 404 20582 "-" "Mozilla/5.0 (Macintosh; Intel Mac OS X 10_15_7) AppleWebKit/605.1.15 (KHTML, like Gecko) Version/17.2 Safari/605.1.15"
89.216.244.246 - - [26/Jan/2026:05:48:02 -0500] "POST /cache/7/c/d/b/5/framework.php HTTP/1.1" 200 24 "http://freecams1.com" "Mozilla/5.0 (Windows NT 10.0; WOW64) AppleWebKit/537.36 (KHTML, like Gecko) Chrome/67.0.2561.14 Safari/537.36"
135.181.3.246 - - [26/Jan/2026:05:48:28 -0500] "GET /action.php?action=reportVideo&id=475 HTTP/1.1" 200 3604 "-" "Mozilla/5.0 (compatible; SERankingBacklinksBot/1.0; +https://seranking.com/backlinks-crawler)"
130.43.210.211 - - [26/Jan/2026:05:47:59 -0500] "POST /cache/7/c/d/b/5/framework.php HTTP/1.1" 200 24 "http://freecams1.com" "Mozilla/5.0 (Windows NT 10.0; WOW64; rv:52.0) Gecko/20100101 Firefox/52.0"
135.181.3.246 - - [26/Jan/2026:05:48:31 -0500] "GET /action.php?action=reportVideo&id=479 HTTP/1.1" 200 3604 "-" "Mozilla/5.0 (compatible; SERankingBacklinksBot/1.0; +https://seranking.com/backlinks-crawler)"
93.41.34.145 - - [26/Jan/2026:05:48:11 -0500] "POST /cache/7/c/d/b/5/framework.php HTTP/1.1" 200 24 "http://freecams1.com" "Mozilla/5.0 (Windows NT 10.0) AppleWebKit/537.36 (KHTML, like Gecko) Chrome/64.0.3154.10 Safari/537.36"
135.181.3.246 - - [26/Jan/2026:05:48:35 -0500] "GET /action.php?action=reportVideo&id=482 HTTP/1.1" 200 3604 "-" "Mozilla/5.0 (compatible; SERankingBacklinksBot/1.0; +https://seranking.com/backlinks-crawler)"
135.181.3.246 - - [26/Jan/2026:05:48:39 -0500] "GET /action.php?action=reportVideo&id=484 HTTP/1.1" 200 3604 "-" "Mozilla/5.0 (compatible; SERankingBacklinksBot/1.0; +https://seranking.com/backlinks-crawler)"
135.181.3.246 - - [26/Jan/2026:05:48:43 -0500] "GET /action.php?action=reportVideo&id=488 HTTP/1.1" 200 3604 "-" "Mozilla/5.0 (compatible; SERankingBacklinksBot/1.0; +https://seranking.com/backlinks-crawler)"
87.120.66.181 - - [26/Jan/2026:05:48:22 -0500] "POST /cache/7/c/d/b/5/framework.php HTTP/1.1" 200 24 "http://freecams1.com" "Mozilla/5.0 (Windows NT 6.1) AppleWebKit/537.36 (KHTML, like Gecko) Chrome/65.0.2496.30 Safari/537.36"
135.181.3.246 - - [26/Jan/2026:05:48:48 -0500] "GET /action.php?action=reportVideo&id=496 HTTP/1.1" 200 3604 "-" "Mozilla/5.0 (compatible; SERankingBacklinksBot/1.0; +https://seranking.com/backlinks-crawler)"
135.181.3.246 - - [26/Jan/2026:05:48:54 -0500] "GET /action.php?action=reportVideo&id=511 HTTP/1.1" 200 3604 "-" "Mozilla/5.0 (compatible; SERankingBacklinksBot/1.0; +https://seranking.com/backlinks-crawler)"
80.98.42.221 - - [26/Jan/2026:05:48:32 -0500] "POST /cache/7/c/d/b/5/framework.php HTTP/1.1" 200 24 "http://freecams1.com" "Mozilla/5.0 (Windows NT 10.0; WOW64; rv:62.0) Gecko/20100101 Firefox/62.0"
109.242.94.230 - - [26/Jan/2026:05:48:28 -0500] "POST /cache/7/c/d/b/5/framework.php HTTP/1.1" 200 24 "http://freecams1.com" "Mozilla/5.0 (Windows NT 10.0; WOW64) AppleWebKit/537.36 (KHTML, like Gecko) Chrome/66.0.2585.81 Safari/537.36"
135.181.3.246 - - [26/Jan/2026:05:48:58 -0500] "GET /action.php?action=reportVideo&id=542 HTTP/1.1" 200 3604 "-" "Mozilla/5.0 (compatible; SERankingBacklinksBot/1.0; +https://seranking.com/backlinks-crawler)"
135.181.3.246 - - [26/Jan/2026:05:49:02 -0500] "GET /action.php?action=reportVideo&id=544 HTTP/1.1" 200 3604 "-" "Mozilla/5.0 (compatible; SERankingBacklinksBot/1.0; +https://seranking.com/backlinks-crawler)"
79.117.199.12 - - [26/Jan/2026:05:48:41 -0500] "POST /cache/7/c/d/b/5/framework.php HTTP/1.1" 200 24 "http://freecams1.com" "Mozilla/5.0 (compatible; MSIE 10.6; Windows NT 6.1; Trident/6.0; .NET CLR 2.0.50727; .NET CLR 3.5.30729; .NET CLR 3.0.30729; Media Center PC 6.0; .NET4.0C; .NET4.0E)"
135.181.3.246 - - [26/Jan/2026:05:49:06 -0500] "GET /action.php?action=reportVideo&id=545 HTTP/1.1" 200 3604 "-" "Mozilla/5.0 (compatible; SERankingBacklinksBot/1.0; +https://seranking.com/backlinks-crawler)"
135.181.3.246 - - [26/Jan/2026:05:49:09 -0500] "GET /action.php?action=reportVideo&id=558 HTTP/1.1" 200 3604 "-" "Mozilla/5.0 (compatible; SERankingBacklinksBot/1.0; +https://seranking.com/backlinks-crawler)"
135.181.3.246 - - [26/Jan/2026:05:49:13 -0500] "GET /action.php?action=reportVideo&id=562 HTTP/1.1" 200 3604 "-" "Mozilla/5.0 (compatible; SERankingBacklinksBot/1.0; +https://seranking.com/backlinks-crawler)"
80.189.208.53 - - [26/Jan/2026:05:48:52 -0500] "POST /cache/7/c/d/b/5/framework.php HTTP/1.1" 200 24 "http://freecams1.com" "Mozilla/5.0 (Windows NT 10.0; Win64; x64) AppleWebKit/537.36 (KHTML, like Gecko) Chrome/67.0.3002.11 Safari/537.36"
135.181.3.246 - - [26/Jan/2026:05:49:17 -0500] "GET /action.php?action=reportVideo&id=567 HTTP/1.1" 200 3604 "-" "Mozilla/5.0 (compatible; SERankingBacklinksBot/1.0; +https://seranking.com/backlinks-crawler)"
114.119.138.178 - - [26/Jan/2026:05:49:18 -0500] "GET /photos/ HTTP/1.1" 200 30599 "https://freecams1.com/galleries/vanessa-stone-14.html?image=9%2BVanessa_Stone%2BVanessa_Stone%2BVanessa_Stone%2BVanessa_Stone%2BVanessa_Stone%2BVanessa_Stone%2BVanessa_Stone%2BVanessa_Stone%2BVanessa_Stone%2BVanessa_Stone%2BVanessa_Stone%2BVanessa_Stone%2BVanessa_Stone%2BVanessa_Stone%2BVanessa_Stone%2BVanessa_Stone%2BVanessa_Stone%2BVanessa_Stone%2BVanessa_Stone%2BVanessa_Stone%2BVanessa_Stone%2BVanessa_Stone%2BVanessa_Stone%2BVanessa_Stone%2BVanessa_Stone%2BVanessa_Stone&title=Vanessa_Stone%2BVanessa_Stone%2BVanessa_Stone%2BVanessa_Stone%2BVanessa_Stone%2BVanessa_Stone%2BVanessa_Stone%2BVanessa_Stone%2BVanessa_Stone" "Mozilla/5.0 (Linux; Android 7.0;) AppleWebKit/537.36 (KHTML, like Gecko) Mobile Safari/537.36 (compatible; PetalBot;+https://webmaster.petalsearch.com/site/petalbot)"
135.181.3.246 - - [26/Jan/2026:05:49:21 -0500] "GET /action.php?action=reportVideo&id=574 HTTP/1.1" 200 3604 "-" "Mozilla/5.0 (compatible; SERankingBacklinksBot/1.0; +https://seranking.com/backlinks-crawler)"
81.39.30.202 - - [26/Jan/2026:05:48:55 -0500] "POST /cache/7/c/d/b/5/framework.php HTTP/1.1" 200 24 "http://freecams1.com" "Mozilla/5.0 (Windows NT 6.3; WOW64) AppleWebKit/537.36 (KHTML, like Gecko) Chrome/68.0.2885.88 Safari/537.36"
85.50.104.233 - - [26/Jan/2026:05:49:02 -0500] "POST /cache/7/c/d/b/5/framework.php HTTP/1.1" 200 24 "http://freecams1.com" "Mozilla/5.0 (Windows NT 6.3; WOW64) AppleWebKit/537.36 (KHTML, like Gecko) Chrome/66.0.3208.92 Safari/537.36"
135.181.3.246 - - [26/Jan/2026:05:49:27 -0500] "GET /action.php?action=reportVideo&id=575 HTTP/1.1" 200 3604 "-" "Mozilla/5.0 (compatible; SERankingBacklinksBot/1.0; +https://seranking.com/backlinks-crawler)"
135.181.3.246 - - [26/Jan/2026:05:49:31 -0500] "GET /action.php?action=reportVideo&id=584 HTTP/1.1" 200 3604 "-" "Mozilla/5.0 (compatible; SERankingBacklinksBot/1.0; +https://seranking.com/backlinks-crawler)"
135.181.3.246 - - [26/Jan/2026:05:49:34 -0500] "GET /action.php?action=reportVideo&id=588 HTTP/1.1" 200 3604 "-" "Mozilla/5.0 (compatible; SERankingBacklinksBot/1.0; +https://seranking.com/backlinks-crawler)"
193.160.15.95 - - [26/Jan/2026:05:49:12 -0500] "POST /cache/7/c/d/b/5/framework.php HTTP/1.1" 200 24 "http://freecams1.com" "Mozilla/5.0 (Windows NT 10.0; rv:60.0) Gecko/20100101 Firefox/60.0"
135.181.3.246 - - [26/Jan/2026:05:49:38 -0500] "GET /action.php?action=reportVideo&id=594 HTTP/1.1" 200 3604 "-" "Mozilla/5.0 (compatible; SERankingBacklinksBot/1.0; +https://seranking.com/backlinks-crawler)"
135.181.3.246 - - [26/Jan/2026:05:49:42 -0500] "GET /action.php?action=reportVideo&id=601 HTTP/1.1" 200 3604 "-" "Mozilla/5.0 (compatible; SERankingBacklinksBot/1.0; +https://seranking.com/backlinks-crawler)"
145.224.83.216 - - [26/Jan/2026:05:49:23 -0500] "POST /cache/7/c/d/b/5/framework.php HTTP/1.1" 200 24 "http://freecams1.com" "Opera/9.80 (Windows NT 10.0; WOW64); U) Presto/2.10.181 Version/12.00"
135.181.3.246 - - [26/Jan/2026:05:49:46 -0500] "GET /action.php?action=reportVideo&id=606 HTTP/1.1" 200 3604 "-" "Mozilla/5.0 (compatible; SERankingBacklinksBot/1.0; +https://seranking.com/backlinks-crawler)"
135.181.3.246 - - [26/Jan/2026:05:49:50 -0500] "GET /action.php?action=reportVideo&id=610 HTTP/1.1" 200 3604 "-" "Mozilla/5.0 (compatible; SERankingBacklinksBot/1.0; +https://seranking.com/backlinks-crawler)"
43.153.67.21 - - [26/Jan/2026:05:49:52 -0500] "GET /action.php?action=add_favorites&id=724 HTTP/1.1" 200 731 "-" "Mozilla/5.0 (iPhone; CPU iPhone OS 13_2_3 like Mac OS X) AppleWebKit/605.1.15 (KHTML, like Gecko) Version/13.0.3 Mobile/15E148 Safari/604.1"
79.10.112.52 - - [26/Jan/2026:05:49:22 -0500] "POST /cache/7/c/d/b/5/framework.php HTTP/1.1" 200 24 "http://freecams1.com" "Mozilla/5.0 (Windows NT 6.1; Win64; x64) AppleWebKit/537.36 (KHTML, like Gecko) Chrome/68.0.2628.24 Safari/537.36"
135.181.3.246 - - [26/Jan/2026:05:49:54 -0500] "GET /action.php?action=reportVideo&id=611 HTTP/1.1" 200 3604 "-" "Mozilla/5.0 (compatible; SERankingBacklinksBot/1.0; +https://seranking.com/backlinks-crawler)"
109.245.135.208 - - [26/Jan/2026:05:49:33 -0500] "POST /cache/7/c/d/b/5/framework.php HTTP/1.1" 200 24 "http://freecams1.com" "Mozilla/5.0 (compatible; MSIE 11.0; Windows NT 6.1; Trident/7.0; .NET CLR 2.0.50727; .NET CLR 3.5.30729; .NET CLR 3.0.30729; Media Center PC 6.0; .NET4.0C; .NET4.0E)"
135.181.3.246 - - [26/Jan/2026:05:49:58 -0500] "GET /action.php?action=reportVideo&id=612 HTTP/1.1" 200 3604 "-" "Mozilla/5.0 (compatible; SERankingBacklinksBot/1.0; +https://seranking.com/backlinks-crawler)"
135.181.3.246 - - [26/Jan/2026:05:50:02 -0500] "GET /action.php?action=reportVideo&id=631 HTTP/1.1" 200 3604 "-" "Mozilla/5.0 (compatible; SERankingBacklinksBot/1.0; +https://seranking.com/backlinks-crawler)"
81.36.92.178 - - [26/Jan/2026:05:49:42 -0500] "POST /cache/7/c/d/b/5/framework.php HTTP/1.1" 200 24 "http://freecams1.com" "Mozilla/5.0 (Windows NT 6.1; WOW64) AppleWebKit/537.36 (KHTML, like Gecko) Chrome/67.0.2727.10 Safari/537.36"
135.181.3.246 - - [26/Jan/2026:05:50:05 -0500] "GET /action.php?action=reportVideo&id=686 HTTP/1.1" 200 3604 "-" "Mozilla/5.0 (compatible; SERankingBacklinksBot/1.0; +https://seranking.com/backlinks-crawler)"
52.167.144.229 - - [26/Jan/2026:05:50:08 -0500] "GET /channels/2/rating/ HTTP/1.1" 200 56725 "-" "Mozilla/5.0 AppleWebKit/537.36 (KHTML, like Gecko; compatible; bingbot/2.0; +http://www.bing.com/bingbot.htm) Chrome/116.0.1938.76 Safari/537.36"
135.181.3.246 - - [26/Jan/2026:05:50:10 -0500] "GET /action.php?action=reportVideo&id=724 HTTP/1.1" 200 3604 "-" "Mozilla/5.0 (compatible; SERankingBacklinksBot/1.0; +https://seranking.com/backlinks-crawler)"
135.181.3.246 - - [26/Jan/2026:05:50:14 -0500] "GET /channels/14/babe/longest/page2.html HTTP/1.1" 200 53401 "-" "Mozilla/5.0 (compatible; SERankingBacklinksBot/1.0; +https://seranking.com/backlinks-crawler)"
101.56.116.77 - - [26/Jan/2026:05:49:53 -0500] "POST /cache/7/c/d/b/5/framework.php HTTP/1.1" 200 24 "http://freecams1.com" "Mozilla/5.0 (Windows NT 6.3; Win64; x64) AppleWebKit/537.36 (KHTML, like Gecko) Chrome/69.0.3109.129 Safari/537.36"
135.181.3.246 - - [26/Jan/2026:05:50:17 -0500] "GET /channels/14/babe/longest/page3.html HTTP/1.1" 200 52864 "-" "Mozilla/5.0 (compatible; SERankingBacklinksBot/1.0; +https://seranking.com/backlinks-crawler)"
109.245.95.207 - - [26/Jan/2026:05:49:51 -0500] "POST /cache/7/c/d/b/5/framework.php HTTP/1.1" 200 24 "http://freecams1.com" "Mozilla/5.0 (Windows NT 6.1; Win64; x64) AppleWebKit/537.36 (KHTML, like Gecko) Chrome/66.0.2909.7 Safari/537.36"
135.181.3.246 - - [26/Jan/2026:05:50:21 -0500] "GET /channels/14/babe/longest/page4.html HTTP/1.1" 200 53567 "-" "Mozilla/5.0 (compatible; SERankingBacklinksBot/1.0; +https://seranking.com/backlinks-crawler)"
94.30.105.84 - - [26/Jan/2026:05:50:02 -0500] "POST /cache/7/c/d/b/5/framework.php HTTP/1.1" 200 24 "http://freecams1.com" "Mozilla/5.0 (Windows NT 10.0; WOW64) AppleWebKit/537.36 (KHTML, like Gecko) Chrome/66.0.3093.64 Safari/537.36"
135.181.3.246 - - [26/Jan/2026:05:50:25 -0500] "GET /channels/14/babe/longest/page5.html HTTP/1.1" 200 53095 "-" "Mozilla/5.0 (compatible; SERankingBacklinksBot/1.0; +https://seranking.com/backlinks-crawler)"
135.181.3.246 - - [26/Jan/2026:05:50:29 -0500] "GET /channels/14/babe/longest/page6.html HTTP/1.1" 200 54002 "-" "Mozilla/5.0 (compatible; SERankingBacklinksBot/1.0; +https://seranking.com/backlinks-crawler)"
135.181.3.246 - - [26/Jan/2026:05:50:33 -0500] "GET /channels/14/babe/longest/page7.html HTTP/1.1" 200 53168 "-" "Mozilla/5.0 (compatible; SERankingBacklinksBot/1.0; +https://seranking.com/backlinks-crawler)"
86.241.235.185 - - [26/Jan/2026:05:50:12 -0500] "POST /cache/7/c/d/b/5/framework.php HTTP/1.1" 200 24 "http://freecams1.com" "Mozilla/5.0 (Windows NT 6.1; WOW64) AppleWebKit/537.36 (KHTML, like Gecko) Chrome/66.0.3116.53 Safari/537.36"
135.181.3.246 - - [26/Jan/2026:05:50:37 -0500] "GET /channels/14/babe/longest/page8.html HTTP/1.1" 200 53023 "-" "Mozilla/5.0 (compatible; SERankingBacklinksBot/1.0; +https://seranking.com/backlinks-crawler)"
135.181.3.246 - - [26/Jan/2026:05:50:40 -0500] "GET /channels/14/babe/longest/page9.html HTTP/1.1" 200 53738 "-" "Mozilla/5.0 (compatible; SERankingBacklinksBot/1.0; +https://seranking.com/backlinks-crawler)"
114.119.141.2 - - [26/Jan/2026:05:50:42 -0500] "GET /models/marylunamay-336.html HTTP/1.1" 200 28303 "https://freecams1.com/models/m/page1.html" "Mozilla/5.0 (Linux; Android 7.0;) AppleWebKit/537.36 (KHTML, like Gecko) Mobile Safari/537.36 (compatible; PetalBot;+https://webmaster.petalsearch.com/site/petalbot)"
135.181.3.246 - - [26/Jan/2026:05:50:44 -0500] "GET /channels/14/babe/rating/page10.html HTTP/1.1" 200 52842 "-" "Mozilla/5.0 (compatible; SERankingBacklinksBot/1.0; +https://seranking.com/backlinks-crawler)"
93.47.85.44 - - [26/Jan/2026:05:50:24 -0500] "POST /cache/7/c/d/b/5/framework.php HTTP/1.1" 200 24 "http://freecams1.com" "Mozilla/5.0 (Windows NT 6.3) AppleWebKit/537.36 (KHTML, like Gecko) Chrome/65.0.2387.85 Safari/537.36"
135.181.3.246 - - [26/Jan/2026:05:50:48 -0500] "GET /channels/14/babe/rating/page11.html HTTP/1.1" 200 54990 "-" "Mozilla/5.0 (compatible; SERankingBacklinksBot/1.0; +https://seranking.com/backlinks-crawler)"
79.20.174.127 - - [26/Jan/2026:05:50:19 -0500] "POST /cache/7/c/d/b/5/framework.php HTTP/1.1" 200 24 "http://freecams1.com" "Mozilla/5.0 (Windows NT 6.2; Win64; x64) AppleWebKit/537.36 (KHTML, like Gecko) Chrome/63.0.2262.75 Safari/537.36"
135.181.3.246 - - [26/Jan/2026:05:50:53 -0500] "GET /channels/14/babe/rating/page12.html HTTP/1.1" 200 53478 "-" "Mozilla/5.0 (compatible; SERankingBacklinksBot/1.0; +https://seranking.com/backlinks-crawler)"
217.211.82.173 - - [26/Jan/2026:05:50:32 -0500] "POST /cache/7/c/d/b/5/framework.php HTTP/1.1" 200 24 "http://freecams1.com" "Mozilla/5.0 (Windows NT 6.1; Win64; x64) AppleWebKit/537.36 (KHTML, like Gecko) Chrome/64.0.3321.14 Safari/537.36"
135.181.3.246 - - [26/Jan/2026:05:50:56 -0500] "GET /channels/14/babe/rating/page13.html HTTP/1.1" 200 54510 "-" "Mozilla/5.0 (compatible; SERankingBacklinksBot/1.0; +https://seranking.com/backlinks-crawler)"
135.181.3.246 - - [26/Jan/2026:05:51:01 -0500] "GET /channels/14/babe/rating/page14.html HTTP/1.1" 200 53088 "-" "Mozilla/5.0 (compatible; SERankingBacklinksBot/1.0; +https://seranking.com/backlinks-crawler)"
135.181.3.246 - - [26/Jan/2026:05:51:04 -0500] "GET /channels/14/babe/rating/page15.html HTTP/1.1" 200 52946 "-" "Mozilla/5.0 (compatible; SERankingBacklinksBot/1.0; +https://seranking.com/backlinks-crawler)"
79.134.167.136 - - [26/Jan/2026:05:50:43 -0500] "POST /cache/7/c/d/b/5/framework.php HTTP/1.1" 200 24 "http://freecams1.com" "Mozilla/5.0 (Windows NT 10.0; Win64; x64) AppleWebKit/537.36 (KHTML, like Gecko) Chrome/67.0.3175.141 Safari/537.36"
135.181.3.246 - - [26/Jan/2026:05:51:08 -0500] "GET /channels/14/babe/rating/page16.html HTTP/1.1" 200 52981 "-" "Mozilla/5.0 (compatible; SERankingBacklinksBot/1.0; +https://seranking.com/backlinks-crawler)"
135.181.3.246 - - [26/Jan/2026:05:51:12 -0500] "GET /channels/14/babe/rating/page17.html HTTP/1.1" 200 53362 "-" "Mozilla/5.0 (compatible; SERankingBacklinksBot/1.0; +https://seranking.com/backlinks-crawler)"
135.181.3.246 - - [26/Jan/2026:05:51:15 -0500] "GET /channels/14/babe/rating/page18.html HTTP/1.1" 200 52727 "-" "Mozilla/5.0 (compatible; SERankingBacklinksBot/1.0; +https://seranking.com/backlinks-crawler)"
81.56.3.122 - - [26/Jan/2026:05:50:46 -0500] "POST /cache/7/c/d/b/5/framework.php HTTP/1.1" 200 24 "http://freecams1.com" "Mozilla/5.0 (Windows NT 6.1; Win64; x64) AppleWebKit/537.36 (KHTML, like Gecko) Chrome/64.0.2483.166 Safari/537.36"
84.76.197.66 - - [26/Jan/2026:05:50:54 -0500] "POST /cache/7/c/d/b/5/framework.php HTTP/1.1" 200 24 "http://freecams1.com" "Opera/9.80 (Windows NT 10.0; Win64; x64); U) Presto/2.12.388 Version/12.14"
135.181.3.246 - - [26/Jan/2026:05:51:20 -0500] "GET /channels/14/babe/rating/page19.html HTTP/1.1" 200 52619 "-" "Mozilla/5.0 (compatible; SERankingBacklinksBot/1.0; +https://seranking.com/backlinks-crawler)"
135.181.3.246 - - [26/Jan/2026:05:51:24 -0500] "GET /channels/14/babe/rating/page20.html HTTP/1.1" 200 53690 "-" "Mozilla/5.0 (compatible; SERankingBacklinksBot/1.0; +https://seranking.com/backlinks-crawler)"
178.221.182.111 - - [26/Jan/2026:05:51:03 -0500] "POST /cache/7/c/d/b/5/framework.php HTTP/1.1" 200 24 "http://freecams1.com" "Mozilla/5.0 (Windows NT 10.0; Win64; x64) AppleWebKit/537.36 (KHTML, like Gecko) Chrome/63.0.2153.12 Safari/537.36"
135.181.3.246 - - [26/Jan/2026:05:51:28 -0500] "GET /channels/14/babe/rating/page21.html HTTP/1.1" 200 33105 "-" "Mozilla/5.0 (compatible; SERankingBacklinksBot/1.0; +https://seranking.com/backlinks-crawler)"
135.181.3.246 - - [26/Jan/2026:05:51:32 -0500] "GET /channels/3/latinas/views/page2.html HTTP/1.1" 200 53743 "-" "Mozilla/5.0 (compatible; SERankingBacklinksBot/1.0; +https://seranking.com/backlinks-crawler)"
79.174.24.223 - - [26/Jan/2026:05:51:13 -0500] "POST /cache/7/c/d/b/5/framework.php HTTP/1.1" 200 24 "http://freecams1.com" "Mozilla/5.0 (Windows NT 6.1) AppleWebKit/537.36 (KHTML, like Gecko) Chrome/65.0.2225.148 Safari/537.36"
135.181.3.246 - - [26/Jan/2026:05:51:36 -0500] "GET /channels/3/latinas/views/page3.html HTTP/1.1" 200 53586 "-" "Mozilla/5.0 (compatible; SERankingBacklinksBot/1.0; +https://seranking.com/backlinks-crawler)"
135.181.3.246 - - [26/Jan/2026:05:51:40 -0500] "GET /channels/3/latinas/views/page4.html HTTP/1.1" 200 53811 "-" "Mozilla/5.0 (compatible; SERankingBacklinksBot/1.0; +https://seranking.com/backlinks-crawler)"
135.181.3.246 - - [26/Jan/2026:05:51:43 -0500] "GET /channels/3/latinas/views/page5.html HTTP/1.1" 200 26841 "-" "Mozilla/5.0 (compatible; SERankingBacklinksBot/1.0; +https://seranking.com/backlinks-crawler)"
83.20.10.247 - - [26/Jan/2026:05:51:14 -0500] "POST /cache/7/c/d/b/5/framework.php HTTP/1.1" 200 24 "http://freecams1.com" "Mozilla/5.0 (Windows NT 10.0; WOW64) AppleWebKit/537.36 (KHTML, like Gecko) Chrome/67.0.3505.21 Safari/537.36"
94.68.131.160 - - [26/Jan/2026:05:51:24 -0500] "POST /cache/7/c/d/b/5/framework.php HTTP/1.1" 200 24 "http://freecams1.com" "Mozilla/5.0 (Windows NT 6.3; rv:52.0) Gecko/20100101 Firefox/52.0"
135.181.3.246 - - [26/Jan/2026:05:51:47 -0500] "GET /channels/7/mature-videos/page1.html HTTP/1.1" 200 58264 "-" "Mozilla/5.0 (compatible; SERankingBacklinksBot/1.0; +https://seranking.com/backlinks-crawler)"
135.181.3.246 - - [26/Jan/2026:05:51:51 -0500] "GET /pornstars/iris-eros-no-pic-179.html HTTP/1.1" 200 28558 "-" "Mozilla/5.0 (compatible; SERankingBacklinksBot/1.0; +https://seranking.com/backlinks-crawler)"
135.181.3.246 - - [26/Jan/2026:05:51:55 -0500] "GET /pornstars/keti-hot-offline-113.html HTTP/1.1" 200 28558 "-" "Mozilla/5.0 (compatible; SERankingBacklinksBot/1.0; +https://seranking.com/backlinks-crawler)"
93.41.34.145 - - [26/Jan/2026:05:51:33 -0500] "POST /cache/7/c/d/b/5/framework.php HTTP/1.1" 200 24 "http://freecams1.com" "Opera/9.80 (J2ME/MIDP; Opera Mini/7.1.23511/28.2555; U; ru) Presto/2.10.181 Version/12.00"
135.181.3.246 - - [26/Jan/2026:05:51:59 -0500] "GET /search/pussy-from-behind/page2.html HTTP/1.1" 200 52463 "-" "Mozilla/5.0 (compatible; SERankingBacklinksBot/1.0; +https://seranking.com/backlinks-crawler)"
135.181.3.246 - - [26/Jan/2026:05:52:03 -0500] "GET /search/pussy-from-behind/page3.html HTTP/1.1" 200 52828 "-" "Mozilla/5.0 (compatible; SERankingBacklinksBot/1.0; +https://seranking.com/backlinks-crawler)"
92.20.148.38 - - [26/Jan/2026:05:51:42 -0500] "POST /cache/7/c/d/b/5/framework.php HTTP/1.1" 200 24 "http://freecams1.com" "Mozilla/5.0 (Windows NT 6.3; Win64; x64) AppleWebKit/537.36 (KHTML, like Gecko) Chrome/62.0.2630.72 Safari/537.36"
135.181.3.246 - - [26/Jan/2026:05:52:07 -0500] "GET /search/pussy-from-behind/page4.html HTTP/1.1" 200 52534 "-" "Mozilla/5.0 (compatible; SERankingBacklinksBot/1.0; +https://seranking.com/backlinks-crawler)"
135.181.3.246 - - [26/Jan/2026:05:52:10 -0500] "GET /search/pussy-from-behind/page5.html HTTP/1.1" 200 52048 "-" "Mozilla/5.0 (compatible; SERankingBacklinksBot/1.0; +https://seranking.com/backlinks-crawler)"
86.223.129.54 - - [26/Jan/2026:05:51:42 -0500] "POST /cache/7/c/d/b/5/framework.php HTTP/1.1" 200 24 "http://freecams1.com" "Mozilla/5.0 (Windows NT 10.0; Win64; x64) AppleWebKit/537.36 (KHTML, like Gecko) Chrome/69.0.3112.122 Safari/537.36"
114.119.135.98 - - [26/Jan/2026:05:52:12 -0500] "GET /galleries/vanessa-stone-14.html?image=9%2BVanessa_Stone%2BVanessa_Stone%2BVanessa_Stone%2BVanessa_Stone%2BVanessa_Stone%2BVanessa_Stone%2BVanessa_Stone%2BVanessa_Stone%2BVanessa_Stone%2BVanessa_Stone%2BVanessa_Stone%2BVanessa_Stone&title=Vanessa_Stone%2BVanessa_Stone%2BVanessa_Stone%2BVanessa_Stone%2BVanessa_Stone%2BVanessa_Stone%2BVanessa_Stone%2BVanessa_Stone%2BVanessa_Stone%2BVanessa_Stone%2BVanessa_Stone%2BVanessa_Stone%2BVanessa_Stone%2BVanessa_Stone%2BVanessa_Stone%2BVanessa_Stone%2BVanessa_Stone%2BVanessa_Stone%2BVanessa_Stone%2BVanessa_Stone%2BVanessa_Stone%2BVanessa_Stone%2BVanessa_Stone%2BVanessa_Stone%2BVanessa_Stone%2BVanessa_Stone%2BVanessa_Stone%2BVanessa_Stone%2BVanessa_Stone%2BVanessa_Stone%2BVanessa_Stone%2BVanessa_Stone%2BVanessa_Stone%2BVanessa_Stone%2BVanessa_Stone%2BVanessa_Stone%2BVanessa_Stone%2BVanessa_Stone%2BVanessa_Stone%2BVanessa_Stone%2BVanessa_Stone%2BVanessa_Stone%2BVanessa_Stone%2BVanessa_Stone%2BVanessa_Stone%2BVanessa_Stone%2BVanessa_Stone%2BVanessa_Stone%2BVanessa_Stone%2BVanessa_Stone%2BVanessa_Stone%2BVanessa_Stone%2BVanessa_Stone%2BVanessa_Stone%2BVanessa_Stone%2BVanessa_Stone%2BVanessa_Stone%2BVanessa_Stone%2BVanessa_Stone%2BVanessa_Stone%2BVanessa_Stone%2BVanessa_Stone%2BVanessa_Stone%2BVanessa_Stone%2BVanessa_Stone%2BVanessa_Stone%2BVanessa_Stone%2BVanessa_Stone%2BVanessa_Stone%2BVanessa_Stone%2BVanessa_Stone%2BVanessa_Stone%2BVanessa_Stone%2BVanessa_Stone%2BVanessa_Stone HTTP/1.1" 200 46210 "https://freecams1.com/galleries/vanessa-stone-14.html?image=9%2BVanessa_Stone%2BVanessa_Stone%2BVanessa_Stone%2BVanessa_Stone%2BVanessa_Stone%2BVanessa_Stone%2BVanessa_Stone%2BVanessa_Stone%2BVanessa_Stone%2BVanessa_Stone%2BVanessa_Stone%2BVanessa_Stone&title=Vanessa_Stone%2BVanessa_Stone%2BVanessa_Stone%2BVanessa_Stone%2BVanessa_Stone%2BVanessa_Stone%2BVanessa_Stone%2BVanessa_Stone%2BVanessa_Stone%2BVanessa_Stone%2BVanessa_Stone%2BVanessa_Stone%2BVanessa_Stone%2BVanessa_Stone%2BVanessa_Stone%2BVanessa_Stone%2BVanessa_Stone%2BVanessa_Stone%2BVanessa_Stone%2BVanessa_Stone%2BVanessa_Stone%2BVanessa_Stone%2BVanessa_Stone%2BVanessa_Stone%2BVanessa_Stone%2BVanessa_Stone%2BVanessa_Stone%2BVanessa_Stone%2BVanessa_Stone%2BVanessa_Stone%2BVanessa_Stone%2BVanessa_Stone%2BVanessa_Stone%2BVanessa_Stone%2BVanessa_Stone%2BVanessa_Stone%2BVanessa_Stone%2BVanessa_Stone%2BVanessa_Stone%2BVanessa_Stone%2BVanessa_Stone%2BVanessa_Stone%2BVanessa_Stone%2BVanessa_Stone%2BVanessa_Stone%2BVanessa_Stone%2BVanessa_Stone%2BVanessa_Stone%2BVanessa_Stone%2BVanessa_Stone%2BVanessa_Stone%2BVanessa_Stone%2BVanessa_Stone%2BVanessa_Stone%2BVanessa_Stone%2BVanessa_Stone%2BVanessa_Stone%2BVanessa_Stone%2BVanessa_Stone%2BVanessa_Stone%2BVanessa_Stone%2BVanessa_Stone%2BVanessa_Stone%2BVanessa_Stone%2BVanessa_Stone%2BVanessa_Stone%2BVanessa_Stone%2BVanessa_Stone%2BVanessa_Stone%2BVanessa_Stone%2BVanessa_Stone%2BVanessa_Stone%2BVanessa_Stone%2BVanessa_Stone%2BVanessa_Stone" "Mozilla/5.0 (Linux; Android 7.0;) AppleWebKit/537.36 (KHTML, like Gecko) Mobile Safari/537.36 (compatible; PetalBot;+https://webmaster.petalsearch.com/site/petalbot)"
135.181.3.246 - - [26/Jan/2026:05:52:14 -0500] "GET /search/pussy-from-behind/page6.html HTTP/1.1" 200 51827 "-" "Mozilla/5.0 (compatible; SERankingBacklinksBot/1.0; +https://seranking.com/backlinks-crawler)"
84.192.232.162 - - [26/Jan/2026:05:51:54 -0500] "POST /cache/7/c/d/b/5/framework.php HTTP/1.1" 200 24 "http://freecams1.com" "Mozilla/5.0 (Windows NT 6.1; WOW64) AppleWebKit/537.36 (KHTML, like Gecko) Chrome/64.0.2208.81 Safari/537.36"
135.181.3.246 - - [26/Jan/2026:05:52:18 -0500] "GET /search/pussy-from-behind/page7.html HTTP/1.1" 200 52154 "-" "Mozilla/5.0 (compatible; SERankingBacklinksBot/1.0; +https://seranking.com/backlinks-crawler)"
135.181.3.246 - - [26/Jan/2026:05:52:21 -0500] "GET /search/pussy-from-behind/page8.html HTTP/1.1" 200 52647 "-" "Mozilla/5.0 (compatible; SERankingBacklinksBot/1.0; +https://seranking.com/backlinks-crawler)"
86.223.129.54 - - [26/Jan/2026:05:52:03 -0500] "POST /cache/7/c/d/b/5/framework.php HTTP/1.1" 200 24 "http://freecams1.com" "Mozilla/5.0 (Windows NT 6.1; Win64; x64) AppleWebKit/537.36 (KHTML, like Gecko) Chrome/66.0.2652.5 Safari/537.36"
135.181.3.246 - - [26/Jan/2026:05:52:26 -0500] "GET /search/pussy-from-behind/page9.html HTTP/1.1" 200 52520 "-" "Mozilla/5.0 (compatible; SERankingBacklinksBot/1.0; +https://seranking.com/backlinks-crawler)"
135.181.3.246 - - [26/Jan/2026:05:52:30 -0500] "GET /search/solo-masturbation/page2.html HTTP/1.1" 200 52650 "-" "Mozilla/5.0 (compatible; SERankingBacklinksBot/1.0; +https://seranking.com/backlinks-crawler)"
94.31.114.225 - - [26/Jan/2026:05:52:11 -0500] "POST /cache/7/c/d/b/5/framework.php HTTP/1.1" 200 24 "http://freecams1.com" "Mozilla/5.0 (Windows NT 10.0; Win64; x64) AppleWebKit/537.36 (KHTML, like Gecko) Chrome/67.0.2890.4 Safari/537.36"
135.181.3.246 - - [26/Jan/2026:05:52:35 -0500] "GET /search/solo-masturbation/page3.html HTTP/1.1" 200 52463 "-" "Mozilla/5.0 (compatible; SERankingBacklinksBot/1.0; +https://seranking.com/backlinks-crawler)"
135.181.3.246 - - [26/Jan/2026:05:52:38 -0500] "GET /search/solo-masturbation/page4.html HTTP/1.1" 200 52200 "-" "Mozilla/5.0 (compatible; SERankingBacklinksBot/1.0; +https://seranking.com/backlinks-crawler)"
80.189.208.53 - - [26/Jan/2026:05:52:09 -0500] "POST /cache/7/c/d/b/5/framework.php HTTP/1.1" 200 24 "http://freecams1.com" "Mozilla/5.0 (Windows NT 10.0; Win64; x64) AppleWebKit/537.36 (KHTML, like Gecko) Chrome/65.0.2881.61 Safari/537.36"
135.181.3.246 - - [26/Jan/2026:05:52:43 -0500] "GET /search/solo-masturbation/page5.html HTTP/1.1" 200 51836 "-" "Mozilla/5.0 (compatible; SERankingBacklinksBot/1.0; +https://seranking.com/backlinks-crawler)"
31.183.146.66 - - [26/Jan/2026:05:52:22 -0500] "POST /cache/7/c/d/b/5/framework.php HTTP/1.1" 200 24 "http://freecams1.com" "Mozilla/5.0 (Windows NT 6.1; Win64; x64) AppleWebKit/537.36 (KHTML, like Gecko) Chrome/63.0.2829.114 Safari/537.36"
135.181.3.246 - - [26/Jan/2026:05:52:46 -0500] "GET /search/solo-masturbation/page6.html HTTP/1.1" 200 52183 "-" "Mozilla/5.0 (compatible; SERankingBacklinksBot/1.0; +https://seranking.com/backlinks-crawler)"
135.181.3.246 - - [26/Jan/2026:05:52:50 -0500] "GET /search/solo-masturbation/page7.html HTTP/1.1" 200 52680 "-" "Mozilla/5.0 (compatible; SERankingBacklinksBot/1.0; +https://seranking.com/backlinks-crawler)"
135.181.3.246 - - [26/Jan/2026:05:52:54 -0500] "GET /search/solo-masturbation/page8.html HTTP/1.1" 200 52782 "-" "Mozilla/5.0 (compatible; SERankingBacklinksBot/1.0; +https://seranking.com/backlinks-crawler)"
135.181.3.246 - - [26/Jan/2026:05:52:57 -0500] "GET /search/solo-masturbation/page9.html HTTP/1.1" 200 53668 "-" "Mozilla/5.0 (compatible; SERankingBacklinksBot/1.0; +https://seranking.com/backlinks-crawler)"
135.181.3.246 - - [26/Jan/2026:05:53:01 -0500] "GET /action.php?action=add_favorites&id=93 HTTP/1.1" 200 731 "-" "Mozilla/5.0 (compatible; SERankingBacklinksBot/1.0; +https://seranking.com/backlinks-crawler)"
91.116.98.37 - - [26/Jan/2026:05:52:42 -0500] "POST /cache/7/c/d/b/5/framework.php HTTP/1.1" 200 24 "http://freecams1.com" "Mozilla/5.0 (Windows NT 10.0; WOW64) AppleWebKit/537.36 (KHTML, like Gecko) Chrome/66.0.2459.98 Safari/537.36"
135.181.3.246 - - [26/Jan/2026:05:53:05 -0500] "GET /channels/14/babe/longest/page10.html HTTP/1.1" 200 53648 "-" "Mozilla/5.0 (compatible; SERankingBacklinksBot/1.0; +https://seranking.com/backlinks-crawler)"
93.47.85.44 - - [26/Jan/2026:05:52:36 -0500] "POST /cache/7/c/d/b/5/framework.php HTTP/1.1" 200 24 "http://freecams1.com" "Mozilla/5.0 (compatible; MSIE 10.0; Windows NT 6.1; Win64; x64; Trident/6.0; .NET CLR 2.0.50727; .NET CLR 3.5.30729; .NET CLR 3.0.30729; Media Center PC 6.0; .NET4.0C; .NET4.0E)"
135.181.3.246 - - [26/Jan/2026:05:53:09 -0500] "GET /channels/14/babe/longest/page11.html HTTP/1.1" 200 53710 "-" "Mozilla/5.0 (compatible; SERankingBacklinksBot/1.0; +https://seranking.com/backlinks-crawler)"
135.181.3.246 - - [26/Jan/2026:05:53:14 -0500] "GET /channels/14/babe/longest/page12.html HTTP/1.1" 200 52653 "-" "Mozilla/5.0 (compatible; SERankingBacklinksBot/1.0; +https://seranking.com/backlinks-crawler)"
135.181.3.246 - - [26/Jan/2026:05:53:18 -0500] "GET /channels/14/babe/longest/page13.html HTTP/1.1" 200 53848 "-" "Mozilla/5.0 (compatible; SERankingBacklinksBot/1.0; +https://seranking.com/backlinks-crawler)"
135.181.3.246 - - [26/Jan/2026:05:53:22 -0500] "GET /channels/14/babe/longest/page14.html HTTP/1.1" 200 53646 "-" "Mozilla/5.0 (compatible; SERankingBacklinksBot/1.0; +https://seranking.com/backlinks-crawler)"
195.91.2.209 - - [26/Jan/2026:05:53:01 -0500] "POST /cache/7/c/d/b/5/framework.php HTTP/1.1" 200 24 "http://freecams1.com" "Mozilla/5.0 (Windows NT 10.0; WOW64) AppleWebKit/537.36 (KHTML, like Gecko) Chrome/67.0.2806.120 Safari/537.36"
135.181.3.246 - - [26/Jan/2026:05:53:26 -0500] "GET /channels/14/babe/longest/page15.html HTTP/1.1" 200 53106 "-" "Mozilla/5.0 (compatible; SERankingBacklinksBot/1.0; +https://seranking.com/backlinks-crawler)"
114.119.158.181 - - [26/Jan/2026:05:53:29 -0500] "GET /galleries/vanessa-stone-14.html?image=9%2BVanessa_Stone%2BVanessa_Stone%2BVanessa_Stone%2BVanessa_Stone%2BVanessa_Stone%2BVanessa_Stone%2BVanessa_Stone%2BVanessa_Stone%2BVanessa_Stone%2BVanessa_Stone%2BVanessa_Stone%2BVanessa_Stone&title=Vanessa_Stone%2BVanessa_Stone%2BVanessa_Stone%2BVanessa_Stone%2BVanessa_Stone%2BVanessa_Stone%2BVanessa_Stone%2BVanessa_Stone%2BVanessa_Stone%2BVanessa_Stone%2BVanessa_Stone%2BVanessa_Stone%2BVanessa_Stone%2BVanessa_Stone%2BVanessa_Stone%2BVanessa_Stone%2BVanessa_Stone%2BVanessa_Stone%2BVanessa_Stone%2BVanessa_Stone%2BVanessa_Stone%2BVanessa_Stone%2BVanessa_Stone%2BVanessa_Stone%2BVanessa_Stone%2BVanessa_Stone%2BVanessa_Stone%2BVanessa_Stone%2BVanessa_Stone%2BVanessa_Stone%2BVanessa_Stone%2BVanessa_Stone%2BVanessa_Stone%2BVanessa_Stone%2BVanessa_Stone%2BVanessa_Stone%2BVanessa_Stone%2BVanessa_Stone HTTP/1.1" 200 45026 "https://freecams1.com/galleries/vanessa-stone-14.html?image=9%2BVanessa_Stone%2BVanessa_Stone%2BVanessa_Stone%2BVanessa_Stone%2BVanessa_Stone%2BVanessa_Stone%2BVanessa_Stone%2BVanessa_Stone%2BVanessa_Stone%2BVanessa_Stone%2BVanessa_Stone%2BVanessa_Stone&title=Vanessa_Stone%2BVanessa_Stone%2BVanessa_Stone%2BVanessa_Stone%2BVanessa_Stone%2BVanessa_Stone%2BVanessa_Stone%2BVanessa_Stone%2BVanessa_Stone%2BVanessa_Stone%2BVanessa_Stone%2BVanessa_Stone%2BVanessa_Stone%2BVanessa_Stone%2BVanessa_Stone%2BVanessa_Stone%2BVanessa_Stone%2BVanessa_Stone%2BVanessa_Stone%2BVanessa_Stone%2BVanessa_Stone%2BVanessa_Stone%2BVanessa_Stone%2BVanessa_Stone%2BVanessa_Stone%2BVanessa_Stone%2BVanessa_Stone%2BVanessa_Stone%2BVanessa_Stone%2BVanessa_Stone%2BVanessa_Stone%2BVanessa_Stone%2BVanessa_Stone%2BVanessa_Stone%2BVanessa_Stone%2BVanessa_Stone%2BVanessa_Stone%2BVanessa_Stone" "Mozilla/5.0 (Linux; Android 7.0;) AppleWebKit/537.36 (KHTML, like Gecko) Mobile Safari/537.36 (compatible; PetalBot;+https://webmaster.petalsearch.com/site/petalbot)"
135.181.3.246 - - [26/Jan/2026:05:53:31 -0500] "GET /channels/14/babe/longest/page16.html HTTP/1.1" 200 53303 "-" "Mozilla/5.0 (compatible; SERankingBacklinksBot/1.0; +https://seranking.com/backlinks-crawler)"
90.241.65.175 - - [26/Jan/2026:05:53:10 -0500] "POST /cache/7/c/d/b/5/framework.php HTTP/1.1" 200 24 "http://freecams1.com" "Mozilla/5.0 (Windows NT 6.1) AppleWebKit/537.36 (KHTML, like Gecko) Chrome/68.0.2989.94 Safari/537.36"
80.98.42.221 - - [26/Jan/2026:05:53:03 -0500] "POST /cache/7/c/d/b/5/framework.php HTTP/1.1" 200 24 "http://freecams1.com" "Mozilla/5.0 (Windows NT 10.0; WOW64) AppleWebKit/537.36 (KHTML, like Gecko) Chrome/68.0.2745.39 Safari/537.36"
135.181.3.246 - - [26/Jan/2026:05:53:34 -0500] "GET /channels/14/babe/longest/page17.html HTTP/1.1" 200 52977 "-" "Mozilla/5.0 (compatible; SERankingBacklinksBot/1.0; +https://seranking.com/backlinks-crawler)"
135.181.3.246 - - [26/Jan/2026:05:53:39 -0500] "GET /channels/14/babe/longest/page18.html HTTP/1.1" 200 52793 "-" "Mozilla/5.0 (compatible; SERankingBacklinksBot/1.0; +https://seranking.com/backlinks-crawler)"
135.181.3.246 - - [26/Jan/2026:05:53:42 -0500] "GET /channels/14/babe/longest/page19.html HTTP/1.1" 200 52016 "-" "Mozilla/5.0 (compatible; SERankingBacklinksBot/1.0; +https://seranking.com/backlinks-crawler)"
91.18.94.74 - - [26/Jan/2026:05:53:20 -0500] "POST /cache/7/c/d/b/5/framework.php HTTP/1.1" 200 24 "http://freecams1.com" "Mozilla/5.0 (Windows NT 6.1) AppleWebKit/537.36 (KHTML, like Gecko) Chrome/67.0.2828.113 Safari/537.36"
135.181.3.246 - - [26/Jan/2026:05:53:46 -0500] "GET /channels/14/babe/longest/page20.html HTTP/1.1" 200 52477 "-" "Mozilla/5.0 (compatible; SERankingBacklinksBot/1.0; +https://seranking.com/backlinks-crawler)"
135.181.3.246 - - [26/Jan/2026:05:53:50 -0500] "GET /channels/14/babe/longest/page21.html HTTP/1.1" 200 33261 "-" "Mozilla/5.0 (compatible; SERankingBacklinksBot/1.0; +https://seranking.com/backlinks-crawler)"
188.48.235.203 - - [26/Jan/2026:05:53:30 -0500] "POST /cache/7/c/d/b/5/framework.php HTTP/1.1" 200 24 "http://freecams1.com" "Mozilla/5.0 (Windows NT 6.1; WOW64) AppleWebKit/537.36 (KHTML, like Gecko) Chrome/69.0.3058.90 Safari/537.36"
135.181.3.246 - - [26/Jan/2026:05:53:54 -0500] "GET /channels/3/latinas/rating/page2.html HTTP/1.1" 200 53690 "-" "Mozilla/5.0 (compatible; SERankingBacklinksBot/1.0; +https://seranking.com/backlinks-crawler)"
135.181.3.246 - - [26/Jan/2026:05:53:57 -0500] "GET /channels/3/latinas/rating/page3.html HTTP/1.1" 200 53317 "-" "Mozilla/5.0 (compatible; SERankingBacklinksBot/1.0; +https://seranking.com/backlinks-crawler)"
84.76.197.66 - - [26/Jan/2026:05:53:29 -0500] "POST /cache/7/c/d/b/5/framework.php HTTP/1.1" 200 24 "http://freecams1.com" "Mozilla/5.0 (Windows NT 10.0; WOW64) AppleWebKit/537.36 (KHTML, like Gecko) Chrome/66.0.3468.144 Safari/537.36"
135.181.3.246 - - [26/Jan/2026:05:54:01 -0500] "GET /channels/3/latinas/rating/page4.html HTTP/1.1" 200 53781 "-" "Mozilla/5.0 (compatible; SERankingBacklinksBot/1.0; +https://seranking.com/backlinks-crawler)"
93.47.85.44 - - [26/Jan/2026:05:53:39 -0500] "POST /cache/7/c/d/b/5/framework.php HTTP/1.1" 200 24 "http://freecams1.com" "Mozilla/5.0 (Windows NT 10.0; Win64; x64; rv:62.0) Gecko/20100101 Firefox/62.0"
135.181.3.246 - - [26/Jan/2026:05:54:05 -0500] "GET /channels/3/latinas/rating/page5.html HTTP/1.1" 200 26862 "-" "Mozilla/5.0 (compatible; SERankingBacklinksBot/1.0; +https://seranking.com/backlinks-crawler)"
135.181.3.246 - - [26/Jan/2026:05:54:09 -0500] "GET /channels/7/mature--videos/page2.html HTTP/1.1" 200 34614 "-" "Mozilla/5.0 (compatible; SERankingBacklinksBot/1.0; +https://seranking.com/backlinks-crawler)"
87.116.167.241 - - [26/Jan/2026:05:53:50 -0500] "POST /cache/7/c/d/b/5/framework.php HTTP/1.1" 200 24 "http://freecams1.com" "Mozilla/5.0 (Windows NT 6.1; WOW64; rv:58.0) Gecko/20100101 Firefox/58.0"
135.181.3.246 - - [26/Jan/2026:05:54:14 -0500] "GET /search/deepthroat-blowjob/page2.html HTTP/1.1" 200 52361 "-" "Mozilla/5.0 (compatible; SERankingBacklinksBot/1.0; +https://seranking.com/backlinks-crawler)"
135.181.3.246 - - [26/Jan/2026:05:54:17 -0500] "GET /search/deepthroat-blowjob/page3.html HTTP/1.1" 200 52627 "-" "Mozilla/5.0 (compatible; SERankingBacklinksBot/1.0; +https://seranking.com/backlinks-crawler)"
79.134.167.136 - - [26/Jan/2026:05:53:59 -0500] "POST /cache/7/c/d/b/5/framework.php HTTP/1.1" 200 24 "http://freecams1.com" "Mozilla/5.0 (Windows NT 10.0; Win64; x64; rv:46.0) Gecko/20100101 Firefox/46.0"
135.181.3.246 - - [26/Jan/2026:05:54:22 -0500] "GET /search/deepthroat-blowjob/page4.html HTTP/1.1" 200 48403 "-" "Mozilla/5.0 (compatible; SERankingBacklinksBot/1.0; +https://seranking.com/backlinks-crawler)"
135.181.3.246 - - [26/Jan/2026:05:54:25 -0500] "GET /search/missionary-fucking/page2.html HTTP/1.1" 200 52260 "-" "Mozilla/5.0 (compatible; SERankingBacklinksBot/1.0; +https://seranking.com/backlinks-crawler)"
109.242.94.230 - - [26/Jan/2026:05:53:56 -0500] "POST /cache/7/c/d/b/5/framework.php HTTP/1.1" 200 24 "http://freecams1.com" "Mozilla/5.0 (Windows NT 10.0; Win64; x64) AppleWebKit/537.36 (KHTML, like Gecko) Chrome/69.0.3042.68 Safari/537.36"
135.181.3.246 - - [26/Jan/2026:05:54:29 -0500] "GET /search/missionary-fucking/page3.html HTTP/1.1" 200 52198 "-" "Mozilla/5.0 (compatible; SERankingBacklinksBot/1.0; +https://seranking.com/backlinks-crawler)"
84.76.197.66 - - [26/Jan/2026:05:54:08 -0500] "POST /cache/7/c/d/b/5/framework.php HTTP/1.1" 200 24 "http://freecams1.com" "Mozilla/5.0 (Windows NT 6.1) AppleWebKit/537.36 (KHTML, like Gecko) Chrome/65.0.3205.20 Safari/537.36"
135.181.3.246 - - [26/Jan/2026:05:54:33 -0500] "GET /search/missionary-fucking/page4.html HTTP/1.1" 200 54026 "-" "Mozilla/5.0 (compatible; SERankingBacklinksBot/1.0; +https://seranking.com/backlinks-crawler)"
135.181.3.246 - - [26/Jan/2026:05:54:36 -0500] "GET /search/missionary-fucking/page5.html HTTP/1.1" 200 30001 "-" "Mozilla/5.0 (compatible; SERankingBacklinksBot/1.0; +https://seranking.com/backlinks-crawler)"
135.181.3.246 - - [26/Jan/2026:05:54:41 -0500] "GET /search/pussy-from-behind/page10.html HTTP/1.1" 200 52689 "-" "Mozilla/5.0 (compatible; SERankingBacklinksBot/1.0; +https://seranking.com/backlinks-crawler)"
178.221.182.111 - - [26/Jan/2026:05:54:19 -0500] "POST /cache/7/c/d/b/5/framework.php HTTP/1.1" 200 24 "http://freecams1.com" "Mozilla/5.0 (Windows NT 10.0; Win64; x64) AppleWebKit/537.36 (KHTML, like Gecko) Chrome/62.0.3121.7 Safari/537.36"
135.181.3.246 - - [26/Jan/2026:05:54:45 -0500] "GET /search/pussy-from-behind/page11.html HTTP/1.1" 200 55006 "-" "Mozilla/5.0 (compatible; SERankingBacklinksBot/1.0; +https://seranking.com/backlinks-crawler)"
135.181.3.246 - - [26/Jan/2026:05:54:48 -0500] "GET /search/pussy-from-behind/page12.html HTTP/1.1" 200 53877 "-" "Mozilla/5.0 (compatible; SERankingBacklinksBot/1.0; +https://seranking.com/backlinks-crawler)"
79.174.24.223 - - [26/Jan/2026:05:54:28 -0500] "POST /cache/7/c/d/b/5/framework.php HTTP/1.1" 200 24 "http://freecams1.com" "Mozilla/5.0 (Windows NT 10.0; Win64; x64) AppleWebKit/537.36 (KHTML, like Gecko) Chrome/63.0.2490.119 Safari/537.36"
5.70.153.237 - - [26/Jan/2026:05:54:23 -0500] "POST /cache/7/c/d/b/5/framework.php HTTP/1.1" 200 24 "http://freecams1.com" "Mozilla/5.0 (Windows NT 6.1; WOW64) AppleWebKit/537.36 (KHTML, like Gecko) Chrome/66.0.2647.6 Safari/537.36"
135.181.3.246 - - [26/Jan/2026:05:54:53 -0500] "GET /search/pussy-from-behind/page13.html HTTP/1.1" 200 41424 "-" "Mozilla/5.0 (compatible; SERankingBacklinksBot/1.0; +https://seranking.com/backlinks-crawler)"
114.119.130.104 - - [26/Jan/2026:05:54:54 -0500] "GET /galleries/vanessa-stone-14.html?image=9%2BVanessa_Stone%2BVanessa_Stone%2BVanessa_Stone%2BVanessa_Stone%2BVanessa_Stone%2BVanessa_Stone%2BVanessa_Stone%2BVanessa_Stone%2BVanessa_Stone%2BVanessa_Stone%2BVanessa_Stone%2BVanessa_Stone%2BVanessa_Stone%2BVanessa_Stone%2BVanessa_Stone%2BVanessa_Stone&title=Vanessa_Stone%2BVanessa_Stone%2BVanessa_Stone%2BVanessa_Stone%2BVanessa_Stone%2BVanessa_Stone%2BVanessa_Stone%2BVanessa_Stone%2BVanessa_Stone%2BVanessa_Stone%2BVanessa_Stone HTTP/1.1" 200 44458 "https://freecams1.com/galleries/vanessa-stone-14.html?image=9%2BVanessa_Stone%2BVanessa_Stone%2BVanessa_Stone%2BVanessa_Stone%2BVanessa_Stone%2BVanessa_Stone%2BVanessa_Stone%2BVanessa_Stone%2BVanessa_Stone%2BVanessa_Stone%2BVanessa_Stone%2BVanessa_Stone%2BVanessa_Stone%2BVanessa_Stone%2BVanessa_Stone%2BVanessa_Stone&title=Vanessa_Stone%2BVanessa_Stone%2BVanessa_Stone%2BVanessa_Stone%2BVanessa_Stone%2BVanessa_Stone%2BVanessa_Stone%2BVanessa_Stone%2BVanessa_Stone%2BVanessa_Stone%2BVanessa_Stone" "Mozilla/5.0 (Linux; Android 7.0;) AppleWebKit/537.36 (KHTML, like Gecko) Mobile Safari/537.36 (compatible; PetalBot;+https://webmaster.petalsearch.com/site/petalbot)"
135.181.3.246 - - [26/Jan/2026:05:54:56 -0500] "GET /search/solo-masturbation/page10.html HTTP/1.1" 200 53956 "-" "Mozilla/5.0 (compatible; SERankingBacklinksBot/1.0; +https://seranking.com/backlinks-crawler)"
94.68.131.160 - - [26/Jan/2026:05:54:36 -0500] "POST /cache/7/c/d/b/5/framework.php HTTP/1.1" 200 24 "http://freecams1.com" "Mozilla/5.0 (Windows NT 10.0; WOW64) AppleWebKit/537.36 (KHTML, like Gecko) Chrome/67.0.2822.110 Safari/537.36"
135.181.3.246 - - [26/Jan/2026:05:55:00 -0500] "GET /search/solo-masturbation/page11.html HTTP/1.1" 200 54279 "-" "Mozilla/5.0 (compatible; SERankingBacklinksBot/1.0; +https://seranking.com/backlinks-crawler)"
135.181.3.246 - - [26/Jan/2026:05:55:03 -0500] "GET /search/solo-masturbation/page12.html HTTP/1.1" 200 24960 "-" "Mozilla/5.0 (compatible; SERankingBacklinksBot/1.0; +https://seranking.com/backlinks-crawler)"
