141.195.57.201 - - [26/Jan/2026:07:35:01 -0500] "GET /webvtt/41.vtt HTTP/1.1" 200 3745 "https://freecams1.com/video/jennyferdreams-skinny-petite-small-girl-shows-hides-a-sex-toy-in-her-pink-panties-41.html" "Mozilla/5.0 (Windows NT 10.0; Win64; x64) AppleWebKit/537.36 (KHTML, like Gecko) Chrome/144.0.0.0 Safari/537.36"
141.195.57.201 - - [26/Jan/2026:07:35:01 -0500] "GET /includes/fluidplayer/images/fluid_spinner.svg HTTP/1.1" 200 524 "https://freecams1.com/includes/fluidplayer/fluidplayer.min.css" "Mozilla/5.0 (Windows NT 10.0; Win64; x64) AppleWebKit/537.36 (KHTML, like Gecko) Chrome/144.0.0.0 Safari/537.36"
141.195.57.201 - - [26/Jan/2026:07:35:06 -0500] "GET /media/videos/3/6/5/0/7/36507c42fe04cc.mp4 HTTP/1.1" 206 140303773 "https://freecams1.com/video/jennyferdreams-skinny-petite-small-girl-shows-hides-a-sex-toy-in-her-pink-panties-41.html" "Mozilla/5.0 (Windows NT 10.0; Win64; x64) AppleWebKit/537.36 (KHTML, like Gecko) Chrome/144.0.0.0 Safari/537.36"
114.119.138.178 - - [26/Jan/2026:07:35:23 -0500] "GET /action.php?action=add_favorites&id=939 HTTP/1.1" 200 739 "https://www.freecams1.com/filter-content/a" "Mozilla/5.0 (Linux; Android 7.0;) AppleWebKit/537.36 (KHTML, like Gecko) Mobile Safari/537.36 (compatible; PetalBot;+https://webmaster.petalsearch.com/site/petalbot)"
104.210.140.142 - - [26/Jan/2026:07:35:41 -0500] "GET /robots.txt HTTP/1.1" 200 243 "-" "Mozilla/5.0 (Macintosh; Intel Mac OS X 10_15_7) AppleWebKit/537.36 (KHTML, like Gecko) Chrome/131.0.0.0 Safari/537.36; compatible; OAI-SearchBot/1.0; +https://openai.com/searchbot"
114.119.138.178 - - [26/Jan/2026:07:36:44 -0500] "GET /action.php?action=add_favorites&id=83 HTTP/1.1" 200 739 "https://www.freecams1.com/paysites/1/default/rating/page4.html" "Mozilla/5.0 (Linux; Android 7.0;) AppleWebKit/537.36 (KHTML, like Gecko) Mobile Safari/537.36 (compatible; PetalBot;+https://webmaster.petalsearch.com/site/petalbot)"
52.167.144.147 - - [26/Jan/2026:07:36:47 -0500] "GET / HTTP/1.1" 200 80033 "-" "Mozilla/5.0 AppleWebKit/537.36 (KHTML, like Gecko; compatible; bingbot/2.0; +http://www.bing.com/bingbot.htm) Chrome/116.0.1938.76 Safari/537.36"
47.128.36.253 - - [26/Jan/2026:07:37:08 -0500] "GET /robots.txt HTTP/1.1" 200 243 "-" "Mozilla/5.0 (Linux; Android 5.0) AppleWebKit/537.36 (KHTML, like Gecko) Mobile Safari/537.36 (compatible; Bytespider; spider-feedback@bytedance.com)"
114.119.158.18 - - [26/Jan/2026:07:38:12 -0500] "GET /action.php?action=add_favorites&id=70 HTTP/1.1" 200 739 "https://www.freecams1.com/paysites/1/default/rating/" "Mozilla/5.0 (Linux; Android 7.0;) AppleWebKit/537.36 (KHTML, like Gecko) Mobile Safari/537.36 (compatible; PetalBot;+https://webmaster.petalsearch.com/site/petalbot)"
84.203.98.92 - - [26/Jan/2026:07:38:33 -0500] "GET /video/yononeey-lesbian-free-cam-679.html HTTP/1.1" 200 60976 "https://www.google.com/" "Mozilla/5.0 (Linux; Android 10; K) AppleWebKit/537.36 (KHTML, like Gecko) Chrome/144.0.0.0 Mobile Safari/537.36"
84.203.98.92 - - [26/Jan/2026:07:38:34 -0500] "GET /templates/default_tube2019/fonts/Roboto/Roboto-Regular.ttf HTTP/1.1" 200 171676 "https://www.freecams1.com/templates/default_tube2019/css/styles.css" "Mozilla/5.0 (Linux; Android 10; K) AppleWebKit/537.36 (KHTML, like Gecko) Chrome/144.0.0.0 Mobile Safari/537.36"
84.203.98.92 - - [26/Jan/2026:07:38:34 -0500] "GET /templates/default_tube2019/fonts/Roboto/Roboto-Medium.ttf HTTP/1.1" 200 172064 "https://www.freecams1.com/templates/default_tube2019/css/styles.css" "Mozilla/5.0 (Linux; Android 10; K) AppleWebKit/537.36 (KHTML, like Gecko) Chrome/144.0.0.0 Mobile Safari/537.36"
84.203.98.92 - - [26/Jan/2026:07:38:34 -0500] "GET /templates/default_tube2019/fonts/fontawesome_5.7.1/fa-solid-900.woff2 HTTP/1.1" 200 74320 "https://www.freecams1.com/templates/default_tube2019/css/styles.css" "Mozilla/5.0 (Linux; Android 10; K) AppleWebKit/537.36 (KHTML, like Gecko) Chrome/144.0.0.0 Mobile Safari/537.36"
84.203.98.92 - - [26/Jan/2026:07:38:34 -0500] "GET /templates/default_tube2019/fonts/fontawesome_5.7.1/fa-regular-400.woff2 HTTP/1.1" 200 13608 "https://www.freecams1.com/templates/default_tube2019/css/styles.css" "Mozilla/5.0 (Linux; Android 10; K) AppleWebKit/537.36 (KHTML, like Gecko) Chrome/144.0.0.0 Mobile Safari/537.36"
84.203.98.92 - - [26/Jan/2026:07:38:34 -0500] "GET /templates/default_tube2019/fonts/fontawesome_5.7.1/fa-brands-400.woff2 HTTP/1.1" 200 72148 "https://www.freecams1.com/templates/default_tube2019/css/styles.css" "Mozilla/5.0 (Linux; Android 10; K) AppleWebKit/537.36 (KHTML, like Gecko) Chrome/144.0.0.0 Mobile Safari/537.36"
84.203.98.92 - - [26/Jan/2026:07:38:34 -0500] "GET /templates/default_tube2019/fonts/Roboto/Roboto-Black.ttf HTTP/1.1" 200 171480 "https://www.freecams1.com/templates/default_tube2019/css/styles.css" "Mozilla/5.0 (Linux; Android 10; K) AppleWebKit/537.36 (KHTML, like Gecko) Chrome/144.0.0.0 Mobile Safari/537.36"
84.203.98.92 - - [26/Jan/2026:07:38:34 -0500] "GET /includes/fluidplayer/images/fluid_icons.svg HTTP/1.1" 200 18488 "https://www.freecams1.com/includes/fluidplayer/fluidplayer.min.css" "Mozilla/5.0 (Linux; Android 10; K) AppleWebKit/537.36 (KHTML, like Gecko) Chrome/144.0.0.0 Mobile Safari/537.36"
84.203.98.92 - - [26/Jan/2026:07:38:34 -0500] "GET /templates/default_tube2019/images/minus-solid.svg HTTP/1.1" 200 328 "https://www.freecams1.com/video/yononeey-lesbian-free-cam-679.html" "Mozilla/5.0 (Linux; Android 10; K) AppleWebKit/537.36 (KHTML, like Gecko) Chrome/144.0.0.0 Mobile Safari/537.36"
84.203.98.92 - - [26/Jan/2026:07:38:34 -0500] "GET /templates/default_tube2019/images/plus-solid.svg HTTP/1.1" 200 449 "https://www.freecams1.com/video/yononeey-lesbian-free-cam-679.html" "Mozilla/5.0 (Linux; Android 10; K) AppleWebKit/537.36 (KHTML, like Gecko) Chrome/144.0.0.0 Mobile Safari/537.36"
84.203.98.92 - - [26/Jan/2026:07:38:35 -0500] "GET /templates/default_tube2019/template.ajax_comments.php?id=679&type=0&loaded=0&time=1769431115307 HTTP/1.1" 200 133 "https://www.freecams1.com/video/yononeey-lesbian-free-cam-679.html" "Mozilla/5.0 (Linux; Android 10; K) AppleWebKit/537.36 (KHTML, like Gecko) Chrome/144.0.0.0 Mobile Safari/537.36"
84.203.98.92 - - [26/Jan/2026:07:38:35 -0500] "GET /webvtt/679.vtt HTTP/1.1" 200 6270 "https://www.freecams1.com/video/yononeey-lesbian-free-cam-679.html" "Mozilla/5.0 (Linux; Android 10; K) AppleWebKit/537.36 (KHTML, like Gecko) Chrome/144.0.0.0 Mobile Safari/537.36"
84.203.98.92 - - [26/Jan/2026:07:38:35 -0500] "GET /media/videos/2/6/5/9/3/265937fdde79ba.mp4 HTTP/1.1" 206 307222274 "https://www.freecams1.com/" "Mozilla/5.0 (Linux; Android 10; K) AppleWebKit/537.36 (KHTML, like Gecko) Chrome/144.0.0.0 Mobile Safari/537.36"
84.203.98.92 - - [26/Jan/2026:07:38:35 -0500] "GET /media/videos/2/6/5/9/3/265937fdde79ba.mp4 HTTP/1.1" 206 87810 "https://www.freecams1.com/" "Mozilla/5.0 (Linux; Android 10; K) AppleWebKit/537.36 (KHTML, like Gecko) Chrome/144.0.0.0 Mobile Safari/537.36"
84.203.98.92 - - [26/Jan/2026:07:38:36 -0500] "GET /media/videos/2/6/5/9/3/265937fdde79ba.mp4 HTTP/1.1" 206 307020088 "https://www.freecams1.com/" "Mozilla/5.0 (Linux; Android 10; K) AppleWebKit/537.36 (KHTML, like Gecko) Chrome/144.0.0.0 Mobile Safari/537.36"
185.170.167.18 - - [26/Jan/2026:07:38:56 -0500] "GET /search/lingerie/page2.html HTTP/1.1" 200 53679 "-" "Mozilla/5.0 (compatible; BacklinksExtendedBot)"
43.153.86.78 - - [26/Jan/2026:07:39:10 -0500] "GET / HTTP/1.1" 200 80033 "-" "Mozilla/5.0 (iPhone; CPU iPhone OS 13_2_3 like Mac OS X) AppleWebKit/605.1.15 (KHTML, like Gecko) Version/13.0.3 Mobile/15E148 Safari/604.1"
114.119.138.178 - - [26/Jan/2026:07:39:31 -0500] "GET /action.php?action=add_favorites&id=638 HTTP/1.1" 200 739 "https://www.freecams1.com/video/aishamoon77-free-cam-videos-638.html" "Mozilla/5.0 (Linux; Android 7.0;) AppleWebKit/537.36 (KHTML, like Gecko) Mobile Safari/537.36 (compatible; PetalBot;+https://webmaster.petalsearch.com/site/petalbot)"
114.119.131.181 - - [26/Jan/2026:07:40:56 -0500] "GET /action.php?action=add_favorites&id=529 HTTP/1.1" 200 739 "https://www.freecams1.com/most-recent/page13.html" "Mozilla/5.0 (Linux; Android 7.0;) AppleWebKit/537.36 (KHTML, like Gecko) Mobile Safari/537.36 (compatible; PetalBot;+https://webmaster.petalsearch.com/site/petalbot)"
114.119.158.181 - - [26/Jan/2026:07:42:19 -0500] "GET /action.php?action=add_favorites&id=513 HTTP/1.1" 200 739 "https://www.freecams1.com/video/slamlust-girlfriend-gives-a-wild-sloppy-blowjob-862.html" "Mozilla/5.0 (Linux; Android 7.0;) AppleWebKit/537.36 (KHTML, like Gecko) Mobile Safari/537.36 (compatible; PetalBot;+https://webmaster.petalsearch.com/site/petalbot)"
185.41.97.49 - - [26/Jan/2026:07:42:54 -0500] "GET /video/sophia24cm-shemale-wildly-blowjobs-her-friend-1049.html HTTP/1.1" 200 56514 "https://www.google.com/" "Mozilla/5.0 (Windows NT 10.0; Win64; x64) AppleWebKit/537.36 (KHTML, like Gecko) Chrome/143.0.0.0 Safari/537.36"
185.41.97.49 - - [26/Jan/2026:07:42:55 -0500] "GET /templates/default_tube2019/fonts/Roboto/Roboto-Medium.ttf HTTP/1.1" 200 172064 "https://www.freecams1.com/templates/default_tube2019/css/styles.css" "Mozilla/5.0 (Windows NT 10.0; Win64; x64) AppleWebKit/537.36 (KHTML, like Gecko) Chrome/143.0.0.0 Safari/537.36"
185.41.97.49 - - [26/Jan/2026:07:42:55 -0500] "GET /templates/default_tube2019/fonts/fontawesome_5.7.1/fa-solid-900.woff2 HTTP/1.1" 200 74320 "https://www.freecams1.com/templates/default_tube2019/css/styles.css" "Mozilla/5.0 (Windows NT 10.0; Win64; x64) AppleWebKit/537.36 (KHTML, like Gecko) Chrome/143.0.0.0 Safari/537.36"
185.41.97.49 - - [26/Jan/2026:07:42:55 -0500] "GET /templates/default_tube2019/fonts/Roboto/Roboto-Regular.ttf HTTP/1.1" 200 171676 "https://www.freecams1.com/templates/default_tube2019/css/styles.css" "Mozilla/5.0 (Windows NT 10.0; Win64; x64) AppleWebKit/537.36 (KHTML, like Gecko) Chrome/143.0.0.0 Safari/537.36"
185.41.97.49 - - [26/Jan/2026:07:42:56 -0500] "GET /templates/default_tube2019/images/plus-solid.svg HTTP/1.1" 200 449 "https://www.freecams1.com/video/sophia24cm-shemale-wildly-blowjobs-her-friend-1049.html" "Mozilla/5.0 (Windows NT 10.0; Win64; x64) AppleWebKit/537.36 (KHTML, like Gecko) Chrome/143.0.0.0 Safari/537.36"
185.41.97.49 - - [26/Jan/2026:07:42:56 -0500] "GET /templates/default_tube2019/images/minus-solid.svg HTTP/1.1" 200 328 "https://www.freecams1.com/video/sophia24cm-shemale-wildly-blowjobs-her-friend-1049.html" "Mozilla/5.0 (Windows NT 10.0; Win64; x64) AppleWebKit/537.36 (KHTML, like Gecko) Chrome/143.0.0.0 Safari/537.36"
185.41.97.49 - - [26/Jan/2026:07:42:56 -0500] "GET /includes/fluidplayer/images/fluid_icons.svg HTTP/1.1" 200 18488 "https://www.freecams1.com/includes/fluidplayer/fluidplayer.min.css" "Mozilla/5.0 (Windows NT 10.0; Win64; x64) AppleWebKit/537.36 (KHTML, like Gecko) Chrome/143.0.0.0 Safari/537.36"
185.41.97.49 - - [26/Jan/2026:07:42:56 -0500] "GET /templates/default_tube2019/fonts/fontawesome_5.7.1/fa-brands-400.woff2 HTTP/1.1" 200 72148 "https://www.freecams1.com/templates/default_tube2019/css/styles.css" "Mozilla/5.0 (Windows NT 10.0; Win64; x64) AppleWebKit/537.36 (KHTML, like Gecko) Chrome/143.0.0.0 Safari/537.36"
185.41.97.49 - - [26/Jan/2026:07:42:56 -0500] "GET /templates/default_tube2019/fonts/fontawesome_5.7.1/fa-regular-400.woff2 HTTP/1.1" 200 13608 "https://www.freecams1.com/templates/default_tube2019/css/styles.css" "Mozilla/5.0 (Windows NT 10.0; Win64; x64) AppleWebKit/537.36 (KHTML, like Gecko) Chrome/143.0.0.0 Safari/537.36"
185.41.97.49 - - [26/Jan/2026:07:42:56 -0500] "GET /templates/default_tube2019/fonts/Roboto/Roboto-Black.ttf HTTP/1.1" 200 171480 "https://www.freecams1.com/templates/default_tube2019/css/styles.css" "Mozilla/5.0 (Windows NT 10.0; Win64; x64) AppleWebKit/537.36 (KHTML, like Gecko) Chrome/143.0.0.0 Safari/537.36"
185.41.97.49 - - [26/Jan/2026:07:42:56 -0500] "GET /templates/default_tube2019/template.ajax_comments.php?id=1049&type=0&loaded=0&time=1769431377773 HTTP/1.1" 200 133 "https://www.freecams1.com/video/sophia24cm-shemale-wildly-blowjobs-her-friend-1049.html" "Mozilla/5.0 (Windows NT 10.0; Win64; x64) AppleWebKit/537.36 (KHTML, like Gecko) Chrome/143.0.0.0 Safari/537.36"
185.41.97.49 - - [26/Jan/2026:07:42:56 -0500] "GET /webvtt/1049.vtt HTTP/1.1" 200 6434 "https://www.freecams1.com/video/sophia24cm-shemale-wildly-blowjobs-her-friend-1049.html" "Mozilla/5.0 (Windows NT 10.0; Win64; x64) AppleWebKit/537.36 (KHTML, like Gecko) Chrome/143.0.0.0 Safari/537.36"
185.41.97.49 - - [26/Jan/2026:07:42:56 -0500] "GET /media/videos/4/6/6/5/e/4665e58f7518f22.mp4 HTTP/1.1" 206 473467715 "https://www.freecams1.com/" "Mozilla/5.0 (Windows NT 10.0; Win64; x64) AppleWebKit/537.36 (KHTML, like Gecko) Chrome/143.0.0.0 Safari/537.36"
165.227.201.102 - - [26/Jan/2026:07:42:57 -0500] "GET / HTTP/1.1" 200 80003 "-" "Mozilla/5.0 (Windows NT 10.0; Win64; x64) AppleWebKit/537.36 (KHTML, like Gecko) Chrome/111.0.0.0 Safari/537.36"
185.41.97.49 - - [26/Jan/2026:07:43:27 -0500] "GET /media/videos/4/6/6/5/e/4665e58f7518f22.mp4 HTTP/1.1" 206 395381571 "https://www.freecams1.com/" "Mozilla/5.0 (Windows NT 10.0; Win64; x64) AppleWebKit/537.36 (KHTML, like Gecko) Chrome/143.0.0.0 Safari/537.36"
185.41.97.49 - - [26/Jan/2026:07:43:28 -0500] "GET /includes/fluidplayer/images/fluid_spinner.svg HTTP/1.1" 200 524 "https://www.freecams1.com/includes/fluidplayer/fluidplayer.min.css" "Mozilla/5.0 (Windows NT 10.0; Win64; x64) AppleWebKit/537.36 (KHTML, like Gecko) Chrome/143.0.0.0 Safari/537.36"
185.41.97.49 - - [26/Jan/2026:07:43:28 -0500] "GET /media/videos/4/6/6/5/e/4665e58f7518f22.mp4 HTTP/1.1" 206 395381571 "https://www.freecams1.com/" "Mozilla/5.0 (Windows NT 10.0; Win64; x64) AppleWebKit/537.36 (KHTML, like Gecko) Chrome/143.0.0.0 Safari/537.36"
185.41.97.49 - - [26/Jan/2026:07:43:31 -0500] "GET /media/videos/4/6/6/5/e/4665e58f7518f22.mp4 HTTP/1.1" 206 336563011 "https://www.freecams1.com/" "Mozilla/5.0 (Windows NT 10.0; Win64; x64) AppleWebKit/537.36 (KHTML, like Gecko) Chrome/143.0.0.0 Safari/537.36"
185.41.97.49 - - [26/Jan/2026:07:43:33 -0500] "GET /media/videos/4/6/6/5/e/4665e58f7518f22.mp4 HTTP/1.1" 206 247466819 "https://www.freecams1.com/" "Mozilla/5.0 (Windows NT 10.0; Win64; x64) AppleWebKit/537.36 (KHTML, like Gecko) Chrome/143.0.0.0 Safari/537.36"
185.41.97.49 - - [26/Jan/2026:07:43:38 -0500] "GET /media/videos/4/6/6/5/e/4665e58f7518f22.mp4 HTTP/1.1" 206 177408835 "https://www.freecams1.com/" "Mozilla/5.0 (Windows NT 10.0; Win64; x64) AppleWebKit/537.36 (KHTML, like Gecko) Chrome/143.0.0.0 Safari/537.36"
185.41.97.49 - - [26/Jan/2026:07:43:41 -0500] "GET /media/videos/4/6/6/5/e/4665e58f7518f22.mp4 HTTP/1.1" 206 122424131 "https://www.freecams1.com/" "Mozilla/5.0 (Windows NT 10.0; Win64; x64) AppleWebKit/537.36 (KHTML, like Gecko) Chrome/143.0.0.0 Safari/537.36"
114.119.135.98 - - [26/Jan/2026:07:43:44 -0500] "GET /action.php?action=add_favorites&id=470 HTTP/1.1" 200 739 "https://www.freecams1.com/video/erin-swallows-milf-porn-704.html" "Mozilla/5.0 (Linux; Android 7.0;) AppleWebKit/537.36 (KHTML, like Gecko) Mobile Safari/537.36 (compatible; PetalBot;+https://webmaster.petalsearch.com/site/petalbot)"
185.41.97.49 - - [26/Jan/2026:07:44:26 -0500] "GET /video/megan-roussexxx-ts-gets-her-balls-sucked-deep-by-shemale-178.html HTTP/1.1" 200 56926 "https://www.freecams1.com/video/sophia24cm-shemale-wildly-blowjobs-her-friend-1049.html" "Mozilla/5.0 (Windows NT 10.0; Win64; x64) AppleWebKit/537.36 (KHTML, like Gecko) Chrome/143.0.0.0 Safari/537.36"
185.41.97.49 - - [26/Jan/2026:07:44:27 -0500] "GET /templates/default_tube2019/fonts/Roboto/Roboto-Medium.ttf HTTP/1.1" 200 172064 "https://www.freecams1.com/templates/default_tube2019/css/styles.css" "Mozilla/5.0 (Windows NT 10.0; Win64; x64) AppleWebKit/537.36 (KHTML, like Gecko) Chrome/143.0.0.0 Safari/537.36"
185.41.97.49 - - [26/Jan/2026:07:44:27 -0500] "GET /templates/default_tube2019/fonts/Roboto/Roboto-Regular.ttf HTTP/1.1" 200 171676 "https://www.freecams1.com/templates/default_tube2019/css/styles.css" "Mozilla/5.0 (Windows NT 10.0; Win64; x64) AppleWebKit/537.36 (KHTML, like Gecko) Chrome/143.0.0.0 Safari/537.36"
185.41.97.49 - - [26/Jan/2026:07:44:27 -0500] "GET /templates/default_tube2019/fonts/fontawesome_5.7.1/fa-solid-900.woff2 HTTP/1.1" 200 74320 "https://www.freecams1.com/templates/default_tube2019/css/styles.css" "Mozilla/5.0 (Windows NT 10.0; Win64; x64) AppleWebKit/537.36 (KHTML, like Gecko) Chrome/143.0.0.0 Safari/537.36"
185.41.97.49 - - [26/Jan/2026:07:44:28 -0500] "GET /templates/default_tube2019/images/plus-solid.svg HTTP/1.1" 200 449 "https://www.freecams1.com/video/megan-roussexxx-ts-gets-her-balls-sucked-deep-by-shemale-178.html" "Mozilla/5.0 (Windows NT 10.0; Win64; x64) AppleWebKit/537.36 (KHTML, like Gecko) Chrome/143.0.0.0 Safari/537.36"
185.41.97.49 - - [26/Jan/2026:07:44:28 -0500] "GET /templates/default_tube2019/images/minus-solid.svg HTTP/1.1" 200 328 "https://www.freecams1.com/video/megan-roussexxx-ts-gets-her-balls-sucked-deep-by-shemale-178.html" "Mozilla/5.0 (Windows NT 10.0; Win64; x64) AppleWebKit/537.36 (KHTML, like Gecko) Chrome/143.0.0.0 Safari/537.36"
185.41.97.49 - - [26/Jan/2026:07:44:28 -0500] "GET /templates/default_tube2019/fonts/fontawesome_5.7.1/fa-brands-400.woff2 HTTP/1.1" 200 72148 "https://www.freecams1.com/templates/default_tube2019/css/styles.css" "Mozilla/5.0 (Windows NT 10.0; Win64; x64) AppleWebKit/537.36 (KHTML, like Gecko) Chrome/143.0.0.0 Safari/537.36"
185.41.97.49 - - [26/Jan/2026:07:44:28 -0500] "GET /templates/default_tube2019/fonts/fontawesome_5.7.1/fa-regular-400.woff2 HTTP/1.1" 200 13608 "https://www.freecams1.com/templates/default_tube2019/css/styles.css" "Mozilla/5.0 (Windows NT 10.0; Win64; x64) AppleWebKit/537.36 (KHTML, like Gecko) Chrome/143.0.0.0 Safari/537.36"
185.41.97.49 - - [26/Jan/2026:07:44:28 -0500] "GET /templates/default_tube2019/fonts/Roboto/Roboto-Black.ttf HTTP/1.1" 200 171480 "https://www.freecams1.com/templates/default_tube2019/css/styles.css" "Mozilla/5.0 (Windows NT 10.0; Win64; x64) AppleWebKit/537.36 (KHTML, like Gecko) Chrome/143.0.0.0 Safari/537.36"
185.41.97.49 - - [26/Jan/2026:07:44:28 -0500] "GET /includes/fluidplayer/images/fluid_icons.svg HTTP/1.1" 200 18488 "https://www.freecams1.com/includes/fluidplayer/fluidplayer.min.css" "Mozilla/5.0 (Windows NT 10.0; Win64; x64) AppleWebKit/537.36 (KHTML, like Gecko) Chrome/143.0.0.0 Safari/537.36"
185.41.97.49 - - [26/Jan/2026:07:44:28 -0500] "GET /includes/fluidplayer/images/fluid_spinner.svg HTTP/1.1" 200 524 "https://www.freecams1.com/includes/fluidplayer/fluidplayer.min.css" "Mozilla/5.0 (Windows NT 10.0; Win64; x64) AppleWebKit/537.36 (KHTML, like Gecko) Chrome/143.0.0.0 Safari/537.36"
185.41.97.49 - - [26/Jan/2026:07:44:28 -0500] "GET /templates/default_tube2019/template.ajax_comments.php?id=178&type=0&loaded=0&time=1769431469810 HTTP/1.1" 200 133 "https://www.freecams1.com/video/megan-roussexxx-ts-gets-her-balls-sucked-deep-by-shemale-178.html" "Mozilla/5.0 (Windows NT 10.0; Win64; x64) AppleWebKit/537.36 (KHTML, like Gecko) Chrome/143.0.0.0 Safari/537.36"
185.41.97.49 - - [26/Jan/2026:07:44:28 -0500] "GET /media/videos/5/6/5/1/f/5651f80219737a.mp4 HTTP/1.1" 206 83974 "https://www.freecams1.com/" "Mozilla/5.0 (Windows NT 10.0; Win64; x64) AppleWebKit/537.36 (KHTML, like Gecko) Chrome/143.0.0.0 Safari/537.36"
185.41.97.49 - - [26/Jan/2026:07:44:28 -0500] "GET /webvtt/178.vtt HTTP/1.1" 200 6169 "https://www.freecams1.com/video/megan-roussexxx-ts-gets-her-balls-sucked-deep-by-shemale-178.html" "Mozilla/5.0 (Windows NT 10.0; Win64; x64) AppleWebKit/537.36 (KHTML, like Gecko) Chrome/143.0.0.0 Safari/537.36"
185.41.97.49 - - [26/Jan/2026:07:44:28 -0500] "GET /media/videos/5/6/5/1/f/5651f80219737a.mp4 HTTP/1.1" 206 305350662 "https://www.freecams1.com/" "Mozilla/5.0 (Windows NT 10.0; Win64; x64) AppleWebKit/537.36 (KHTML, like Gecko) Chrome/143.0.0.0 Safari/537.36"
185.41.97.49 - - [26/Jan/2026:07:44:28 -0500] "GET /media/videos/5/6/5/1/f/5651f80219737a.mp4 HTTP/1.1" 206 305168697 "https://www.freecams1.com/" "Mozilla/5.0 (Windows NT 10.0; Win64; x64) AppleWebKit/537.36 (KHTML, like Gecko) Chrome/143.0.0.0 Safari/537.36"
185.41.97.49 - - [26/Jan/2026:07:44:34 -0500] "GET /media/videos/5/6/5/1/f/5651f80219737a.mp4 HTTP/1.1" 206 135233536 "https://www.freecams1.com/" "Mozilla/5.0 (Windows NT 10.0; Win64; x64) AppleWebKit/537.36 (KHTML, like Gecko) Chrome/143.0.0.0 Safari/537.36"
185.41.97.49 - - [26/Jan/2026:07:44:37 -0500] "GET /media/videos/5/6/5/1/f/5651f80219737a.mp4 HTTP/1.1" 206 75366400 "https://www.freecams1.com/" "Mozilla/5.0 (Windows NT 10.0; Win64; x64) AppleWebKit/537.36 (KHTML, like Gecko) Chrome/143.0.0.0 Safari/537.36"
185.41.97.49 - - [26/Jan/2026:07:44:38 -0500] "GET /media/videos/5/6/5/1/f/5651f80219737a.mp4 HTTP/1.1" 206 75366400 "https://www.freecams1.com/" "Mozilla/5.0 (Windows NT 10.0; Win64; x64) AppleWebKit/537.36 (KHTML, like Gecko) Chrome/143.0.0.0 Safari/537.36"
185.41.97.49 - - [26/Jan/2026:07:44:40 -0500] "GET /media/videos/5/6/5/1/f/5651f80219737a.mp4 HTTP/1.1" 206 52461568 "https://www.freecams1.com/" "Mozilla/5.0 (Windows NT 10.0; Win64; x64) AppleWebKit/537.36 (KHTML, like Gecko) Chrome/143.0.0.0 Safari/537.36"
185.41.97.49 - - [26/Jan/2026:07:44:43 -0500] "GET /video/anny-bunny1-futa-sucking-her-boyfriend-big-hard-cock-85.html HTTP/1.1" 200 56786 "https://www.freecams1.com/video/megan-roussexxx-ts-gets-her-balls-sucked-deep-by-shemale-178.html" "Mozilla/5.0 (Windows NT 10.0; Win64; x64) AppleWebKit/537.36 (KHTML, like Gecko) Chrome/143.0.0.0 Safari/537.36"
185.41.97.49 - - [26/Jan/2026:07:44:43 -0500] "GET /templates/default_tube2019/template.ajax_comments.php?id=85&type=0&loaded=0&time=1769431485405 HTTP/1.1" 200 133 "https://www.freecams1.com/video/anny-bunny1-futa-sucking-her-boyfriend-big-hard-cock-85.html" "Mozilla/5.0 (Windows NT 10.0; Win64; x64) AppleWebKit/537.36 (KHTML, like Gecko) Chrome/143.0.0.0 Safari/537.36"
185.41.97.49 - - [26/Jan/2026:07:44:43 -0500] "GET /webvtt/85.vtt HTTP/1.1" 200 6169 "https://www.freecams1.com/video/anny-bunny1-futa-sucking-her-boyfriend-big-hard-cock-85.html" "Mozilla/5.0 (Windows NT 10.0; Win64; x64) AppleWebKit/537.36 (KHTML, like Gecko) Chrome/143.0.0.0 Safari/537.36"
185.41.97.49 - - [26/Jan/2026:07:44:44 -0500] "GET /media/videos/5/6/5/0/e/5650e69bd6ce6c.mp4 HTTP/1.1" 206 81449 "https://www.freecams1.com/" "Mozilla/5.0 (Windows NT 10.0; Win64; x64) AppleWebKit/537.36 (KHTML, like Gecko) Chrome/143.0.0.0 Safari/537.36"
185.41.97.49 - - [26/Jan/2026:07:44:44 -0500] "GET /media/videos/5/6/5/0/e/5650e69bd6ce6c.mp4 HTTP/1.1" 206 307150377 "https://www.freecams1.com/" "Mozilla/5.0 (Windows NT 10.0; Win64; x64) AppleWebKit/537.36 (KHTML, like Gecko) Chrome/143.0.0.0 Safari/537.36"
213.55.242.51 - - [26/Jan/2026:07:44:44 -0500] "GET /video/yononeey-lesbian-free-cam-679.html HTTP/1.1" 200 60976 "https://www.google.com/" "Mozilla/5.0 (iPhone; CPU iPhone OS 18_7 like Mac OS X) AppleWebKit/605.1.15 (KHTML, like Gecko) Version/26.2 Mobile/15E148 Safari/604.1"
213.55.242.51 - - [26/Jan/2026:07:44:45 -0500] "GET /templates/default_tube2019/fonts/Roboto/Roboto-Regular.ttf HTTP/1.1" 200 171676 "https://www.freecams1.com/video/yononeey-lesbian-free-cam-679.html" "Mozilla/5.0 (iPhone; CPU iPhone OS 18_7 like Mac OS X) AppleWebKit/605.1.15 (KHTML, like Gecko) Version/26.2 Mobile/15E148 Safari/604.1"
185.41.97.49 - - [26/Jan/2026:07:44:45 -0500] "GET /media/videos/5/6/5/0/e/5650e69bd6ce6c.mp4 HTTP/1.1" 206 307003705 "https://www.freecams1.com/" "Mozilla/5.0 (Windows NT 10.0; Win64; x64) AppleWebKit/537.36 (KHTML, like Gecko) Chrome/143.0.0.0 Safari/537.36"
213.55.242.51 - - [26/Jan/2026:07:44:45 -0500] "GET /templates/default_tube2019/fonts/Roboto/Roboto-Medium.ttf HTTP/1.1" 200 172064 "https://www.freecams1.com/video/yononeey-lesbian-free-cam-679.html" "Mozilla/5.0 (iPhone; CPU iPhone OS 18_7 like Mac OS X) AppleWebKit/605.1.15 (KHTML, like Gecko) Version/26.2 Mobile/15E148 Safari/604.1"
213.55.242.51 - - [26/Jan/2026:07:44:45 -0500] "GET /templates/default_tube2019/fonts/fontawesome_5.7.1/fa-solid-900.woff2 HTTP/1.1" 200 74320 "https://www.freecams1.com/video/yononeey-lesbian-free-cam-679.html" "Mozilla/5.0 (iPhone; CPU iPhone OS 18_7 like Mac OS X) AppleWebKit/605.1.15 (KHTML, like Gecko) Version/26.2 Mobile/15E148 Safari/604.1"
213.55.242.51 - - [26/Jan/2026:07:44:45 -0500] "GET /templates/default_tube2019/fonts/Roboto/Roboto-Black.ttf HTTP/1.1" 200 171480 "https://www.freecams1.com/video/yononeey-lesbian-free-cam-679.html" "Mozilla/5.0 (iPhone; CPU iPhone OS 18_7 like Mac OS X) AppleWebKit/605.1.15 (KHTML, like Gecko) Version/26.2 Mobile/15E148 Safari/604.1"
213.55.242.51 - - [26/Jan/2026:07:44:46 -0500] "GET /templates/default_tube2019/fonts/fontawesome_5.7.1/fa-regular-400.woff2 HTTP/1.1" 200 13608 "https://www.freecams1.com/video/yononeey-lesbian-free-cam-679.html" "Mozilla/5.0 (iPhone; CPU iPhone OS 18_7 like Mac OS X) AppleWebKit/605.1.15 (KHTML, like Gecko) Version/26.2 Mobile/15E148 Safari/604.1"
213.55.242.51 - - [26/Jan/2026:07:44:46 -0500] "GET /templates/default_tube2019/fonts/fontawesome_5.7.1/fa-brands-400.woff2 HTTP/1.1" 200 72148 "https://www.freecams1.com/video/yononeey-lesbian-free-cam-679.html" "Mozilla/5.0 (iPhone; CPU iPhone OS 18_7 like Mac OS X) AppleWebKit/605.1.15 (KHTML, like Gecko) Version/26.2 Mobile/15E148 Safari/604.1"
213.55.242.51 - - [26/Jan/2026:07:44:46 -0500] "GET /templates/default_tube2019/images/plus-solid.svg HTTP/1.1" 200 449 "https://www.freecams1.com/video/yononeey-lesbian-free-cam-679.html" "Mozilla/5.0 (iPhone; CPU iPhone OS 18_7 like Mac OS X) AppleWebKit/605.1.15 (KHTML, like Gecko) Version/26.2 Mobile/15E148 Safari/604.1"
213.55.242.51 - - [26/Jan/2026:07:44:46 -0500] "GET /templates/default_tube2019/images/minus-solid.svg HTTP/1.1" 200 328 "https://www.freecams1.com/video/yononeey-lesbian-free-cam-679.html" "Mozilla/5.0 (iPhone; CPU iPhone OS 18_7 like Mac OS X) AppleWebKit/605.1.15 (KHTML, like Gecko) Version/26.2 Mobile/15E148 Safari/604.1"
213.55.242.51 - - [26/Jan/2026:07:44:46 -0500] "GET /templates/default_tube2019/template.ajax_comments.php?id=679&type=0&loaded=0&time=1769431485912 HTTP/1.1" 200 133 "https://www.freecams1.com/video/yononeey-lesbian-free-cam-679.html" "Mozilla/5.0 (iPhone; CPU iPhone OS 18_7 like Mac OS X) AppleWebKit/605.1.15 (KHTML, like Gecko) Version/26.2 Mobile/15E148 Safari/604.1"
213.55.242.51 - - [26/Jan/2026:07:44:46 -0500] "GET /webvtt/679.vtt HTTP/1.1" 200 6270 "https://www.freecams1.com/video/yononeey-lesbian-free-cam-679.html" "Mozilla/5.0 (iPhone; CPU iPhone OS 18_7 like Mac OS X) AppleWebKit/605.1.15 (KHTML, like Gecko) Version/26.2 Mobile/15E148 Safari/604.1"
213.55.242.51 - - [26/Jan/2026:07:44:46 -0500] "GET /media/videos/2/6/5/9/3/265937fdde79ba.mp4 HTTP/1.1" 206 2 "https://www.freecams1.com/" "Mozilla/5.0 (iPhone; CPU iPhone OS 18_7 like Mac OS X) AppleWebKit/605.1.15 (KHTML, like Gecko) Version/26.2 Mobile/15E148 Safari/604.1"
213.55.242.51 - - [26/Jan/2026:07:44:46 -0500] "GET /includes/fluidplayer/images/fluid_icons.svg HTTP/1.1" 200 18488 "https://www.freecams1.com/video/yononeey-lesbian-free-cam-679.html" "Mozilla/5.0 (iPhone; CPU iPhone OS 18_7 like Mac OS X) AppleWebKit/605.1.15 (KHTML, like Gecko) Version/26.2 Mobile/15E148 Safari/604.1"
213.55.242.51 - - [26/Jan/2026:07:44:46 -0500] "GET /templates/default_tube2019/images/plus-solid.svg HTTP/1.1" 200 449 "https://www.freecams1.com/video/yononeey-lesbian-free-cam-679.html" "Mozilla/5.0 (iPhone; CPU iPhone OS 18_7 like Mac OS X) AppleWebKit/605.1.15 (KHTML, like Gecko) Version/26.2 Mobile/15E148 Safari/604.1"
213.55.242.51 - - [26/Jan/2026:07:44:46 -0500] "GET /templates/default_tube2019/images/minus-solid.svg HTTP/1.1" 200 328 "https://www.freecams1.com/video/yononeey-lesbian-free-cam-679.html" "Mozilla/5.0 (iPhone; CPU iPhone OS 18_7 like Mac OS X) AppleWebKit/605.1.15 (KHTML, like Gecko) Version/26.2 Mobile/15E148 Safari/604.1"
213.55.242.51 - - [26/Jan/2026:07:44:47 -0500] "GET /media/videos/2/6/5/9/3/265937fdde79ba.mp4 HTTP/1.1" 206 120578 "https://www.freecams1.com/" "Mozilla/5.0 (iPhone; CPU iPhone OS 18_7 like Mac OS X) AppleWebKit/605.1.15 (KHTML, like Gecko) Version/26.2 Mobile/15E148 Safari/604.1"
213.55.242.51 - - [26/Jan/2026:07:44:47 -0500] "GET /media/videos/2/6/5/9/3/265937fdde79ba.mp4 HTTP/1.1" 206 307222274 "https://www.freecams1.com/" "Mozilla/5.0 (iPhone; CPU iPhone OS 18_7 like Mac OS X) AppleWebKit/605.1.15 (KHTML, like Gecko) Version/26.2 Mobile/15E148 Safari/604.1"
213.55.242.51 - - [26/Jan/2026:07:44:48 -0500] "GET /media/videos/2/6/5/9/3/265937fdde79ba.mp4 HTTP/1.1" 206 6207 "https://www.freecams1.com/" "Mozilla/5.0 (iPhone; CPU iPhone OS 18_7 like Mac OS X) AppleWebKit/605.1.15 (KHTML, like Gecko) Version/26.2 Mobile/15E148 Safari/604.1"
185.41.97.49 - - [26/Jan/2026:07:44:50 -0500] "GET /media/videos/5/6/5/0/e/5650e69bd6ce6c.mp4 HTTP/1.1" 206 136675328 "https://www.freecams1.com/" "Mozilla/5.0 (Windows NT 10.0; Win64; x64) AppleWebKit/537.36 (KHTML, like Gecko) Chrome/143.0.0.0 Safari/537.36"
213.55.242.51 - - [26/Jan/2026:07:44:50 -0500] "GET /includes/fluidplayer/images/fluid_spinner.svg HTTP/1.1" 200 524 "https://www.freecams1.com/video/yononeey-lesbian-free-cam-679.html" "Mozilla/5.0 (iPhone; CPU iPhone OS 18_7 like Mac OS X) AppleWebKit/605.1.15 (KHTML, like Gecko) Version/26.2 Mobile/15E148 Safari/604.1"
213.55.242.51 - - [26/Jan/2026:07:44:50 -0500] "GET /media/videos/2/6/5/9/3/265937fdde79ba.mp4 HTTP/1.1" 206 306970936 "https://www.freecams1.com/" "Mozilla/5.0 (iPhone; CPU iPhone OS 18_7 like Mac OS X) AppleWebKit/605.1.15 (KHTML, like Gecko) Version/26.2 Mobile/15E148 Safari/604.1"
66.249.70.110 - - [26/Jan/2026:07:44:51 -0500] "GET /search/cock-in-mouth/views/page2.html HTTP/1.1" 200 52772 "-" "Mozilla/5.0 (Linux; Android 6.0.1; Nexus 5X Build/MMB29P) AppleWebKit/537.36 (KHTML, like Gecko) Chrome/143.0.7499.192 Mobile Safari/537.36 (compatible; Googlebot/2.1; +http://www.google.com/bot.html)"
185.41.97.49 - - [26/Jan/2026:07:44:55 -0500] "GET /media/videos/5/6/5/0/e/5650e69bd6ce6c.mp4 HTTP/1.1" 206 94044160 "https://www.freecams1.com/" "Mozilla/5.0 (Windows NT 10.0; Win64; x64) AppleWebKit/537.36 (KHTML, like Gecko) Chrome/143.0.0.0 Safari/537.36"
213.55.242.51 - - [26/Jan/2026:07:44:56 -0500] "GET /media/videos/2/6/5/9/3/265937fdde79ba.mp4 HTTP/1.1" 206 277151744 "https://www.freecams1.com/" "Mozilla/5.0 (iPhone; CPU iPhone OS 18_7 like Mac OS X) AppleWebKit/605.1.15 (KHTML, like Gecko) Version/26.2 Mobile/15E148 Safari/604.1"
185.41.97.49 - - [26/Jan/2026:07:44:58 -0500] "GET /media/videos/5/6/5/0/e/5650e69bd6ce6c.mp4 HTTP/1.1" 206 51380224 "https://www.freecams1.com/" "Mozilla/5.0 (Windows NT 10.0; Win64; x64) AppleWebKit/537.36 (KHTML, like Gecko) Chrome/143.0.0.0 Safari/537.36"
213.55.242.51 - - [26/Jan/2026:07:45:00 -0500] "GET /media/videos/2/6/5/9/3/265937fdde79ba.mp4 HTTP/1.1" 206 273481728 "https://www.freecams1.com/" "Mozilla/5.0 (iPhone; CPU iPhone OS 18_7 like Mac OS X) AppleWebKit/605.1.15 (KHTML, like Gecko) Version/26.2 Mobile/15E148 Safari/604.1"
213.55.242.51 - - [26/Jan/2026:07:45:02 -0500] "GET /media/videos/2/6/5/9/3/265937fdde79ba.mp4 HTTP/1.1" 206 270008320 "https://www.freecams1.com/" "Mozilla/5.0 (iPhone; CPU iPhone OS 18_7 like Mac OS X) AppleWebKit/605.1.15 (KHTML, like Gecko) Version/26.2 Mobile/15E148 Safari/604.1"
185.41.97.49 - - [26/Jan/2026:07:45:03 -0500] "GET /media/videos/5/6/5/0/e/5650e69bd6ce6c.mp4 HTTP/1.1" 206 25526272 "https://www.freecams1.com/" "Mozilla/5.0 (Windows NT 10.0; Win64; x64) AppleWebKit/537.36 (KHTML, like Gecko) Chrome/143.0.0.0 Safari/537.36"
185.41.97.49 - - [26/Jan/2026:07:45:04 -0500] "GET /media/videos/5/6/5/0/e/5650e69bd6ce6c.mp4 HTTP/1.1" 206 25526272 "https://www.freecams1.com/" "Mozilla/5.0 (Windows NT 10.0; Win64; x64) AppleWebKit/537.36 (KHTML, like Gecko) Chrome/143.0.0.0 Safari/537.36"
213.55.242.51 - - [26/Jan/2026:07:45:04 -0500] "GET /media/videos/2/6/5/9/3/265937fdde79ba.mp4 HTTP/1.1" 206 267583488 "https://www.freecams1.com/" "Mozilla/5.0 (iPhone; CPU iPhone OS 18_7 like Mac OS X) AppleWebKit/605.1.15 (KHTML, like Gecko) Version/26.2 Mobile/15E148 Safari/604.1"
114.119.135.98 - - [26/Jan/2026:07:45:06 -0500] "GET /video/tiffanybells-free-cam-porn-1578.html HTTP/1.1" 200 62019 "https://www.freecams1.com/channels/10/blowjobs/rating/page1.html" "Mozilla/5.0 (Linux; Android 7.0;) AppleWebKit/537.36 (KHTML, like Gecko) Mobile Safari/537.36 (compatible; PetalBot;+https://webmaster.petalsearch.com/site/petalbot)"
213.55.242.51 - - [26/Jan/2026:07:45:07 -0500] "GET /media/videos/2/6/5/9/3/265937fdde79ba.mp4 HTTP/1.1" 206 102039552 "https://www.freecams1.com/" "Mozilla/5.0 (iPhone; CPU iPhone OS 18_7 like Mac OS X) AppleWebKit/605.1.15 (KHTML, like Gecko) Version/26.2 Mobile/15E148 Safari/604.1"
213.55.242.51 - - [26/Jan/2026:07:45:08 -0500] "GET /media/videos/2/6/5/9/3/265937fdde79ba.mp4 HTTP/1.1" 206 65536 "https://www.freecams1.com/" "Mozilla/5.0 (iPhone; CPU iPhone OS 18_7 like Mac OS X) AppleWebKit/605.1.15 (KHTML, like Gecko) Version/26.2 Mobile/15E148 Safari/604.1"
213.55.242.51 - - [26/Jan/2026:07:45:08 -0500] "GET /media/videos/2/6/5/9/3/265937fdde79ba.mp4 HTTP/1.1" 206 16704 "https://www.freecams1.com/" "Mozilla/5.0 (iPhone; CPU iPhone OS 18_7 like Mac OS X) AppleWebKit/605.1.15 (KHTML, like Gecko) Version/26.2 Mobile/15E148 Safari/604.1"
213.55.242.51 - - [26/Jan/2026:07:45:09 -0500] "GET /media/videos/2/6/5/9/3/265937fdde79ba.mp4 HTTP/1.1" 206 65536 "https://www.freecams1.com/" "Mozilla/5.0 (iPhone; CPU iPhone OS 18_7 like Mac OS X) AppleWebKit/605.1.15 (KHTML, like Gecko) Version/26.2 Mobile/15E148 Safari/604.1"
213.55.242.51 - - [26/Jan/2026:07:45:09 -0500] "GET /media/videos/2/6/5/9/3/265937fdde79ba.mp4 HTTP/1.1" 206 8388608 "https://www.freecams1.com/" "Mozilla/5.0 (iPhone; CPU iPhone OS 18_7 like Mac OS X) AppleWebKit/605.1.15 (KHTML, like Gecko) Version/26.2 Mobile/15E148 Safari/604.1"
213.55.242.51 - - [26/Jan/2026:07:45:09 -0500] "GET /media/videos/2/6/5/9/3/265937fdde79ba.mp4 HTTP/1.1" 206 65536 "https://www.freecams1.com/" "Mozilla/5.0 (iPhone; CPU iPhone OS 18_7 like Mac OS X) AppleWebKit/605.1.15 (KHTML, like Gecko) Version/26.2 Mobile/15E148 Safari/604.1"
213.55.242.51 - - [26/Jan/2026:07:45:10 -0500] "GET /media/videos/2/6/5/9/3/265937fdde79ba.mp4 HTTP/1.1" 206 49472 "https://www.freecams1.com/" "Mozilla/5.0 (iPhone; CPU iPhone OS 18_7 like Mac OS X) AppleWebKit/605.1.15 (KHTML, like Gecko) Version/26.2 Mobile/15E148 Safari/604.1"
213.55.242.51 - - [26/Jan/2026:07:45:10 -0500] "GET /media/videos/2/6/5/9/3/265937fdde79ba.mp4 HTTP/1.1" 206 65536 "https://www.freecams1.com/" "Mozilla/5.0 (iPhone; CPU iPhone OS 18_7 like Mac OS X) AppleWebKit/605.1.15 (KHTML, like Gecko) Version/26.2 Mobile/15E148 Safari/604.1"
213.55.242.51 - - [26/Jan/2026:07:45:11 -0500] "GET /media/videos/2/6/5/9/3/265937fdde79ba.mp4 HTTP/1.1" 206 96534528 "https://www.freecams1.com/" "Mozilla/5.0 (iPhone; CPU iPhone OS 18_7 like Mac OS X) AppleWebKit/605.1.15 (KHTML, like Gecko) Version/26.2 Mobile/15E148 Safari/604.1"
213.55.242.51 - - [26/Jan/2026:07:45:11 -0500] "GET /media/videos/2/6/5/9/3/265937fdde79ba.mp4 HTTP/1.1" 206 96337920 "https://www.freecams1.com/" "Mozilla/5.0 (iPhone; CPU iPhone OS 18_7 like Mac OS X) AppleWebKit/605.1.15 (KHTML, like Gecko) Version/26.2 Mobile/15E148 Safari/604.1"
213.55.242.51 - - [26/Jan/2026:07:45:11 -0500] "GET /media/videos/2/6/5/9/3/265937fdde79ba.mp4 HTTP/1.1" 206 16703 "https://www.freecams1.com/" "Mozilla/5.0 (iPhone; CPU iPhone OS 18_7 like Mac OS X) AppleWebKit/605.1.15 (KHTML, like Gecko) Version/26.2 Mobile/15E148 Safari/604.1"
185.41.97.49 - - [26/Jan/2026:07:45:11 -0500] "GET /media/videos/5/6/5/0/e/5650e69bd6ce6c.mp4 HTTP/1.1" 206 8683520 "https://www.freecams1.com/" "Mozilla/5.0 (Windows NT 10.0; Win64; x64) AppleWebKit/537.36 (KHTML, like Gecko) Chrome/143.0.0.0 Safari/537.36"
213.55.242.51 - - [26/Jan/2026:07:45:11 -0500] "GET /media/videos/2/6/5/9/3/265937fdde79ba.mp4 HTTP/1.1" 206 65536 "https://www.freecams1.com/" "Mozilla/5.0 (iPhone; CPU iPhone OS 18_7 like Mac OS X) AppleWebKit/605.1.15 (KHTML, like Gecko) Version/26.2 Mobile/15E148 Safari/604.1"
213.55.242.51 - - [26/Jan/2026:07:45:12 -0500] "GET /media/videos/2/6/5/9/3/265937fdde79ba.mp4 HTTP/1.1" 206 92684607 "https://www.freecams1.com/" "Mozilla/5.0 (iPhone; CPU iPhone OS 18_7 like Mac OS X) AppleWebKit/605.1.15 (KHTML, like Gecko) Version/26.2 Mobile/15E148 Safari/604.1"
185.41.97.49 - - [26/Jan/2026:07:45:12 -0500] "GET /media/videos/5/6/5/0/e/5650e69bd6ce6c.mp4 HTTP/1.1" 206 553 "https://www.freecams1.com/" "Mozilla/5.0 (Windows NT 10.0; Win64; x64) AppleWebKit/537.36 (KHTML, like Gecko) Chrome/143.0.0.0 Safari/537.36"
213.55.242.51 - - [26/Jan/2026:07:45:17 -0500] "GET /media/videos/2/6/5/9/3/265937fdde79ba.mp4 HTTP/1.1" 206 71892992 "https://www.freecams1.com/" "Mozilla/5.0 (iPhone; CPU iPhone OS 18_7 like Mac OS X) AppleWebKit/605.1.15 (KHTML, like Gecko) Version/26.2 Mobile/15E148 Safari/604.1"
185.41.97.49 - - [26/Jan/2026:07:45:21 -0500] "GET /video/jean-gray3-tight-trap-gets-epic-blowjob-from-a-horny-chick-47.html HTTP/1.1" 200 56992 "https://www.freecams1.com/video/anny-bunny1-futa-sucking-her-boyfriend-big-hard-cock-85.html" "Mozilla/5.0 (Windows NT 10.0; Win64; x64) AppleWebKit/537.36 (KHTML, like Gecko) Chrome/143.0.0.0 Safari/537.36"
185.41.97.49 - - [26/Jan/2026:07:45:21 -0500] "GET /webvtt/47.vtt HTTP/1.1" 200 6169 "https://www.freecams1.com/video/jean-gray3-tight-trap-gets-epic-blowjob-from-a-horny-chick-47.html" "Mozilla/5.0 (Windows NT 10.0; Win64; x64) AppleWebKit/537.36 (KHTML, like Gecko) Chrome/143.0.0.0 Safari/537.36"
185.41.97.49 - - [26/Jan/2026:07:45:21 -0500] "GET /templates/default_tube2019/template.ajax_comments.php?id=47&type=0&loaded=0&time=1769431522931 HTTP/1.1" 200 133 "https://www.freecams1.com/video/jean-gray3-tight-trap-gets-epic-blowjob-from-a-horny-chick-47.html" "Mozilla/5.0 (Windows NT 10.0; Win64; x64) AppleWebKit/537.36 (KHTML, like Gecko) Chrome/143.0.0.0 Safari/537.36"
213.55.242.51 - - [26/Jan/2026:07:45:22 -0500] "GET /media/videos/2/6/5/9/3/265937fdde79ba.mp4 HTTP/1.1" 206 66453504 "https://www.freecams1.com/" "Mozilla/5.0 (iPhone; CPU iPhone OS 18_7 like Mac OS X) AppleWebKit/605.1.15 (KHTML, like Gecko) Version/26.2 Mobile/15E148 Safari/604.1"
185.41.97.49 - - [26/Jan/2026:07:45:22 -0500] "GET /media/videos/5/6/5/0/9/565090ff631628.mp4 HTTP/1.1" 206 75836 "https://www.freecams1.com/" "Mozilla/5.0 (Windows NT 10.0; Win64; x64) AppleWebKit/537.36 (KHTML, like Gecko) Chrome/143.0.0.0 Safari/537.36"
185.41.97.49 - - [26/Jan/2026:07:45:21 -0500] "GET /media/videos/5/6/5/0/9/565090ff631628.mp4 HTTP/1.1" 206 307308604 "https://www.freecams1.com/" "Mozilla/5.0 (Windows NT 10.0; Win64; x64) AppleWebKit/537.36 (KHTML, like Gecko) Chrome/143.0.0.0 Safari/537.36"
185.41.97.49 - - [26/Jan/2026:07:45:22 -0500] "GET /media/videos/5/6/5/0/9/565090ff631628.mp4 HTTP/1.1" 206 307167545 "https://www.freecams1.com/" "Mozilla/5.0 (Windows NT 10.0; Win64; x64) AppleWebKit/537.36 (KHTML, like Gecko) Chrome/143.0.0.0 Safari/537.36"
213.55.242.51 - - [26/Jan/2026:07:45:26 -0500] "GET /media/videos/2/6/5/9/3/265937fdde79ba.mp4 HTTP/1.1" 206 62586880 "https://www.freecams1.com/" "Mozilla/5.0 (iPhone; CPU iPhone OS 18_7 like Mac OS X) AppleWebKit/605.1.15 (KHTML, like Gecko) Version/26.2 Mobile/15E148 Safari/604.1"
213.55.242.51 - - [26/Jan/2026:07:45:29 -0500] "GET /media/videos/2/6/5/9/3/265937fdde79ba.mp4 HTTP/1.1" 206 58195968 "https://www.freecams1.com/" "Mozilla/5.0 (iPhone; CPU iPhone OS 18_7 like Mac OS X) AppleWebKit/605.1.15 (KHTML, like Gecko) Version/26.2 Mobile/15E148 Safari/604.1"
213.55.242.51 - - [26/Jan/2026:07:45:33 -0500] "GET /media/videos/2/6/5/9/3/265937fdde79ba.mp4 HTTP/1.1" 206 54460416 "https://www.freecams1.com/" "Mozilla/5.0 (iPhone; CPU iPhone OS 18_7 like Mac OS X) AppleWebKit/605.1.15 (KHTML, like Gecko) Version/26.2 Mobile/15E148 Safari/604.1"
185.41.97.49 - - [26/Jan/2026:07:45:37 -0500] "GET /media/videos/5/6/5/0/9/565090ff631628.mp4 HTTP/1.1" 206 188088320 "https://www.freecams1.com/" "Mozilla/5.0 (Windows NT 10.0; Win64; x64) AppleWebKit/537.36 (KHTML, like Gecko) Chrome/143.0.0.0 Safari/537.36"
213.55.242.51 - - [26/Jan/2026:07:45:38 -0500] "GET /media/videos/2/6/5/9/3/265937fdde79ba.mp4 HTTP/1.1" 206 51314688 "https://www.freecams1.com/" "Mozilla/5.0 (iPhone; CPU iPhone OS 18_7 like Mac OS X) AppleWebKit/605.1.15 (KHTML, like Gecko) Version/26.2 Mobile/15E148 Safari/604.1"
185.41.97.49 - - [26/Jan/2026:07:45:38 -0500] "GET /media/videos/5/6/5/0/9/565090ff631628.mp4 HTTP/1.1" 206 188088320 "https://www.freecams1.com/" "Mozilla/5.0 (Windows NT 10.0; Win64; x64) AppleWebKit/537.36 (KHTML, like Gecko) Chrome/143.0.0.0 Safari/537.36"
213.55.242.51 - - [26/Jan/2026:07:45:39 -0500] "GET /media/videos/2/6/5/9/3/265937fdde79ba.mp4 HTTP/1.1" 206 31195136 "https://www.freecams1.com/" "Mozilla/5.0 (iPhone; CPU iPhone OS 18_7 like Mac OS X) AppleWebKit/605.1.15 (KHTML, like Gecko) Version/26.2 Mobile/15E148 Safari/604.1"
213.55.242.51 - - [26/Jan/2026:07:45:39 -0500] "GET /media/videos/2/6/5/9/3/265937fdde79ba.mp4 HTTP/1.1" 206 65536 "https://www.freecams1.com/" "Mozilla/5.0 (iPhone; CPU iPhone OS 18_7 like Mac OS X) AppleWebKit/605.1.15 (KHTML, like Gecko) Version/26.2 Mobile/15E148 Safari/604.1"
213.55.242.51 - - [26/Jan/2026:07:45:40 -0500] "GET /media/videos/2/6/5/9/3/265937fdde79ba.mp4 HTTP/1.1" 206 65536 "https://www.freecams1.com/" "Mozilla/5.0 (iPhone; CPU iPhone OS 18_7 like Mac OS X) AppleWebKit/605.1.15 (KHTML, like Gecko) Version/26.2 Mobile/15E148 Safari/604.1"
213.55.242.51 - - [26/Jan/2026:07:45:40 -0500] "GET /media/videos/2/6/5/9/3/265937fdde79ba.mp4 HTTP/1.1" 206 65536 "https://www.freecams1.com/" "Mozilla/5.0 (iPhone; CPU iPhone OS 18_7 like Mac OS X) AppleWebKit/605.1.15 (KHTML, like Gecko) Version/26.2 Mobile/15E148 Safari/604.1"
213.55.242.51 - - [26/Jan/2026:07:45:40 -0500] "GET /media/videos/2/6/5/9/3/265937fdde79ba.mp4 HTTP/1.1" 206 7405568 "https://www.freecams1.com/" "Mozilla/5.0 (iPhone; CPU iPhone OS 18_7 like Mac OS X) AppleWebKit/605.1.15 (KHTML, like Gecko) Version/26.2 Mobile/15E148 Safari/604.1"
213.55.242.51 - - [26/Jan/2026:07:45:40 -0500] "GET /media/videos/2/6/5/9/3/265937fdde79ba.mp4 HTTP/1.1" 206 65536 "https://www.freecams1.com/" "Mozilla/5.0 (iPhone; CPU iPhone OS 18_7 like Mac OS X) AppleWebKit/605.1.15 (KHTML, like Gecko) Version/26.2 Mobile/15E148 Safari/604.1"
213.55.242.51 - - [26/Jan/2026:07:45:41 -0500] "GET /media/videos/2/6/5/9/3/265937fdde79ba.mp4 HTTP/1.1" 206 65536 "https://www.freecams1.com/" "Mozilla/5.0 (iPhone; CPU iPhone OS 18_7 like Mac OS X) AppleWebKit/605.1.15 (KHTML, like Gecko) Version/26.2 Mobile/15E148 Safari/604.1"
213.55.242.51 - - [26/Jan/2026:07:45:41 -0500] "GET /media/videos/2/6/5/9/3/265937fdde79ba.mp4 HTTP/1.1" 206 65536 "https://www.freecams1.com/" "Mozilla/5.0 (iPhone; CPU iPhone OS 18_7 like Mac OS X) AppleWebKit/605.1.15 (KHTML, like Gecko) Version/26.2 Mobile/15E148 Safari/604.1"
213.55.242.51 - - [26/Jan/2026:07:45:41 -0500] "GET /media/videos/2/6/5/9/3/265937fdde79ba.mp4 HTTP/1.1" 206 65536 "https://www.freecams1.com/" "Mozilla/5.0 (iPhone; CPU iPhone OS 18_7 like Mac OS X) AppleWebKit/605.1.15 (KHTML, like Gecko) Version/26.2 Mobile/15E148 Safari/604.1"
213.55.242.51 - - [26/Jan/2026:07:45:41 -0500] "GET /media/videos/2/6/5/9/3/265937fdde79ba.mp4 HTTP/1.1" 206 65536 "https://www.freecams1.com/" "Mozilla/5.0 (iPhone; CPU iPhone OS 18_7 like Mac OS X) AppleWebKit/605.1.15 (KHTML, like Gecko) Version/26.2 Mobile/15E148 Safari/604.1"
213.55.242.51 - - [26/Jan/2026:07:45:42 -0500] "GET /media/videos/2/6/5/9/3/265937fdde79ba.mp4 HTTP/1.1" 206 65855 "https://www.freecams1.com/" "Mozilla/5.0 (iPhone; CPU iPhone OS 18_7 like Mac OS X) AppleWebKit/605.1.15 (KHTML, like Gecko) Version/26.2 Mobile/15E148 Safari/604.1"
213.55.242.51 - - [26/Jan/2026:07:45:42 -0500] "GET /media/videos/2/6/5/9/3/265937fdde79ba.mp4 HTTP/1.1" 206 319 "https://www.freecams1.com/" "Mozilla/5.0 (iPhone; CPU iPhone OS 18_7 like Mac OS X) AppleWebKit/605.1.15 (KHTML, like Gecko) Version/26.2 Mobile/15E148 Safari/604.1"
213.55.242.51 - - [26/Jan/2026:07:45:42 -0500] "GET /media/videos/2/6/5/9/3/265937fdde79ba.mp4 HTTP/1.1" 206 27394048 "https://www.freecams1.com/" "Mozilla/5.0 (iPhone; CPU iPhone OS 18_7 like Mac OS X) AppleWebKit/605.1.15 (KHTML, like Gecko) Version/26.2 Mobile/15E148 Safari/604.1"
213.55.242.51 - - [26/Jan/2026:07:45:42 -0500] "GET /media/videos/2/6/5/9/3/265937fdde79ba.mp4 HTTP/1.1" 206 318 "https://www.freecams1.com/" "Mozilla/5.0 (iPhone; CPU iPhone OS 18_7 like Mac OS X) AppleWebKit/605.1.15 (KHTML, like Gecko) Version/26.2 Mobile/15E148 Safari/604.1"
213.55.242.51 - - [26/Jan/2026:07:45:42 -0500] "GET /media/videos/2/6/5/9/3/265937fdde79ba.mp4 HTTP/1.1" 206 65536 "https://www.freecams1.com/" "Mozilla/5.0 (iPhone; CPU iPhone OS 18_7 like Mac OS X) AppleWebKit/605.1.15 (KHTML, like Gecko) Version/26.2 Mobile/15E148 Safari/604.1"
213.55.242.51 - - [26/Jan/2026:07:45:43 -0500] "GET /media/videos/2/6/5/9/3/265937fdde79ba.mp4 HTTP/1.1" 206 65536 "https://www.freecams1.com/" "Mozilla/5.0 (iPhone; CPU iPhone OS 18_7 like Mac OS X) AppleWebKit/605.1.15 (KHTML, like Gecko) Version/26.2 Mobile/15E148 Safari/604.1"
213.55.242.51 - - [26/Jan/2026:07:45:43 -0500] "GET /media/videos/2/6/5/9/3/265937fdde79ba.mp4 HTTP/1.1" 206 65536 "https://www.freecams1.com/" "Mozilla/5.0 (iPhone; CPU iPhone OS 18_7 like Mac OS X) AppleWebKit/605.1.15 (KHTML, like Gecko) Version/26.2 Mobile/15E148 Safari/604.1"
213.55.242.51 - - [26/Jan/2026:07:45:44 -0500] "GET /media/videos/2/6/5/9/3/265937fdde79ba.mp4 HTTP/1.1" 206 65536 "https://www.freecams1.com/" "Mozilla/5.0 (iPhone; CPU iPhone OS 18_7 like Mac OS X) AppleWebKit/605.1.15 (KHTML, like Gecko) Version/26.2 Mobile/15E148 Safari/604.1"
213.55.242.51 - - [26/Jan/2026:07:45:44 -0500] "GET /media/videos/2/6/5/9/3/265937fdde79ba.mp4 HTTP/1.1" 206 24510783 "https://www.freecams1.com/" "Mozilla/5.0 (iPhone; CPU iPhone OS 18_7 like Mac OS X) AppleWebKit/605.1.15 (KHTML, like Gecko) Version/26.2 Mobile/15E148 Safari/604.1"
213.55.242.51 - - [26/Jan/2026:07:45:48 -0500] "GET /media/videos/2/6/5/9/3/265937fdde79ba.mp4 HTTP/1.1" 206 1966080 "https://www.freecams1.com/" "Mozilla/5.0 (iPhone; CPU iPhone OS 18_7 like Mac OS X) AppleWebKit/605.1.15 (KHTML, like Gecko) Version/26.2 Mobile/15E148 Safari/604.1"
185.41.97.49 - - [26/Jan/2026:07:45:55 -0500] "GET /media/videos/5/6/5/0/9/565090ff631628.mp4 HTTP/1.1" 206 152436736 "https://www.freecams1.com/" "Mozilla/5.0 (Windows NT 10.0; Win64; x64) AppleWebKit/537.36 (KHTML, like Gecko) Chrome/143.0.0.0 Safari/537.36"
114.119.135.98 - - [26/Jan/2026:07:46:32 -0500] "GET /video/myaa-nerdy-slut-using-massive-vibrator-on-her-tight-pink-pussy-8.html HTTP/1.1" 200 41866 "https://www.freecams1.com/video/jasmingreyx-in-shaking-orgasms-while-fingering-193.html" "Mozilla/5.0 (Linux; Android 7.0;) AppleWebKit/537.36 (KHTML, like Gecko) Mobile Safari/537.36 (compatible; PetalBot;+https://webmaster.petalsearch.com/site/petalbot)"
40.77.167.136 - - [26/Jan/2026:07:46:49 -0500] "GET /video/alissgrey-gets-pounded-with-real-cock-and-sex-toy-872.html HTTP/1.1" 200 55828 "-" "Mozilla/5.0 AppleWebKit/537.36 (KHTML, like Gecko; compatible; bingbot/2.0; +http://www.bing.com/bingbot.htm) Chrome/116.0.1938.76 Safari/537.36"
185.41.97.49 - - [26/Jan/2026:07:47:21 -0500] "GET /video/anny-bunny1-futa-sucking-her-boyfriend-big-hard-cock-85.html HTTP/1.1" 200 56786 "https://www.freecams1.com/video/megan-roussexxx-ts-gets-her-balls-sucked-deep-by-shemale-178.html" "Mozilla/5.0 (Windows NT 10.0; Win64; x64) AppleWebKit/537.36 (KHTML, like Gecko) Chrome/143.0.0.0 Safari/537.36"
185.41.97.49 - - [26/Jan/2026:07:47:21 -0500] "GET /webvtt/85.vtt HTTP/1.1" 200 6169 "https://www.freecams1.com/video/anny-bunny1-futa-sucking-her-boyfriend-big-hard-cock-85.html" "Mozilla/5.0 (Windows NT 10.0; Win64; x64) AppleWebKit/537.36 (KHTML, like Gecko) Chrome/143.0.0.0 Safari/537.36"
185.41.97.49 - - [26/Jan/2026:07:47:22 -0500] "GET /templates/default_tube2019/template.ajax_comments.php?id=85&type=0&loaded=0&time=1769431643432 HTTP/1.1" 200 133 "https://www.freecams1.com/video/anny-bunny1-futa-sucking-her-boyfriend-big-hard-cock-85.html" "Mozilla/5.0 (Windows NT 10.0; Win64; x64) AppleWebKit/537.36 (KHTML, like Gecko) Chrome/143.0.0.0 Safari/537.36"
185.41.97.49 - - [26/Jan/2026:07:47:22 -0500] "GET /media/videos/5/6/5/0/e/5650e69bd6ce6c.mp4 HTTP/1.1" 206 305135616 "https://www.freecams1.com/" "Mozilla/5.0 (Windows NT 10.0; Win64; x64) AppleWebKit/537.36 (KHTML, like Gecko) Chrome/143.0.0.0 Safari/537.36"
185.41.97.49 - - [26/Jan/2026:07:47:22 -0500] "GET /media/videos/5/6/5/0/e/5650e69bd6ce6c.mp4 HTTP/1.1" 206 305135616 "https://www.freecams1.com/" "Mozilla/5.0 (Windows NT 10.0; Win64; x64) AppleWebKit/537.36 (KHTML, like Gecko) Chrome/143.0.0.0 Safari/537.36"
185.41.97.49 - - [26/Jan/2026:07:47:30 -0500] "GET /video/miss-candy-swallows-cock-and-gets-facial-cumshot-33.html HTTP/1.1" 200 50137 "https://www.freecams1.com/video/anny-bunny1-futa-sucking-her-boyfriend-big-hard-cock-85.html" "Mozilla/5.0 (Windows NT 10.0; Win64; x64) AppleWebKit/537.36 (KHTML, like Gecko) Chrome/143.0.0.0 Safari/537.36"
185.41.97.49 - - [26/Jan/2026:07:47:31 -0500] "GET /templates/default_tube2019/template.ajax_comments.php?id=33&type=0&loaded=0&time=1769431652606 HTTP/1.1" 200 133 "https://www.freecams1.com/video/miss-candy-swallows-cock-and-gets-facial-cumshot-33.html" "Mozilla/5.0 (Windows NT 10.0; Win64; x64) AppleWebKit/537.36 (KHTML, like Gecko) Chrome/143.0.0.0 Safari/537.36"
185.41.97.49 - - [26/Jan/2026:07:47:31 -0500] "GET /webvtt/33.vtt HTTP/1.1" 200 6270 "https://www.freecams1.com/video/miss-candy-swallows-cock-and-gets-facial-cumshot-33.html" "Mozilla/5.0 (Windows NT 10.0; Win64; x64) AppleWebKit/537.36 (KHTML, like Gecko) Chrome/143.0.0.0 Safari/537.36"
