114.119.138.178 - - [26/Jan/2026:12:19:39 -0500] "GET /most-discussed/page33.html HTTP/1.1" 200 57795 "https://www.freecams1.com/most-discussed/page38.html" "Mozilla/5.0 (Linux; Android 7.0;) AppleWebKit/537.36 (KHTML, like Gecko) Mobile Safari/537.36 (compatible; PetalBot;+https://webmaster.petalsearch.com/site/petalbot)"
212.103.61.213 - - [26/Jan/2026:12:19:14 -0500] "POST /cache/7/c/d/b/5/framework.php HTTP/1.1" 200 24 "http://freecams1.com" "Mozilla/5.0 (Windows NT 6.3; WOW64; rv:58.0) Gecko/20100101 Firefox/58.0"
83.131.100.4 - - [26/Jan/2026:12:19:28 -0500] "POST /cache/7/c/d/b/5/framework.php HTTP/1.1" 200 24 "http://freecams1.com" "Mozilla/5.0 (Windows NT 6.1; WOW64) AppleWebKit/537.36 (KHTML, like Gecko) Chrome/63.0.2703.96 Safari/537.36"
87.11.200.49 - - [26/Jan/2026:12:19:32 -0500] "POST /cache/7/c/d/b/5/framework.php HTTP/1.1" 200 24 "http://freecams1.com" "Mozilla/5.0 (Windows NT 6.1; Win64; x64; rv:51.0) Gecko/20100101 Firefox/51.0"
176.63.7.42 - - [26/Jan/2026:12:19:38 -0500] "POST /cache/7/c/d/b/5/framework.php HTTP/1.1" 200 24 "http://freecams1.com" "Mozilla/5.0 (Windows NT 10.0; WOW64) AppleWebKit/537.36 (KHTML, like Gecko) Chrome/62.0.3333.38 Safari/537.36"
46.10.62.44 - - [26/Jan/2026:12:19:33 -0500] "POST /cache/7/c/d/b/5/framework.php HTTP/1.1" 200 24 "http://freecams1.com" "Mozilla/5.0 (Windows NT 10.0; WOW64) AppleWebKit/537.36 (KHTML, like Gecko) Chrome/62.0.3110.99 Safari/537.36"
109.81.126.248 - - [26/Jan/2026:12:20:00 -0500] "POST /cache/7/c/d/b/5/framework.php HTTP/1.1" 200 24 "http://freecams1.com" "Mozilla/5.0 (compatible; MSIE 10.0; Windows NT 10.0; WOW64; Trident/6.0; .NET CLR 2.0.50727; .NET CLR 3.5.30729; .NET CLR 3.0.30729; Media Center PC 6.0; .NET4.0C; .NET4.0E)"
90.167.203.244 - - [26/Jan/2026:12:19:56 -0500] "POST /cache/7/c/d/b/5/framework.php HTTP/1.1" 200 24 "http://freecams1.com" "Mozilla/5.0 (Windows NT 6.2; Win64; x64) AppleWebKit/537.36 (KHTML, like Gecko) Chrome/62.0.2207.5 Safari/537.36"
85.73.245.90 - - [26/Jan/2026:12:20:10 -0500] "POST /cache/7/c/d/b/5/framework.php HTTP/1.1" 200 24 "http://freecams1.com" "Mozilla/5.0 (Windows NT 6.3; Win64; x64) AppleWebKit/537.36 (KHTML, like Gecko) Chrome/67.0.2224.40 Safari/537.36"
31.45.225.37 - - [26/Jan/2026:12:20:21 -0500] "POST /cache/7/c/d/b/5/framework.php HTTP/1.1" 200 24 "http://freecams1.com" "Opera/9.80 (Windows NT 6.2; WOW64); U) Presto/2.12.388 Version/12.14"
85.208.96.206 - - [26/Jan/2026:12:20:57 -0500] "GET /uploads-by-user/4/?photos=1 HTTP/1.1" 403 - "-" "Mozilla/5.0 (compatible; SemrushBot/7~bl; +http://www.semrush.com/bot.html)"
77.207.210.182 - - [26/Jan/2026:12:20:28 -0500] "POST /cache/7/c/d/b/5/framework.php HTTP/1.1" 200 24 "http://freecams1.com" "Mozilla/5.0 (Windows NT 10.0) AppleWebKit/537.36 (KHTML, like Gecko) Chrome/69.0.3316.0 Safari/537.36"
79.103.151.78 - - [26/Jan/2026:12:20:38 -0500] "POST /cache/7/c/d/b/5/framework.php HTTP/1.1" 200 24 "http://freecams1.com" "Mozilla/5.0 (Windows NT 6.3; rv:64.0) Gecko/20100101 Firefox/64.0"
114.119.138.178 - - [26/Jan/2026:12:21:03 -0500] "GET /most-discussed/page17.html HTTP/1.1" 200 57858 "https://www.freecams1.com/most-discussed/page9.html" "Mozilla/5.0 (Linux; Android 7.0;) AppleWebKit/537.36 (KHTML, like Gecko) Mobile Safari/537.36 (compatible; PetalBot;+https://webmaster.petalsearch.com/site/petalbot)"
3.227.180.70 - - [26/Jan/2026:12:21:11 -0500] "GET /most-discussed/ HTTP/1.1" 200 56968 "-" "Mozilla/5.0 AppleWebKit/537.36 (KHTML, like Gecko; compatible; Amazonbot/0.1; +https://developer.amazon.com/support/amazonbot) Chrome/119.0.6045.214 Safari/537.36"
89.216.244.246 - - [26/Jan/2026:12:20:42 -0500] "POST /cache/7/c/d/b/5/framework.php HTTP/1.1" 200 24 "http://freecams1.com" "Mozilla/5.0 (Windows NT 6.1) AppleWebKit/537.36 (KHTML, like Gecko) Chrome/62.0.3269.142 Safari/537.36"
185.51.45.40 - - [26/Jan/2026:12:20:47 -0500] "POST /cache/7/c/d/b/5/framework.php HTTP/1.1" 200 24 "http://freecams1.com" "Mozilla/5.0 (Windows NT 10.0; WOW64) AppleWebKit/537.36 (KHTML, like Gecko) Chrome/64.0.3134.62 Safari/537.36"
79.158.185.223 - - [26/Jan/2026:12:20:59 -0500] "POST /cache/7/c/d/b/5/framework.php HTTP/1.1" 200 24 "http://freecams1.com" "Mozilla/5.0 (Windows NT 10.0) AppleWebKit/537.36 (KHTML, like Gecko) Chrome/68.0.3338.151 Safari/537.36"
217.119.126.41 - - [26/Jan/2026:12:20:56 -0500] "POST /cache/7/c/d/b/5/framework.php HTTP/1.1" 200 24 "http://freecams1.com" "Mozilla/5.0 (compatible; MSIE 10.6; Windows NT 10.0; WOW64; Trident/6.0; .NET CLR 2.0.50727; .NET CLR 3.5.30729; .NET CLR 3.0.30729; Media Center PC 6.0; .NET4.0C; .NET4.0E)"
79.116.174.245 - - [26/Jan/2026:12:21:06 -0500] "POST /cache/7/c/d/b/5/framework.php HTTP/1.1" 200 24 "http://freecams1.com" "Mozilla/5.0 (Windows NT 10.0; WOW64; rv:52.0) Gecko/20100101 Firefox/52.0"
213.134.163.244 - - [26/Jan/2026:12:21:02 -0500] "POST /cache/7/c/d/b/5/framework.php HTTP/1.1" 200 24 "http://freecams1.com" "Mozilla/5.0 (Windows NT 10.0; WOW64) AppleWebKit/537.36 (KHTML, like Gecko) Chrome/63.0.3104.125 Safari/537.36"
84.46.45.52 - - [26/Jan/2026:12:21:16 -0500] "POST /cache/7/c/d/b/5/framework.php HTTP/1.1" 200 24 "http://freecams1.com" "Opera/9.80 (Windows NT 10.0); U) Presto/2.12.388 Version/12.14"
190.255.159.62 - - [26/Jan/2026:12:21:42 -0500] "GET /video/handsome-guy-got-bareback-by-adelineefoxxx-1472.html HTTP/1.1" 200 63447 "https://www.google.com/" "Mozilla/5.0 (iPad; CPU OS 17_7_10 like Mac OS X) AppleWebKit/605.1.15 (KHTML, like Gecko) CriOS/144.0.7559.85 Mobile/15E148 Safari/604.1"
190.255.159.62 - - [26/Jan/2026:12:21:43 -0500] "GET /templates/default_tube2019/fonts/Roboto/Roboto-Regular.ttf HTTP/1.1" 200 171676 "https://www.freecams1.com/video/handsome-guy-got-bareback-by-adelineefoxxx-1472.html" "Mozilla/5.0 (iPad; CPU OS 17_7_10 like Mac OS X) AppleWebKit/605.1.15 (KHTML, like Gecko) CriOS/144.0.7559.85 Mobile/15E148 Safari/604.1"
190.255.159.62 - - [26/Jan/2026:12:21:43 -0500] "GET /templates/default_tube2019/fonts/Roboto/Roboto-Bold.ttf HTTP/1.1" 200 170760 "https://www.freecams1.com/video/handsome-guy-got-bareback-by-adelineefoxxx-1472.html" "Mozilla/5.0 (iPad; CPU OS 17_7_10 like Mac OS X) AppleWebKit/605.1.15 (KHTML, like Gecko) CriOS/144.0.7559.85 Mobile/15E148 Safari/604.1"
190.255.159.62 - - [26/Jan/2026:12:21:43 -0500] "GET /templates/default_tube2019/fonts/Roboto/Roboto-Medium.ttf HTTP/1.1" 200 172064 "https://www.freecams1.com/video/handsome-guy-got-bareback-by-adelineefoxxx-1472.html" "Mozilla/5.0 (iPad; CPU OS 17_7_10 like Mac OS X) AppleWebKit/605.1.15 (KHTML, like Gecko) CriOS/144.0.7559.85 Mobile/15E148 Safari/604.1"
190.255.159.62 - - [26/Jan/2026:12:21:43 -0500] "GET /templates/default_tube2019/fonts/fontawesome_5.7.1/fa-solid-900.woff2 HTTP/1.1" 200 74320 "https://www.freecams1.com/video/handsome-guy-got-bareback-by-adelineefoxxx-1472.html" "Mozilla/5.0 (iPad; CPU OS 17_7_10 like Mac OS X) AppleWebKit/605.1.15 (KHTML, like Gecko) CriOS/144.0.7559.85 Mobile/15E148 Safari/604.1"
190.255.159.62 - - [26/Jan/2026:12:21:43 -0500] "GET /templates/default_tube2019/fonts/Roboto/Roboto-Black.ttf HTTP/1.1" 200 171480 "https://www.freecams1.com/video/handsome-guy-got-bareback-by-adelineefoxxx-1472.html" "Mozilla/5.0 (iPad; CPU OS 17_7_10 like Mac OS X) AppleWebKit/605.1.15 (KHTML, like Gecko) CriOS/144.0.7559.85 Mobile/15E148 Safari/604.1"
190.255.159.62 - - [26/Jan/2026:12:21:43 -0500] "GET /templates/default_tube2019/fonts/fontawesome_5.7.1/fa-brands-400.woff2 HTTP/1.1" 200 72148 "https://www.freecams1.com/video/handsome-guy-got-bareback-by-adelineefoxxx-1472.html" "Mozilla/5.0 (iPad; CPU OS 17_7_10 like Mac OS X) AppleWebKit/605.1.15 (KHTML, like Gecko) CriOS/144.0.7559.85 Mobile/15E148 Safari/604.1"
190.255.159.62 - - [26/Jan/2026:12:21:43 -0500] "GET /templates/default_tube2019/fonts/fontawesome_5.7.1/fa-regular-400.woff2 HTTP/1.1" 200 13608 "https://www.freecams1.com/video/handsome-guy-got-bareback-by-adelineefoxxx-1472.html" "Mozilla/5.0 (iPad; CPU OS 17_7_10 like Mac OS X) AppleWebKit/605.1.15 (KHTML, like Gecko) CriOS/144.0.7559.85 Mobile/15E148 Safari/604.1"
190.255.159.62 - - [26/Jan/2026:12:21:43 -0500] "GET /templates/default_tube2019/images/plus-solid.svg HTTP/1.1" 200 449 "https://www.freecams1.com/video/handsome-guy-got-bareback-by-adelineefoxxx-1472.html" "Mozilla/5.0 (iPad; CPU OS 17_7_10 like Mac OS X) AppleWebKit/605.1.15 (KHTML, like Gecko) CriOS/144.0.7559.85 Mobile/15E148 Safari/604.1"
190.255.159.62 - - [26/Jan/2026:12:21:44 -0500] "GET /templates/default_tube2019/images/minus-solid.svg HTTP/1.1" 200 328 "https://www.freecams1.com/video/handsome-guy-got-bareback-by-adelineefoxxx-1472.html" "Mozilla/5.0 (iPad; CPU OS 17_7_10 like Mac OS X) AppleWebKit/605.1.15 (KHTML, like Gecko) CriOS/144.0.7559.85 Mobile/15E148 Safari/604.1"
190.255.159.62 - - [26/Jan/2026:12:21:44 -0500] "GET /templates/default_tube2019/template.ajax_comments.php?id=1472&type=0&loaded=0&time=1769448103643 HTTP/1.1" 200 133 "https://www.freecams1.com/video/handsome-guy-got-bareback-by-adelineefoxxx-1472.html" "Mozilla/5.0 (iPad; CPU OS 17_7_10 like Mac OS X) AppleWebKit/605.1.15 (KHTML, like Gecko) CriOS/144.0.7559.85 Mobile/15E148 Safari/604.1"
190.255.159.62 - - [26/Jan/2026:12:21:44 -0500] "GET /media/videos/4/6/6/6/4/46664b7239e54d9.mp4 HTTP/1.1" 206 2 "https://www.freecams1.com/" "Mozilla/5.0 (iPad; CPU OS 17_7_10 like Mac OS X) AppleWebKit/605.1.15 (KHTML, like Gecko) CriOS/144.0.7559.85 Mobile/15E148 Safari/604.1"
190.255.159.62 - - [26/Jan/2026:12:21:44 -0500] "GET /webvtt/1472.vtt HTTP/1.1" 200 13064 "https://www.freecams1.com/video/handsome-guy-got-bareback-by-adelineefoxxx-1472.html" "Mozilla/5.0 (iPad; CPU OS 17_7_10 like Mac OS X) AppleWebKit/605.1.15 (KHTML, like Gecko) CriOS/144.0.7559.85 Mobile/15E148 Safari/604.1"
190.255.159.62 - - [26/Jan/2026:12:21:44 -0500] "GET /templates/default_tube2019/images/plus-solid.svg HTTP/1.1" 200 449 "https://www.freecams1.com/video/handsome-guy-got-bareback-by-adelineefoxxx-1472.html" "Mozilla/5.0 (iPad; CPU OS 17_7_10 like Mac OS X) AppleWebKit/605.1.15 (KHTML, like Gecko) CriOS/144.0.7559.85 Mobile/15E148 Safari/604.1"
190.255.159.62 - - [26/Jan/2026:12:21:44 -0500] "GET /templates/default_tube2019/images/minus-solid.svg HTTP/1.1" 200 328 "https://www.freecams1.com/video/handsome-guy-got-bareback-by-adelineefoxxx-1472.html" "Mozilla/5.0 (iPad; CPU OS 17_7_10 like Mac OS X) AppleWebKit/605.1.15 (KHTML, like Gecko) CriOS/144.0.7559.85 Mobile/15E148 Safari/604.1"
190.255.159.62 - - [26/Jan/2026:12:21:44 -0500] "GET /includes/fluidplayer/images/fluid_icons.svg HTTP/1.1" 200 18488 "https://www.freecams1.com/video/handsome-guy-got-bareback-by-adelineefoxxx-1472.html" "Mozilla/5.0 (iPad; CPU OS 17_7_10 like Mac OS X) AppleWebKit/605.1.15 (KHTML, like Gecko) CriOS/144.0.7559.85 Mobile/15E148 Safari/604.1"
190.255.159.62 - - [26/Jan/2026:12:21:44 -0500] "GET /media/videos/4/6/6/6/4/46664b7239e54d9.mp4 HTTP/1.1" 206 769762 "https://www.freecams1.com/" "Mozilla/5.0 (iPad; CPU OS 17_7_10 like Mac OS X) AppleWebKit/605.1.15 (KHTML, like Gecko) CriOS/144.0.7559.85 Mobile/15E148 Safari/604.1"
190.255.159.62 - - [26/Jan/2026:12:21:44 -0500] "GET /media/videos/4/6/6/6/4/46664b7239e54d9.mp4 HTTP/1.1" 206 303021794 "https://www.freecams1.com/" "Mozilla/5.0 (iPad; CPU OS 17_7_10 like Mac OS X) AppleWebKit/605.1.15 (KHTML, like Gecko) CriOS/144.0.7559.85 Mobile/15E148 Safari/604.1"
190.255.159.62 - - [26/Jan/2026:12:21:44 -0500] "GET /media/videos/4/6/6/6/4/46664b7239e54d9.mp4 HTTP/1.1" 206 442082 "https://www.freecams1.com/" "Mozilla/5.0 (iPad; CPU OS 17_7_10 like Mac OS X) AppleWebKit/605.1.15 (KHTML, like Gecko) CriOS/144.0.7559.85 Mobile/15E148 Safari/604.1"
190.255.159.62 - - [26/Jan/2026:12:21:45 -0500] "GET /media/videos/4/6/6/6/4/46664b7239e54d9.mp4 HTTP/1.1" 206 48866 "https://www.freecams1.com/" "Mozilla/5.0 (iPad; CPU OS 17_7_10 like Mac OS X) AppleWebKit/605.1.15 (KHTML, like Gecko) CriOS/144.0.7559.85 Mobile/15E148 Safari/604.1"
190.255.159.62 - - [26/Jan/2026:12:21:45 -0500] "GET /media/videos/4/6/6/6/4/46664b7239e54d9.mp4 HTTP/1.1" 206 229694 "https://www.freecams1.com/" "Mozilla/5.0 (iPad; CPU OS 17_7_10 like Mac OS X) AppleWebKit/605.1.15 (KHTML, like Gecko) CriOS/144.0.7559.85 Mobile/15E148 Safari/604.1"
190.255.159.62 - - [26/Jan/2026:12:21:45 -0500] "GET /media/videos/4/6/6/6/4/46664b7239e54d9.mp4 HTTP/1.1" 206 262462 "https://www.freecams1.com/" "Mozilla/5.0 (iPad; CPU OS 17_7_10 like Mac OS X) AppleWebKit/605.1.15 (KHTML, like Gecko) CriOS/144.0.7559.85 Mobile/15E148 Safari/604.1"
190.255.159.62 - - [26/Jan/2026:12:21:46 -0500] "GET /media/videos/4/6/6/6/4/46664b7239e54d9.mp4 HTTP/1.1" 206 302104889 "https://www.freecams1.com/" "Mozilla/5.0 (iPad; CPU OS 17_7_10 like Mac OS X) AppleWebKit/605.1.15 (KHTML, like Gecko) CriOS/144.0.7559.85 Mobile/15E148 Safari/604.1"
92.141.163.137 - - [26/Jan/2026:12:21:27 -0500] "POST /cache/7/c/d/b/5/framework.php HTTP/1.1" 200 24 "http://freecams1.com" "Mozilla/5.0 (Windows NT 10.0; WOW64; rv:46.0) Gecko/20100101 Firefox/46.0"
109.164.52.58 - - [26/Jan/2026:12:21:20 -0500] "POST /cache/7/c/d/b/5/framework.php HTTP/1.1" 200 24 "http://freecams1.com" "Mozilla/5.0 (Windows NT 10.0; WOW64) AppleWebKit/537.36 (KHTML, like Gecko) Chrome/63.0.3088.40 Safari/537.36"
139.47.121.174 - - [26/Jan/2026:12:21:31 -0500] "POST /cache/7/c/d/b/5/framework.php HTTP/1.1" 200 24 "http://freecams1.com" "Mozilla/5.0 (Windows NT 6.2; rv:63.0) Gecko/20100101 Firefox/63.0"
190.255.159.62 - - [26/Jan/2026:12:21:59 -0500] "GET /media/videos/4/6/6/6/4/46664b7239e54d9.mp4 HTTP/1.1" 206 196608 "https://www.freecams1.com/" "Mozilla/5.0 (iPad; CPU OS 17_7_10 like Mac OS X) AppleWebKit/605.1.15 (KHTML, like Gecko) CriOS/144.0.7559.85 Mobile/15E148 Safari/604.1"
31.152.6.119 - - [26/Jan/2026:12:21:36 -0500] "POST /cache/7/c/d/b/5/framework.php HTTP/1.1" 200 24 "http://freecams1.com" "Mozilla/5.0 (Windows NT 6.1; Win64; x64) AppleWebKit/537.36 (KHTML, like Gecko) Chrome/67.0.2415.34 Safari/537.36"
190.255.159.62 - - [26/Jan/2026:12:22:01 -0500] "GET /media/videos/4/6/6/6/4/46664b7239e54d9.mp4 HTTP/1.1" 206 228261888 "https://www.freecams1.com/" "Mozilla/5.0 (iPad; CPU OS 17_7_10 like Mac OS X) AppleWebKit/605.1.15 (KHTML, like Gecko) CriOS/144.0.7559.85 Mobile/15E148 Safari/604.1"
190.255.159.62 - - [26/Jan/2026:12:22:02 -0500] "GET /media/videos/4/6/6/6/4/46664b7239e54d9.mp4 HTTP/1.1" 206 65536 "https://www.freecams1.com/" "Mozilla/5.0 (iPad; CPU OS 17_7_10 like Mac OS X) AppleWebKit/605.1.15 (KHTML, like Gecko) CriOS/144.0.7559.85 Mobile/15E148 Safari/604.1"
190.255.159.62 - - [26/Jan/2026:12:22:02 -0500] "GET /media/videos/4/6/6/6/4/46664b7239e54d9.mp4 HTTP/1.1" 206 2621440 "https://www.freecams1.com/" "Mozilla/5.0 (iPad; CPU OS 17_7_10 like Mac OS X) AppleWebKit/605.1.15 (KHTML, like Gecko) CriOS/144.0.7559.85 Mobile/15E148 Safari/604.1"
190.255.159.62 - - [26/Jan/2026:12:22:02 -0500] "GET /media/videos/4/6/6/6/4/46664b7239e54d9.mp4 HTTP/1.1" 206 65536 "https://www.freecams1.com/" "Mozilla/5.0 (iPad; CPU OS 17_7_10 like Mac OS X) AppleWebKit/605.1.15 (KHTML, like Gecko) CriOS/144.0.7559.85 Mobile/15E148 Safari/604.1"
190.255.159.62 - - [26/Jan/2026:12:22:03 -0500] "GET /media/videos/4/6/6/6/4/46664b7239e54d9.mp4 HTTP/1.1" 206 65536 "https://www.freecams1.com/" "Mozilla/5.0 (iPad; CPU OS 17_7_10 like Mac OS X) AppleWebKit/605.1.15 (KHTML, like Gecko) CriOS/144.0.7559.85 Mobile/15E148 Safari/604.1"
190.255.159.62 - - [26/Jan/2026:12:22:03 -0500] "GET /media/videos/4/6/6/6/4/46664b7239e54d9.mp4 HTTP/1.1" 206 28966912 "https://www.freecams1.com/" "Mozilla/5.0 (iPad; CPU OS 17_7_10 like Mac OS X) AppleWebKit/605.1.15 (KHTML, like Gecko) CriOS/144.0.7559.85 Mobile/15E148 Safari/604.1"
190.255.159.62 - - [26/Jan/2026:12:22:05 -0500] "GET /media/videos/4/6/6/6/4/46664b7239e54d9.mp4 HTTP/1.1" 206 25100288 "https://www.freecams1.com/" "Mozilla/5.0 (iPad; CPU OS 17_7_10 like Mac OS X) AppleWebKit/605.1.15 (KHTML, like Gecko) CriOS/144.0.7559.85 Mobile/15E148 Safari/604.1"
142.188.49.87 - - [26/Jan/2026:12:21:37 -0500] "POST /cache/7/c/d/b/5/framework.php HTTP/1.1" 200 24 "http://freecams1.com" "Mozilla/5.0 (Windows NT 10.0; WOW64) AppleWebKit/537.36 (KHTML, like Gecko) Chrome/68.0.3295.142 Safari/537.36"
87.222.78.215 - - [26/Jan/2026:12:21:37 -0500] "POST /cache/7/c/d/b/5/framework.php HTTP/1.1" 200 24 "http://freecams1.com" "Mozilla/5.0 (Windows NT 6.1; Win64; x64) AppleWebKit/537.36 (KHTML, like Gecko) Chrome/68.0.3043.157 Safari/537.36"
190.255.159.62 - - [26/Jan/2026:12:22:08 -0500] "GET /media/videos/4/6/6/6/4/46664b7239e54d9.mp4 HTTP/1.1" 206 227999744 "https://www.freecams1.com/" "Mozilla/5.0 (iPad; CPU OS 17_7_10 like Mac OS X) AppleWebKit/605.1.15 (KHTML, like Gecko) CriOS/144.0.7559.85 Mobile/15E148 Safari/604.1"
185.191.171.13 - - [26/Jan/2026:12:22:09 -0500] "GET /search/petite/rating/page2.html HTTP/1.1" 403 - "-" "Mozilla/5.0 (compatible; SemrushBot/7~bl; +http://www.semrush.com/bot.html)"
190.255.159.62 - - [26/Jan/2026:12:22:09 -0500] "GET /media/videos/4/6/6/6/4/46664b7239e54d9.mp4 HTTP/1.1" 206 222298112 "https://www.freecams1.com/" "Mozilla/5.0 (iPad; CPU OS 17_7_10 like Mac OS X) AppleWebKit/605.1.15 (KHTML, like Gecko) CriOS/144.0.7559.85 Mobile/15E148 Safari/604.1"
190.255.159.62 - - [26/Jan/2026:12:22:09 -0500] "GET /media/videos/4/6/6/6/4/46664b7239e54d9.mp4 HTTP/1.1" 206 221921600 "https://www.freecams1.com/" "Mozilla/5.0 (iPad; CPU OS 17_7_10 like Mac OS X) AppleWebKit/605.1.15 (KHTML, like Gecko) CriOS/144.0.7559.85 Mobile/15E148 Safari/604.1"
190.255.159.62 - - [26/Jan/2026:12:22:10 -0500] "GET /media/videos/4/6/6/6/4/46664b7239e54d9.mp4 HTTP/1.1" 206 65536 "https://www.freecams1.com/" "Mozilla/5.0 (iPad; CPU OS 17_7_10 like Mac OS X) AppleWebKit/605.1.15 (KHTML, like Gecko) CriOS/144.0.7559.85 Mobile/15E148 Safari/604.1"
190.255.159.62 - - [26/Jan/2026:12:22:11 -0500] "GET /media/videos/4/6/6/6/4/46664b7239e54d9.mp4 HTTP/1.1" 206 65536 "https://www.freecams1.com/" "Mozilla/5.0 (iPad; CPU OS 17_7_10 like Mac OS X) AppleWebKit/605.1.15 (KHTML, like Gecko) CriOS/144.0.7559.85 Mobile/15E148 Safari/604.1"
190.255.159.62 - - [26/Jan/2026:12:22:11 -0500] "GET /media/videos/4/6/6/6/4/46664b7239e54d9.mp4 HTTP/1.1" 206 65536 "https://www.freecams1.com/" "Mozilla/5.0 (iPad; CPU OS 17_7_10 like Mac OS X) AppleWebKit/605.1.15 (KHTML, like Gecko) CriOS/144.0.7559.85 Mobile/15E148 Safari/604.1"
190.255.159.62 - - [26/Jan/2026:12:22:11 -0500] "GET /media/videos/4/6/6/6/4/46664b7239e54d9.mp4 HTTP/1.1" 206 221921600 "https://www.freecams1.com/" "Mozilla/5.0 (iPad; CPU OS 17_7_10 like Mac OS X) AppleWebKit/605.1.15 (KHTML, like Gecko) CriOS/144.0.7559.85 Mobile/15E148 Safari/604.1"
190.255.159.62 - - [26/Jan/2026:12:22:11 -0500] "GET /media/videos/4/6/6/6/4/46664b7239e54d9.mp4 HTTP/1.1" 206 212140032 "https://www.freecams1.com/" "Mozilla/5.0 (iPad; CPU OS 17_7_10 like Mac OS X) AppleWebKit/605.1.15 (KHTML, like Gecko) CriOS/144.0.7559.85 Mobile/15E148 Safari/604.1"
190.255.159.62 - - [26/Jan/2026:12:22:12 -0500] "GET /media/videos/4/6/6/6/4/46664b7239e54d9.mp4 HTTP/1.1" 206 65536 "https://www.freecams1.com/" "Mozilla/5.0 (iPad; CPU OS 17_7_10 like Mac OS X) AppleWebKit/605.1.15 (KHTML, like Gecko) CriOS/144.0.7559.85 Mobile/15E148 Safari/604.1"
190.255.159.62 - - [26/Jan/2026:12:22:12 -0500] "GET /media/videos/4/6/6/6/4/46664b7239e54d9.mp4 HTTP/1.1" 206 65536 "https://www.freecams1.com/" "Mozilla/5.0 (iPad; CPU OS 17_7_10 like Mac OS X) AppleWebKit/605.1.15 (KHTML, like Gecko) CriOS/144.0.7559.85 Mobile/15E148 Safari/604.1"
190.255.159.62 - - [26/Jan/2026:12:22:12 -0500] "GET /media/videos/4/6/6/6/4/46664b7239e54d9.mp4 HTTP/1.1" 206 65536 "https://www.freecams1.com/" "Mozilla/5.0 (iPad; CPU OS 17_7_10 like Mac OS X) AppleWebKit/605.1.15 (KHTML, like Gecko) CriOS/144.0.7559.85 Mobile/15E148 Safari/604.1"
190.255.159.62 - - [26/Jan/2026:12:22:12 -0500] "GET /media/videos/4/6/6/6/4/46664b7239e54d9.mp4 HTTP/1.1" 206 65536 "https://www.freecams1.com/" "Mozilla/5.0 (iPad; CPU OS 17_7_10 like Mac OS X) AppleWebKit/605.1.15 (KHTML, like Gecko) CriOS/144.0.7559.85 Mobile/15E148 Safari/604.1"
190.255.159.62 - - [26/Jan/2026:12:22:12 -0500] "GET /media/videos/4/6/6/6/4/46664b7239e54d9.mp4 HTTP/1.1" 206 65536 "https://www.freecams1.com/" "Mozilla/5.0 (iPad; CPU OS 17_7_10 like Mac OS X) AppleWebKit/605.1.15 (KHTML, like Gecko) CriOS/144.0.7559.85 Mobile/15E148 Safari/604.1"
190.255.159.62 - - [26/Jan/2026:12:22:12 -0500] "GET /media/videos/4/6/6/6/4/46664b7239e54d9.mp4 HTTP/1.1" 206 65536 "https://www.freecams1.com/" "Mozilla/5.0 (iPad; CPU OS 17_7_10 like Mac OS X) AppleWebKit/605.1.15 (KHTML, like Gecko) CriOS/144.0.7559.85 Mobile/15E148 Safari/604.1"
190.255.159.62 - - [26/Jan/2026:12:22:12 -0500] "GET /media/videos/4/6/6/6/4/46664b7239e54d9.mp4 HTTP/1.1" 206 65536 "https://www.freecams1.com/" "Mozilla/5.0 (iPad; CPU OS 17_7_10 like Mac OS X) AppleWebKit/605.1.15 (KHTML, like Gecko) CriOS/144.0.7559.85 Mobile/15E148 Safari/604.1"
190.255.159.62 - - [26/Jan/2026:12:22:13 -0500] "GET /media/videos/4/6/6/6/4/46664b7239e54d9.mp4 HTTP/1.1" 206 65536 "https://www.freecams1.com/" "Mozilla/5.0 (iPad; CPU OS 17_7_10 like Mac OS X) AppleWebKit/605.1.15 (KHTML, like Gecko) CriOS/144.0.7559.85 Mobile/15E148 Safari/604.1"
190.255.159.62 - - [26/Jan/2026:12:22:13 -0500] "GET /media/videos/4/6/6/6/4/46664b7239e54d9.mp4 HTTP/1.1" 206 65536 "https://www.freecams1.com/" "Mozilla/5.0 (iPad; CPU OS 17_7_10 like Mac OS X) AppleWebKit/605.1.15 (KHTML, like Gecko) CriOS/144.0.7559.85 Mobile/15E148 Safari/604.1"
190.255.159.62 - - [26/Jan/2026:12:22:13 -0500] "GET /media/videos/4/6/6/6/4/46664b7239e54d9.mp4 HTTP/1.1" 206 65536 "https://www.freecams1.com/" "Mozilla/5.0 (iPad; CPU OS 17_7_10 like Mac OS X) AppleWebKit/605.1.15 (KHTML, like Gecko) CriOS/144.0.7559.85 Mobile/15E148 Safari/604.1"
190.255.159.62 - - [26/Jan/2026:12:22:13 -0500] "GET /media/videos/4/6/6/6/4/46664b7239e54d9.mp4 HTTP/1.1" 206 65536 "https://www.freecams1.com/" "Mozilla/5.0 (iPad; CPU OS 17_7_10 like Mac OS X) AppleWebKit/605.1.15 (KHTML, like Gecko) CriOS/144.0.7559.85 Mobile/15E148 Safari/604.1"
190.255.159.62 - - [26/Jan/2026:12:22:13 -0500] "GET /media/videos/4/6/6/6/4/46664b7239e54d9.mp4 HTTP/1.1" 206 65536 "https://www.freecams1.com/" "Mozilla/5.0 (iPad; CPU OS 17_7_10 like Mac OS X) AppleWebKit/605.1.15 (KHTML, like Gecko) CriOS/144.0.7559.85 Mobile/15E148 Safari/604.1"
190.255.159.62 - - [26/Jan/2026:12:22:13 -0500] "GET /media/videos/4/6/6/6/4/46664b7239e54d9.mp4 HTTP/1.1" 206 65536 "https://www.freecams1.com/" "Mozilla/5.0 (iPad; CPU OS 17_7_10 like Mac OS X) AppleWebKit/605.1.15 (KHTML, like Gecko) CriOS/144.0.7559.85 Mobile/15E148 Safari/604.1"
190.255.159.62 - - [26/Jan/2026:12:22:14 -0500] "GET /media/videos/4/6/6/6/4/46664b7239e54d9.mp4 HTTP/1.1" 206 65536 "https://www.freecams1.com/" "Mozilla/5.0 (iPad; CPU OS 17_7_10 like Mac OS X) AppleWebKit/605.1.15 (KHTML, like Gecko) CriOS/144.0.7559.85 Mobile/15E148 Safari/604.1"
190.255.159.62 - - [26/Jan/2026:12:22:14 -0500] "GET /media/videos/4/6/6/6/4/46664b7239e54d9.mp4 HTTP/1.1" 206 65536 "https://www.freecams1.com/" "Mozilla/5.0 (iPad; CPU OS 17_7_10 like Mac OS X) AppleWebKit/605.1.15 (KHTML, like Gecko) CriOS/144.0.7559.85 Mobile/15E148 Safari/604.1"
190.255.159.62 - - [26/Jan/2026:12:22:14 -0500] "GET /media/videos/4/6/6/6/4/46664b7239e54d9.mp4 HTTP/1.1" 206 65536 "https://www.freecams1.com/" "Mozilla/5.0 (iPad; CPU OS 17_7_10 like Mac OS X) AppleWebKit/605.1.15 (KHTML, like Gecko) CriOS/144.0.7559.85 Mobile/15E148 Safari/604.1"
190.255.159.62 - - [26/Jan/2026:12:22:14 -0500] "GET /media/videos/4/6/6/6/4/46664b7239e54d9.mp4 HTTP/1.1" 206 524288 "https://www.freecams1.com/" "Mozilla/5.0 (iPad; CPU OS 17_7_10 like Mac OS X) AppleWebKit/605.1.15 (KHTML, like Gecko) CriOS/144.0.7559.85 Mobile/15E148 Safari/604.1"
190.255.159.62 - - [26/Jan/2026:12:22:14 -0500] "GET /media/videos/4/6/6/6/4/46664b7239e54d9.mp4 HTTP/1.1" 206 65536 "https://www.freecams1.com/" "Mozilla/5.0 (iPad; CPU OS 17_7_10 like Mac OS X) AppleWebKit/605.1.15 (KHTML, like Gecko) CriOS/144.0.7559.85 Mobile/15E148 Safari/604.1"
190.255.159.62 - - [26/Jan/2026:12:22:14 -0500] "GET /media/videos/4/6/6/6/4/46664b7239e54d9.mp4 HTTP/1.1" 206 65536 "https://www.freecams1.com/" "Mozilla/5.0 (iPad; CPU OS 17_7_10 like Mac OS X) AppleWebKit/605.1.15 (KHTML, like Gecko) CriOS/144.0.7559.85 Mobile/15E148 Safari/604.1"
190.255.159.62 - - [26/Jan/2026:12:22:14 -0500] "GET /media/videos/4/6/6/6/4/46664b7239e54d9.mp4 HTTP/1.1" 206 65536 "https://www.freecams1.com/" "Mozilla/5.0 (iPad; CPU OS 17_7_10 like Mac OS X) AppleWebKit/605.1.15 (KHTML, like Gecko) CriOS/144.0.7559.85 Mobile/15E148 Safari/604.1"
190.255.159.62 - - [26/Jan/2026:12:22:15 -0500] "GET /media/videos/4/6/6/6/4/46664b7239e54d9.mp4 HTTP/1.1" 206 65536 "https://www.freecams1.com/" "Mozilla/5.0 (iPad; CPU OS 17_7_10 like Mac OS X) AppleWebKit/605.1.15 (KHTML, like Gecko) CriOS/144.0.7559.85 Mobile/15E148 Safari/604.1"
190.255.159.62 - - [26/Jan/2026:12:22:15 -0500] "GET /media/videos/4/6/6/6/4/46664b7239e54d9.mp4 HTTP/1.1" 206 2228224 "https://www.freecams1.com/" "Mozilla/5.0 (iPad; CPU OS 17_7_10 like Mac OS X) AppleWebKit/605.1.15 (KHTML, like Gecko) CriOS/144.0.7559.85 Mobile/15E148 Safari/604.1"
190.255.159.62 - - [26/Jan/2026:12:22:15 -0500] "GET /media/videos/4/6/6/6/4/46664b7239e54d9.mp4 HTTP/1.1" 206 2228224 "https://www.freecams1.com/" "Mozilla/5.0 (iPad; CPU OS 17_7_10 like Mac OS X) AppleWebKit/605.1.15 (KHTML, like Gecko) CriOS/144.0.7559.85 Mobile/15E148 Safari/604.1"
190.255.159.62 - - [26/Jan/2026:12:22:15 -0500] "GET /media/videos/4/6/6/6/4/46664b7239e54d9.mp4 HTTP/1.1" 206 175194432 "https://www.freecams1.com/" "Mozilla/5.0 (iPad; CPU OS 17_7_10 like Mac OS X) AppleWebKit/605.1.15 (KHTML, like Gecko) CriOS/144.0.7559.85 Mobile/15E148 Safari/604.1"
190.255.159.62 - - [26/Jan/2026:12:22:15 -0500] "GET /media/videos/4/6/6/6/4/46664b7239e54d9.mp4 HTTP/1.1" 206 65536 "https://www.freecams1.com/" "Mozilla/5.0 (iPad; CPU OS 17_7_10 like Mac OS X) AppleWebKit/605.1.15 (KHTML, like Gecko) CriOS/144.0.7559.85 Mobile/15E148 Safari/604.1"
190.255.159.62 - - [26/Jan/2026:12:22:16 -0500] "GET /media/videos/4/6/6/6/4/46664b7239e54d9.mp4 HTTP/1.1" 206 65536 "https://www.freecams1.com/" "Mozilla/5.0 (iPad; CPU OS 17_7_10 like Mac OS X) AppleWebKit/605.1.15 (KHTML, like Gecko) CriOS/144.0.7559.85 Mobile/15E148 Safari/604.1"
190.255.159.62 - - [26/Jan/2026:12:22:16 -0500] "GET /media/videos/4/6/6/6/4/46664b7239e54d9.mp4 HTTP/1.1" 206 9699328 "https://www.freecams1.com/" "Mozilla/5.0 (iPad; CPU OS 17_7_10 like Mac OS X) AppleWebKit/605.1.15 (KHTML, like Gecko) CriOS/144.0.7559.85 Mobile/15E148 Safari/604.1"
190.255.159.62 - - [26/Jan/2026:12:22:16 -0500] "GET /media/videos/4/6/6/6/4/46664b7239e54d9.mp4 HTTP/1.1" 206 65536 "https://www.freecams1.com/" "Mozilla/5.0 (iPad; CPU OS 17_7_10 like Mac OS X) AppleWebKit/605.1.15 (KHTML, like Gecko) CriOS/144.0.7559.85 Mobile/15E148 Safari/604.1"
190.255.159.62 - - [26/Jan/2026:12:22:17 -0500] "GET /media/videos/4/6/6/6/4/46664b7239e54d9.mp4 HTTP/1.1" 206 1441792 "https://www.freecams1.com/" "Mozilla/5.0 (iPad; CPU OS 17_7_10 like Mac OS X) AppleWebKit/605.1.15 (KHTML, like Gecko) CriOS/144.0.7559.85 Mobile/15E148 Safari/604.1"
190.255.159.62 - - [26/Jan/2026:12:22:17 -0500] "GET /media/videos/4/6/6/6/4/46664b7239e54d9.mp4 HTTP/1.1" 206 65536 "https://www.freecams1.com/" "Mozilla/5.0 (iPad; CPU OS 17_7_10 like Mac OS X) AppleWebKit/605.1.15 (KHTML, like Gecko) CriOS/144.0.7559.85 Mobile/15E148 Safari/604.1"
190.255.159.62 - - [26/Jan/2026:12:22:18 -0500] "GET /media/videos/4/6/6/6/4/46664b7239e54d9.mp4 HTTP/1.1" 206 65536 "https://www.freecams1.com/" "Mozilla/5.0 (iPad; CPU OS 17_7_10 like Mac OS X) AppleWebKit/605.1.15 (KHTML, like Gecko) CriOS/144.0.7559.85 Mobile/15E148 Safari/604.1"
190.255.159.62 - - [26/Jan/2026:12:22:18 -0500] "GET /media/videos/4/6/6/6/4/46664b7239e54d9.mp4 HTTP/1.1" 206 7913789 "https://www.freecams1.com/" "Mozilla/5.0 (iPad; CPU OS 17_7_10 like Mac OS X) AppleWebKit/605.1.15 (KHTML, like Gecko) CriOS/144.0.7559.85 Mobile/15E148 Safari/604.1"
190.255.159.62 - - [26/Jan/2026:12:22:18 -0500] "GET /media/videos/4/6/6/6/4/46664b7239e54d9.mp4 HTTP/1.1" 206 7913789 "https://www.freecams1.com/" "Mozilla/5.0 (iPad; CPU OS 17_7_10 like Mac OS X) AppleWebKit/605.1.15 (KHTML, like Gecko) CriOS/144.0.7559.85 Mobile/15E148 Safari/604.1"
190.255.159.62 - - [26/Jan/2026:12:22:19 -0500] "GET /media/videos/4/6/6/6/4/46664b7239e54d9.mp4 HTTP/1.1" 206 851968 "https://www.freecams1.com/" "Mozilla/5.0 (iPad; CPU OS 17_7_10 like Mac OS X) AppleWebKit/605.1.15 (KHTML, like Gecko) CriOS/144.0.7559.85 Mobile/15E148 Safari/604.1"
190.255.159.62 - - [26/Jan/2026:12:22:20 -0500] "GET /media/videos/4/6/6/6/4/46664b7239e54d9.mp4 HTTP/1.1" 206 3605114 "https://www.freecams1.com/" "Mozilla/5.0 (iPad; CPU OS 17_7_10 like Mac OS X) AppleWebKit/605.1.15 (KHTML, like Gecko) CriOS/144.0.7559.85 Mobile/15E148 Safari/604.1"
190.255.159.62 - - [26/Jan/2026:12:22:20 -0500] "GET /includes/fluidplayer/images/fluid_spinner.svg HTTP/1.1" 200 524 "https://www.freecams1.com/video/handsome-guy-got-bareback-by-adelineefoxxx-1472.html" "Mozilla/5.0 (iPad; CPU OS 17_7_10 like Mac OS X) AppleWebKit/605.1.15 (KHTML, like Gecko) CriOS/144.0.7559.85 Mobile/15E148 Safari/604.1"
190.255.159.62 - - [26/Jan/2026:12:22:21 -0500] "GET /media/videos/4/6/6/6/4/46664b7239e54d9.mp4 HTTP/1.1" 206 6111552 "https://www.freecams1.com/" "Mozilla/5.0 (iPad; CPU OS 17_7_10 like Mac OS X) AppleWebKit/605.1.15 (KHTML, like Gecko) CriOS/144.0.7559.85 Mobile/15E148 Safari/604.1"
190.255.159.62 - - [26/Jan/2026:12:22:21 -0500] "GET /media/videos/4/6/6/6/4/46664b7239e54d9.mp4 HTTP/1.1" 206 786432 "https://www.freecams1.com/" "Mozilla/5.0 (iPad; CPU OS 17_7_10 like Mac OS X) AppleWebKit/605.1.15 (KHTML, like Gecko) CriOS/144.0.7559.85 Mobile/15E148 Safari/604.1"
95.175.17.180 - - [26/Jan/2026:12:21:52 -0500] "POST /cache/7/c/d/b/5/framework.php HTTP/1.1" 200 24 "http://freecams1.com" "Mozilla/5.0 (Windows NT 6.1; WOW64) AppleWebKit/537.36 (KHTML, like Gecko) Chrome/62.0.3456.21 Safari/537.36"
81.196.30.247 - - [26/Jan/2026:12:22:00 -0500] "POST /cache/7/c/d/b/5/framework.php HTTP/1.1" 200 24 "http://freecams1.com" "Mozilla/5.0 (Windows NT 10.0; Win64; x64) AppleWebKit/537.36 (KHTML, like Gecko) Chrome/65.0.2493.141 Safari/537.36"
190.255.159.62 - - [26/Jan/2026:12:22:24 -0500] "GET /media/videos/4/6/6/6/4/46664b7239e54d9.mp4 HTTP/1.1" 206 1360189 "https://www.freecams1.com/" "Mozilla/5.0 (iPad; CPU OS 17_7_10 like Mac OS X) AppleWebKit/605.1.15 (KHTML, like Gecko) CriOS/144.0.7559.85 Mobile/15E148 Safari/604.1"
190.255.159.62 - - [26/Jan/2026:12:22:25 -0500] "GET /media/videos/4/6/6/6/4/46664b7239e54d9.mp4 HTTP/1.1" 206 189988864 "https://www.freecams1.com/" "Mozilla/5.0 (iPad; CPU OS 17_7_10 like Mac OS X) AppleWebKit/605.1.15 (KHTML, like Gecko) CriOS/144.0.7559.85 Mobile/15E148 Safari/604.1"
114.119.130.104 - - [26/Jan/2026:12:22:27 -0500] "GET /models/walesita-570.html HTTP/1.1" 200 28173 "https://www.freecams1.com/models/rating/page6.html" "Mozilla/5.0 (Linux; Android 7.0;) AppleWebKit/537.36 (KHTML, like Gecko) Mobile Safari/537.36 (compatible; PetalBot;+https://webmaster.petalsearch.com/site/petalbot)"
93.147.251.64 - - [26/Jan/2026:12:22:05 -0500] "POST /cache/7/c/d/b/5/framework.php HTTP/1.1" 200 24 "http://freecams1.com" "Mozilla/5.0 (Windows NT 6.1) AppleWebKit/537.36 (KHTML, like Gecko) Chrome/62.0.2748.133 Safari/537.36"
190.255.159.62 - - [26/Jan/2026:12:22:28 -0500] "GET /media/videos/4/6/6/6/4/46664b7239e54d9.mp4 HTTP/1.1" 206 188809216 "https://www.freecams1.com/" "Mozilla/5.0 (iPad; CPU OS 17_7_10 like Mac OS X) AppleWebKit/605.1.15 (KHTML, like Gecko) CriOS/144.0.7559.85 Mobile/15E148 Safari/604.1"
190.255.159.62 - - [26/Jan/2026:12:22:28 -0500] "GET /media/videos/4/6/6/6/4/46664b7239e54d9.mp4 HTTP/1.1" 206 131072 "https://www.freecams1.com/" "Mozilla/5.0 (iPad; CPU OS 17_7_10 like Mac OS X) AppleWebKit/605.1.15 (KHTML, like Gecko) CriOS/144.0.7559.85 Mobile/15E148 Safari/604.1"
190.255.159.62 - - [26/Jan/2026:12:22:29 -0500] "GET /media/videos/4/6/6/6/4/46664b7239e54d9.mp4 HTTP/1.1" 206 188809216 "https://www.freecams1.com/" "Mozilla/5.0 (iPad; CPU OS 17_7_10 like Mac OS X) AppleWebKit/605.1.15 (KHTML, like Gecko) CriOS/144.0.7559.85 Mobile/15E148 Safari/604.1"
84.216.123.141 - - [26/Jan/2026:12:22:09 -0500] "POST /cache/7/c/d/b/5/framework.php HTTP/1.1" 200 24 "http://freecams1.com" "Mozilla/5.0 (Windows NT 10.0; Win64; x64) AppleWebKit/537.36 (KHTML, like Gecko) Chrome/68.0.2763.121 Safari/537.36"
190.255.159.62 - - [26/Jan/2026:12:22:36 -0500] "GET /media/videos/4/6/6/6/4/46664b7239e54d9.mp4 HTTP/1.1" 206 186712064 "https://www.freecams1.com/" "Mozilla/5.0 (iPad; CPU OS 17_7_10 like Mac OS X) AppleWebKit/605.1.15 (KHTML, like Gecko) CriOS/144.0.7559.85 Mobile/15E148 Safari/604.1"
217.129.28.203 - - [26/Jan/2026:12:22:16 -0500] "POST /cache/7/c/d/b/5/framework.php HTTP/1.1" 200 24 "http://freecams1.com" "Mozilla/5.0 (Windows NT 10.0; Win64; x64) AppleWebKit/537.36 (KHTML, like Gecko) Chrome/69.0.3241.78 Safari/537.36"
190.255.159.62 - - [26/Jan/2026:12:22:41 -0500] "GET /media/videos/4/6/6/6/4/46664b7239e54d9.mp4 HTTP/1.1" 206 183828480 "https://www.freecams1.com/" "Mozilla/5.0 (iPad; CPU OS 17_7_10 like Mac OS X) AppleWebKit/605.1.15 (KHTML, like Gecko) CriOS/144.0.7559.85 Mobile/15E148 Safari/604.1"
190.255.159.62 - - [26/Jan/2026:12:22:43 -0500] "GET /media/videos/4/6/6/6/4/46664b7239e54d9.mp4 HTTP/1.1" 206 181665792 "https://www.freecams1.com/" "Mozilla/5.0 (iPad; CPU OS 17_7_10 like Mac OS X) AppleWebKit/605.1.15 (KHTML, like Gecko) CriOS/144.0.7559.85 Mobile/15E148 Safari/604.1"
190.255.159.62 - - [26/Jan/2026:12:22:43 -0500] "GET /media/videos/4/6/6/6/4/46664b7239e54d9.mp4 HTTP/1.1" 206 262144 "https://www.freecams1.com/" "Mozilla/5.0 (iPad; CPU OS 17_7_10 like Mac OS X) AppleWebKit/605.1.15 (KHTML, like Gecko) CriOS/144.0.7559.85 Mobile/15E148 Safari/604.1"
190.255.159.62 - - [26/Jan/2026:12:22:44 -0500] "GET /media/videos/4/6/6/6/4/46664b7239e54d9.mp4 HTTP/1.1" 206 65536 "https://www.freecams1.com/" "Mozilla/5.0 (iPad; CPU OS 17_7_10 like Mac OS X) AppleWebKit/605.1.15 (KHTML, like Gecko) CriOS/144.0.7559.85 Mobile/15E148 Safari/604.1"
190.255.159.62 - - [26/Jan/2026:12:22:44 -0500] "GET /media/videos/4/6/6/6/4/46664b7239e54d9.mp4 HTTP/1.1" 206 181665792 "https://www.freecams1.com/" "Mozilla/5.0 (iPad; CPU OS 17_7_10 like Mac OS X) AppleWebKit/605.1.15 (KHTML, like Gecko) CriOS/144.0.7559.85 Mobile/15E148 Safari/604.1"
190.255.159.62 - - [26/Jan/2026:12:22:45 -0500] "GET /media/videos/4/6/6/6/4/46664b7239e54d9.mp4 HTTP/1.1" 206 179830784 "https://www.freecams1.com/" "Mozilla/5.0 (iPad; CPU OS 17_7_10 like Mac OS X) AppleWebKit/605.1.15 (KHTML, like Gecko) CriOS/144.0.7559.85 Mobile/15E148 Safari/604.1"
85.55.69.207 - - [26/Jan/2026:12:22:23 -0500] "POST /cache/7/c/d/b/5/framework.php HTTP/1.1" 200 24 "http://freecams1.com" "Mozilla/5.0 (Windows NT 10.0; rv:46.0) Gecko/20100101 Firefox/46.0"
190.255.159.62 - - [26/Jan/2026:12:22:45 -0500] "GET /media/videos/4/6/6/6/4/46664b7239e54d9.mp4 HTTP/1.1" 206 458752 "https://www.freecams1.com/" "Mozilla/5.0 (iPad; CPU OS 17_7_10 like Mac OS X) AppleWebKit/605.1.15 (KHTML, like Gecko) CriOS/144.0.7559.85 Mobile/15E148 Safari/604.1"
190.255.159.62 - - [26/Jan/2026:12:22:46 -0500] "GET /media/videos/4/6/6/6/4/46664b7239e54d9.mp4 HTTP/1.1" 206 179830784 "https://www.freecams1.com/" "Mozilla/5.0 (iPad; CPU OS 17_7_10 like Mac OS X) AppleWebKit/605.1.15 (KHTML, like Gecko) CriOS/144.0.7559.85 Mobile/15E148 Safari/604.1"
190.255.159.62 - - [26/Jan/2026:12:22:47 -0500] "GET /media/videos/4/6/6/6/4/46664b7239e54d9.mp4 HTTP/1.1" 206 178126848 "https://www.freecams1.com/" "Mozilla/5.0 (iPad; CPU OS 17_7_10 like Mac OS X) AppleWebKit/605.1.15 (KHTML, like Gecko) CriOS/144.0.7559.85 Mobile/15E148 Safari/604.1"
190.255.159.62 - - [26/Jan/2026:12:22:48 -0500] "GET /media/videos/4/6/6/6/4/46664b7239e54d9.mp4 HTTP/1.1" 206 65536 "https://www.freecams1.com/" "Mozilla/5.0 (iPad; CPU OS 17_7_10 like Mac OS X) AppleWebKit/605.1.15 (KHTML, like Gecko) CriOS/144.0.7559.85 Mobile/15E148 Safari/604.1"
190.255.159.62 - - [26/Jan/2026:12:22:48 -0500] "GET /media/videos/4/6/6/6/4/46664b7239e54d9.mp4 HTTP/1.1" 206 262144 "https://www.freecams1.com/" "Mozilla/5.0 (iPad; CPU OS 17_7_10 like Mac OS X) AppleWebKit/605.1.15 (KHTML, like Gecko) CriOS/144.0.7559.85 Mobile/15E148 Safari/604.1"
190.255.159.62 - - [26/Jan/2026:12:22:48 -0500] "GET /media/videos/4/6/6/6/4/46664b7239e54d9.mp4 HTTP/1.1" 206 178094401 "https://www.freecams1.com/" "Mozilla/5.0 (iPad; CPU OS 17_7_10 like Mac OS X) AppleWebKit/605.1.15 (KHTML, like Gecko) CriOS/144.0.7559.85 Mobile/15E148 Safari/604.1"
190.255.159.62 - - [26/Jan/2026:12:22:53 -0500] "GET /media/videos/4/6/6/6/4/46664b7239e54d9.mp4 HTTP/1.1" 206 176422912 "https://www.freecams1.com/" "Mozilla/5.0 (iPad; CPU OS 17_7_10 like Mac OS X) AppleWebKit/605.1.15 (KHTML, like Gecko) CriOS/144.0.7559.85 Mobile/15E148 Safari/604.1"
158.47.248.163 - - [26/Jan/2026:12:22:24 -0500] "POST /cache/7/c/d/b/5/framework.php HTTP/1.1" 200 24 "http://freecams1.com" "Opera/9.80 (Windows NT 10.0; WOW64); U) Presto/2.10.289 Version/12.02"
37.201.218.199 - - [26/Jan/2026:12:22:33 -0500] "POST /cache/7/c/d/b/5/framework.php HTTP/1.1" 200 24 "http://freecams1.com" "Mozilla/5.0 (Windows NT 10.0) AppleWebKit/537.36 (KHTML, like Gecko) Chrome/67.0.2354.165 Safari/537.36"
192.140.230.94 - - [26/Jan/2026:12:22:28 -0500] "POST /cache/7/c/d/b/5/framework.php HTTP/1.1" 200 24 "http://freecams1.com" "Mozilla/5.0 (Windows NT 6.2; WOW64) AppleWebKit/537.36 (KHTML, like Gecko) Chrome/66.0.2527.152 Safari/537.36"
5.173.178.6 - - [26/Jan/2026:12:22:39 -0500] "POST /cache/7/c/d/b/5/framework.php HTTP/1.1" 200 24 "http://freecams1.com" "Mozilla/5.0 (Windows NT 10.0; rv:46.0) Gecko/20100101 Firefox/46.0"
190.255.159.62 - - [26/Jan/2026:12:23:02 -0500] "GET /media/videos/4/6/6/6/4/46664b7239e54d9.mp4 HTTP/1.1" 206 92471296 "https://www.freecams1.com/" "Mozilla/5.0 (iPad; CPU OS 17_7_10 like Mac OS X) AppleWebKit/605.1.15 (KHTML, like Gecko) CriOS/144.0.7559.85 Mobile/15E148 Safari/604.1"
170.106.193.108 - - [26/Jan/2026:12:23:04 -0500] "GET /action.php?action=add_favorites&id=163 HTTP/1.1" 200 731 "-" "Mozilla/5.0 (iPhone; CPU iPhone OS 13_2_3 like Mac OS X) AppleWebKit/605.1.15 (KHTML, like Gecko) Version/13.0.3 Mobile/15E148 Safari/604.1"
190.255.159.62 - - [26/Jan/2026:12:23:08 -0500] "GET /media/videos/4/6/6/6/4/46664b7239e54d9.mp4 HTTP/1.1" 206 69074944 "https://www.freecams1.com/" "Mozilla/5.0 (iPad; CPU OS 17_7_10 like Mac OS X) AppleWebKit/605.1.15 (KHTML, like Gecko) CriOS/144.0.7559.85 Mobile/15E148 Safari/604.1"
188.2.27.71 - - [26/Jan/2026:12:22:50 -0500] "POST /cache/7/c/d/b/5/framework.php HTTP/1.1" 200 24 "http://freecams1.com" "Mozilla/5.0 (Windows NT 6.1) AppleWebKit/537.36 (KHTML, like Gecko) Chrome/68.0.2432.116 Safari/537.36"
149.62.205.78 - - [26/Jan/2026:12:22:44 -0500] "POST /cache/7/c/d/b/5/framework.php HTTP/1.1" 200 24 "http://freecams1.com" "Mozilla/5.0 (Windows NT 6.1; Win64; x64) AppleWebKit/537.36 (KHTML, like Gecko) Chrome/65.0.2771.20 Safari/537.36"
190.255.159.62 - - [26/Jan/2026:12:23:14 -0500] "GET /media/videos/4/6/6/6/4/46664b7239e54d9.mp4 HTTP/1.1" 206 66781184 "https://www.freecams1.com/" "Mozilla/5.0 (iPad; CPU OS 17_7_10 like Mac OS X) AppleWebKit/605.1.15 (KHTML, like Gecko) CriOS/144.0.7559.85 Mobile/15E148 Safari/604.1"
190.255.159.62 - - [26/Jan/2026:12:23:20 -0500] "GET /media/videos/4/6/6/6/4/46664b7239e54d9.mp4 HTTP/1.1" 206 64159744 "https://www.freecams1.com/" "Mozilla/5.0 (iPad; CPU OS 17_7_10 like Mac OS X) AppleWebKit/605.1.15 (KHTML, like Gecko) CriOS/144.0.7559.85 Mobile/15E148 Safari/604.1"
78.98.10.25 - - [26/Jan/2026:12:22:59 -0500] "POST /cache/7/c/d/b/5/framework.php HTTP/1.1" 200 24 "http://freecams1.com" "Opera/9.80 (Windows NT 10.0; WOW64); U) Presto/2.12.388 Version/12.16"
190.255.159.62 - - [26/Jan/2026:12:23:26 -0500] "GET /media/videos/4/6/6/6/4/46664b7239e54d9.mp4 HTTP/1.1" 206 61014016 "https://www.freecams1.com/" "Mozilla/5.0 (iPad; CPU OS 17_7_10 like Mac OS X) AppleWebKit/605.1.15 (KHTML, like Gecko) CriOS/144.0.7559.85 Mobile/15E148 Safari/604.1"
190.255.159.62 - - [26/Jan/2026:12:23:32 -0500] "GET /media/videos/4/6/6/6/4/46664b7239e54d9.mp4 HTTP/1.1" 206 58261504 "https://www.freecams1.com/" "Mozilla/5.0 (iPad; CPU OS 17_7_10 like Mac OS X) AppleWebKit/605.1.15 (KHTML, like Gecko) CriOS/144.0.7559.85 Mobile/15E148 Safari/604.1"
190.255.159.62 - - [26/Jan/2026:12:23:39 -0500] "GET /media/videos/4/6/6/6/4/46664b7239e54d9.mp4 HTTP/1.1" 206 54853632 "https://www.freecams1.com/" "Mozilla/5.0 (iPad; CPU OS 17_7_10 like Mac OS X) AppleWebKit/605.1.15 (KHTML, like Gecko) CriOS/144.0.7559.85 Mobile/15E148 Safari/604.1"
142.127.6.118 - - [26/Jan/2026:12:23:17 -0500] "POST /cache/7/c/d/b/5/framework.php HTTP/1.1" 200 24 "http://freecams1.com" "Opera/9.80 (Windows NT 6.1; Win64; x64); U) Presto/2.10.289 Version/12.02"
190.255.159.62 - - [26/Jan/2026:12:23:43 -0500] "GET /media/videos/4/6/6/6/4/46664b7239e54d9.mp4 HTTP/1.1" 206 51970048 "https://www.freecams1.com/" "Mozilla/5.0 (iPad; CPU OS 17_7_10 like Mac OS X) AppleWebKit/605.1.15 (KHTML, like Gecko) CriOS/144.0.7559.85 Mobile/15E148 Safari/604.1"
40.77.167.155 - - [26/Jan/2026:12:23:45 -0500] "GET /search/dildo-fucking/rating/page6.html HTTP/1.1" 200 52635 "-" "Mozilla/5.0 AppleWebKit/537.36 (KHTML, like Gecko; compatible; bingbot/2.0; +http://www.bing.com/bingbot.htm) Chrome/116.0.1938.76 Safari/537.36"
190.255.159.62 - - [26/Jan/2026:12:23:49 -0500] "GET /media/videos/4/6/6/6/4/46664b7239e54d9.mp4 HTTP/1.1" 206 49872896 "https://www.freecams1.com/" "Mozilla/5.0 (iPad; CPU OS 17_7_10 like Mac OS X) AppleWebKit/605.1.15 (KHTML, like Gecko) CriOS/144.0.7559.85 Mobile/15E148 Safari/604.1"
114.119.131.181 - - [26/Jan/2026:12:23:50 -0500] "GET /models/vikkykitten-246.html HTTP/1.1" 200 28514 "https://www.freecams1.com/models/v/" "Mozilla/5.0 (Linux; Android 7.0;) AppleWebKit/537.36 (KHTML, like Gecko) Mobile Safari/537.36 (compatible; PetalBot;+https://webmaster.petalsearch.com/site/petalbot)"
84.46.45.52 - - [26/Jan/2026:12:23:29 -0500] "POST /cache/7/c/d/b/5/framework.php HTTP/1.1" 200 24 "http://freecams1.com" "Mozilla/5.0 (Windows NT 10.0; WOW64; rv:51.0) Gecko/20100101 Firefox/51.0"
95.246.221.126 - - [26/Jan/2026:12:23:23 -0500] "POST /cache/7/c/d/b/5/framework.php HTTP/1.1" 200 24 "http://freecams1.com" "Mozilla/5.0 (Windows NT 6.1) AppleWebKit/537.36 (KHTML, like Gecko) Chrome/68.0.2986.119 Safari/537.36"
190.255.159.62 - - [26/Jan/2026:12:23:55 -0500] "GET /media/videos/4/6/6/6/4/46664b7239e54d9.mp4 HTTP/1.1" 206 47316992 "https://www.freecams1.com/" "Mozilla/5.0 (iPad; CPU OS 17_7_10 like Mac OS X) AppleWebKit/605.1.15 (KHTML, like Gecko) CriOS/144.0.7559.85 Mobile/15E148 Safari/604.1"
190.255.159.62 - - [26/Jan/2026:12:24:01 -0500] "GET /media/videos/4/6/6/6/4/46664b7239e54d9.mp4 HTTP/1.1" 206 44498944 "https://www.freecams1.com/" "Mozilla/5.0 (iPad; CPU OS 17_7_10 like Mac OS X) AppleWebKit/605.1.15 (KHTML, like Gecko) CriOS/144.0.7559.85 Mobile/15E148 Safari/604.1"
151.74.62.196 - - [26/Jan/2026:12:23:43 -0500] "POST /cache/7/c/d/b/5/framework.php HTTP/1.1" 200 24 "http://freecams1.com" "Mozilla/5.0 (Windows NT 6.2; rv:46.0) Gecko/20100101 Firefox/46.0"
190.255.159.62 - - [26/Jan/2026:12:24:08 -0500] "GET /media/videos/4/6/6/6/4/46664b7239e54d9.mp4 HTTP/1.1" 206 41680896 "https://www.freecams1.com/" "Mozilla/5.0 (iPad; CPU OS 17_7_10 like Mac OS X) AppleWebKit/605.1.15 (KHTML, like Gecko) CriOS/144.0.7559.85 Mobile/15E148 Safari/604.1"
190.255.159.62 - - [26/Jan/2026:12:24:14 -0500] "GET /media/videos/4/6/6/6/4/46664b7239e54d9.mp4 HTTP/1.1" 206 38862848 "https://www.freecams1.com/" "Mozilla/5.0 (iPad; CPU OS 17_7_10 like Mac OS X) AppleWebKit/605.1.15 (KHTML, like Gecko) CriOS/144.0.7559.85 Mobile/15E148 Safari/604.1"
190.255.159.62 - - [26/Jan/2026:12:24:20 -0500] "GET /media/videos/4/6/6/6/4/46664b7239e54d9.mp4 HTTP/1.1" 206 36372480 "https://www.freecams1.com/" "Mozilla/5.0 (iPad; CPU OS 17_7_10 like Mac OS X) AppleWebKit/605.1.15 (KHTML, like Gecko) CriOS/144.0.7559.85 Mobile/15E148 Safari/604.1"
190.255.159.62 - - [26/Jan/2026:12:24:23 -0500] "GET /media/videos/4/6/6/6/4/46664b7239e54d9.mp4 HTTP/1.1" 206 33095680 "https://www.freecams1.com/" "Mozilla/5.0 (iPad; CPU OS 17_7_10 like Mac OS X) AppleWebKit/605.1.15 (KHTML, like Gecko) CriOS/144.0.7559.85 Mobile/15E148 Safari/604.1"
190.255.159.62 - - [26/Jan/2026:12:24:30 -0500] "GET /media/videos/4/6/6/6/4/46664b7239e54d9.mp4 HTTP/1.1" 206 65536 "https://www.freecams1.com/" "Mozilla/5.0 (iPad; CPU OS 17_7_10 like Mac OS X) AppleWebKit/605.1.15 (KHTML, like Gecko) CriOS/144.0.7559.85 Mobile/15E148 Safari/604.1"
190.255.159.62 - - [26/Jan/2026:12:24:30 -0500] "GET /media/videos/4/6/6/6/4/46664b7239e54d9.mp4 HTTP/1.1" 206 7471104 "https://www.freecams1.com/" "Mozilla/5.0 (iPad; CPU OS 17_7_10 like Mac OS X) AppleWebKit/605.1.15 (KHTML, like Gecko) CriOS/144.0.7559.85 Mobile/15E148 Safari/604.1"
190.255.159.62 - - [26/Jan/2026:12:24:30 -0500] "GET /media/videos/4/6/6/6/4/46664b7239e54d9.mp4 HTTP/1.1" 206 65536 "https://www.freecams1.com/" "Mozilla/5.0 (iPad; CPU OS 17_7_10 like Mac OS X) AppleWebKit/605.1.15 (KHTML, like Gecko) CriOS/144.0.7559.85 Mobile/15E148 Safari/604.1"
190.255.159.62 - - [26/Jan/2026:12:24:30 -0500] "GET /media/videos/4/6/6/6/4/46664b7239e54d9.mp4 HTTP/1.1" 206 65536 "https://www.freecams1.com/" "Mozilla/5.0 (iPad; CPU OS 17_7_10 like Mac OS X) AppleWebKit/605.1.15 (KHTML, like Gecko) CriOS/144.0.7559.85 Mobile/15E148 Safari/604.1"
190.255.159.62 - - [26/Jan/2026:12:24:31 -0500] "GET /media/videos/4/6/6/6/4/46664b7239e54d9.mp4 HTTP/1.1" 206 2818048 "https://www.freecams1.com/" "Mozilla/5.0 (iPad; CPU OS 17_7_10 like Mac OS X) AppleWebKit/605.1.15 (KHTML, like Gecko) CriOS/144.0.7559.85 Mobile/15E148 Safari/604.1"
190.255.159.62 - - [26/Jan/2026:12:24:31 -0500] "GET /media/videos/4/6/6/6/4/46664b7239e54d9.mp4 HTTP/1.1" 206 65536 "https://www.freecams1.com/" "Mozilla/5.0 (iPad; CPU OS 17_7_10 like Mac OS X) AppleWebKit/605.1.15 (KHTML, like Gecko) CriOS/144.0.7559.85 Mobile/15E148 Safari/604.1"
190.255.159.62 - - [26/Jan/2026:12:24:31 -0500] "GET /media/videos/4/6/6/6/4/46664b7239e54d9.mp4 HTTP/1.1" 206 65536 "https://www.freecams1.com/" "Mozilla/5.0 (iPad; CPU OS 17_7_10 like Mac OS X) AppleWebKit/605.1.15 (KHTML, like Gecko) CriOS/144.0.7559.85 Mobile/15E148 Safari/604.1"
190.255.159.62 - - [26/Jan/2026:12:24:31 -0500] "GET /media/videos/4/6/6/6/4/46664b7239e54d9.mp4 HTTP/1.1" 206 65536 "https://www.freecams1.com/" "Mozilla/5.0 (iPad; CPU OS 17_7_10 like Mac OS X) AppleWebKit/605.1.15 (KHTML, like Gecko) CriOS/144.0.7559.85 Mobile/15E148 Safari/604.1"
190.255.159.62 - - [26/Jan/2026:12:24:31 -0500] "GET /media/videos/4/6/6/6/4/46664b7239e54d9.mp4 HTTP/1.1" 206 65536 "https://www.freecams1.com/" "Mozilla/5.0 (iPad; CPU OS 17_7_10 like Mac OS X) AppleWebKit/605.1.15 (KHTML, like Gecko) CriOS/144.0.7559.85 Mobile/15E148 Safari/604.1"
190.255.159.62 - - [26/Jan/2026:12:24:31 -0500] "GET /media/videos/4/6/6/6/4/46664b7239e54d9.mp4 HTTP/1.1" 206 983040 "https://www.freecams1.com/" "Mozilla/5.0 (iPad; CPU OS 17_7_10 like Mac OS X) AppleWebKit/605.1.15 (KHTML, like Gecko) CriOS/144.0.7559.85 Mobile/15E148 Safari/604.1"
190.255.159.62 - - [26/Jan/2026:12:24:31 -0500] "GET /media/videos/4/6/6/6/4/46664b7239e54d9.mp4 HTTP/1.1" 206 1048576 "https://www.freecams1.com/" "Mozilla/5.0 (iPad; CPU OS 17_7_10 like Mac OS X) AppleWebKit/605.1.15 (KHTML, like Gecko) CriOS/144.0.7559.85 Mobile/15E148 Safari/604.1"
190.255.159.62 - - [26/Jan/2026:12:24:32 -0500] "GET /media/videos/4/6/6/6/4/46664b7239e54d9.mp4 HTTP/1.1" 206 49471 "https://www.freecams1.com/" "Mozilla/5.0 (iPad; CPU OS 17_7_10 like Mac OS X) AppleWebKit/605.1.15 (KHTML, like Gecko) CriOS/144.0.7559.85 Mobile/15E148 Safari/604.1"
190.255.159.62 - - [26/Jan/2026:12:24:32 -0500] "GET /media/videos/4/6/6/6/4/46664b7239e54d9.mp4 HTTP/1.1" 206 1245184 "https://www.freecams1.com/" "Mozilla/5.0 (iPad; CPU OS 17_7_10 like Mac OS X) AppleWebKit/605.1.15 (KHTML, like Gecko) CriOS/144.0.7559.85 Mobile/15E148 Safari/604.1"
190.255.159.62 - - [26/Jan/2026:12:24:32 -0500] "GET /media/videos/4/6/6/6/4/46664b7239e54d9.mp4 HTTP/1.1" 206 16703 "https://www.freecams1.com/" "Mozilla/5.0 (iPad; CPU OS 17_7_10 like Mac OS X) AppleWebKit/605.1.15 (KHTML, like Gecko) CriOS/144.0.7559.85 Mobile/15E148 Safari/604.1"
190.255.159.62 - - [26/Jan/2026:12:24:32 -0500] "GET /media/videos/4/6/6/6/4/46664b7239e54d9.mp4 HTTP/1.1" 206 5046272 "https://www.freecams1.com/" "Mozilla/5.0 (iPad; CPU OS 17_7_10 like Mac OS X) AppleWebKit/605.1.15 (KHTML, like Gecko) CriOS/144.0.7559.85 Mobile/15E148 Safari/604.1"
190.255.159.62 - - [26/Jan/2026:12:24:34 -0500] "GET /media/videos/4/6/6/6/4/46664b7239e54d9.mp4 HTTP/1.1" 206 8716288 "https://www.freecams1.com/" "Mozilla/5.0 (iPad; CPU OS 17_7_10 like Mac OS X) AppleWebKit/605.1.15 (KHTML, like Gecko) CriOS/144.0.7559.85 Mobile/15E148 Safari/604.1"
190.255.159.62 - - [26/Jan/2026:12:24:34 -0500] "GET /media/videos/4/6/6/6/4/46664b7239e54d9.mp4 HTTP/1.1" 206 2293760 "https://www.freecams1.com/" "Mozilla/5.0 (iPad; CPU OS 17_7_10 like Mac OS X) AppleWebKit/605.1.15 (KHTML, like Gecko) CriOS/144.0.7559.85 Mobile/15E148 Safari/604.1"
190.255.159.62 - - [26/Jan/2026:12:24:35 -0500] "GET /media/videos/4/6/6/6/4/46664b7239e54d9.mp4 HTTP/1.1" 206 65536 "https://www.freecams1.com/" "Mozilla/5.0 (iPad; CPU OS 17_7_10 like Mac OS X) AppleWebKit/605.1.15 (KHTML, like Gecko) CriOS/144.0.7559.85 Mobile/15E148 Safari/604.1"
190.255.159.62 - - [26/Jan/2026:12:24:35 -0500] "GET /media/videos/4/6/6/6/4/46664b7239e54d9.mp4 HTTP/1.1" 206 65536 "https://www.freecams1.com/" "Mozilla/5.0 (iPad; CPU OS 17_7_10 like Mac OS X) AppleWebKit/605.1.15 (KHTML, like Gecko) CriOS/144.0.7559.85 Mobile/15E148 Safari/604.1"
