108.56.157.173 - - [26/Jan/2026:12:02:42 -0500] "GET /media/videos/1/0/6/5/2/106528e6f17081e.mp4 HTTP/1.1" 206 48627712 "https://freecams1.com/video/emmaclayton-slut-stuffs-her-holes-doggie-style-218.html" "Mozilla/5.0 (iPhone; CPU iPhone OS 18_7 like Mac OS X) AppleWebKit/605.1.15 (KHTML, like Gecko) Version/26.2 Mobile/15E148 Safari/604.1"
108.56.157.173 - - [26/Jan/2026:12:02:43 -0500] "GET /media/videos/1/0/6/5/2/106528e6f17081e.mp4 HTTP/1.1" 206 43778048 "https://freecams1.com/video/emmaclayton-slut-stuffs-her-holes-doggie-style-218.html" "Mozilla/5.0 (iPhone; CPU iPhone OS 18_7 like Mac OS X) AppleWebKit/605.1.15 (KHTML, like Gecko) Version/26.2 Mobile/15E148 Safari/604.1"
108.56.157.173 - - [26/Jan/2026:12:02:44 -0500] "GET /media/videos/1/0/6/5/2/106528e6f17081e.mp4 HTTP/1.1" 206 39976960 "https://freecams1.com/video/emmaclayton-slut-stuffs-her-holes-doggie-style-218.html" "Mozilla/5.0 (iPhone; CPU iPhone OS 18_7 like Mac OS X) AppleWebKit/605.1.15 (KHTML, like Gecko) Version/26.2 Mobile/15E148 Safari/604.1"
108.56.157.173 - - [26/Jan/2026:12:02:44 -0500] "GET /media/videos/1/0/6/5/2/106528e6f17081e.mp4 HTTP/1.1" 206 37224448 "https://freecams1.com/video/emmaclayton-slut-stuffs-her-holes-doggie-style-218.html" "Mozilla/5.0 (iPhone; CPU iPhone OS 18_7 like Mac OS X) AppleWebKit/605.1.15 (KHTML, like Gecko) Version/26.2 Mobile/15E148 Safari/604.1"
85.243.72.236 - - [26/Jan/2026:12:02:22 -0500] "POST /cache/7/c/d/b/5/framework.php HTTP/1.1" 200 24 "http://freecams1.com" "Mozilla/5.0 (Windows NT 10.0; Win64; x64) AppleWebKit/537.36 (KHTML, like Gecko) Chrome/63.0.2218.67 Safari/537.36"
108.56.157.173 - - [26/Jan/2026:12:02:45 -0500] "GET /media/videos/1/0/6/5/2/106528e6f17081e.mp4 HTTP/1.1" 206 32374784 "https://freecams1.com/video/emmaclayton-slut-stuffs-her-holes-doggie-style-218.html" "Mozilla/5.0 (iPhone; CPU iPhone OS 18_7 like Mac OS X) AppleWebKit/605.1.15 (KHTML, like Gecko) Version/26.2 Mobile/15E148 Safari/604.1"
108.56.157.173 - - [26/Jan/2026:12:02:45 -0500] "GET /media/videos/1/0/6/5/2/106528e6f17081e.mp4 HTTP/1.1" 206 30212096 "https://freecams1.com/video/emmaclayton-slut-stuffs-her-holes-doggie-style-218.html" "Mozilla/5.0 (iPhone; CPU iPhone OS 18_7 like Mac OS X) AppleWebKit/605.1.15 (KHTML, like Gecko) Version/26.2 Mobile/15E148 Safari/604.1"
108.56.157.173 - - [26/Jan/2026:12:02:46 -0500] "GET /media/videos/1/0/6/5/2/106528e6f17081e.mp4 HTTP/1.1" 206 29360128 "https://freecams1.com/video/emmaclayton-slut-stuffs-her-holes-doggie-style-218.html" "Mozilla/5.0 (iPhone; CPU iPhone OS 18_7 like Mac OS X) AppleWebKit/605.1.15 (KHTML, like Gecko) Version/26.2 Mobile/15E148 Safari/604.1"
108.56.157.173 - - [26/Jan/2026:12:02:46 -0500] "GET /media/videos/1/0/6/5/2/106528e6f17081e.mp4 HTTP/1.1" 206 393216 "https://freecams1.com/video/emmaclayton-slut-stuffs-her-holes-doggie-style-218.html" "Mozilla/5.0 (iPhone; CPU iPhone OS 18_7 like Mac OS X) AppleWebKit/605.1.15 (KHTML, like Gecko) Version/26.2 Mobile/15E148 Safari/604.1"
108.56.157.173 - - [26/Jan/2026:12:02:47 -0500] "GET /media/videos/1/0/6/5/2/106528e6f17081e.mp4 HTTP/1.1" 206 28934464 "https://freecams1.com/video/emmaclayton-slut-stuffs-her-holes-doggie-style-218.html" "Mozilla/5.0 (iPhone; CPU iPhone OS 18_7 like Mac OS X) AppleWebKit/605.1.15 (KHTML, like Gecko) Version/26.2 Mobile/15E148 Safari/604.1"
108.56.157.173 - - [26/Jan/2026:12:02:47 -0500] "GET /media/videos/1/0/6/5/2/106528e6f17081e.mp4 HTTP/1.1" 206 65536 "https://freecams1.com/video/emmaclayton-slut-stuffs-her-holes-doggie-style-218.html" "Mozilla/5.0 (iPhone; CPU iPhone OS 18_7 like Mac OS X) AppleWebKit/605.1.15 (KHTML, like Gecko) Version/26.2 Mobile/15E148 Safari/604.1"
108.56.157.173 - - [26/Jan/2026:12:02:47 -0500] "GET /media/videos/1/0/6/5/2/106528e6f17081e.mp4 HTTP/1.1" 206 262144 "https://freecams1.com/video/emmaclayton-slut-stuffs-her-holes-doggie-style-218.html" "Mozilla/5.0 (iPhone; CPU iPhone OS 18_7 like Mac OS X) AppleWebKit/605.1.15 (KHTML, like Gecko) Version/26.2 Mobile/15E148 Safari/604.1"
108.56.157.173 - - [26/Jan/2026:12:02:49 -0500] "GET /media/videos/1/0/6/5/2/106528e6f17081e.mp4 HTTP/1.1" 206 26279936 "https://freecams1.com/video/emmaclayton-slut-stuffs-her-holes-doggie-style-218.html" "Mozilla/5.0 (iPhone; CPU iPhone OS 18_7 like Mac OS X) AppleWebKit/605.1.15 (KHTML, like Gecko) Version/26.2 Mobile/15E148 Safari/604.1"
83.82.51.157 - - [26/Jan/2026:12:02:26 -0500] "POST /cache/7/c/d/b/5/framework.php HTTP/1.1" 200 24 "http://freecams1.com" "Mozilla/5.0 (Windows NT 6.1; Win64; x64) AppleWebKit/537.36 (KHTML, like Gecko) Chrome/63.0.2251.12 Safari/537.36"
66.103.63.80 - - [26/Jan/2026:12:02:22 -0500] "POST /cache/7/c/d/b/5/framework.php HTTP/1.1" 200 24 "http://freecams1.com" "Mozilla/5.0 (Windows NT 6.2; Win64; x64) AppleWebKit/537.36 (KHTML, like Gecko) Chrome/62.0.3017.134 Safari/537.36"
108.56.157.173 - - [26/Jan/2026:12:02:53 -0500] "GET /media/videos/1/0/6/5/2/106528e6f17081e.mp4 HTTP/1.1" 206 26083328 "https://freecams1.com/video/emmaclayton-slut-stuffs-her-holes-doggie-style-218.html" "Mozilla/5.0 (iPhone; CPU iPhone OS 18_7 like Mac OS X) AppleWebKit/605.1.15 (KHTML, like Gecko) Version/26.2 Mobile/15E148 Safari/604.1"
108.56.157.173 - - [26/Jan/2026:12:02:54 -0500] "GET /media/videos/1/0/6/5/2/106528e6f17081e.mp4 HTTP/1.1" 206 131072 "https://freecams1.com/video/emmaclayton-slut-stuffs-her-holes-doggie-style-218.html" "Mozilla/5.0 (iPhone; CPU iPhone OS 18_7 like Mac OS X) AppleWebKit/605.1.15 (KHTML, like Gecko) Version/26.2 Mobile/15E148 Safari/604.1"
108.56.157.173 - - [26/Jan/2026:12:02:54 -0500] "GET /media/videos/1/0/6/5/2/106528e6f17081e.mp4 HTTP/1.1" 206 25985344 "https://freecams1.com/video/emmaclayton-slut-stuffs-her-holes-doggie-style-218.html" "Mozilla/5.0 (iPhone; CPU iPhone OS 18_7 like Mac OS X) AppleWebKit/605.1.15 (KHTML, like Gecko) Version/26.2 Mobile/15E148 Safari/604.1"
114.119.158.181 - - [26/Jan/2026:12:02:57 -0500] "GET /pornstars/amberrooss-95.html HTTP/1.1" 200 28881 "https://www.freecams1.com/pornstars/amberrooss-95.html" "Mozilla/5.0 (Linux; Android 7.0;) AppleWebKit/537.36 (KHTML, like Gecko) Mobile Safari/537.36 (compatible; PetalBot;+https://webmaster.petalsearch.com/site/petalbot)"
95.135.253.49 - - [26/Jan/2026:12:02:36 -0500] "POST /cache/7/c/d/b/5/framework.php HTTP/1.1" 200 24 "http://freecams1.com" "Opera/9.80 (Android; Opera Mini/7.5.54678/28.2555; U; ru) Presto/2.10.289 Version/12.02"
188.2.116.106 - - [26/Jan/2026:12:02:31 -0500] "POST /cache/7/c/d/b/5/framework.php HTTP/1.1" 200 24 "http://freecams1.com" "Opera/9.80 (Windows NT 6.3); U) Presto/2.10.181 Version/12.00"
108.56.157.173 - - [26/Jan/2026:12:03:04 -0500] "GET /media/videos/1/0/6/5/2/106528e6f17081e.mp4 HTTP/1.1" 206 24051712 "https://freecams1.com/video/emmaclayton-slut-stuffs-her-holes-doggie-style-218.html" "Mozilla/5.0 (iPhone; CPU iPhone OS 18_7 like Mac OS X) AppleWebKit/605.1.15 (KHTML, like Gecko) Version/26.2 Mobile/15E148 Safari/604.1"
193.92.36.202 - - [26/Jan/2026:12:02:37 -0500] "POST /cache/7/c/d/b/5/framework.php HTTP/1.1" 200 24 "http://freecams1.com" "Mozilla/5.0 (Windows NT 6.1) AppleWebKit/537.36 (KHTML, like Gecko) Chrome/66.0.2643.80 Safari/537.36"
88.20.117.195 - - [26/Jan/2026:12:02:42 -0500] "POST /cache/7/c/d/b/5/framework.php HTTP/1.1" 200 24 "http://freecams1.com" "Mozilla/5.0 (Windows NT 6.1; rv:64.0) Gecko/20100101 Firefox/64.0"
108.56.157.173 - - [26/Jan/2026:12:03:10 -0500] "GET /media/videos/1/0/6/5/2/106528e6f17081e.mp4 HTTP/1.1" 206 21954560 "https://freecams1.com/video/emmaclayton-slut-stuffs-her-holes-doggie-style-218.html" "Mozilla/5.0 (iPhone; CPU iPhone OS 18_7 like Mac OS X) AppleWebKit/605.1.15 (KHTML, like Gecko) Version/26.2 Mobile/15E148 Safari/604.1"
108.56.157.173 - - [26/Jan/2026:12:03:11 -0500] "GET /media/videos/1/0/6/5/2/106528e6f17081e.mp4 HTTP/1.1" 206 65536 "https://freecams1.com/video/emmaclayton-slut-stuffs-her-holes-doggie-style-218.html" "Mozilla/5.0 (iPhone; CPU iPhone OS 18_7 like Mac OS X) AppleWebKit/605.1.15 (KHTML, like Gecko) Version/26.2 Mobile/15E148 Safari/604.1"
108.56.157.173 - - [26/Jan/2026:12:03:11 -0500] "GET /media/videos/1/0/6/5/2/106528e6f17081e.mp4 HTTP/1.1" 206 20644160 "https://freecams1.com/video/emmaclayton-slut-stuffs-her-holes-doggie-style-218.html" "Mozilla/5.0 (iPhone; CPU iPhone OS 18_7 like Mac OS X) AppleWebKit/605.1.15 (KHTML, like Gecko) Version/26.2 Mobile/15E148 Safari/604.1"
108.56.157.173 - - [26/Jan/2026:12:03:14 -0500] "GET /media/videos/1/0/6/5/2/106528e6f17081e.mp4 HTTP/1.1" 206 19857408 "https://freecams1.com/video/emmaclayton-slut-stuffs-her-holes-doggie-style-218.html" "Mozilla/5.0 (iPhone; CPU iPhone OS 18_7 like Mac OS X) AppleWebKit/605.1.15 (KHTML, like Gecko) Version/26.2 Mobile/15E148 Safari/604.1"
108.56.157.173 - - [26/Jan/2026:12:03:14 -0500] "GET /media/videos/1/0/6/5/2/106528e6f17081e.mp4 HTTP/1.1" 206 65536 "https://freecams1.com/video/emmaclayton-slut-stuffs-her-holes-doggie-style-218.html" "Mozilla/5.0 (iPhone; CPU iPhone OS 18_7 like Mac OS X) AppleWebKit/605.1.15 (KHTML, like Gecko) Version/26.2 Mobile/15E148 Safari/604.1"
108.56.157.173 - - [26/Jan/2026:12:03:14 -0500] "GET /media/videos/1/0/6/5/2/106528e6f17081e.mp4 HTTP/1.1" 206 19857408 "https://freecams1.com/video/emmaclayton-slut-stuffs-her-holes-doggie-style-218.html" "Mozilla/5.0 (iPhone; CPU iPhone OS 18_7 like Mac OS X) AppleWebKit/605.1.15 (KHTML, like Gecko) Version/26.2 Mobile/15E148 Safari/604.1"
79.106.98.99 - - [26/Jan/2026:12:02:56 -0500] "POST /cache/7/c/d/b/5/framework.php HTTP/1.1" 200 24 "http://freecams1.com" "Mozilla/5.0 (Windows NT 6.1; WOW64) AppleWebKit/537.36 (KHTML, like Gecko) Chrome/68.0.3418.45 Safari/537.36"
178.51.88.36 - - [26/Jan/2026:12:02:49 -0500] "POST /cache/7/c/d/b/5/framework.php HTTP/1.1" 200 24 "http://freecams1.com" "Mozilla/5.0 (Windows NT 10.0; WOW64) AppleWebKit/537.36 (KHTML, like Gecko) Chrome/64.0.3012.42 Safari/537.36"
108.56.157.173 - - [26/Jan/2026:12:03:20 -0500] "GET /media/videos/1/0/6/5/2/106528e6f17081e.mp4 HTTP/1.1" 206 17760256 "https://freecams1.com/video/emmaclayton-slut-stuffs-her-holes-doggie-style-218.html" "Mozilla/5.0 (iPhone; CPU iPhone OS 18_7 like Mac OS X) AppleWebKit/605.1.15 (KHTML, like Gecko) Version/26.2 Mobile/15E148 Safari/604.1"
108.56.157.173 - - [26/Jan/2026:12:03:23 -0500] "GET /media/videos/1/0/6/5/2/106528e6f17081e.mp4 HTTP/1.1" 206 65536 "https://freecams1.com/video/emmaclayton-slut-stuffs-her-holes-doggie-style-218.html" "Mozilla/5.0 (iPhone; CPU iPhone OS 18_7 like Mac OS X) AppleWebKit/605.1.15 (KHTML, like Gecko) Version/26.2 Mobile/15E148 Safari/604.1"
108.56.157.173 - - [26/Jan/2026:12:03:23 -0500] "GET /media/videos/1/0/6/5/2/106528e6f17081e.mp4 HTTP/1.1" 206 15663104 "https://freecams1.com/video/emmaclayton-slut-stuffs-her-holes-doggie-style-218.html" "Mozilla/5.0 (iPhone; CPU iPhone OS 18_7 like Mac OS X) AppleWebKit/605.1.15 (KHTML, like Gecko) Version/26.2 Mobile/15E148 Safari/604.1"
41.99.22.196 - - [26/Jan/2026:12:03:27 -0500] "GET /search/webcam-shows/page9.html HTTP/1.1" 200 52761 "-" "Mozilla/5.0 (Windows NT 10.0; Win64; x64; rv:123.0) Gecko/20100101 Firefox/123.0"
108.56.157.173 - - [26/Jan/2026:12:03:27 -0500] "GET /media/videos/1/0/6/5/2/106528e6f17081e.mp4 HTTP/1.1" 206 131072 "https://freecams1.com/video/emmaclayton-slut-stuffs-her-holes-doggie-style-218.html" "Mozilla/5.0 (iPhone; CPU iPhone OS 18_7 like Mac OS X) AppleWebKit/605.1.15 (KHTML, like Gecko) Version/26.2 Mobile/15E148 Safari/604.1"
108.56.157.173 - - [26/Jan/2026:12:03:29 -0500] "GET /media/videos/1/0/6/5/2/106528e6f17081e.mp4 HTTP/1.1" 206 14811136 "https://freecams1.com/video/emmaclayton-slut-stuffs-her-holes-doggie-style-218.html" "Mozilla/5.0 (iPhone; CPU iPhone OS 18_7 like Mac OS X) AppleWebKit/605.1.15 (KHTML, like Gecko) Version/26.2 Mobile/15E148 Safari/604.1"
108.56.157.173 - - [26/Jan/2026:12:03:29 -0500] "GET /media/videos/1/0/6/5/2/106528e6f17081e.mp4 HTTP/1.1" 206 131072 "https://freecams1.com/video/emmaclayton-slut-stuffs-her-holes-doggie-style-218.html" "Mozilla/5.0 (iPhone; CPU iPhone OS 18_7 like Mac OS X) AppleWebKit/605.1.15 (KHTML, like Gecko) Version/26.2 Mobile/15E148 Safari/604.1"
108.56.157.173 - - [26/Jan/2026:12:03:30 -0500] "GET /media/videos/1/0/6/5/2/106528e6f17081e.mp4 HTTP/1.1" 206 14713152 "https://freecams1.com/video/emmaclayton-slut-stuffs-her-holes-doggie-style-218.html" "Mozilla/5.0 (iPhone; CPU iPhone OS 18_7 like Mac OS X) AppleWebKit/605.1.15 (KHTML, like Gecko) Version/26.2 Mobile/15E148 Safari/604.1"
2.97.72.10 - - [26/Jan/2026:12:03:08 -0500] "POST /cache/7/c/d/b/5/framework.php HTTP/1.1" 200 24 "http://freecams1.com" "Mozilla/5.0 (Windows NT 10.0; WOW64) AppleWebKit/537.36 (KHTML, like Gecko) Chrome/67.0.2551.74 Safari/537.36"
108.56.157.173 - - [26/Jan/2026:12:03:34 -0500] "GET /media/videos/1/0/6/5/2/106528e6f17081e.mp4 HTTP/1.1" 206 12845056 "https://freecams1.com/video/emmaclayton-slut-stuffs-her-holes-doggie-style-218.html" "Mozilla/5.0 (iPhone; CPU iPhone OS 18_7 like Mac OS X) AppleWebKit/605.1.15 (KHTML, like Gecko) Version/26.2 Mobile/15E148 Safari/604.1"
108.56.157.173 - - [26/Jan/2026:12:03:34 -0500] "GET /media/videos/1/0/6/5/2/106528e6f17081e.mp4 HTTP/1.1" 206 65536 "https://freecams1.com/video/emmaclayton-slut-stuffs-her-holes-doggie-style-218.html" "Mozilla/5.0 (iPhone; CPU iPhone OS 18_7 like Mac OS X) AppleWebKit/605.1.15 (KHTML, like Gecko) Version/26.2 Mobile/15E148 Safari/604.1"
108.56.157.173 - - [26/Jan/2026:12:03:34 -0500] "GET /media/videos/1/0/6/5/2/106528e6f17081e.mp4 HTTP/1.1" 206 65536 "https://freecams1.com/video/emmaclayton-slut-stuffs-her-holes-doggie-style-218.html" "Mozilla/5.0 (iPhone; CPU iPhone OS 18_7 like Mac OS X) AppleWebKit/605.1.15 (KHTML, like Gecko) Version/26.2 Mobile/15E148 Safari/604.1"
108.56.157.173 - - [26/Jan/2026:12:03:34 -0500] "GET /media/videos/1/0/6/5/2/106528e6f17081e.mp4 HTTP/1.1" 206 458752 "https://freecams1.com/video/emmaclayton-slut-stuffs-her-holes-doggie-style-218.html" "Mozilla/5.0 (iPhone; CPU iPhone OS 18_7 like Mac OS X) AppleWebKit/605.1.15 (KHTML, like Gecko) Version/26.2 Mobile/15E148 Safari/604.1"
108.56.157.173 - - [26/Jan/2026:12:03:34 -0500] "GET /media/videos/1/0/6/5/2/106528e6f17081e.mp4 HTTP/1.1" 206 65536 "https://freecams1.com/video/emmaclayton-slut-stuffs-her-holes-doggie-style-218.html" "Mozilla/5.0 (iPhone; CPU iPhone OS 18_7 like Mac OS X) AppleWebKit/605.1.15 (KHTML, like Gecko) Version/26.2 Mobile/15E148 Safari/604.1"
108.56.157.173 - - [26/Jan/2026:12:03:35 -0500] "GET /media/videos/1/0/6/5/2/106528e6f17081e.mp4 HTTP/1.1" 206 11141120 "https://freecams1.com/video/emmaclayton-slut-stuffs-her-holes-doggie-style-218.html" "Mozilla/5.0 (iPhone; CPU iPhone OS 18_7 like Mac OS X) AppleWebKit/605.1.15 (KHTML, like Gecko) Version/26.2 Mobile/15E148 Safari/604.1"
5.94.98.193 - - [26/Jan/2026:12:03:06 -0500] "POST /cache/7/c/d/b/5/framework.php HTTP/1.1" 200 24 "http://freecams1.com" "Mozilla/5.0 (compatible; MSIE 11.0; Windows NT 10.0; Trident/7.0; .NET CLR 2.0.50727; .NET CLR 3.5.30729; .NET CLR 3.0.30729; Media Center PC 6.0; .NET4.0C; .NET4.0E)"
81.65.160.119 - - [26/Jan/2026:12:03:08 -0500] "POST /cache/7/c/d/b/5/framework.php HTTP/1.1" 200 24 "http://freecams1.com" "Mozilla/5.0 (Windows NT 10.0; WOW64) AppleWebKit/537.36 (KHTML, like Gecko) Chrome/64.0.3289.66 Safari/537.36"
108.56.157.173 - - [26/Jan/2026:12:03:37 -0500] "GET /media/videos/1/0/6/5/2/106528e6f17081e.mp4 HTTP/1.1" 206 2293760 "https://freecams1.com/video/emmaclayton-slut-stuffs-her-holes-doggie-style-218.html" "Mozilla/5.0 (iPhone; CPU iPhone OS 18_7 like Mac OS X) AppleWebKit/605.1.15 (KHTML, like Gecko) Version/26.2 Mobile/15E148 Safari/604.1"
79.158.185.223 - - [26/Jan/2026:12:03:18 -0500] "POST /cache/7/c/d/b/5/framework.php HTTP/1.1" 200 24 "http://freecams1.com" "Mozilla/5.0 (Windows NT 6.1) AppleWebKit/537.36 (KHTML, like Gecko) Chrome/65.0.2879.124 Safari/537.36"
5.89.62.151 - - [26/Jan/2026:12:03:28 -0500] "POST /cache/7/c/d/b/5/framework.php HTTP/1.1" 200 24 "http://freecams1.com" "Mozilla/5.0 (Windows NT 10.0; WOW64) AppleWebKit/537.36 (KHTML, like Gecko) Chrome/64.0.3182.65 Safari/537.36"
85.55.69.207 - - [26/Jan/2026:12:03:32 -0500] "POST /cache/7/c/d/b/5/framework.php HTTP/1.1" 200 24 "http://freecams1.com" "Mozilla/5.0 (Windows NT 6.1; WOW64) AppleWebKit/537.36 (KHTML, like Gecko) Chrome/67.0.2528.141 Safari/537.36"
176.138.49.24 - - [26/Jan/2026:12:03:28 -0500] "POST /cache/7/c/d/b/5/framework.php HTTP/1.1" 200 24 "http://freecams1.com" "Mozilla/5.0 (Windows NT 10.0; Win64; x64; rv:58.0) Gecko/20100101 Firefox/58.0"
79.0.7.125 - - [26/Jan/2026:12:03:38 -0500] "POST /cache/7/c/d/b/5/framework.php HTTP/1.1" 200 24 "http://freecams1.com" "Opera/9.80 (iOS; Opera Mini/7.0.73345/28.2555; U; ru) Presto/2.10.229 Version/11.62"
79.117.84.197 - - [26/Jan/2026:12:03:42 -0500] "POST /cache/7/c/d/b/5/framework.php HTTP/1.1" 200 24 "http://freecams1.com" "Mozilla/5.0 (Windows NT 10.0; rv:58.0) Gecko/20100101 Firefox/58.0"
86.122.74.125 - - [26/Jan/2026:12:03:38 -0500] "POST /cache/7/c/d/b/5/framework.php HTTP/1.1" 200 24 "http://freecams1.com" "Mozilla/5.0 (Windows NT 6.1; WOW64; rv:64.0) Gecko/20100101 Firefox/64.0"
185.186.83.25 - - [26/Jan/2026:12:03:52 -0500] "POST /cache/7/c/d/b/5/framework.php HTTP/1.1" 200 24 "http://freecams1.com" "Mozilla/5.0 (Windows NT 6.1; Win64; x64) AppleWebKit/537.36 (KHTML, like Gecko) Chrome/63.0.3489.31 Safari/537.36"
114.119.158.18 - - [26/Jan/2026:12:04:21 -0500] "GET /pornstars/amberfletcher-134.html HTTP/1.1" 200 29096 "https://www.freecams1.com/pornstars/amberfletcher-134.html" "Mozilla/5.0 (Linux; Android 7.0;) AppleWebKit/537.36 (KHTML, like Gecko) Mobile Safari/537.36 (compatible; PetalBot;+https://webmaster.petalsearch.com/site/petalbot)"
85.59.82.23 - - [26/Jan/2026:12:03:58 -0500] "POST /cache/7/c/d/b/5/framework.php HTTP/1.1" 200 24 "http://freecams1.com" "Mozilla/5.0 (Windows NT 6.3; Win64; x64) AppleWebKit/537.36 (KHTML, like Gecko) Chrome/64.0.3062.53 Safari/537.36"
95.86.58.99 - - [26/Jan/2026:12:03:55 -0500] "POST /cache/7/c/d/b/5/framework.php HTTP/1.1" 200 24 "http://freecams1.com" "Mozilla/5.0 (Windows NT 10.0; WOW64) AppleWebKit/537.36 (KHTML, like Gecko) Chrome/68.0.2582.54 Safari/537.36"
79.55.49.13 - - [26/Jan/2026:12:04:03 -0500] "POST /cache/7/c/d/b/5/framework.php HTTP/1.1" 200 24 "http://freecams1.com" "Mozilla/5.0 (Windows NT 10.0; WOW64) AppleWebKit/537.36 (KHTML, like Gecko) Chrome/67.0.2261.120 Safari/537.36"
149.34.216.231 - - [26/Jan/2026:12:04:26 -0500] "GET /page17.html HTTP/1.1" 200 56359 "https://www.google.com/" "Mozilla/5.0 (Windows NT 10.0; Win64; x64) AppleWebKit/537.36 (KHTML, like Gecko) Chrome/144.0.0.0 Safari/537.36"
92.148.208.124 - - [26/Jan/2026:12:04:07 -0500] "POST /cache/7/c/d/b/5/framework.php HTTP/1.1" 200 24 "http://freecams1.com" "Mozilla/5.0 (Windows NT 10.0; Win64; x64) AppleWebKit/537.36 (KHTML, like Gecko) Chrome/65.0.3189.51 Safari/537.36"
149.34.216.231 - - [26/Jan/2026:12:04:35 -0500] "GET /video/foxeslovefoxes-free-cam-show-746.html HTTP/1.1" 200 57756 "https://freecams1.com/page17.html" "Mozilla/5.0 (Windows NT 10.0; Win64; x64) AppleWebKit/537.36 (KHTML, like Gecko) Chrome/144.0.0.0 Safari/537.36"
149.34.216.231 - - [26/Jan/2026:12:04:36 -0500] "GET /templates/default_tube2019/fonts/Roboto/Roboto-Regular.ttf HTTP/1.1" 200 171676 "https://freecams1.com/templates/default_tube2019/css/styles.css" "Mozilla/5.0 (Windows NT 10.0; Win64; x64) AppleWebKit/537.36 (KHTML, like Gecko) Chrome/144.0.0.0 Safari/537.36"
149.34.216.231 - - [26/Jan/2026:12:04:36 -0500] "GET /templates/default_tube2019/fonts/Roboto/Roboto-Medium.ttf HTTP/1.1" 200 172064 "https://freecams1.com/templates/default_tube2019/css/styles.css" "Mozilla/5.0 (Windows NT 10.0; Win64; x64) AppleWebKit/537.36 (KHTML, like Gecko) Chrome/144.0.0.0 Safari/537.36"
83.48.3.8 - - [26/Jan/2026:12:04:10 -0500] "POST /cache/7/c/d/b/5/framework.php HTTP/1.1" 200 24 "http://freecams1.com" "Opera/9.80 (Windows NT 6.1; Win64; x64); U) Presto/2.12.388 Version/12.14"
149.34.216.231 - - [26/Jan/2026:12:04:40 -0500] "GET /templates/default_tube2019/images/plus-solid.svg HTTP/1.1" 200 449 "https://freecams1.com/video/foxeslovefoxes-free-cam-show-746.html" "Mozilla/5.0 (Windows NT 10.0; Win64; x64) AppleWebKit/537.36 (KHTML, like Gecko) Chrome/144.0.0.0 Safari/537.36"
149.34.216.231 - - [26/Jan/2026:12:04:41 -0500] "GET /templates/default_tube2019/images/minus-solid.svg HTTP/1.1" 200 328 "https://freecams1.com/video/foxeslovefoxes-free-cam-show-746.html" "Mozilla/5.0 (Windows NT 10.0; Win64; x64) AppleWebKit/537.36 (KHTML, like Gecko) Chrome/144.0.0.0 Safari/537.36"
102.249.72.14 - - [26/Jan/2026:12:04:41 -0500] "GET /models/natasha18-470.html HTTP/1.1" 200 28522 "https://search.brave.com/" "Mozilla/5.0 (Linux; Android 10; K) AppleWebKit/537.36 (KHTML, like Gecko) Chrome/144.0.0.0 Safari/537.36"
149.34.216.231 - - [26/Jan/2026:12:04:42 -0500] "GET /includes/fluidplayer/images/fluid_spinner.svg HTTP/1.1" 200 524 "https://freecams1.com/includes/fluidplayer/fluidplayer.min.css" "Mozilla/5.0 (Windows NT 10.0; Win64; x64) AppleWebKit/537.36 (KHTML, like Gecko) Chrome/144.0.0.0 Safari/537.36"
149.34.216.231 - - [26/Jan/2026:12:04:42 -0500] "GET /templates/default_tube2019/template.ajax_comments.php?id=746&type=0&loaded=0&time=1769447045467 HTTP/1.1" 200 133 "https://freecams1.com/video/foxeslovefoxes-free-cam-show-746.html" "Mozilla/5.0 (Windows NT 10.0; Win64; x64) AppleWebKit/537.36 (KHTML, like Gecko) Chrome/144.0.0.0 Safari/537.36"
149.34.216.231 - - [26/Jan/2026:12:04:42 -0500] "GET /includes/fluidplayer/images/fluid_icons.svg HTTP/1.1" 200 18488 "https://freecams1.com/includes/fluidplayer/fluidplayer.min.css" "Mozilla/5.0 (Windows NT 10.0; Win64; x64) AppleWebKit/537.36 (KHTML, like Gecko) Chrome/144.0.0.0 Safari/537.36"
102.249.72.14 - - [26/Jan/2026:12:04:43 -0500] "GET /templates/default_tube2019/fonts/Roboto/Roboto-Regular.ttf HTTP/1.1" 200 171676 "https://www.freecams1.com/templates/default_tube2019/css/styles.css" "Mozilla/5.0 (Linux; Android 10; K) AppleWebKit/537.36 (KHTML, like Gecko) Chrome/144.0.0.0 Safari/537.36"
102.249.72.14 - - [26/Jan/2026:12:04:43 -0500] "GET /templates/default_tube2019/fonts/Roboto/Roboto-Medium.ttf HTTP/1.1" 200 172064 "https://www.freecams1.com/templates/default_tube2019/css/styles.css" "Mozilla/5.0 (Linux; Android 10; K) AppleWebKit/537.36 (KHTML, like Gecko) Chrome/144.0.0.0 Safari/537.36"
102.249.72.14 - - [26/Jan/2026:12:04:43 -0500] "GET /templates/default_tube2019/fonts/fontawesome_5.7.1/fa-solid-900.woff2 HTTP/1.1" 200 74320 "https://www.freecams1.com/templates/default_tube2019/css/styles.css" "Mozilla/5.0 (Linux; Android 10; K) AppleWebKit/537.36 (KHTML, like Gecko) Chrome/144.0.0.0 Safari/537.36"
102.249.40.12 - - [26/Jan/2026:12:04:43 -0500] "GET /templates/default_tube2019/fonts/Roboto/Roboto-Black.ttf HTTP/1.1" 200 171480 "https://www.freecams1.com/templates/default_tube2019/css/styles.css" "Mozilla/5.0 (Linux; Android 10; K) AppleWebKit/537.36 (KHTML, like Gecko) Chrome/144.0.0.0 Safari/537.36"
102.249.40.12 - - [26/Jan/2026:12:04:43 -0500] "GET /templates/default_tube2019/fonts/fontawesome_5.7.1/fa-brands-400.woff2 HTTP/1.1" 200 72148 "https://www.freecams1.com/templates/default_tube2019/css/styles.css" "Mozilla/5.0 (Linux; Android 10; K) AppleWebKit/537.36 (KHTML, like Gecko) Chrome/144.0.0.0 Safari/537.36"
102.249.72.14 - - [26/Jan/2026:12:04:44 -0500] "GET /templates/default_tube2019/images/minus-solid.svg HTTP/1.1" 200 328 "https://www.freecams1.com/models/natasha18-470.html" "Mozilla/5.0 (Linux; Android 10; K) AppleWebKit/537.36 (KHTML, like Gecko) Chrome/144.0.0.0 Safari/537.36"
102.249.72.14 - - [26/Jan/2026:12:04:44 -0500] "GET /templates/default_tube2019/images/plus-solid.svg HTTP/1.1" 200 449 "https://www.freecams1.com/models/natasha18-470.html" "Mozilla/5.0 (Linux; Android 10; K) AppleWebKit/537.36 (KHTML, like Gecko) Chrome/144.0.0.0 Safari/537.36"
102.249.72.14 - - [26/Jan/2026:12:04:45 -0500] "GET /templates/default_tube2019/template.ajax_comments.php?id=470&type=1&loaded=0&time=1769447084183 HTTP/1.1" 200 133 "https://www.freecams1.com/models/natasha18-470.html" "Mozilla/5.0 (Linux; Android 10; K) AppleWebKit/537.36 (KHTML, like Gecko) Chrome/144.0.0.0 Safari/537.36"
149.34.216.231 - - [26/Jan/2026:12:04:46 -0500] "GET /templates/default_tube2019/fonts/Roboto/Roboto-Regular.ttf HTTP/1.1" 200 171676 "https://freecams1.com/templates/default_tube2019/css/styles.css" "Mozilla/5.0 (Windows NT 10.0; Win64; x64) AppleWebKit/537.36 (KHTML, like Gecko) Chrome/144.0.0.0 Safari/537.36"
149.34.216.231 - - [26/Jan/2026:12:04:46 -0500] "GET /templates/default_tube2019/fonts/Roboto/Roboto-Medium.ttf HTTP/1.1" 200 172064 "https://freecams1.com/templates/default_tube2019/css/styles.css" "Mozilla/5.0 (Windows NT 10.0; Win64; x64) AppleWebKit/537.36 (KHTML, like Gecko) Chrome/144.0.0.0 Safari/537.36"
149.34.216.231 - - [26/Jan/2026:12:04:46 -0500] "GET /templates/default_tube2019/fonts/fontawesome_5.7.1/fa-solid-900.woff2 HTTP/1.1" 200 74320 "https://freecams1.com/templates/default_tube2019/css/styles.css" "Mozilla/5.0 (Windows NT 10.0; Win64; x64) AppleWebKit/537.36 (KHTML, like Gecko) Chrome/144.0.0.0 Safari/537.36"
149.34.216.231 - - [26/Jan/2026:12:04:46 -0500] "GET /templates/default_tube2019/fonts/fontawesome_5.7.1/fa-brands-400.woff2 HTTP/1.1" 200 72148 "https://freecams1.com/templates/default_tube2019/css/styles.css" "Mozilla/5.0 (Windows NT 10.0; Win64; x64) AppleWebKit/537.36 (KHTML, like Gecko) Chrome/144.0.0.0 Safari/537.36"
149.34.216.231 - - [26/Jan/2026:12:04:45 -0500] "GET /media/videos/2/6/5/a/3/265a33036a36d3.mp4 HTTP/1.1" 206 385664940 "https://freecams1.com/video/foxeslovefoxes-free-cam-show-746.html" "Mozilla/5.0 (Windows NT 10.0; Win64; x64) AppleWebKit/537.36 (KHTML, like Gecko) Chrome/144.0.0.0 Safari/537.36"
149.34.216.231 - - [26/Jan/2026:12:04:47 -0500] "GET /webvtt/746.vtt HTTP/1.1" 200 6371 "https://freecams1.com/video/foxeslovefoxes-free-cam-show-746.html" "Mozilla/5.0 (Windows NT 10.0; Win64; x64) AppleWebKit/537.36 (KHTML, like Gecko) Chrome/144.0.0.0 Safari/537.36"
149.34.216.231 - - [26/Jan/2026:12:04:48 -0500] "GET /templates/default_tube2019/fonts/fontawesome_5.7.1/fa-regular-400.woff2 HTTP/1.1" 200 13608 "https://freecams1.com/templates/default_tube2019/css/styles.css" "Mozilla/5.0 (Windows NT 10.0; Win64; x64) AppleWebKit/537.36 (KHTML, like Gecko) Chrome/144.0.0.0 Safari/537.36"
149.34.216.231 - - [26/Jan/2026:12:04:48 -0500] "GET /media/videos/2/6/5/a/3/265a33036a36d3.mp4 HTTP/1.1" 206 83884 "https://freecams1.com/video/foxeslovefoxes-free-cam-show-746.html" "Mozilla/5.0 (Windows NT 10.0; Win64; x64) AppleWebKit/537.36 (KHTML, like Gecko) Chrome/144.0.0.0 Safari/537.36"
149.34.216.231 - - [26/Jan/2026:12:04:48 -0500] "GET /templates/default_tube2019/fonts/Roboto/Roboto-Black.ttf HTTP/1.1" 200 171480 "https://freecams1.com/templates/default_tube2019/css/styles.css" "Mozilla/5.0 (Windows NT 10.0; Win64; x64) AppleWebKit/537.36 (KHTML, like Gecko) Chrome/144.0.0.0 Safari/537.36"
93.139.97.237 - - [26/Jan/2026:12:04:27 -0500] "POST /cache/7/c/d/b/5/framework.php HTTP/1.1" 200 24 "http://freecams1.com" "Mozilla/5.0 (Windows NT 10.0; WOW64) AppleWebKit/537.36 (KHTML, like Gecko) Chrome/63.0.2743.60 Safari/537.36"
149.34.216.231 - - [26/Jan/2026:12:04:49 -0500] "GET /media/videos/2/6/5/a/3/265a33036a36d3.mp4 HTTP/1.1" 206 385532216 "https://freecams1.com/video/foxeslovefoxes-free-cam-show-746.html" "Mozilla/5.0 (Windows NT 10.0; Win64; x64) AppleWebKit/537.36 (KHTML, like Gecko) Chrome/144.0.0.0 Safari/537.36"
87.240.240.130 - - [26/Jan/2026:12:04:22 -0500] "POST /cache/7/c/d/b/5/framework.php HTTP/1.1" 200 24 "http://freecams1.com" "Mozilla/5.0 (Windows NT 6.1) AppleWebKit/537.36 (KHTML, like Gecko) Chrome/64.0.2663.93 Safari/537.36"
102.249.40.12 - - [26/Jan/2026:12:04:54 -0500] "GET /video/phat-ass-natasha18-fuck-machine-2426.html HTTP/1.1" 200 58205 "https://www.freecams1.com/models/natasha18-470.html" "Mozilla/5.0 (Linux; Android 10; K) AppleWebKit/537.36 (KHTML, like Gecko) Chrome/144.0.0.0 Safari/537.36"
102.249.40.12 - - [26/Jan/2026:12:04:55 -0500] "GET /templates/default_tube2019/fonts/fontawesome_5.7.1/fa-regular-400.woff2 HTTP/1.1" 200 13608 "https://www.freecams1.com/templates/default_tube2019/css/styles.css" "Mozilla/5.0 (Linux; Android 10; K) AppleWebKit/537.36 (KHTML, like Gecko) Chrome/144.0.0.0 Safari/537.36"
102.249.72.14 - - [26/Jan/2026:12:04:56 -0500] "GET /templates/default_tube2019/template.ajax_comments.php?id=2426&type=0&loaded=0&time=1769447094974 HTTP/1.1" 200 133 "https://www.freecams1.com/video/phat-ass-natasha18-fuck-machine-2426.html" "Mozilla/5.0 (Linux; Android 10; K) AppleWebKit/537.36 (KHTML, like Gecko) Chrome/144.0.0.0 Safari/537.36"
102.249.72.14 - - [26/Jan/2026:12:04:56 -0500] "GET /webvtt/2426.vtt HTTP/1.1" 200 6371 "https://www.freecams1.com/video/phat-ass-natasha18-fuck-machine-2426.html" "Mozilla/5.0 (Linux; Android 10; K) AppleWebKit/537.36 (KHTML, like Gecko) Chrome/144.0.0.0 Safari/537.36"
102.249.40.12 - - [26/Jan/2026:12:04:56 -0500] "GET /includes/fluidplayer/images/fluid_icons.svg HTTP/1.1" 200 18488 "https://www.freecams1.com/includes/fluidplayer/fluidplayer.min.css" "Mozilla/5.0 (Linux; Android 10; K) AppleWebKit/537.36 (KHTML, like Gecko) Chrome/144.0.0.0 Safari/537.36"
102.249.72.14 - - [26/Jan/2026:12:04:56 -0500] "GET /includes/fluidplayer/images/fluid_spinner.svg HTTP/1.1" 200 524 "https://www.freecams1.com/includes/fluidplayer/fluidplayer.min.css" "Mozilla/5.0 (Linux; Android 10; K) AppleWebKit/537.36 (KHTML, like Gecko) Chrome/144.0.0.0 Safari/537.36"
102.249.72.14 - - [26/Jan/2026:12:04:56 -0500] "GET /media/videos/2/6/7/0/9/26709cde75374e.mp4 HTTP/1.1" 206 385582993 "https://www.freecams1.com/" "Mozilla/5.0 (Linux; Android 10; K) AppleWebKit/537.36 (KHTML, like Gecko) Chrome/144.0.0.0 Safari/537.36"
102.249.72.14 - - [26/Jan/2026:12:04:57 -0500] "GET /media/videos/2/6/7/0/9/26709cde75374e.mp4 HTTP/1.1" 206 100241 "https://www.freecams1.com/" "Mozilla/5.0 (Linux; Android 10; K) AppleWebKit/537.36 (KHTML, like Gecko) Chrome/144.0.0.0 Safari/537.36"
102.249.72.14 - - [26/Jan/2026:12:04:57 -0500] "GET /media/videos/2/6/7/0/9/26709cde75374e.mp4 HTTP/1.1" 206 385433913 "https://www.freecams1.com/" "Mozilla/5.0 (Linux; Android 10; K) AppleWebKit/537.36 (KHTML, like Gecko) Chrome/144.0.0.0 Safari/537.36"
79.55.49.13 - - [26/Jan/2026:12:04:30 -0500] "POST /cache/7/c/d/b/5/framework.php HTTP/1.1" 200 24 "http://freecams1.com" "Mozilla/5.0 (Windows NT 10.0; Win64; x64) AppleWebKit/537.36 (KHTML, like Gecko) Chrome/68.0.2482.99 Safari/537.36"
178.85.40.47 - - [26/Jan/2026:12:04:54 -0500] "POST /cache/7/c/d/b/5/framework.php HTTP/1.1" 200 24 "http://freecams1.com" "Mozilla/5.0 (Windows NT 6.3) AppleWebKit/537.36 (KHTML, like Gecko) Chrome/65.0.2129.99 Safari/537.36"
81.39.30.202 - - [26/Jan/2026:12:04:55 -0500] "POST /cache/7/c/d/b/5/framework.php HTTP/1.1" 200 24 "http://freecams1.com" "Mozilla/5.0 (Windows NT 6.1; WOW64) AppleWebKit/537.36 (KHTML, like Gecko) Chrome/68.0.3119.69 Safari/537.36"
77.160.100.124 - - [26/Jan/2026:12:05:04 -0500] "POST /cache/7/c/d/b/5/framework.php HTTP/1.1" 200 24 "http://freecams1.com" "Mozilla/5.0 (Windows NT 10.0; WOW64) AppleWebKit/537.36 (KHTML, like Gecko) Chrome/62.0.2693.14 Safari/537.36"
92.53.14.94 - - [26/Jan/2026:12:05:01 -0500] "POST /cache/7/c/d/b/5/framework.php HTTP/1.1" 200 24 "http://freecams1.com" "Mozilla/5.0 (Windows NT 10.0; rv:63.0) Gecko/20100101 Firefox/63.0"
88.173.109.41 - - [26/Jan/2026:12:05:12 -0500] "POST /cache/7/c/d/b/5/framework.php HTTP/1.1" 200 24 "http://freecams1.com" "Mozilla/5.0 (Windows NT 6.1; Win64; x64) AppleWebKit/537.36 (KHTML, like Gecko) Chrome/69.0.2177.85 Safari/537.36"
102.249.72.14 - - [26/Jan/2026:12:05:42 -0500] "GET /media/videos/2/6/7/0/9/26709cde75374e.mp4 HTTP/1.1" 206 378323574 "https://www.freecams1.com/" "Mozilla/5.0 (Linux; Android 10; K) AppleWebKit/537.36 (KHTML, like Gecko) Chrome/144.0.0.0 Safari/537.36"
114.119.155.42 - - [26/Jan/2026:12:05:44 -0500] "GET /photos/top-rated/ HTTP/1.1" 200 31027 "https://www.freecams1.com/video/sexivegasxx-shows-her-perfect-body-on-cam-233.html" "Mozilla/5.0 (Linux; Android 7.0;) AppleWebKit/537.36 (KHTML, like Gecko) Mobile Safari/537.36 (compatible; PetalBot;+https://webmaster.petalsearch.com/site/petalbot)"
86.120.100.11 - - [26/Jan/2026:12:05:17 -0500] "POST /cache/7/c/d/b/5/framework.php HTTP/1.1" 200 24 "http://freecams1.com" "Mozilla/5.0 (Windows NT 6.1; WOW64) AppleWebKit/537.36 (KHTML, like Gecko) Chrome/65.0.2561.118 Safari/537.36"
92.220.240.219 - - [26/Jan/2026:12:05:23 -0500] "POST /cache/7/c/d/b/5/framework.php HTTP/1.1" 200 24 "http://freecams1.com" "Mozilla/5.0 (Windows NT 6.1; WOW64) AppleWebKit/537.36 (KHTML, like Gecko) Chrome/64.0.2716.41 Safari/537.36"
93.64.61.102 - - [26/Jan/2026:12:05:22 -0500] "POST /cache/7/c/d/b/5/framework.php HTTP/1.1" 200 24 "http://freecams1.com" "Mozilla/5.0 (Windows NT 6.1) AppleWebKit/537.36 (KHTML, like Gecko) Chrome/63.0.2762.104 Safari/537.36"
5.50.137.48 - - [26/Jan/2026:12:05:30 -0500] "POST /cache/7/c/d/b/5/framework.php HTTP/1.1" 200 24 "http://freecams1.com" "Mozilla/5.0 (Windows NT 10.0) AppleWebKit/537.36 (KHTML, like Gecko) Chrome/63.0.3370.11 Safari/537.36"
90.248.69.236 - - [26/Jan/2026:12:06:02 -0500] "GET /video/justablondee-having-her-shaking-orgasm-148.html HTTP/1.1" 200 59952 "https://www.google.com/" "Mozilla/5.0 (iPhone; CPU iPhone OS 18_3_2 like Mac OS X) AppleWebKit/605.1.15 (KHTML, like Gecko) Version/18.3.1 Mobile/15E148 Safari/604.1"
90.248.69.236 - - [26/Jan/2026:12:06:03 -0500] "GET /templates/default_tube2019/fonts/Roboto/Roboto-Regular.ttf HTTP/1.1" 200 171676 "https://freecams1.com/video/justablondee-having-her-shaking-orgasm-148.html" "Mozilla/5.0 (iPhone; CPU iPhone OS 18_3_2 like Mac OS X) AppleWebKit/605.1.15 (KHTML, like Gecko) Version/18.3.1 Mobile/15E148 Safari/604.1"
90.248.69.236 - - [26/Jan/2026:12:06:03 -0500] "GET /templates/default_tube2019/fonts/Roboto/Roboto-Medium.ttf HTTP/1.1" 200 172064 "https://freecams1.com/video/justablondee-having-her-shaking-orgasm-148.html" "Mozilla/5.0 (iPhone; CPU iPhone OS 18_3_2 like Mac OS X) AppleWebKit/605.1.15 (KHTML, like Gecko) Version/18.3.1 Mobile/15E148 Safari/604.1"
90.248.69.236 - - [26/Jan/2026:12:06:03 -0500] "GET /templates/default_tube2019/fonts/fontawesome_5.7.1/fa-solid-900.woff2 HTTP/1.1" 200 74320 "https://freecams1.com/video/justablondee-having-her-shaking-orgasm-148.html" "Mozilla/5.0 (iPhone; CPU iPhone OS 18_3_2 like Mac OS X) AppleWebKit/605.1.15 (KHTML, like Gecko) Version/18.3.1 Mobile/15E148 Safari/604.1"
90.248.69.236 - - [26/Jan/2026:12:06:03 -0500] "GET /templates/default_tube2019/fonts/Roboto/Roboto-Black.ttf HTTP/1.1" 200 171480 "https://freecams1.com/video/justablondee-having-her-shaking-orgasm-148.html" "Mozilla/5.0 (iPhone; CPU iPhone OS 18_3_2 like Mac OS X) AppleWebKit/605.1.15 (KHTML, like Gecko) Version/18.3.1 Mobile/15E148 Safari/604.1"
90.248.69.236 - - [26/Jan/2026:12:06:03 -0500] "GET /templates/default_tube2019/fonts/fontawesome_5.7.1/fa-regular-400.woff2 HTTP/1.1" 200 13608 "https://freecams1.com/video/justablondee-having-her-shaking-orgasm-148.html" "Mozilla/5.0 (iPhone; CPU iPhone OS 18_3_2 like Mac OS X) AppleWebKit/605.1.15 (KHTML, like Gecko) Version/18.3.1 Mobile/15E148 Safari/604.1"
90.248.69.236 - - [26/Jan/2026:12:06:03 -0500] "GET /templates/default_tube2019/fonts/fontawesome_5.7.1/fa-brands-400.woff2 HTTP/1.1" 200 72148 "https://freecams1.com/video/justablondee-having-her-shaking-orgasm-148.html" "Mozilla/5.0 (iPhone; CPU iPhone OS 18_3_2 like Mac OS X) AppleWebKit/605.1.15 (KHTML, like Gecko) Version/18.3.1 Mobile/15E148 Safari/604.1"
90.248.69.236 - - [26/Jan/2026:12:06:03 -0500] "GET /templates/default_tube2019/images/plus-solid.svg HTTP/1.1" 200 449 "https://freecams1.com/video/justablondee-having-her-shaking-orgasm-148.html" "Mozilla/5.0 (iPhone; CPU iPhone OS 18_3_2 like Mac OS X) AppleWebKit/605.1.15 (KHTML, like Gecko) Version/18.3.1 Mobile/15E148 Safari/604.1"
90.248.69.236 - - [26/Jan/2026:12:06:03 -0500] "GET /templates/default_tube2019/images/minus-solid.svg HTTP/1.1" 200 328 "https://freecams1.com/video/justablondee-having-her-shaking-orgasm-148.html" "Mozilla/5.0 (iPhone; CPU iPhone OS 18_3_2 like Mac OS X) AppleWebKit/605.1.15 (KHTML, like Gecko) Version/18.3.1 Mobile/15E148 Safari/604.1"
90.248.69.236 - - [26/Jan/2026:12:06:03 -0500] "GET /templates/default_tube2019/template.ajax_comments.php?id=148&type=0&loaded=0&time=1769447163193 HTTP/1.1" 200 133 "https://freecams1.com/video/justablondee-having-her-shaking-orgasm-148.html" "Mozilla/5.0 (iPhone; CPU iPhone OS 18_3_2 like Mac OS X) AppleWebKit/605.1.15 (KHTML, like Gecko) Version/18.3.1 Mobile/15E148 Safari/604.1"
90.248.69.236 - - [26/Jan/2026:12:06:03 -0500] "GET /media/videos/3/6/5/1/a/3651a7a769c863.mp4 HTTP/1.1" 206 2 "https://freecams1.com/video/justablondee-having-her-shaking-orgasm-148.html" "Mozilla/5.0 (iPhone; CPU iPhone OS 18_3_2 like Mac OS X) AppleWebKit/605.1.15 (KHTML, like Gecko) Version/18.3.1 Mobile/15E148 Safari/604.1"
90.248.69.236 - - [26/Jan/2026:12:06:03 -0500] "GET /webvtt/148.vtt HTTP/1.1" 200 3846 "https://freecams1.com/video/justablondee-having-her-shaking-orgasm-148.html" "Mozilla/5.0 (iPhone; CPU iPhone OS 18_3_2 like Mac OS X) AppleWebKit/605.1.15 (KHTML, like Gecko) Version/18.3.1 Mobile/15E148 Safari/604.1"
90.248.69.236 - - [26/Jan/2026:12:06:03 -0500] "GET /includes/fluidplayer/images/fluid_icons.svg HTTP/1.1" 200 18488 "https://freecams1.com/video/justablondee-having-her-shaking-orgasm-148.html" "Mozilla/5.0 (iPhone; CPU iPhone OS 18_3_2 like Mac OS X) AppleWebKit/605.1.15 (KHTML, like Gecko) Version/18.3.1 Mobile/15E148 Safari/604.1"
66.103.63.80 - - [26/Jan/2026:12:05:34 -0500] "POST /cache/7/c/d/b/5/framework.php HTTP/1.1" 200 24 "http://freecams1.com" "Mozilla/5.0 (Windows NT 6.2; Win64; x64) AppleWebKit/537.36 (KHTML, like Gecko) Chrome/66.0.2595.136 Safari/537.36"
188.37.173.41 - - [26/Jan/2026:12:05:41 -0500] "POST /cache/7/c/d/b/5/framework.php HTTP/1.1" 200 24 "http://freecams1.com" "Mozilla/5.0 (Windows NT 10.0; WOW64) AppleWebKit/537.36 (KHTML, like Gecko) Chrome/69.0.3089.95 Safari/537.36"
90.248.69.236 - - [26/Jan/2026:12:06:04 -0500] "GET /templates/default_tube2019/images/plus-solid.svg HTTP/1.1" 200 449 "https://freecams1.com/video/justablondee-having-her-shaking-orgasm-148.html" "Mozilla/5.0 (iPhone; CPU iPhone OS 18_3_2 like Mac OS X) AppleWebKit/605.1.15 (KHTML, like Gecko) Version/18.3.1 Mobile/15E148 Safari/604.1"
90.248.69.236 - - [26/Jan/2026:12:06:04 -0500] "GET /templates/default_tube2019/images/minus-solid.svg HTTP/1.1" 200 328 "https://freecams1.com/video/justablondee-having-her-shaking-orgasm-148.html" "Mozilla/5.0 (iPhone; CPU iPhone OS 18_3_2 like Mac OS X) AppleWebKit/605.1.15 (KHTML, like Gecko) Version/18.3.1 Mobile/15E148 Safari/604.1"
90.248.69.236 - - [26/Jan/2026:12:06:04 -0500] "GET /media/videos/3/6/5/1/a/3651a7a769c863.mp4 HTTP/1.1" 206 194271686 "https://freecams1.com/video/justablondee-having-her-shaking-orgasm-148.html" "Mozilla/5.0 (iPhone; CPU iPhone OS 18_3_2 like Mac OS X) AppleWebKit/605.1.15 (KHTML, like Gecko) Version/18.3.1 Mobile/15E148 Safari/604.1"
102.249.40.12 - - [26/Jan/2026:12:06:05 -0500] "GET /media/videos/2/6/7/0/9/26709cde75374e.mp4 HTTP/1.1" 206 322011136 "https://www.freecams1.com/" "Mozilla/5.0 (Linux; Android 10; K) AppleWebKit/537.36 (KHTML, like Gecko) Chrome/144.0.0.0 Safari/537.36"
66.249.70.96 - - [26/Jan/2026:12:06:06 -0500] "GET /media/videos/3/6/7/9/0/36790f0436833d.mp4 HTTP/1.1" 200 77900475 "-" "Googlebot-Video/1.0"
90.248.69.236 - - [26/Jan/2026:12:06:08 -0500] "GET /search/cam4free-/ HTTP/1.1" 200 52384 "https://freecams1.com/video/justablondee-having-her-shaking-orgasm-148.html" "Mozilla/5.0 (iPhone; CPU iPhone OS 18_3_2 like Mac OS X) AppleWebKit/605.1.15 (KHTML, like Gecko) Version/18.3.1 Mobile/15E148 Safari/604.1"
102.249.72.14 - - [26/Jan/2026:12:06:10 -0500] "GET /media/videos/2/6/7/0/9/26709cde75374e.mp4 HTTP/1.1" 206 143230865 "https://www.freecams1.com/" "Mozilla/5.0 (Linux; Android 10; K) AppleWebKit/537.36 (KHTML, like Gecko) Chrome/144.0.0.0 Safari/537.36"
90.248.69.236 - - [26/Jan/2026:12:06:17 -0500] "GET /templates/default_tube2019/fonts/Roboto/Roboto-Bold.ttf HTTP/1.1" 200 170760 "https://freecams1.com/video/justablondee-having-her-shaking-orgasm-148.html" "Mozilla/5.0 (iPhone; CPU iPhone OS 18_3_2 like Mac OS X) AppleWebKit/605.1.15 (KHTML, like Gecko) Version/18.3.1 Mobile/15E148 Safari/604.1"
90.248.69.236 - - [26/Jan/2026:12:06:22 -0500] "GET /searchgate.php?q=Roxy HTTP/1.1" 302 - "https://freecams1.com/search/cam4free-/" "Mozilla/5.0 (iPhone; CPU iPhone OS 18_3_2 like Mac OS X) AppleWebKit/605.1.15 (KHTML, like Gecko) Version/18.3.1 Mobile/15E148 Safari/604.1"
90.248.69.236 - - [26/Jan/2026:12:06:22 -0500] "GET /search/Roxy/ HTTP/1.1" 200 21737 "https://freecams1.com/search/cam4free-/" "Mozilla/5.0 (iPhone; CPU iPhone OS 18_3_2 like Mac OS X) AppleWebKit/605.1.15 (KHTML, like Gecko) Version/18.3.1 Mobile/15E148 Safari/604.1"
91.94.74.226 - - [26/Jan/2026:12:06:11 -0500] "POST /cache/7/c/d/b/5/framework.php HTTP/1.1" 200 24 "http://freecams1.com" "Mozilla/5.0 (Windows NT 6.3; Win64; x64) AppleWebKit/537.36 (KHTML, like Gecko) Chrome/62.0.2687.111 Safari/537.36"
79.116.251.117 - - [26/Jan/2026:12:06:05 -0500] "POST /cache/7/c/d/b/5/framework.php HTTP/1.1" 200 24 "http://freecams1.com" "Mozilla/5.0 (Windows NT 10.0; Win64; x64) AppleWebKit/537.36 (KHTML, like Gecko) Chrome/62.0.2570.18 Safari/537.36"
90.248.69.236 - - [26/Jan/2026:12:06:35 -0500] "GET /searchgate.php?q=Blondes HTTP/1.1" 302 - "https://freecams1.com/search/Roxy/" "Mozilla/5.0 (iPhone; CPU iPhone OS 18_3_2 like Mac OS X) AppleWebKit/605.1.15 (KHTML, like Gecko) Version/18.3.1 Mobile/15E148 Safari/604.1"
90.248.69.236 - - [26/Jan/2026:12:06:36 -0500] "GET /search/Blondes/ HTTP/1.1" 200 21761 "https://freecams1.com/search/Roxy/" "Mozilla/5.0 (iPhone; CPU iPhone OS 18_3_2 like Mac OS X) AppleWebKit/605.1.15 (KHTML, like Gecko) Version/18.3.1 Mobile/15E148 Safari/604.1"
90.248.69.236 - - [26/Jan/2026:12:06:38 -0500] "GET / HTTP/1.1" 200 78875 "https://freecams1.com/search/Blondes/" "Mozilla/5.0 (iPhone; CPU iPhone OS 18_3_2 like Mac OS X) AppleWebKit/605.1.15 (KHTML, like Gecko) Version/18.3.1 Mobile/15E148 Safari/604.1"
102.249.40.12 - - [26/Jan/2026:12:06:40 -0500] "GET /models/natasha18-470.html HTTP/1.1" 200 28522 "https://search.brave.com/" "Mozilla/5.0 (Linux; Android 10; K) AppleWebKit/537.36 (KHTML, like Gecko) Chrome/144.0.0.0 Safari/537.36"
80.29.141.180 - - [26/Jan/2026:12:06:17 -0500] "POST /cache/7/c/d/b/5/framework.php HTTP/1.1" 200 24 "http://freecams1.com" "Opera/9.80 (iOS; Opera Mini/7.0.73345/28.2555; U; ru) Presto/2.10.229 Version/11.62"
102.249.72.14 - - [26/Jan/2026:12:06:41 -0500] "GET /templates/default_tube2019/images/plus-solid.svg HTTP/1.1" 200 449 "https://www.freecams1.com/models/natasha18-470.html" "Mozilla/5.0 (Linux; Android 10; K) AppleWebKit/537.36 (KHTML, like Gecko) Chrome/144.0.0.0 Safari/537.36"
102.249.40.12 - - [26/Jan/2026:12:06:41 -0500] "GET /templates/default_tube2019/images/minus-solid.svg HTTP/1.1" 200 328 "https://www.freecams1.com/models/natasha18-470.html" "Mozilla/5.0 (Linux; Android 10; K) AppleWebKit/537.36 (KHTML, like Gecko) Chrome/144.0.0.0 Safari/537.36"
102.249.40.12 - - [26/Jan/2026:12:06:41 -0500] "GET /templates/default_tube2019/template.ajax_comments.php?id=470&type=1&loaded=0&time=1769447200617 HTTP/1.1" 200 133 "https://www.freecams1.com/models/natasha18-470.html" "Mozilla/5.0 (Linux; Android 10; K) AppleWebKit/537.36 (KHTML, like Gecko) Chrome/144.0.0.0 Safari/537.36"
2.120.84.15 - - [26/Jan/2026:12:06:28 -0500] "POST /cache/7/c/d/b/5/framework.php HTTP/1.1" 200 24 "http://freecams1.com" "Mozilla/5.0 (Windows NT 10.0; Win64; x64; rv:63.0) Gecko/20100101 Firefox/63.0"
90.248.69.236 - - [26/Jan/2026:12:06:55 -0500] "GET /video/justablondee-having-her-shaking-orgasm-148.html HTTP/1.1" 200 59952 "https://freecams1.com/" "Mozilla/5.0 (iPhone; CPU iPhone OS 18_3_2 like Mac OS X) AppleWebKit/605.1.15 (KHTML, like Gecko) Version/18.3.1 Mobile/15E148 Safari/604.1"
90.248.69.236 - - [26/Jan/2026:12:06:55 -0500] "GET /templates/default_tube2019/images/plus-solid.svg HTTP/1.1" 200 449 "https://freecams1.com/video/justablondee-having-her-shaking-orgasm-148.html" "Mozilla/5.0 (iPhone; CPU iPhone OS 18_3_2 like Mac OS X) AppleWebKit/605.1.15 (KHTML, like Gecko) Version/18.3.1 Mobile/15E148 Safari/604.1"
90.248.69.236 - - [26/Jan/2026:12:06:55 -0500] "GET /media/videos/3/6/5/1/a/3651a7a769c863.mp4 HTTP/1.1" 206 2 "https://freecams1.com/video/justablondee-having-her-shaking-orgasm-148.html" "Mozilla/5.0 (iPhone; CPU iPhone OS 18_3_2 like Mac OS X) AppleWebKit/605.1.15 (KHTML, like Gecko) Version/18.3.1 Mobile/15E148 Safari/604.1"
90.248.69.236 - - [26/Jan/2026:12:06:56 -0500] "GET /templates/default_tube2019/images/minus-solid.svg HTTP/1.1" 200 328 "https://freecams1.com/video/justablondee-having-her-shaking-orgasm-148.html" "Mozilla/5.0 (iPhone; CPU iPhone OS 18_3_2 like Mac OS X) AppleWebKit/605.1.15 (KHTML, like Gecko) Version/18.3.1 Mobile/15E148 Safari/604.1"
90.248.69.236 - - [26/Jan/2026:12:06:56 -0500] "GET /templates/default_tube2019/images/minus-solid.svg HTTP/1.1" 200 328 "https://freecams1.com/video/justablondee-having-her-shaking-orgasm-148.html" "Mozilla/5.0 (iPhone; CPU iPhone OS 18_3_2 like Mac OS X) AppleWebKit/605.1.15 (KHTML, like Gecko) Version/18.3.1 Mobile/15E148 Safari/604.1"
90.248.69.236 - - [26/Jan/2026:12:06:56 -0500] "GET /templates/default_tube2019/images/plus-solid.svg HTTP/1.1" 200 449 "https://freecams1.com/video/justablondee-having-her-shaking-orgasm-148.html" "Mozilla/5.0 (iPhone; CPU iPhone OS 18_3_2 like Mac OS X) AppleWebKit/605.1.15 (KHTML, like Gecko) Version/18.3.1 Mobile/15E148 Safari/604.1"
90.248.69.236 - - [26/Jan/2026:12:06:56 -0500] "GET /templates/default_tube2019/template.ajax_comments.php?id=148&type=0&loaded=0&time=1769447215726 HTTP/1.1" 200 133 "https://freecams1.com/video/justablondee-having-her-shaking-orgasm-148.html" "Mozilla/5.0 (iPhone; CPU iPhone OS 18_3_2 like Mac OS X) AppleWebKit/605.1.15 (KHTML, like Gecko) Version/18.3.1 Mobile/15E148 Safari/604.1"
90.248.69.236 - - [26/Jan/2026:12:06:56 -0500] "GET /webvtt/148.vtt HTTP/1.1" 200 3846 "https://freecams1.com/video/justablondee-having-her-shaking-orgasm-148.html" "Mozilla/5.0 (iPhone; CPU iPhone OS 18_3_2 like Mac OS X) AppleWebKit/605.1.15 (KHTML, like Gecko) Version/18.3.1 Mobile/15E148 Safari/604.1"
90.248.69.236 - - [26/Jan/2026:12:06:56 -0500] "GET /media/videos/3/6/5/1/a/3651a7a769c863.mp4 HTTP/1.1" 206 194271686 "https://freecams1.com/video/justablondee-having-her-shaking-orgasm-148.html" "Mozilla/5.0 (iPhone; CPU iPhone OS 18_3_2 like Mac OS X) AppleWebKit/605.1.15 (KHTML, like Gecko) Version/18.3.1 Mobile/15E148 Safari/604.1"
90.248.69.236 - - [26/Jan/2026:12:06:56 -0500] "GET /media/videos/3/6/5/1/a/3651a7a769c863.mp4 HTTP/1.1" 206 194206150 "https://freecams1.com/video/justablondee-having-her-shaking-orgasm-148.html" "Mozilla/5.0 (iPhone; CPU iPhone OS 18_3_2 like Mac OS X) AppleWebKit/605.1.15 (KHTML, like Gecko) Version/18.3.1 Mobile/15E148 Safari/604.1"
90.248.69.236 - - [26/Jan/2026:12:06:56 -0500] "GET /media/videos/3/6/5/1/a/3651a7a769c863.mp4 HTTP/1.1" 206 49464 "https://freecams1.com/video/justablondee-having-her-shaking-orgasm-148.html" "Mozilla/5.0 (iPhone; CPU iPhone OS 18_3_2 like Mac OS X) AppleWebKit/605.1.15 (KHTML, like Gecko) Version/18.3.1 Mobile/15E148 Safari/604.1"
90.248.69.236 - - [26/Jan/2026:12:06:57 -0500] "GET /media/videos/3/6/5/1/a/3651a7a769c863.mp4 HTTP/1.1" 206 194108162 "https://freecams1.com/video/justablondee-having-her-shaking-orgasm-148.html" "Mozilla/5.0 (iPhone; CPU iPhone OS 18_3_2 like Mac OS X) AppleWebKit/605.1.15 (KHTML, like Gecko) Version/18.3.1 Mobile/15E148 Safari/604.1"
87.220.133.54 - - [26/Jan/2026:12:06:35 -0500] "POST /cache/7/c/d/b/5/framework.php HTTP/1.1" 200 24 "http://freecams1.com" "Mozilla/5.0 (Windows NT 6.1; WOW64) AppleWebKit/537.36 (KHTML, like Gecko) Chrome/66.0.2482.169 Safari/537.36"
188.26.162.41 - - [26/Jan/2026:12:06:42 -0500] "POST /cache/7/c/d/b/5/framework.php HTTP/1.1" 200 24 "http://freecams1.com" "Mozilla/5.0 (Windows NT 6.1; WOW64) AppleWebKit/537.36 (KHTML, like Gecko) Chrome/63.0.2237.93 Safari/537.36"
109.236.42.162 - - [26/Jan/2026:12:06:37 -0500] "POST /cache/7/c/d/b/5/framework.php HTTP/1.1" 200 24 "http://freecams1.com" "Opera/9.80 (Windows NT 10.0; WOW64); U) Presto/2.12.388 Version/12.14"
114.119.155.42 - - [26/Jan/2026:12:07:07 -0500] "GET /paysites/1/default/views/page1.html HTTP/1.1" 200 52015 "https://www.freecams1.com/paysites/1/default/views/page6.html" "Mozilla/5.0 (Linux; Android 7.0;) AppleWebKit/537.36 (KHTML, like Gecko) Mobile Safari/537.36 (compatible; PetalBot;+https://webmaster.petalsearch.com/site/petalbot)"
95.175.17.180 - - [26/Jan/2026:12:06:53 -0500] "POST /cache/7/c/d/b/5/framework.php HTTP/1.1" 200 24 "http://freecams1.com" "Mozilla/5.0 (Windows NT 10.0; WOW64) AppleWebKit/537.36 (KHTML, like Gecko) Chrome/68.0.2881.130 Safari/537.36"
90.248.69.236 - - [26/Jan/2026:12:07:17 -0500] "GET /search/cam4free-/ HTTP/1.1" 200 52384 "https://freecams1.com/video/justablondee-having-her-shaking-orgasm-148.html" "Mozilla/5.0 (iPhone; CPU iPhone OS 18_3_2 like Mac OS X) AppleWebKit/605.1.15 (KHTML, like Gecko) Version/18.3.1 Mobile/15E148 Safari/604.1"
90.248.69.236 - - [26/Jan/2026:12:07:20 -0500] "GET /video/justablondee-having-her-shaking-orgasm-148.html HTTP/1.1" 200 59952 "https://freecams1.com/" "Mozilla/5.0 (iPhone; CPU iPhone OS 18_3_2 like Mac OS X) AppleWebKit/605.1.15 (KHTML, like Gecko) Version/18.3.1 Mobile/15E148 Safari/604.1"
