169.197.140.227 - - [26/Jan/2026:07:03:42 -0500] "GET /media/videos/3/6/5/4/9/36549abba34bc9.mp4 HTTP/1.1" 206 190199717 "https://www.freecams1.com/" "Mozilla/5.0 (iPhone; CPU iPhone OS 18_6_2 like Mac OS X) AppleWebKit/605.1.15 (KHTML, like Gecko) GSA/404.0.856692123 Mobile/15E148 Safari/604.1"
169.197.140.227 - - [26/Jan/2026:07:03:53 -0500] "GET /media/videos/3/6/5/4/9/36549abba34bc9.mp4 HTTP/1.1" 206 137262697 "https://www.freecams1.com/" "Mozilla/5.0 (iPhone; CPU iPhone OS 18_6_2 like Mac OS X) AppleWebKit/605.1.15 (KHTML, like Gecko) GSA/404.0.856692123 Mobile/15E148 Safari/604.1"
169.197.140.227 - - [26/Jan/2026:07:03:57 -0500] "GET /media/videos/3/6/5/4/9/36549abba34bc9.mp4 HTTP/1.1" 206 132609641 "https://www.freecams1.com/" "Mozilla/5.0 (iPhone; CPU iPhone OS 18_6_2 like Mac OS X) AppleWebKit/605.1.15 (KHTML, like Gecko) GSA/404.0.856692123 Mobile/15E148 Safari/604.1"
169.197.140.227 - - [26/Jan/2026:07:03:59 -0500] "GET /media/videos/3/6/5/4/9/36549abba34bc9.mp4 HTTP/1.1" 206 128611945 "https://www.freecams1.com/" "Mozilla/5.0 (iPhone; CPU iPhone OS 18_6_2 like Mac OS X) AppleWebKit/605.1.15 (KHTML, like Gecko) GSA/404.0.856692123 Mobile/15E148 Safari/604.1"
169.197.140.227 - - [26/Jan/2026:07:04:02 -0500] "GET /media/videos/3/6/5/4/9/36549abba34bc9.mp4 HTTP/1.1" 206 125728361 "https://www.freecams1.com/" "Mozilla/5.0 (iPhone; CPU iPhone OS 18_6_2 like Mac OS X) AppleWebKit/605.1.15 (KHTML, like Gecko) GSA/404.0.856692123 Mobile/15E148 Safari/604.1"
169.197.140.227 - - [26/Jan/2026:07:04:20 -0500] "GET /media/videos/3/6/5/4/9/36549abba34bc9.mp4 HTTP/1.1" 206 108230249 "https://www.freecams1.com/" "Mozilla/5.0 (iPhone; CPU iPhone OS 18_6_2 like Mac OS X) AppleWebKit/605.1.15 (KHTML, like Gecko) GSA/404.0.856692123 Mobile/15E148 Safari/604.1"
169.197.140.227 - - [26/Jan/2026:07:04:23 -0500] "GET /media/videos/3/6/5/4/9/36549abba34bc9.mp4 HTTP/1.1" 206 103773801 "https://www.freecams1.com/" "Mozilla/5.0 (iPhone; CPU iPhone OS 18_6_2 like Mac OS X) AppleWebKit/605.1.15 (KHTML, like Gecko) GSA/404.0.856692123 Mobile/15E148 Safari/604.1"
169.197.140.227 - - [26/Jan/2026:07:04:25 -0500] "GET /media/videos/3/6/5/4/9/36549abba34bc9.mp4 HTTP/1.1" 206 101348969 "https://www.freecams1.com/" "Mozilla/5.0 (iPhone; CPU iPhone OS 18_6_2 like Mac OS X) AppleWebKit/605.1.15 (KHTML, like Gecko) GSA/404.0.856692123 Mobile/15E148 Safari/604.1"
169.197.140.227 - - [26/Jan/2026:07:04:27 -0500] "GET /media/videos/3/6/5/4/9/36549abba34bc9.mp4 HTTP/1.1" 206 98530921 "https://www.freecams1.com/" "Mozilla/5.0 (iPhone; CPU iPhone OS 18_6_2 like Mac OS X) AppleWebKit/605.1.15 (KHTML, like Gecko) GSA/404.0.856692123 Mobile/15E148 Safari/604.1"
169.197.140.227 - - [26/Jan/2026:07:04:30 -0500] "GET /media/videos/3/6/5/4/9/36549abba34bc9.mp4 HTTP/1.1" 206 95581801 "https://www.freecams1.com/" "Mozilla/5.0 (iPhone; CPU iPhone OS 18_6_2 like Mac OS X) AppleWebKit/605.1.15 (KHTML, like Gecko) GSA/404.0.856692123 Mobile/15E148 Safari/604.1"
169.197.140.227 - - [26/Jan/2026:07:04:35 -0500] "GET /media/videos/3/6/5/4/9/36549abba34bc9.mp4 HTTP/1.1" 206 81884777 "https://www.freecams1.com/" "Mozilla/5.0 (iPhone; CPU iPhone OS 18_6_2 like Mac OS X) AppleWebKit/605.1.15 (KHTML, like Gecko) GSA/404.0.856692123 Mobile/15E148 Safari/604.1"
169.197.140.227 - - [26/Jan/2026:07:04:38 -0500] "GET /media/videos/3/6/5/4/9/36549abba34bc9.mp4 HTTP/1.1" 206 79787625 "https://www.freecams1.com/" "Mozilla/5.0 (iPhone; CPU iPhone OS 18_6_2 like Mac OS X) AppleWebKit/605.1.15 (KHTML, like Gecko) GSA/404.0.856692123 Mobile/15E148 Safari/604.1"
114.119.158.18 - - [26/Jan/2026:07:04:39 -0500] "GET /uploads-by-user/23/ HTTP/1.1" 200 40008 "https://www.freecams1.com/uploads-by-user/23/" "Mozilla/5.0 (Linux; Android 7.0;) AppleWebKit/537.36 (KHTML, like Gecko) Mobile Safari/537.36 (compatible; PetalBot;+https://webmaster.petalsearch.com/site/petalbot)"
169.197.140.227 - - [26/Jan/2026:07:04:40 -0500] "GET /media/videos/3/6/5/4/9/36549abba34bc9.mp4 HTTP/1.1" 206 5570560 "https://www.freecams1.com/" "Mozilla/5.0 (iPhone; CPU iPhone OS 18_6_2 like Mac OS X) AppleWebKit/605.1.15 (KHTML, like Gecko) GSA/404.0.856692123 Mobile/15E148 Safari/604.1"
169.197.140.227 - - [26/Jan/2026:07:04:41 -0500] "GET /media/videos/3/6/5/4/9/36549abba34bc9.mp4 HTTP/1.1" 206 65536 "https://www.freecams1.com/" "Mozilla/5.0 (iPhone; CPU iPhone OS 18_6_2 like Mac OS X) AppleWebKit/605.1.15 (KHTML, like Gecko) GSA/404.0.856692123 Mobile/15E148 Safari/604.1"
169.197.140.227 - - [26/Jan/2026:07:04:42 -0500] "GET /media/videos/3/6/5/4/9/36549abba34bc9.mp4 HTTP/1.1" 206 65536 "https://www.freecams1.com/" "Mozilla/5.0 (iPhone; CPU iPhone OS 18_6_2 like Mac OS X) AppleWebKit/605.1.15 (KHTML, like Gecko) GSA/404.0.856692123 Mobile/15E148 Safari/604.1"
169.197.140.227 - - [26/Jan/2026:07:04:42 -0500] "GET /media/videos/3/6/5/4/9/36549abba34bc9.mp4 HTTP/1.1" 206 7340032 "https://www.freecams1.com/" "Mozilla/5.0 (iPhone; CPU iPhone OS 18_6_2 like Mac OS X) AppleWebKit/605.1.15 (KHTML, like Gecko) GSA/404.0.856692123 Mobile/15E148 Safari/604.1"
169.197.140.227 - - [26/Jan/2026:07:04:42 -0500] "GET /media/videos/3/6/5/4/9/36549abba34bc9.mp4 HTTP/1.1" 206 65536 "https://www.freecams1.com/" "Mozilla/5.0 (iPhone; CPU iPhone OS 18_6_2 like Mac OS X) AppleWebKit/605.1.15 (KHTML, like Gecko) GSA/404.0.856692123 Mobile/15E148 Safari/604.1"
169.197.140.227 - - [26/Jan/2026:07:04:43 -0500] "GET /media/videos/3/6/5/4/9/36549abba34bc9.mp4 HTTP/1.1" 206 65536 "https://www.freecams1.com/" "Mozilla/5.0 (iPhone; CPU iPhone OS 18_6_2 like Mac OS X) AppleWebKit/605.1.15 (KHTML, like Gecko) GSA/404.0.856692123 Mobile/15E148 Safari/604.1"
169.197.140.227 - - [26/Jan/2026:07:04:43 -0500] "GET /media/videos/3/6/5/4/9/36549abba34bc9.mp4 HTTP/1.1" 206 65536 "https://www.freecams1.com/" "Mozilla/5.0 (iPhone; CPU iPhone OS 18_6_2 like Mac OS X) AppleWebKit/605.1.15 (KHTML, like Gecko) GSA/404.0.856692123 Mobile/15E148 Safari/604.1"
169.197.140.227 - - [26/Jan/2026:07:04:43 -0500] "GET /media/videos/3/6/5/4/9/36549abba34bc9.mp4 HTTP/1.1" 206 131388 "https://www.freecams1.com/" "Mozilla/5.0 (iPhone; CPU iPhone OS 18_6_2 like Mac OS X) AppleWebKit/605.1.15 (KHTML, like Gecko) GSA/404.0.856692123 Mobile/15E148 Safari/604.1"
169.197.140.227 - - [26/Jan/2026:07:04:43 -0500] "GET /media/videos/3/6/5/4/9/36549abba34bc9.mp4 HTTP/1.1" 206 1966080 "https://www.freecams1.com/" "Mozilla/5.0 (iPhone; CPU iPhone OS 18_6_2 like Mac OS X) AppleWebKit/605.1.15 (KHTML, like Gecko) GSA/404.0.856692123 Mobile/15E148 Safari/604.1"
169.197.140.227 - - [26/Jan/2026:07:04:43 -0500] "GET /media/videos/3/6/5/4/9/36549abba34bc9.mp4 HTTP/1.1" 206 316 "https://www.freecams1.com/" "Mozilla/5.0 (iPhone; CPU iPhone OS 18_6_2 like Mac OS X) AppleWebKit/605.1.15 (KHTML, like Gecko) GSA/404.0.856692123 Mobile/15E148 Safari/604.1"
169.197.140.227 - - [26/Jan/2026:07:04:45 -0500] "GET /media/videos/3/6/5/4/9/36549abba34bc9.mp4 HTTP/1.1" 206 131072 "https://www.freecams1.com/" "Mozilla/5.0 (iPhone; CPU iPhone OS 18_6_2 like Mac OS X) AppleWebKit/605.1.15 (KHTML, like Gecko) GSA/404.0.856692123 Mobile/15E148 Safari/604.1"
169.197.140.227 - - [26/Jan/2026:07:04:45 -0500] "GET /media/videos/3/6/5/4/9/36549abba34bc9.mp4 HTTP/1.1" 206 75331177 "https://www.freecams1.com/" "Mozilla/5.0 (iPhone; CPU iPhone OS 18_6_2 like Mac OS X) AppleWebKit/605.1.15 (KHTML, like Gecko) GSA/404.0.856692123 Mobile/15E148 Safari/604.1"
169.197.140.227 - - [26/Jan/2026:07:04:49 -0500] "GET /media/videos/3/6/5/4/9/36549abba34bc9.mp4 HTTP/1.1" 206 70547049 "https://www.freecams1.com/" "Mozilla/5.0 (iPhone; CPU iPhone OS 18_6_2 like Mac OS X) AppleWebKit/605.1.15 (KHTML, like Gecko) GSA/404.0.856692123 Mobile/15E148 Safari/604.1"
169.197.140.227 - - [26/Jan/2026:07:04:51 -0500] "GET /media/videos/3/6/5/4/9/36549abba34bc9.mp4 HTTP/1.1" 206 68384361 "https://www.freecams1.com/" "Mozilla/5.0 (iPhone; CPU iPhone OS 18_6_2 like Mac OS X) AppleWebKit/605.1.15 (KHTML, like Gecko) GSA/404.0.856692123 Mobile/15E148 Safari/604.1"
169.197.140.227 - - [26/Jan/2026:07:04:54 -0500] "GET /media/videos/3/6/5/4/9/36549abba34bc9.mp4 HTTP/1.1" 206 66025065 "https://www.freecams1.com/" "Mozilla/5.0 (iPhone; CPU iPhone OS 18_6_2 like Mac OS X) AppleWebKit/605.1.15 (KHTML, like Gecko) GSA/404.0.856692123 Mobile/15E148 Safari/604.1"
169.197.140.227 - - [26/Jan/2026:07:04:55 -0500] "GET /media/videos/3/6/5/4/9/36549abba34bc9.mp4 HTTP/1.1" 206 63796841 "https://www.freecams1.com/" "Mozilla/5.0 (iPhone; CPU iPhone OS 18_6_2 like Mac OS X) AppleWebKit/605.1.15 (KHTML, like Gecko) GSA/404.0.856692123 Mobile/15E148 Safari/604.1"
169.197.140.227 - - [26/Jan/2026:07:04:57 -0500] "GET /media/videos/3/6/5/4/9/36549abba34bc9.mp4 HTTP/1.1" 206 60388969 "https://www.freecams1.com/" "Mozilla/5.0 (iPhone; CPU iPhone OS 18_6_2 like Mac OS X) AppleWebKit/605.1.15 (KHTML, like Gecko) GSA/404.0.856692123 Mobile/15E148 Safari/604.1"
169.197.140.227 - - [26/Jan/2026:07:05:00 -0500] "GET /media/videos/3/6/5/4/9/36549abba34bc9.mp4 HTTP/1.1" 206 57308777 "https://www.freecams1.com/" "Mozilla/5.0 (iPhone; CPU iPhone OS 18_6_2 like Mac OS X) AppleWebKit/605.1.15 (KHTML, like Gecko) GSA/404.0.856692123 Mobile/15E148 Safari/604.1"
169.197.140.227 - - [26/Jan/2026:07:05:04 -0500] "GET /media/videos/3/6/5/4/9/36549abba34bc9.mp4 HTTP/1.1" 206 54556265 "https://www.freecams1.com/" "Mozilla/5.0 (iPhone; CPU iPhone OS 18_6_2 like Mac OS X) AppleWebKit/605.1.15 (KHTML, like Gecko) GSA/404.0.856692123 Mobile/15E148 Safari/604.1"
169.197.140.227 - - [26/Jan/2026:07:05:08 -0500] "GET /media/videos/3/6/5/4/9/36549abba34bc9.mp4 HTTP/1.1" 206 50361961 "https://www.freecams1.com/" "Mozilla/5.0 (iPhone; CPU iPhone OS 18_6_2 like Mac OS X) AppleWebKit/605.1.15 (KHTML, like Gecko) GSA/404.0.856692123 Mobile/15E148 Safari/604.1"
169.197.140.227 - - [26/Jan/2026:07:05:11 -0500] "GET /media/videos/3/6/5/4/9/36549abba34bc9.mp4 HTTP/1.1" 206 46102121 "https://www.freecams1.com/" "Mozilla/5.0 (iPhone; CPU iPhone OS 18_6_2 like Mac OS X) AppleWebKit/605.1.15 (KHTML, like Gecko) GSA/404.0.856692123 Mobile/15E148 Safari/604.1"
47.82.11.27 - - [26/Jan/2026:07:05:23 -0500] "GET /media/videos/3/6/5/7/2/36572a210ac31e.mp4 HTTP/1.1" 200 304549190 "https://freecams1.com/" "Mozilla/5.0 (Windows NT 10.0; Win64; x64) AppleWebKit/537.36 (KHTML, like Gecko) Chrome/135.0.0.0 Safari/537.36"
114.119.135.98 - - [26/Jan/2026:07:06:02 -0500] "GET /pornstars/lorraine-baker-334.html HTTP/1.1" 200 29892 "https://www.freecams1.com/video/lorraine-baker-pierced-alt-trap-blowing-straight-guy-s-dong-1528.html" "Mozilla/5.0 (Linux; Android 7.0;) AppleWebKit/537.36 (KHTML, like Gecko) Mobile Safari/537.36 (compatible; PetalBot;+https://webmaster.petalsearch.com/site/petalbot)"
66.249.70.97 - - [26/Jan/2026:07:06:20 -0500] "GET /search/gaping-pussy/page7.html HTTP/1.1" 200 52041 "-" "Mozilla/5.0 (Linux; Android 6.0.1; Nexus 5X Build/MMB29P) AppleWebKit/537.36 (KHTML, like Gecko) Chrome/143.0.7499.192 Mobile Safari/537.36 (compatible; Googlebot/2.1; +http://www.google.com/bot.html)"
114.119.155.42 - - [26/Jan/2026:07:07:26 -0500] "GET /page4.html HTTP/1.1" 200 57182 "https://www.freecams1.com/page3.html" "Mozilla/5.0 (Linux; Android 7.0;) AppleWebKit/537.36 (KHTML, like Gecko) Mobile Safari/537.36 (compatible; PetalBot;+https://webmaster.petalsearch.com/site/petalbot)"
114.119.138.178 - - [26/Jan/2026:07:08:50 -0500] "GET /models/yulya-miu-186.html HTTP/1.1" 200 28565 "https://www.freecams1.com/models/y/" "Mozilla/5.0 (Linux; Android 7.0;) AppleWebKit/537.36 (KHTML, like Gecko) Mobile Safari/537.36 (compatible; PetalBot;+https://webmaster.petalsearch.com/site/petalbot)"
59.82.135.143 - - [26/Jan/2026:07:09:08 -0500] "GET / HTTP/1.1" 200 79770 "-" "Mozilla/5.0 (Windows NT 10.0; Win64; x64) AppleWebKit/537.36 (KHTML, like Gecko) Chrome/84.0.8038.168 Safari/537.36"
59.82.135.143 - - [26/Jan/2026:07:09:09 -0500] "GET / HTTP/1.1" 200 79770 "-" "Mozilla/5.0 (Windows NT 10.0; Win64; x64) AppleWebKit/537.36 (KHTML, like Gecko) Chrome/86.0.8923.179 Safari/537.36"
65.183.133.77 - - [26/Jan/2026:07:09:54 -0500] "GET /video/jennyferdreams-skinny-petite-small-girl-shows-hides-a-sex-toy-in-her-pink-panties-41.html HTTP/1.1" 200 51596 "https://www.google.com/" "Mozilla/5.0 (Windows NT 10.0; Win64; x64; rv:147.0) Gecko/20100101 Firefox/147.0"
65.183.133.77 - - [26/Jan/2026:07:09:55 -0500] "GET /templates/default_tube2019/fonts/Roboto/Roboto-Regular.ttf HTTP/1.1" 200 171676 "https://freecams1.com/templates/default_tube2019/css/styles.css" "Mozilla/5.0 (Windows NT 10.0; Win64; x64; rv:147.0) Gecko/20100101 Firefox/147.0"
65.183.133.77 - - [26/Jan/2026:07:09:55 -0500] "GET /templates/default_tube2019/fonts/Roboto/Roboto-Medium.ttf HTTP/1.1" 200 172064 "https://freecams1.com/templates/default_tube2019/css/styles.css" "Mozilla/5.0 (Windows NT 10.0; Win64; x64; rv:147.0) Gecko/20100101 Firefox/147.0"
65.183.133.77 - - [26/Jan/2026:07:09:55 -0500] "GET /templates/default_tube2019/images/plus-solid.svg HTTP/1.1" 200 449 "https://freecams1.com/video/jennyferdreams-skinny-petite-small-girl-shows-hides-a-sex-toy-in-her-pink-panties-41.html" "Mozilla/5.0 (Windows NT 10.0; Win64; x64; rv:147.0) Gecko/20100101 Firefox/147.0"
65.183.133.77 - - [26/Jan/2026:07:09:55 -0500] "GET /templates/default_tube2019/images/minus-solid.svg HTTP/1.1" 200 328 "https://freecams1.com/video/jennyferdreams-skinny-petite-small-girl-shows-hides-a-sex-toy-in-her-pink-panties-41.html" "Mozilla/5.0 (Windows NT 10.0; Win64; x64; rv:147.0) Gecko/20100101 Firefox/147.0"
65.183.133.77 - - [26/Jan/2026:07:09:55 -0500] "GET /templates/default_tube2019/template.ajax_comments.php?id=41&type=0&loaded=0&time=1769429394588 HTTP/1.1" 200 133 "https://freecams1.com/video/jennyferdreams-skinny-petite-small-girl-shows-hides-a-sex-toy-in-her-pink-panties-41.html" "Mozilla/5.0 (Windows NT 10.0; Win64; x64; rv:147.0) Gecko/20100101 Firefox/147.0"
65.183.133.77 - - [26/Jan/2026:07:09:55 -0500] "GET /webvtt/41.vtt HTTP/1.1" 200 3745 "https://freecams1.com/video/jennyferdreams-skinny-petite-small-girl-shows-hides-a-sex-toy-in-her-pink-panties-41.html" "Mozilla/5.0 (Windows NT 10.0; Win64; x64; rv:147.0) Gecko/20100101 Firefox/147.0"
65.183.133.77 - - [26/Jan/2026:07:09:55 -0500] "GET /templates/default_tube2019/fonts/fontawesome_5.7.1/fa-solid-900.woff2 HTTP/1.1" 200 74320 "https://freecams1.com/templates/default_tube2019/css/styles.css" "Mozilla/5.0 (Windows NT 10.0; Win64; x64; rv:147.0) Gecko/20100101 Firefox/147.0"
65.183.133.77 - - [26/Jan/2026:07:09:55 -0500] "GET /templates/default_tube2019/fonts/Roboto/Roboto-Black.ttf HTTP/1.1" 200 171480 "https://freecams1.com/templates/default_tube2019/css/styles.css" "Mozilla/5.0 (Windows NT 10.0; Win64; x64; rv:147.0) Gecko/20100101 Firefox/147.0"
65.183.133.77 - - [26/Jan/2026:07:09:55 -0500] "GET /templates/default_tube2019/fonts/fontawesome_5.7.1/fa-regular-400.woff2 HTTP/1.1" 200 13608 "https://freecams1.com/templates/default_tube2019/css/styles.css" "Mozilla/5.0 (Windows NT 10.0; Win64; x64; rv:147.0) Gecko/20100101 Firefox/147.0"
65.183.133.77 - - [26/Jan/2026:07:09:55 -0500] "GET /templates/default_tube2019/fonts/fontawesome_5.7.1/fa-brands-400.woff2 HTTP/1.1" 200 72148 "https://freecams1.com/templates/default_tube2019/css/styles.css" "Mozilla/5.0 (Windows NT 10.0; Win64; x64; rv:147.0) Gecko/20100101 Firefox/147.0"
65.183.133.77 - - [26/Jan/2026:07:09:55 -0500] "GET /includes/fluidplayer/images/fluid_icons.svg HTTP/1.1" 200 18488 "https://freecams1.com/includes/fluidplayer/fluidplayer.min.css" "Mozilla/5.0 (Windows NT 10.0; Win64; x64; rv:147.0) Gecko/20100101 Firefox/147.0"
65.183.133.77 - - [26/Jan/2026:07:09:56 -0500] "GET /templates/default_tube2019/images/plus-solid.svg HTTP/1.1" 200 449 "https://freecams1.com/video/jennyferdreams-skinny-petite-small-girl-shows-hides-a-sex-toy-in-her-pink-panties-41.html" "Mozilla/5.0 (Windows NT 10.0; Win64; x64; rv:147.0) Gecko/20100101 Firefox/147.0"
65.183.133.77 - - [26/Jan/2026:07:09:56 -0500] "GET /templates/default_tube2019/images/minus-solid.svg HTTP/1.1" 200 328 "https://freecams1.com/video/jennyferdreams-skinny-petite-small-girl-shows-hides-a-sex-toy-in-her-pink-panties-41.html" "Mozilla/5.0 (Windows NT 10.0; Win64; x64; rv:147.0) Gecko/20100101 Firefox/147.0"
65.183.133.77 - - [26/Jan/2026:07:09:55 -0500] "GET /media/videos/3/6/5/0/7/36507c42fe04cc.mp4 HTTP/1.1" 206 191225245 "https://freecams1.com/video/jennyferdreams-skinny-petite-small-girl-shows-hides-a-sex-toy-in-her-pink-panties-41.html" "Mozilla/5.0 (Windows NT 10.0; Win64; x64; rv:147.0) Gecko/20100101 Firefox/147.0"
65.183.133.77 - - [26/Jan/2026:07:10:03 -0500] "GET /includes/fluidplayer/images/fluid_spinner.svg HTTP/1.1" 200 524 "https://freecams1.com/includes/fluidplayer/fluidplayer.min.css" "Mozilla/5.0 (Windows NT 10.0; Win64; x64; rv:147.0) Gecko/20100101 Firefox/147.0"
114.119.158.18 - - [26/Jan/2026:07:10:16 -0500] "GET /models/lornaelin-513.html HTTP/1.1" 200 28229 "https://www.freecams1.com/models/l/" "Mozilla/5.0 (Linux; Android 7.0;) AppleWebKit/537.36 (KHTML, like Gecko) Mobile Safari/537.36 (compatible; PetalBot;+https://webmaster.petalsearch.com/site/petalbot)"
66.249.70.110 - - [26/Jan/2026:07:10:20 -0500] "GET /search/licking-dick/newest/ HTTP/1.1" 200 53235 "-" "Mozilla/5.0 (Linux; Android 6.0.1; Nexus 5X Build/MMB29P) AppleWebKit/537.36 (KHTML, like Gecko) Chrome/143.0.7499.192 Mobile Safari/537.36 (compatible; Googlebot/2.1; +http://www.google.com/bot.html)"
66.67.83.5 - - [26/Jan/2026:07:10:44 -0500] "GET /search/dancing-jennyferdreams/views/ HTTP/1.1" 200 52871 "https://www.google.com/" "Mozilla/5.0 (Windows NT 10.0; Win64; x64) AppleWebKit/537.36 (KHTML, like Gecko) Chrome/144.0.0.0 Safari/537.36 Edg/144.0.0.0"
66.67.83.5 - - [26/Jan/2026:07:10:47 -0500] "GET /templates/default_tube2019/fonts/Roboto/Roboto-Regular.ttf HTTP/1.1" 200 171676 "https://www.freecams1.com/templates/default_tube2019/css/styles.css" "Mozilla/5.0 (Windows NT 10.0; Win64; x64) AppleWebKit/537.36 (KHTML, like Gecko) Chrome/144.0.0.0 Safari/537.36 Edg/144.0.0.0"
66.67.83.5 - - [26/Jan/2026:07:10:47 -0500] "GET /templates/default_tube2019/fonts/Roboto/Roboto-Medium.ttf HTTP/1.1" 200 172064 "https://www.freecams1.com/templates/default_tube2019/css/styles.css" "Mozilla/5.0 (Windows NT 10.0; Win64; x64) AppleWebKit/537.36 (KHTML, like Gecko) Chrome/144.0.0.0 Safari/537.36 Edg/144.0.0.0"
66.67.83.5 - - [26/Jan/2026:07:10:47 -0500] "GET /templates/default_tube2019/fonts/fontawesome_5.7.1/fa-solid-900.woff2 HTTP/1.1" 200 74320 "https://www.freecams1.com/templates/default_tube2019/css/styles.css" "Mozilla/5.0 (Windows NT 10.0; Win64; x64) AppleWebKit/537.36 (KHTML, like Gecko) Chrome/144.0.0.0 Safari/537.36 Edg/144.0.0.0"
66.67.83.5 - - [26/Jan/2026:07:10:48 -0500] "GET /templates/default_tube2019/fonts/fontawesome_5.7.1/fa-brands-400.woff2 HTTP/1.1" 200 72148 "https://www.freecams1.com/templates/default_tube2019/css/styles.css" "Mozilla/5.0 (Windows NT 10.0; Win64; x64) AppleWebKit/537.36 (KHTML, like Gecko) Chrome/144.0.0.0 Safari/537.36 Edg/144.0.0.0"
66.67.83.5 - - [26/Jan/2026:07:10:48 -0500] "GET /templates/default_tube2019/fonts/Roboto/Roboto-Black.ttf HTTP/1.1" 200 171480 "https://www.freecams1.com/templates/default_tube2019/css/styles.css" "Mozilla/5.0 (Windows NT 10.0; Win64; x64) AppleWebKit/537.36 (KHTML, like Gecko) Chrome/144.0.0.0 Safari/537.36 Edg/144.0.0.0"
65.183.133.77 - - [26/Jan/2026:07:10:51 -0500] "GET /video/jennyferdreams-skinny-petite-small-girl-shows-hides-a-sex-toy-in-her-pink-panties-41.html HTTP/1.1" 200 51596 "https://www.google.com/" "Mozilla/5.0 (Windows NT 10.0; Win64; x64; rv:147.0) Gecko/20100101 Firefox/147.0"
65.183.133.77 - - [26/Jan/2026:07:10:52 -0500] "GET /templates/default_tube2019/template.ajax_comments.php?id=41&type=0&loaded=0&time=1769429451084 HTTP/1.1" 200 133 "https://freecams1.com/video/jennyferdreams-skinny-petite-small-girl-shows-hides-a-sex-toy-in-her-pink-panties-41.html" "Mozilla/5.0 (Windows NT 10.0; Win64; x64; rv:147.0) Gecko/20100101 Firefox/147.0"
65.183.133.77 - - [26/Jan/2026:07:10:52 -0500] "GET /webvtt/41.vtt HTTP/1.1" 200 3745 "https://freecams1.com/video/jennyferdreams-skinny-petite-small-girl-shows-hides-a-sex-toy-in-her-pink-panties-41.html" "Mozilla/5.0 (Windows NT 10.0; Win64; x64; rv:147.0) Gecko/20100101 Firefox/147.0"
65.183.133.77 - - [26/Jan/2026:07:10:52 -0500] "GET /media/videos/3/6/5/0/7/36507c42fe04cc.mp4 HTTP/1.1" 206 191225245 "https://freecams1.com/video/jennyferdreams-skinny-petite-small-girl-shows-hides-a-sex-toy-in-her-pink-panties-41.html" "Mozilla/5.0 (Windows NT 10.0; Win64; x64; rv:147.0) Gecko/20100101 Firefox/147.0"
66.67.83.5 - - [26/Jan/2026:07:10:58 -0500] "GET /video/jennyferdreams-skinny-petite-small-girl-shows-hides-a-sex-toy-in-her-pink-panties-41.html HTTP/1.1" 200 52072 "https://www.freecams1.com/search/dancing-jennyferdreams/views/" "Mozilla/5.0 (Windows NT 10.0; Win64; x64) AppleWebKit/537.36 (KHTML, like Gecko) Chrome/144.0.0.0 Safari/537.36 Edg/144.0.0.0"
66.67.83.5 - - [26/Jan/2026:07:10:58 -0500] "GET /templates/default_tube2019/images/plus-solid.svg HTTP/1.1" 200 449 "https://www.freecams1.com/video/jennyferdreams-skinny-petite-small-girl-shows-hides-a-sex-toy-in-her-pink-panties-41.html" "Mozilla/5.0 (Windows NT 10.0; Win64; x64) AppleWebKit/537.36 (KHTML, like Gecko) Chrome/144.0.0.0 Safari/537.36 Edg/144.0.0.0"
66.67.83.5 - - [26/Jan/2026:07:10:58 -0500] "GET /templates/default_tube2019/images/minus-solid.svg HTTP/1.1" 200 328 "https://www.freecams1.com/video/jennyferdreams-skinny-petite-small-girl-shows-hides-a-sex-toy-in-her-pink-panties-41.html" "Mozilla/5.0 (Windows NT 10.0; Win64; x64) AppleWebKit/537.36 (KHTML, like Gecko) Chrome/144.0.0.0 Safari/537.36 Edg/144.0.0.0"
66.67.83.5 - - [26/Jan/2026:07:10:59 -0500] "GET /includes/fluidplayer/images/fluid_icons.svg HTTP/1.1" 200 18488 "https://www.freecams1.com/includes/fluidplayer/fluidplayer.min.css" "Mozilla/5.0 (Windows NT 10.0; Win64; x64) AppleWebKit/537.36 (KHTML, like Gecko) Chrome/144.0.0.0 Safari/537.36 Edg/144.0.0.0"
66.67.83.5 - - [26/Jan/2026:07:10:59 -0500] "GET /includes/fluidplayer/images/fluid_spinner.svg HTTP/1.1" 200 524 "https://www.freecams1.com/includes/fluidplayer/fluidplayer.min.css" "Mozilla/5.0 (Windows NT 10.0; Win64; x64) AppleWebKit/537.36 (KHTML, like Gecko) Chrome/144.0.0.0 Safari/537.36 Edg/144.0.0.0"
66.67.83.5 - - [26/Jan/2026:07:10:59 -0500] "GET /templates/default_tube2019/fonts/fontawesome_5.7.1/fa-regular-400.woff2 HTTP/1.1" 200 13608 "https://www.freecams1.com/templates/default_tube2019/css/styles.css" "Mozilla/5.0 (Windows NT 10.0; Win64; x64) AppleWebKit/537.36 (KHTML, like Gecko) Chrome/144.0.0.0 Safari/537.36 Edg/144.0.0.0"
66.67.83.5 - - [26/Jan/2026:07:10:59 -0500] "GET /templates/default_tube2019/template.ajax_comments.php?id=41&type=0&loaded=0&time=1769429457920 HTTP/1.1" 200 133 "https://www.freecams1.com/video/jennyferdreams-skinny-petite-small-girl-shows-hides-a-sex-toy-in-her-pink-panties-41.html" "Mozilla/5.0 (Windows NT 10.0; Win64; x64) AppleWebKit/537.36 (KHTML, like Gecko) Chrome/144.0.0.0 Safari/537.36 Edg/144.0.0.0"
66.67.83.5 - - [26/Jan/2026:07:10:59 -0500] "GET /webvtt/41.vtt HTTP/1.1" 200 3745 "https://www.freecams1.com/video/jennyferdreams-skinny-petite-small-girl-shows-hides-a-sex-toy-in-her-pink-panties-41.html" "Mozilla/5.0 (Windows NT 10.0; Win64; x64) AppleWebKit/537.36 (KHTML, like Gecko) Chrome/144.0.0.0 Safari/537.36 Edg/144.0.0.0"
66.67.83.5 - - [26/Jan/2026:07:10:59 -0500] "GET /media/videos/3/6/5/0/7/36507c42fe04cc.mp4 HTTP/1.1" 206 191225245 "https://www.freecams1.com/" "Mozilla/5.0 (Windows NT 10.0; Win64; x64) AppleWebKit/537.36 (KHTML, like Gecko) Chrome/144.0.0.0 Safari/537.36 Edg/144.0.0.0"
65.183.133.77 - - [26/Jan/2026:07:11:07 -0500] "GET /searchgate.php?q=jennyferdreams HTTP/1.1" 302 - "https://freecams1.com/video/jennyferdreams-skinny-petite-small-girl-shows-hides-a-sex-toy-in-her-pink-panties-41.html" "Mozilla/5.0 (Windows NT 10.0; Win64; x64; rv:147.0) Gecko/20100101 Firefox/147.0"
65.183.133.77 - - [26/Jan/2026:07:11:07 -0500] "GET /search/jennyferdreams/ HTTP/1.1" 200 23055 "https://freecams1.com/video/jennyferdreams-skinny-petite-small-girl-shows-hides-a-sex-toy-in-her-pink-panties-41.html" "Mozilla/5.0 (Windows NT 10.0; Win64; x64; rv:147.0) Gecko/20100101 Firefox/147.0"
114.119.131.181 - - [26/Jan/2026:07:11:41 -0500] "GET /channels/14/babe/longest/page7.html HTTP/1.1" 200 53672 "https://www.freecams1.com/channels/14/babe/longest/page12.html" "Mozilla/5.0 (Linux; Android 7.0;) AppleWebKit/537.36 (KHTML, like Gecko) Mobile Safari/537.36 (compatible; PetalBot;+https://webmaster.petalsearch.com/site/petalbot)"
40.77.167.154 - - [26/Jan/2026:07:12:12 -0500] "GET /action.php?action=add_favorites&id=1211 HTTP/1.1" 200 739 "-" "Mozilla/5.0 AppleWebKit/537.36 (KHTML, like Gecko; compatible; bingbot/2.0; +http://www.bing.com/bingbot.htm) Chrome/116.0.1938.76 Safari/537.36"
74.177.109.167 - - [26/Jan/2026:07:12:57 -0500] "GET /search/dancing-jennyferdreams/views/ HTTP/1.1" 200 52871 "-" "Mozilla/5.0 (Windows NT 10.0; Win64; x64) AppleWebKit/537.36 (KHTML, like Gecko) Chrome/131.0.0.0 Safari/537.36 Edg/131.0.0.0"
114.119.131.181 - - [26/Jan/2026:07:13:05 -0500] "GET /channels/10/blowjobs/longest/page3.html HTTP/1.1" 200 54656 "https://www.freecams1.com/channels/10/blowjobs/longest/page6.html" "Mozilla/5.0 (Linux; Android 7.0;) AppleWebKit/537.36 (KHTML, like Gecko) Mobile Safari/537.36 (compatible; PetalBot;+https://webmaster.petalsearch.com/site/petalbot)"
66.67.83.5 - - [26/Jan/2026:07:13:06 -0500] "GET /media/videos/3/6/5/0/7/36507c42fe04cc.mp4 HTTP/1.1" 206 162078421 "https://www.freecams1.com/" "Mozilla/5.0 (Windows NT 10.0; Win64; x64) AppleWebKit/537.36 (KHTML, like Gecko) Chrome/144.0.0.0 Safari/537.36 Edg/144.0.0.0"
40.77.167.49 - - [26/Jan/2026:07:13:12 -0500] "GET /search/dancing-jennyferdreams/views/ HTTP/1.1" 200 52375 "-" "Mozilla/5.0 AppleWebKit/537.36 (KHTML, like Gecko; compatible; bingbot/2.0; +http://www.bing.com/bingbot.htm) Chrome/116.0.1938.76 Safari/537.36"
66.249.70.96 - - [26/Jan/2026:07:13:20 -0500] "GET /search/finger-fuck/newest/ HTTP/1.1" 200 53525 "-" "Mozilla/5.0 (Linux; Android 6.0.1; Nexus 5X Build/MMB29P) AppleWebKit/537.36 (KHTML, like Gecko) Chrome/143.0.7499.192 Mobile Safari/537.36 (compatible; Googlebot/2.1; +http://www.google.com/bot.html)"
40.77.167.49 - - [26/Jan/2026:07:13:42 -0500] "GET /video/jennyferdreams-skinny-petite-small-girl-shows-hides-a-sex-toy-in-her-pink-panties-41.html HTTP/1.1" 200 51596 "-" "Mozilla/5.0 AppleWebKit/537.36 (KHTML, like Gecko; compatible; bingbot/2.0; +http://www.bing.com/bingbot.htm) Chrome/116.0.1938.76 Safari/537.36"
114.119.141.2 - - [26/Jan/2026:07:14:26 -0500] "GET /action.php?action=reportVideo&id=569 HTTP/1.1" 200 3608 "https://www.freecams1.com/video/ariel-allen-tattooed-cam-show-569.html" "Mozilla/5.0 (Linux; Android 7.0;) AppleWebKit/537.36 (KHTML, like Gecko) Mobile Safari/537.36 (compatible; PetalBot;+https://webmaster.petalsearch.com/site/petalbot)"
66.67.83.5 - - [26/Jan/2026:07:14:41 -0500] "GET /media/videos/3/6/5/0/7/36507c42fe04cc.mp4 HTTP/1.1" 206 130276765 "https://www.freecams1.com/" "Mozilla/5.0 (Windows NT 10.0; Win64; x64) AppleWebKit/537.36 (KHTML, like Gecko) Chrome/144.0.0.0 Safari/537.36 Edg/144.0.0.0"
66.67.83.5 - - [26/Jan/2026:07:14:49 -0500] "GET /media/videos/3/6/5/0/7/36507c42fe04cc.mp4 HTTP/1.1" 206 71802588 "https://www.freecams1.com/" "Mozilla/5.0 (Windows NT 10.0; Win64; x64) AppleWebKit/537.36 (KHTML, like Gecko) Chrome/144.0.0.0 Safari/537.36 Edg/144.0.0.0"
66.67.83.5 - - [26/Jan/2026:07:14:56 -0500] "GET /media/videos/3/6/5/0/7/36507c42fe04cc.mp4 HTTP/1.1" 206 17825792 "https://www.freecams1.com/" "Mozilla/5.0 (Windows NT 10.0; Win64; x64) AppleWebKit/537.36 (KHTML, like Gecko) Chrome/144.0.0.0 Safari/537.36 Edg/144.0.0.0"
66.249.70.110 - - [26/Jan/2026:07:16:20 -0500] "GET /page17.html HTTP/1.1" 200 56359 "-" "Mozilla/5.0 (Linux; Android 6.0.1; Nexus 5X Build/MMB29P) AppleWebKit/537.36 (KHTML, like Gecko) Chrome/143.0.7499.192 Mobile Safari/537.36 (compatible; Googlebot/2.1; +http://www.google.com/bot.html)"
114.119.138.178 - - [26/Jan/2026:07:17:37 -0500] "GET /action.php?action=reportVideo&id=488 HTTP/1.1" 200 3608 "https://www.freecams1.com/video/nikkikiki-my-free-cams-mobile-488.html" "Mozilla/5.0 (Linux; Android 7.0;) AppleWebKit/537.36 (KHTML, like Gecko) Mobile Safari/537.36 (compatible; PetalBot;+https://webmaster.petalsearch.com/site/petalbot)"
114.119.158.18 - - [26/Jan/2026:07:18:28 -0500] "GET /action.php?action=reportVideo&id=42 HTTP/1.1" 200 3607 "https://www.freecams1.com/video/alexacolleman-spreads-and-spanks-her-perfect-ass-42.html" "Mozilla/5.0 (Linux; Android 7.0;) AppleWebKit/537.36 (KHTML, like Gecko) Mobile Safari/537.36 (compatible; PetalBot;+https://webmaster.petalsearch.com/site/petalbot)"
114.119.158.181 - - [26/Jan/2026:07:19:04 -0500] "GET /action.php?action=reportVideo&id=379 HTTP/1.1" 200 3608 "https://www.freecams1.com/video/hazell24-sexy-cam-girl-with-free-cam-sex-379.html" "Mozilla/5.0 (Linux; Android 7.0;) AppleWebKit/537.36 (KHTML, like Gecko) Mobile Safari/537.36 (compatible; PetalBot;+https://webmaster.petalsearch.com/site/petalbot)"
122.173.29.249 - - [26/Jan/2026:07:19:05 -0500] "GET /video/yononeey-lesbian-free-cam-679.html HTTP/1.1" 200 60976 "https://www.google.com/" "Mozilla/5.0 (Windows NT 10.0; Win64; x64) AppleWebKit/537.36 (KHTML, like Gecko) Chrome/143.0.0.0 Safari/537.36"
122.173.29.249 - - [26/Jan/2026:07:19:09 -0500] "GET /templates/default_tube2019/fonts/Roboto/Roboto-Regular.ttf HTTP/1.1" 200 171676 "https://www.freecams1.com/templates/default_tube2019/css/styles.css" "Mozilla/5.0 (Windows NT 10.0; Win64; x64) AppleWebKit/537.36 (KHTML, like Gecko) Chrome/143.0.0.0 Safari/537.36"
122.173.29.249 - - [26/Jan/2026:07:19:09 -0500] "GET /templates/default_tube2019/fonts/Roboto/Roboto-Medium.ttf HTTP/1.1" 200 172064 "https://www.freecams1.com/templates/default_tube2019/css/styles.css" "Mozilla/5.0 (Windows NT 10.0; Win64; x64) AppleWebKit/537.36 (KHTML, like Gecko) Chrome/143.0.0.0 Safari/537.36"
122.173.29.249 - - [26/Jan/2026:07:19:09 -0500] "GET /templates/default_tube2019/fonts/fontawesome_5.7.1/fa-solid-900.woff2 HTTP/1.1" 200 74320 "https://www.freecams1.com/templates/default_tube2019/css/styles.css" "Mozilla/5.0 (Windows NT 10.0; Win64; x64) AppleWebKit/537.36 (KHTML, like Gecko) Chrome/143.0.0.0 Safari/537.36"
122.173.29.249 - - [26/Jan/2026:07:19:10 -0500] "GET /templates/default_tube2019/fonts/fontawesome_5.7.1/fa-brands-400.woff2 HTTP/1.1" 200 72148 "https://www.freecams1.com/templates/default_tube2019/css/styles.css" "Mozilla/5.0 (Windows NT 10.0; Win64; x64) AppleWebKit/537.36 (KHTML, like Gecko) Chrome/143.0.0.0 Safari/537.36"
122.173.29.249 - - [26/Jan/2026:07:19:10 -0500] "GET /templates/default_tube2019/fonts/fontawesome_5.7.1/fa-regular-400.woff2 HTTP/1.1" 200 13608 "https://www.freecams1.com/templates/default_tube2019/css/styles.css" "Mozilla/5.0 (Windows NT 10.0; Win64; x64) AppleWebKit/537.36 (KHTML, like Gecko) Chrome/143.0.0.0 Safari/537.36"
122.173.29.249 - - [26/Jan/2026:07:19:10 -0500] "GET /templates/default_tube2019/fonts/Roboto/Roboto-Black.ttf HTTP/1.1" 200 171480 "https://www.freecams1.com/templates/default_tube2019/css/styles.css" "Mozilla/5.0 (Windows NT 10.0; Win64; x64) AppleWebKit/537.36 (KHTML, like Gecko) Chrome/143.0.0.0 Safari/537.36"
122.173.29.249 - - [26/Jan/2026:07:19:10 -0500] "GET /includes/fluidplayer/images/fluid_icons.svg HTTP/1.1" 200 18488 "https://www.freecams1.com/includes/fluidplayer/fluidplayer.min.css" "Mozilla/5.0 (Windows NT 10.0; Win64; x64) AppleWebKit/537.36 (KHTML, like Gecko) Chrome/143.0.0.0 Safari/537.36"
122.173.29.249 - - [26/Jan/2026:07:19:13 -0500] "GET /templates/default_tube2019/images/plus-solid.svg HTTP/1.1" 200 449 "https://www.freecams1.com/video/yononeey-lesbian-free-cam-679.html" "Mozilla/5.0 (Windows NT 10.0; Win64; x64) AppleWebKit/537.36 (KHTML, like Gecko) Chrome/143.0.0.0 Safari/537.36"
122.173.29.249 - - [26/Jan/2026:07:19:13 -0500] "GET /templates/default_tube2019/images/minus-solid.svg HTTP/1.1" 200 328 "https://www.freecams1.com/video/yononeey-lesbian-free-cam-679.html" "Mozilla/5.0 (Windows NT 10.0; Win64; x64) AppleWebKit/537.36 (KHTML, like Gecko) Chrome/143.0.0.0 Safari/537.36"
122.173.29.249 - - [26/Jan/2026:07:19:13 -0500] "GET /templates/default_tube2019/template.ajax_comments.php?id=679&type=0&loaded=0&time=1769429943446 HTTP/1.1" 200 133 "https://www.freecams1.com/video/yononeey-lesbian-free-cam-679.html" "Mozilla/5.0 (Windows NT 10.0; Win64; x64) AppleWebKit/537.36 (KHTML, like Gecko) Chrome/143.0.0.0 Safari/537.36"
122.173.29.249 - - [26/Jan/2026:07:19:16 -0500] "GET /webvtt/679.vtt HTTP/1.1" 200 6270 "https://www.freecams1.com/video/yononeey-lesbian-free-cam-679.html" "Mozilla/5.0 (Windows NT 10.0; Win64; x64) AppleWebKit/537.36 (KHTML, like Gecko) Chrome/143.0.0.0 Safari/537.36"
122.173.29.249 - - [26/Jan/2026:07:19:18 -0500] "GET /media/videos/2/6/5/9/3/265937fdde79ba.mp4 HTTP/1.1" 206 307222274 "https://www.freecams1.com/" "Mozilla/5.0 (Windows NT 10.0; Win64; x64) AppleWebKit/537.36 (KHTML, like Gecko) Chrome/143.0.0.0 Safari/537.36"
122.173.29.249 - - [26/Jan/2026:07:19:19 -0500] "GET /media/videos/2/6/5/9/3/265937fdde79ba.mp4 HTTP/1.1" 206 87810 "https://www.freecams1.com/" "Mozilla/5.0 (Windows NT 10.0; Win64; x64) AppleWebKit/537.36 (KHTML, like Gecko) Chrome/143.0.0.0 Safari/537.36"
122.173.29.249 - - [26/Jan/2026:07:19:19 -0500] "GET /includes/fluidplayer/images/fluid_spinner.svg HTTP/1.1" 200 524 "https://www.freecams1.com/includes/fluidplayer/fluidplayer.min.css" "Mozilla/5.0 (Windows NT 10.0; Win64; x64) AppleWebKit/537.36 (KHTML, like Gecko) Chrome/143.0.0.0 Safari/537.36"
122.173.29.249 - - [26/Jan/2026:07:19:20 -0500] "GET /media/videos/2/6/5/9/3/265937fdde79ba.mp4 HTTP/1.1" 206 307052856 "https://www.freecams1.com/" "Mozilla/5.0 (Windows NT 10.0; Win64; x64) AppleWebKit/537.36 (KHTML, like Gecko) Chrome/143.0.0.0 Safari/537.36"
66.249.70.96 - - [26/Jan/2026:07:19:50 -0500] "GET /video/sabrina-jones-making-her-husband-cum-in-her-mouth-1075.html HTTP/1.1" 200 62044 "-" "Mozilla/5.0 (Linux; Android 6.0.1; Nexus 5X Build/MMB29P) AppleWebKit/537.36 (KHTML, like Gecko) Chrome/143.0.7499.192 Mobile Safari/537.36 (compatible; Googlebot/2.1; +http://www.google.com/bot.html)"
66.249.70.97 - - [26/Jan/2026:07:19:52 -0500] "GET /templates/default_tube2019/template.ajax_comments.php?id=1075&type=0&loaded=0&time=1767744000000 HTTP/1.1" 200 133 "https://freecams1.com/video/sabrina-jones-making-her-husband-cum-in-her-mouth-1075.html" "Mozilla/5.0 (Linux; Android 6.0.1; Nexus 5X Build/MMB29P) AppleWebKit/537.36 (KHTML, like Gecko) Chrome/143.0.7499.192 Mobile Safari/537.36 (compatible; Googlebot/2.1; +http://www.google.com/bot.html)"
147.135.213.32 - - [26/Jan/2026:07:20:03 -0500] "GET /robots.txt HTTP/1.1" 403 - "-" "Mozilla/5.0 (compatible; MJ12bot/v1.4.8; http://mj12bot.com/)"
114.119.155.42 - - [26/Jan/2026:07:20:09 -0500] "GET /action.php?action=reportVideo&id=3096 HTTP/1.1" 200 3609 "https://www.freecams1.com/video/inked-beauty-s-wild-squirting-orgasm-after-fingering-freecam8-3096.html" "Mozilla/5.0 (Linux; Android 7.0;) AppleWebKit/537.36 (KHTML, like Gecko) Mobile Safari/537.36 (compatible; PetalBot;+https://webmaster.petalsearch.com/site/petalbot)"
40.77.167.49 - - [26/Jan/2026:07:20:14 -0500] "GET /models/remi-reagan-103.html HTTP/1.1" 200 29238 "-" "Mozilla/5.0 AppleWebKit/537.36 (KHTML, like Gecko; compatible; bingbot/2.0; +http://www.bing.com/bingbot.htm) Chrome/116.0.1938.76 Safari/537.36"
114.119.138.178 - - [26/Jan/2026:07:21:23 -0500] "GET /action.php?action=reportVideo&id=3084 HTTP/1.1" 200 3609 "https://www.freecams1.com/video/monika-youthfull-petite-brunette-s-squirting-orgasm-from-machine-fucking-freecam8-3084.html" "Mozilla/5.0 (Linux; Android 7.0;) AppleWebKit/537.36 (KHTML, like Gecko) Mobile Safari/537.36 (compatible; PetalBot;+https://webmaster.petalsearch.com/site/petalbot)"
23.162.200.39 - - [26/Jan/2026:07:21:59 -0500] "GET /models/yummy-alice-252.html HTTP/1.1" 200 28512 "https://www.google.com/" "Mozilla/5.0 (iPhone; CPU iPhone OS 18_7 like Mac OS X) AppleWebKit/605.1.15 (KHTML, like Gecko) Version/26.2 Mobile/15E148 Safari/604.1"
23.162.200.39 - - [26/Jan/2026:07:21:59 -0500] "GET /templates/default_tube2019/fonts/Roboto/Roboto-Regular.ttf HTTP/1.1" 200 171676 "https://www.freecams1.com/models/yummy-alice-252.html" "Mozilla/5.0 (iPhone; CPU iPhone OS 18_7 like Mac OS X) AppleWebKit/605.1.15 (KHTML, like Gecko) Version/26.2 Mobile/15E148 Safari/604.1"
23.162.200.39 - - [26/Jan/2026:07:21:59 -0500] "GET /templates/default_tube2019/fonts/Roboto/Roboto-Medium.ttf HTTP/1.1" 200 172064 "https://www.freecams1.com/models/yummy-alice-252.html" "Mozilla/5.0 (iPhone; CPU iPhone OS 18_7 like Mac OS X) AppleWebKit/605.1.15 (KHTML, like Gecko) Version/26.2 Mobile/15E148 Safari/604.1"
23.162.200.39 - - [26/Jan/2026:07:21:59 -0500] "GET /templates/default_tube2019/fonts/fontawesome_5.7.1/fa-solid-900.woff2 HTTP/1.1" 200 74320 "https://www.freecams1.com/models/yummy-alice-252.html" "Mozilla/5.0 (iPhone; CPU iPhone OS 18_7 like Mac OS X) AppleWebKit/605.1.15 (KHTML, like Gecko) Version/26.2 Mobile/15E148 Safari/604.1"
23.162.200.39 - - [26/Jan/2026:07:21:59 -0500] "GET /templates/default_tube2019/fonts/Roboto/Roboto-Black.ttf HTTP/1.1" 200 171480 "https://www.freecams1.com/models/yummy-alice-252.html" "Mozilla/5.0 (iPhone; CPU iPhone OS 18_7 like Mac OS X) AppleWebKit/605.1.15 (KHTML, like Gecko) Version/26.2 Mobile/15E148 Safari/604.1"
23.162.200.39 - - [26/Jan/2026:07:21:59 -0500] "GET /templates/default_tube2019/fonts/fontawesome_5.7.1/fa-brands-400.woff2 HTTP/1.1" 200 72148 "https://www.freecams1.com/models/yummy-alice-252.html" "Mozilla/5.0 (iPhone; CPU iPhone OS 18_7 like Mac OS X) AppleWebKit/605.1.15 (KHTML, like Gecko) Version/26.2 Mobile/15E148 Safari/604.1"
23.162.200.39 - - [26/Jan/2026:07:21:59 -0500] "GET /templates/default_tube2019/images/plus-solid.svg HTTP/1.1" 200 449 "https://www.freecams1.com/models/yummy-alice-252.html" "Mozilla/5.0 (iPhone; CPU iPhone OS 18_7 like Mac OS X) AppleWebKit/605.1.15 (KHTML, like Gecko) Version/26.2 Mobile/15E148 Safari/604.1"
23.162.200.39 - - [26/Jan/2026:07:21:59 -0500] "GET /templates/default_tube2019/images/minus-solid.svg HTTP/1.1" 200 328 "https://www.freecams1.com/models/yummy-alice-252.html" "Mozilla/5.0 (iPhone; CPU iPhone OS 18_7 like Mac OS X) AppleWebKit/605.1.15 (KHTML, like Gecko) Version/26.2 Mobile/15E148 Safari/604.1"
23.162.200.39 - - [26/Jan/2026:07:21:59 -0500] "GET /templates/default_tube2019/template.ajax_comments.php?id=252&type=1&loaded=0&time=1769430119520 HTTP/1.1" 200 133 "https://www.freecams1.com/models/yummy-alice-252.html" "Mozilla/5.0 (iPhone; CPU iPhone OS 18_7 like Mac OS X) AppleWebKit/605.1.15 (KHTML, like Gecko) Version/26.2 Mobile/15E148 Safari/604.1"
23.162.200.39 - - [26/Jan/2026:07:21:59 -0500] "GET /templates/default_tube2019/fonts/fontawesome_5.7.1/fa-regular-400.woff2 HTTP/1.1" 200 13608 "https://www.freecams1.com/models/yummy-alice-252.html" "Mozilla/5.0 (iPhone; CPU iPhone OS 18_7 like Mac OS X) AppleWebKit/605.1.15 (KHTML, like Gecko) Version/26.2 Mobile/15E148 Safari/604.1"
23.162.200.39 - - [26/Jan/2026:07:21:59 -0500] "GET /templates/default_tube2019/images/plus-solid.svg HTTP/1.1" 200 449 "https://www.freecams1.com/models/yummy-alice-252.html" "Mozilla/5.0 (iPhone; CPU iPhone OS 18_7 like Mac OS X) AppleWebKit/605.1.15 (KHTML, like Gecko) Version/26.2 Mobile/15E148 Safari/604.1"
23.162.200.39 - - [26/Jan/2026:07:21:59 -0500] "GET /templates/default_tube2019/images/minus-solid.svg HTTP/1.1" 200 328 "https://www.freecams1.com/models/yummy-alice-252.html" "Mozilla/5.0 (iPhone; CPU iPhone OS 18_7 like Mac OS X) AppleWebKit/605.1.15 (KHTML, like Gecko) Version/26.2 Mobile/15E148 Safari/604.1"
114.119.130.104 - - [26/Jan/2026:07:22:52 -0500] "GET /action.php?action=reportVideo&id=304 HTTP/1.1" 200 3608 "https://www.freecams1.com/video/sweet-eaton-showing-her-ass-hole-with-lush-toy-304.html" "Mozilla/5.0 (Linux; Android 7.0;) AppleWebKit/537.36 (KHTML, like Gecko) Mobile Safari/537.36 (compatible; PetalBot;+https://webmaster.petalsearch.com/site/petalbot)"
185.170.167.18 - - [26/Jan/2026:07:23:23 -0500] "GET /robots.txt HTTP/1.1" 200 243 "-" "Mozilla/5.0 (compatible; BacklinksExtendedBot)"
185.170.167.18 - - [26/Jan/2026:07:23:23 -0500] "GET /search/transexual-/ HTTP/1.1" 200 36656 "-" "Mozilla/5.0 (compatible; BacklinksExtendedBot)"
114.119.158.18 - - [26/Jan/2026:07:24:13 -0500] "GET /action.php?action=reportVideo&id=268 HTTP/1.1" 200 3608 "https://www.freecams1.com/video/maqui-phatt-ass-latina-268.html" "Mozilla/5.0 (Linux; Android 7.0;) AppleWebKit/537.36 (KHTML, like Gecko) Mobile Safari/537.36 (compatible; PetalBot;+https://webmaster.petalsearch.com/site/petalbot)"
47.82.11.79 - - [26/Jan/2026:07:25:04 -0500] "GET /channels/11/comprehensive-anal-sex-education/rating HTTP/1.1" 404 20575 "https://freecams1.com/" "Mozilla/5.0 (X11; Linux x86_64) AppleWebKit/537.36 (KHTML, like Gecko) Chrome/129.0.0.0 Safari/537.36"
114.119.130.104 - - [26/Jan/2026:07:25:33 -0500] "GET /action.php?action=reportVideo&id=2542 HTTP/1.1" 200 3609 "https://www.freecams1.com/video/arikajoy-cute-babe-fucks-herself-with-huge-dildo-on-webcam-freecam8-2542.html" "Mozilla/5.0 (Linux; Android 7.0;) AppleWebKit/537.36 (KHTML, like Gecko) Mobile Safari/537.36 (compatible; PetalBot;+https://webmaster.petalsearch.com/site/petalbot)"
66.249.64.110 - - [26/Jan/2026:07:25:50 -0500] "GET /video/yononeey-lesbian-free-cam-679.html HTTP/1.1" 200 60976 "-" "Mozilla/5.0 (Linux; Android 6.0.1; Nexus 5X Build/MMB29P) AppleWebKit/537.36 (KHTML, like Gecko) Chrome/143.0.7499.192 Mobile Safari/537.36 (compatible; Googlebot/2.1; +http://www.google.com/bot.html)"
66.249.64.108 - - [26/Jan/2026:07:26:45 -0500] "GET /templates/default_tube2019/template.ajax_comments.php?id=679&type=0&loaded=0&time=1767744000000 HTTP/1.1" 200 133 "https://www.freecams1.com/video/yononeey-lesbian-free-cam-679.html" "Mozilla/5.0 (Linux; Android 6.0.1; Nexus 5X Build/MMB29P) AppleWebKit/537.36 (KHTML, like Gecko) Chrome/143.0.7499.192 Mobile Safari/537.36 (compatible; Googlebot/2.1; +http://www.google.com/bot.html)"
114.119.141.2 - - [26/Jan/2026:07:27:00 -0500] "GET /action.php?action=reportVideo&id=205 HTTP/1.1" 200 3608 "https://www.freecams1.com/video/valeria-prins-trap-free-cam-205.html" "Mozilla/5.0 (Linux; Android 7.0;) AppleWebKit/537.36 (KHTML, like Gecko) Mobile Safari/537.36 (compatible; PetalBot;+https://webmaster.petalsearch.com/site/petalbot)"
114.119.131.181 - - [26/Jan/2026:07:28:26 -0500] "GET /action.php?action=reportVideo&id=204 HTTP/1.1" 200 3608 "https://www.freecams1.com/video/tiffanybells-slut-caught-riding-her-roommate-s-dick-204.html" "Mozilla/5.0 (Linux; Android 7.0;) AppleWebKit/537.36 (KHTML, like Gecko) Mobile Safari/537.36 (compatible; PetalBot;+https://webmaster.petalsearch.com/site/petalbot)"
185.170.167.18 - - [26/Jan/2026:07:29:44 -0500] "GET /robots.txt HTTP/1.1" 200 243 "-" "Mozilla/5.0 (compatible; BacklinksExtendedBot)"
185.170.167.18 - - [26/Jan/2026:07:29:45 -0500] "GET /search/dildo-fuck/page9.html HTTP/1.1" 200 54674 "-" "Mozilla/5.0 (compatible; BacklinksExtendedBot)"
114.119.158.181 - - [26/Jan/2026:07:29:45 -0500] "GET /action.php?action=reportVideo&id=20 HTTP/1.1" 200 3607 "https://www.freecams1.com/video/sweeteaton-dancing-on-cam-20.html" "Mozilla/5.0 (Linux; Android 7.0;) AppleWebKit/537.36 (KHTML, like Gecko) Mobile Safari/537.36 (compatible; PetalBot;+https://webmaster.petalsearch.com/site/petalbot)"
56.125.42.6 - - [26/Jan/2026:07:30:33 -0500] "GET / HTTP/1.1" 200 80225 "-" "Mozilla/5.0 (Windows NT 10.0; Win64; x64) AppleWebKit/537.36 (KHTML, like Gecko) Chrome/91.0.4472.124 Safari/537.36"
56.125.42.6 - - [26/Jan/2026:07:30:33 -0500] "GET /wp-json/wc/v3 HTTP/1.1" 404 20882 "-" "Mozilla/5.0 (Windows NT 10.0; Win64; x64) AppleWebKit/537.36 (KHTML, like Gecko) Chrome/91.0.4472.124 Safari/537.36"
56.125.42.6 - - [26/Jan/2026:07:30:33 -0500] "GET /index.php?route=checkout/cart HTTP/1.1" 200 80234 "-" "Mozilla/5.0 (Windows NT 10.0; Win64; x64) AppleWebKit/537.36 (KHTML, like Gecko) Chrome/91.0.4472.124 Safari/537.36"
56.125.42.6 - - [26/Jan/2026:07:30:33 -0500] "GET /wp-json/ HTTP/1.1" 404 20877 "-" "Mozilla/5.0 (Windows NT 10.0; Win64; x64) AppleWebKit/537.36 (KHTML, like Gecko) Chrome/91.0.4472.124 Safari/537.36"
114.119.158.18 - - [26/Jan/2026:07:31:09 -0500] "GET /action.php?action=reportVideo&id=17 HTTP/1.1" 200 3607 "https://www.freecams1.com/video/iris-eros-milf-rides-big-cock-of-her-neighbor-17.html" "Mozilla/5.0 (Linux; Android 7.0;) AppleWebKit/537.36 (KHTML, like Gecko) Mobile Safari/537.36 (compatible; PetalBot;+https://webmaster.petalsearch.com/site/petalbot)"
66.249.70.96 - - [26/Jan/2026:07:31:50 -0500] "GET /action.php?action=add_favorites&id=2791 HTTP/1.1" 200 731 "-" "Mozilla/5.0 (Linux; Android 6.0.1; Nexus 5X Build/MMB29P) AppleWebKit/537.36 (KHTML, like Gecko) Chrome/143.0.7499.192 Mobile Safari/537.36 (compatible; Googlebot/2.1; +http://www.google.com/bot.html)"
114.119.155.42 - - [26/Jan/2026:07:32:32 -0500] "GET /action.php?action=reportVideo&id=1609 HTTP/1.1" 200 3609 "https://www.freecams1.com/video/luxureart-nerd-girlfriend-sex-1609.html" "Mozilla/5.0 (Linux; Android 7.0;) AppleWebKit/537.36 (KHTML, like Gecko) Mobile Safari/537.36 (compatible; PetalBot;+https://webmaster.petalsearch.com/site/petalbot)"
114.119.130.104 - - [26/Jan/2026:07:33:57 -0500] "GET /action.php?action=reportVideo&id=119 HTTP/1.1" 200 3608 "https://www.freecams1.com/video/tiffanybells-slut-caught-sucking-neighbor-s-huge-dick-119.html" "Mozilla/5.0 (Linux; Android 7.0;) AppleWebKit/537.36 (KHTML, like Gecko) Mobile Safari/537.36 (compatible; PetalBot;+https://webmaster.petalsearch.com/site/petalbot)"
141.195.57.201 - - [26/Jan/2026:07:34:55 -0500] "GET /video/jennyferdreams-skinny-petite-small-girl-shows-hides-a-sex-toy-in-her-pink-panties-41.html HTTP/1.1" 200 51596 "https://www.google.com/" "Mozilla/5.0 (Windows NT 10.0; Win64; x64) AppleWebKit/537.36 (KHTML, like Gecko) Chrome/144.0.0.0 Safari/537.36"
141.195.57.201 - - [26/Jan/2026:07:34:57 -0500] "GET /templates/default_tube2019/fonts/Roboto/Roboto-Regular.ttf HTTP/1.1" 200 171676 "https://freecams1.com/templates/default_tube2019/css/styles.css" "Mozilla/5.0 (Windows NT 10.0; Win64; x64) AppleWebKit/537.36 (KHTML, like Gecko) Chrome/144.0.0.0 Safari/537.36"
141.195.57.201 - - [26/Jan/2026:07:34:57 -0500] "GET /templates/default_tube2019/fonts/Roboto/Roboto-Medium.ttf HTTP/1.1" 200 172064 "https://freecams1.com/templates/default_tube2019/css/styles.css" "Mozilla/5.0 (Windows NT 10.0; Win64; x64) AppleWebKit/537.36 (KHTML, like Gecko) Chrome/144.0.0.0 Safari/537.36"
141.195.57.201 - - [26/Jan/2026:07:34:57 -0500] "GET /templates/default_tube2019/fonts/fontawesome_5.7.1/fa-solid-900.woff2 HTTP/1.1" 200 74320 "https://freecams1.com/templates/default_tube2019/css/styles.css" "Mozilla/5.0 (Windows NT 10.0; Win64; x64) AppleWebKit/537.36 (KHTML, like Gecko) Chrome/144.0.0.0 Safari/537.36"
141.195.57.201 - - [26/Jan/2026:07:34:57 -0500] "GET /templates/default_tube2019/images/plus-solid.svg HTTP/1.1" 200 449 "https://freecams1.com/video/jennyferdreams-skinny-petite-small-girl-shows-hides-a-sex-toy-in-her-pink-panties-41.html" "Mozilla/5.0 (Windows NT 10.0; Win64; x64) AppleWebKit/537.36 (KHTML, like Gecko) Chrome/144.0.0.0 Safari/537.36"
141.195.57.201 - - [26/Jan/2026:07:34:57 -0500] "GET /templates/default_tube2019/images/minus-solid.svg HTTP/1.1" 200 328 "https://freecams1.com/video/jennyferdreams-skinny-petite-small-girl-shows-hides-a-sex-toy-in-her-pink-panties-41.html" "Mozilla/5.0 (Windows NT 10.0; Win64; x64) AppleWebKit/537.36 (KHTML, like Gecko) Chrome/144.0.0.0 Safari/537.36"
141.195.57.201 - - [26/Jan/2026:07:34:57 -0500] "GET /templates/default_tube2019/template.ajax_comments.php?id=41&type=0&loaded=0&time=1769430897119 HTTP/1.1" 200 133 "https://freecams1.com/video/jennyferdreams-skinny-petite-small-girl-shows-hides-a-sex-toy-in-her-pink-panties-41.html" "Mozilla/5.0 (Windows NT 10.0; Win64; x64) AppleWebKit/537.36 (KHTML, like Gecko) Chrome/144.0.0.0 Safari/537.36"
141.195.57.201 - - [26/Jan/2026:07:34:58 -0500] "GET /templates/default_tube2019/fonts/fontawesome_5.7.1/fa-brands-400.woff2 HTTP/1.1" 200 72148 "https://freecams1.com/templates/default_tube2019/css/styles.css" "Mozilla/5.0 (Windows NT 10.0; Win64; x64) AppleWebKit/537.36 (KHTML, like Gecko) Chrome/144.0.0.0 Safari/537.36"
141.195.57.201 - - [26/Jan/2026:07:34:58 -0500] "GET /templates/default_tube2019/fonts/fontawesome_5.7.1/fa-regular-400.woff2 HTTP/1.1" 200 13608 "https://freecams1.com/templates/default_tube2019/css/styles.css" "Mozilla/5.0 (Windows NT 10.0; Win64; x64) AppleWebKit/537.36 (KHTML, like Gecko) Chrome/144.0.0.0 Safari/537.36"
141.195.57.201 - - [26/Jan/2026:07:34:58 -0500] "GET /templates/default_tube2019/fonts/Roboto/Roboto-Black.ttf HTTP/1.1" 200 171480 "https://freecams1.com/templates/default_tube2019/css/styles.css" "Mozilla/5.0 (Windows NT 10.0; Win64; x64) AppleWebKit/537.36 (KHTML, like Gecko) Chrome/144.0.0.0 Safari/537.36"
141.195.57.201 - - [26/Jan/2026:07:35:00 -0500] "GET /includes/fluidplayer/images/fluid_icons.svg HTTP/1.1" 200 18488 "https://freecams1.com/includes/fluidplayer/fluidplayer.min.css" "Mozilla/5.0 (Windows NT 10.0; Win64; x64) AppleWebKit/537.36 (KHTML, like Gecko) Chrome/144.0.0.0 Safari/537.36"
141.195.57.201 - - [26/Jan/2026:07:35:00 -0500] "GET /media/videos/3/6/5/0/7/36507c42fe04cc.mp4 HTTP/1.1" 206 191225245 "https://freecams1.com/video/jennyferdreams-skinny-petite-small-girl-shows-hides-a-sex-toy-in-her-pink-panties-41.html" "Mozilla/5.0 (Windows NT 10.0; Win64; x64) AppleWebKit/537.36 (KHTML, like Gecko) Chrome/144.0.0.0 Safari/537.36"
