195.178.110.108 - - [28/Jan/2026:09:26:24 -0500] "GET /video/hannysexy60-s-intense-pussy-play-with-monster-toy-3063.html HTTP/1.1" 200 58752 "-" "Mozilla/5.0 (Windows NT 6.1; Win64; x64; rv:47.0) Gecko/20100101 Firefox/47.0"
195.178.110.108 - - [28/Jan/2026:09:26:24 -0500] "GET /action.php?action=add_favorites&id=3063 HTTP/1.1" 200 731 "-" "Mozilla/5.0 (Windows NT 6.1; Win64; x64; rv:47.0) Gecko/20100101 Firefox/47.0"
195.178.110.108 - - [28/Jan/2026:09:26:24 -0500] "GET /video/lusty-vixen-arikajoy-explores-her-shaved-horny-pussy-3088.html HTTP/1.1" 200 55874 "-" "Mozilla/5.0 (Windows NT 6.1; Win64; x64; rv:47.0) Gecko/20100101 Firefox/47.0"
195.178.110.108 - - [28/Jan/2026:09:26:24 -0500] "GET /video/katalinagarcia-s-wild-masturbation-show-3009.html HTTP/1.1" 200 58283 "-" "Mozilla/5.0 (Windows NT 6.1; Win64; x64; rv:47.0) Gecko/20100101 Firefox/47.0"
195.178.110.108 - - [28/Jan/2026:09:26:25 -0500] "GET /action.php?action=add_favorites&id=3009 HTTP/1.1" 200 731 "-" "Mozilla/5.0 (Windows NT 6.1; Win64; x64; rv:47.0) Gecko/20100101 Firefox/47.0"
195.178.110.108 - - [28/Jan/2026:09:26:25 -0500] "GET /video/free-live-cams-bf-s-deep-thrusts-in-blondefoxsilverfox-s-tight-pussy-3077.html HTTP/1.1" 200 60290 "-" "Mozilla/5.0 (Windows NT 6.1; Win64; x64; rv:47.0) Gecko/20100101 Firefox/47.0"
195.178.110.108 - - [28/Jan/2026:09:26:25 -0500] "GET /video/kaydenwithpaul-free-live-cams-girlfriend-s-passionate-blowjob-show-3087.html HTTP/1.1" 200 60264 "-" "Mozilla/5.0 (Windows NT 6.1; Win64; x64; rv:47.0) Gecko/20100101 Firefox/47.0"
195.178.110.108 - - [28/Jan/2026:09:26:25 -0500] "GET /video/persefxneee-s-wild-e-girl-pussy-play-show-3020.html HTTP/1.1" 200 58583 "-" "Mozilla/5.0 (Windows NT 6.1; Win64; x64; rv:47.0) Gecko/20100101 Firefox/47.0"
195.178.110.108 - - [28/Jan/2026:09:26:25 -0500] "GET /action.php?action=add_favorites&id=3072 HTTP/1.1" 200 731 "-" "Mozilla/5.0 (Windows NT 6.1; Win64; x64; rv:47.0) Gecko/20100101 Firefox/47.0"
195.178.110.108 - - [28/Jan/2026:09:26:25 -0500] "GET /video/free-live-cams-kirsten-xxx-s-solo-orgasmic-masturbation-3072.html HTTP/1.1" 200 59119 "-" "Mozilla/5.0 (Windows NT 6.1; Win64; x64; rv:47.0) Gecko/20100101 Firefox/47.0"
195.178.110.108 - - [28/Jan/2026:09:26:25 -0500] "GET /action.php?action=add_favorites&id=3084 HTTP/1.1" 200 731 "-" "Mozilla/5.0 (Windows NT 6.1; Win64; x64; rv:47.0) Gecko/20100101 Firefox/47.0"
195.178.110.108 - - [28/Jan/2026:09:26:25 -0500] "GET /action.php?action=add_favorites&id=3077 HTTP/1.1" 200 731 "-" "Mozilla/5.0 (Windows NT 6.1; Win64; x64; rv:47.0) Gecko/20100101 Firefox/47.0"
195.178.110.108 - - [28/Jan/2026:09:26:25 -0500] "GET /action.php?action=add_favorites&id=3087 HTTP/1.1" 200 731 "-" "Mozilla/5.0 (Windows NT 6.1; Win64; x64; rv:47.0) Gecko/20100101 Firefox/47.0"
195.178.110.108 - - [28/Jan/2026:09:26:25 -0500] "GET /video/sexy-couple-show-blonde-babe-takes-dick-deep-down-throat-freecam8-3090.html HTTP/1.1" 200 56544 "-" "Mozilla/5.0 (Windows NT 6.1; Win64; x64; rv:47.0) Gecko/20100101 Firefox/47.0"
195.178.110.108 - - [28/Jan/2026:09:26:25 -0500] "GET /action.php?action=add_favorites&id=3090 HTTP/1.1" 200 731 "-" "Mozilla/5.0 (Windows NT 6.1; Win64; x64; rv:47.0) Gecko/20100101 Firefox/47.0"
195.178.110.108 - - [28/Jan/2026:09:26:25 -0500] "GET /video/playing-with-my-tits-is-making-me-horny-3100.html HTTP/1.1" 200 51466 "-" "Mozilla/5.0 (Windows NT 6.1; Win64; x64; rv:47.0) Gecko/20100101 Firefox/47.0"
195.178.110.108 - - [28/Jan/2026:09:26:25 -0500] "GET /video/harliequinnx-tattooed-beauty-fucks-herself-to-ecstasy-freecam8-3091.html HTTP/1.1" 200 57511 "-" "Mozilla/5.0 (Windows NT 6.1; Win64; x64; rv:47.0) Gecko/20100101 Firefox/47.0"
195.178.110.108 - - [28/Jan/2026:09:26:25 -0500] "GET /action.php?action=add_favorites&id=3106 HTTP/1.1" 200 731 "-" "Mozilla/5.0 (Windows NT 6.1; Win64; x64; rv:47.0) Gecko/20100101 Firefox/47.0"
195.178.110.108 - - [28/Jan/2026:09:26:25 -0500] "GET /action.php?action=add_favorites&id=3100 HTTP/1.1" 200 731 "-" "Mozilla/5.0 (Windows NT 6.1; Win64; x64; rv:47.0) Gecko/20100101 Firefox/47.0"
195.178.110.108 - - [28/Jan/2026:09:26:25 -0500] "GET /video/playful-mom-distracting-you-today-3106.html HTTP/1.1" 200 51774 "-" "Mozilla/5.0 (Windows NT 6.1; Win64; x64; rv:47.0) Gecko/20100101 Firefox/47.0"
195.178.110.108 - - [28/Jan/2026:09:26:25 -0500] "GET /video/monika-youthfull-petite-brunette-s-squirting-orgasm-from-machine-fucking-freecam8-3084.html HTTP/1.1" 200 57528 "-" "Mozilla/5.0 (Windows NT 6.1; Win64; x64; rv:47.0) Gecko/20100101 Firefox/47.0"
195.178.110.108 - - [28/Jan/2026:09:26:25 -0500] "GET /video/keutypie-sexy-babe-doggy-fucked-hard-by-lover-on-webcam-freecams2-3412.html HTTP/1.1" 200 58537 "-" "Mozilla/5.0 (Windows NT 6.1; Win64; x64; rv:47.0) Gecko/20100101 Firefox/47.0"
195.178.110.108 - - [28/Jan/2026:09:26:25 -0500] "GET /video/pafosstar-brunette-babe-pounded-by-massive-dildo-machine-freecam8-3089.html HTTP/1.1" 200 56376 "-" "Mozilla/5.0 (Windows NT 6.1; Win64; x64; rv:47.0) Gecko/20100101 Firefox/47.0"
195.178.110.108 - - [28/Jan/2026:09:26:25 -0500] "GET /action.php?action=add_favorites&id=3412 HTTP/1.1" 200 731 "-" "Mozilla/5.0 (Windows NT 6.1; Win64; x64; rv:47.0) Gecko/20100101 Firefox/47.0"
195.178.110.108 - - [28/Jan/2026:09:26:25 -0500] "GET /page2.html HTTP/1.1" 200 59061 "-" "Mozilla/5.0 (Windows NT 6.1; Win64; x64; rv:47.0) Gecko/20100101 Firefox/47.0"
195.178.110.108 - - [28/Jan/2026:09:26:26 -0500] "GET /page4.html HTTP/1.1" 200 56598 "-" "Mozilla/5.0 (Windows NT 6.1; Win64; x64; rv:47.0) Gecko/20100101 Firefox/47.0"
195.178.110.108 - - [28/Jan/2026:09:26:26 -0500] "GET /page5.html HTTP/1.1" 200 59353 "-" "Mozilla/5.0 (Windows NT 6.1; Win64; x64; rv:47.0) Gecko/20100101 Firefox/47.0"
195.178.110.108 - - [28/Jan/2026:09:26:26 -0500] "GET /action.php?action=add_favorites&id=3089 HTTP/1.1" 200 731 "-" "Mozilla/5.0 (Windows NT 6.1; Win64; x64; rv:47.0) Gecko/20100101 Firefox/47.0"
195.178.110.108 - - [28/Jan/2026:09:26:26 -0500] "GET /action.php?action=add_favorites&id=3091 HTTP/1.1" 200 731 "-" "Mozilla/5.0 (Windows NT 6.1; Win64; x64; rv:47.0) Gecko/20100101 Firefox/47.0"
195.178.110.108 - - [28/Jan/2026:09:26:26 -0500] "GET /page9.html HTTP/1.1" 200 57010 "-" "Mozilla/5.0 (Windows NT 6.1; Win64; x64; rv:47.0) Gecko/20100101 Firefox/47.0"
195.178.110.108 - - [28/Jan/2026:09:26:26 -0500] "GET /page12.html HTTP/1.1" 200 56877 "-" "Mozilla/5.0 (Windows NT 6.1; Win64; x64; rv:47.0) Gecko/20100101 Firefox/47.0"
195.178.110.108 - - [28/Jan/2026:09:26:26 -0500] "GET /page14.html HTTP/1.1" 200 57272 "-" "Mozilla/5.0 (Windows NT 6.1; Win64; x64; rv:47.0) Gecko/20100101 Firefox/47.0"
195.178.110.108 - - [28/Jan/2026:09:26:26 -0500] "GET /page6.html HTTP/1.1" 200 61201 "-" "Mozilla/5.0 (Windows NT 6.1; Win64; x64; rv:47.0) Gecko/20100101 Firefox/47.0"
195.178.110.108 - - [28/Jan/2026:09:26:26 -0500] "GET /page7.html HTTP/1.1" 200 59722 "-" "Mozilla/5.0 (Windows NT 6.1; Win64; x64; rv:47.0) Gecko/20100101 Firefox/47.0"
195.178.110.108 - - [28/Jan/2026:09:26:26 -0500] "GET /page8.html HTTP/1.1" 200 56565 "-" "Mozilla/5.0 (Windows NT 6.1; Win64; x64; rv:47.0) Gecko/20100101 Firefox/47.0"
195.178.110.108 - - [28/Jan/2026:09:26:26 -0500] "GET /page10.html HTTP/1.1" 200 57540 "-" "Mozilla/5.0 (Windows NT 6.1; Win64; x64; rv:47.0) Gecko/20100101 Firefox/47.0"
195.178.110.108 - - [28/Jan/2026:09:26:26 -0500] "GET /page11.html HTTP/1.1" 200 57225 "-" "Mozilla/5.0 (Windows NT 6.1; Win64; x64; rv:47.0) Gecko/20100101 Firefox/47.0"
195.178.110.108 - - [28/Jan/2026:09:26:26 -0500] "GET /page3.html HTTP/1.1" 200 55891 "-" "Mozilla/5.0 (Windows NT 6.1; Win64; x64; rv:47.0) Gecko/20100101 Firefox/47.0"
195.178.110.108 - - [28/Jan/2026:09:26:26 -0500] "GET /page15.html HTTP/1.1" 200 57793 "-" "Mozilla/5.0 (Windows NT 6.1; Win64; x64; rv:47.0) Gecko/20100101 Firefox/47.0"
195.178.110.108 - - [28/Jan/2026:09:26:26 -0500] "GET /page13.html HTTP/1.1" 200 57441 "-" "Mozilla/5.0 (Windows NT 6.1; Win64; x64; rv:47.0) Gecko/20100101 Firefox/47.0"
195.178.110.108 - - [28/Jan/2026:09:26:26 -0500] "GET /page16.html HTTP/1.1" 200 57316 "-" "Mozilla/5.0 (Windows NT 6.1; Win64; x64; rv:47.0) Gecko/20100101 Firefox/47.0"
195.178.110.108 - - [28/Jan/2026:09:26:26 -0500] "GET /page18.html HTTP/1.1" 200 57502 "-" "Mozilla/5.0 (Windows NT 6.1; Win64; x64; rv:47.0) Gecko/20100101 Firefox/47.0"
195.178.110.108 - - [28/Jan/2026:09:26:26 -0500] "GET /page19.html HTTP/1.1" 200 57573 "-" "Mozilla/5.0 (Windows NT 6.1; Win64; x64; rv:47.0) Gecko/20100101 Firefox/47.0"
195.178.110.108 - - [28/Jan/2026:09:26:27 -0500] "GET /page22.html HTTP/1.1" 200 56018 "-" "Mozilla/5.0 (Windows NT 6.1; Win64; x64; rv:47.0) Gecko/20100101 Firefox/47.0"
195.178.110.108 - - [28/Jan/2026:09:26:27 -0500] "GET /models/alicelauderr-310.html HTTP/1.1" 200 29699 "-" "Mozilla/5.0 (Windows NT 6.1; Win64; x64; rv:47.0) Gecko/20100101 Firefox/47.0"
195.178.110.108 - - [28/Jan/2026:09:26:27 -0500] "GET /models/missysummer-282.html HTTP/1.1" 200 28704 "-" "Mozilla/5.0 (Windows NT 6.1; Win64; x64; rv:47.0) Gecko/20100101 Firefox/47.0"
195.178.110.108 - - [28/Jan/2026:09:26:27 -0500] "GET /models/marcelinesmith-289.html HTTP/1.1" 200 29647 "-" "Mozilla/5.0 (Windows NT 6.1; Win64; x64; rv:47.0) Gecko/20100101 Firefox/47.0"
195.178.110.108 - - [28/Jan/2026:09:26:27 -0500] "GET /models/apriilparker-272.html HTTP/1.1" 200 28663 "-" "Mozilla/5.0 (Windows NT 6.1; Win64; x64; rv:47.0) Gecko/20100101 Firefox/47.0"
195.178.110.108 - - [28/Jan/2026:09:26:27 -0500] "GET /contact HTTP/1.1" 200 22542 "-" "Mozilla/5.0 (Windows NT 6.1; Win64; x64; rv:47.0) Gecko/20100101 Firefox/47.0"
195.178.110.108 - - [28/Jan/2026:09:26:27 -0500] "GET /static/faq HTTP/1.1" 404 20544 "-" "Mozilla/5.0 (Windows NT 6.1; Win64; x64; rv:47.0) Gecko/20100101 Firefox/47.0"
195.178.110.108 - - [28/Jan/2026:09:26:27 -0500] "GET /page17.html HTTP/1.1" 200 56359 "-" "Mozilla/5.0 (Windows NT 6.1; Win64; x64; rv:47.0) Gecko/20100101 Firefox/47.0"
195.178.110.108 - - [28/Jan/2026:09:26:27 -0500] "GET /static/privacy HTTP/1.1" 404 20548 "-" "Mozilla/5.0 (Windows NT 6.1; Win64; x64; rv:47.0) Gecko/20100101 Firefox/47.0"
195.178.110.108 - - [28/Jan/2026:09:26:27 -0500] "GET /static/regulations HTTP/1.1" 404 20552 "-" "Mozilla/5.0 (Windows NT 6.1; Win64; x64; rv:47.0) Gecko/20100101 Firefox/47.0"
195.178.110.108 - - [28/Jan/2026:09:26:27 -0500] "GET /page20.html HTTP/1.1" 200 57557 "-" "Mozilla/5.0 (Windows NT 6.1; Win64; x64; rv:47.0) Gecko/20100101 Firefox/47.0"
195.178.110.108 - - [28/Jan/2026:09:26:27 -0500] "GET /page21.html HTTP/1.1" 200 56114 "-" "Mozilla/5.0 (Windows NT 6.1; Win64; x64; rv:47.0) Gecko/20100101 Firefox/47.0"
195.178.110.108 - - [28/Jan/2026:09:26:27 -0500] "GET /models/stacy-rigel-345.html HTTP/1.1" 200 29536 "-" "Mozilla/5.0 (Windows NT 6.1; Win64; x64; rv:47.0) Gecko/20100101 Firefox/47.0"
217.113.194.147 - - [28/Jan/2026:09:26:28 -0500] "GET /search/natural-body/rating/page3.html HTTP/1.1" 200 52551 "-" "Mozilla/5.0 (compatible; Barkrowler/0.9; +https://babbar.tech/crawler)"
5.206.237.83 - - [28/Jan/2026:09:26:01 -0500] "POST /cache/7/c/d/b/5/framework.php HTTP/1.1" 200 24 "http://freecams1.com" "Mozilla/5.0 (Windows NT 10.0) AppleWebKit/537.36 (KHTML, like Gecko) Chrome/67.0.3289.95 Safari/537.36"
217.113.194.142 - - [28/Jan/2026:09:26:33 -0500] "GET /search/babe-porn/newest/page8.html HTTP/1.1" 200 52516 "-" "Mozilla/5.0 (compatible; Barkrowler/0.9; +https://babbar.tech/crawler)"
86.121.250.126 - - [28/Jan/2026:09:26:14 -0500] "POST /cache/7/c/d/b/5/framework.php HTTP/1.1" 200 24 "http://freecams1.com" "Mozilla/5.0 (Windows NT 6.1; WOW64) AppleWebKit/537.36 (KHTML, like Gecko) Chrome/63.0.2617.160 Safari/537.36"
212.214.152.189 - - [28/Jan/2026:09:26:07 -0500] "POST /cache/7/c/d/b/5/framework.php HTTP/1.1" 200 24 "http://freecams1.com" "Opera/9.80 (Windows NT 10.0; WOW64); U) Presto/2.10.181 Version/12.00"
217.113.194.231 - - [28/Jan/2026:09:26:43 -0500] "GET /search/cam4free/newest/page1.html HTTP/1.1" 200 52981 "-" "Mozilla/5.0 (compatible; Barkrowler/0.9; +https://babbar.tech/crawler)"
217.113.196.143 - - [28/Jan/2026:09:26:45 -0500] "GET /search/live-orgasm/newest/page6.html HTTP/1.1" 200 52979 "-" "Mozilla/5.0 (compatible; IbouBot/1.0; +bot@ibou.io; +https://ibou.io/iboubot.html)"
217.113.194.143 - - [28/Jan/2026:09:26:49 -0500] "GET /search/babe-porn/newest/page7.html HTTP/1.1" 200 52257 "-" "Mozilla/5.0 (compatible; Barkrowler/0.9; +https://babbar.tech/crawler)"
81.196.240.179 - - [28/Jan/2026:09:26:50 -0500] "GET /pornstars/evazane-299.html HTTP/1.1" 200 30056 "https://www.google.com/" "Mozilla/5.0 (iPhone; CPU iPhone OS 18_1_1 like Mac OS X) AppleWebKit/605.1.15 (KHTML, like Gecko) Version/18.1.1 Mobile/15E148 Safari/604.1"
92.172.170.204 - - [28/Jan/2026:09:26:21 -0500] "POST /cache/7/c/d/b/5/framework.php HTTP/1.1" 200 24 "http://freecams1.com" "Mozilla/5.0 (Windows NT 10.0) AppleWebKit/537.36 (KHTML, like Gecko) Chrome/64.0.2766.105 Safari/537.36"
81.196.240.179 - - [28/Jan/2026:09:26:51 -0500] "GET /templates/default_tube2019/fonts/Roboto/Roboto-Medium.ttf HTTP/1.1" 200 172064 "https://freecams1.com/pornstars/evazane-299.html" "Mozilla/5.0 (iPhone; CPU iPhone OS 18_1_1 like Mac OS X) AppleWebKit/605.1.15 (KHTML, like Gecko) Version/18.1.1 Mobile/15E148 Safari/604.1"
81.196.240.179 - - [28/Jan/2026:09:26:51 -0500] "GET /templates/default_tube2019/fonts/Roboto/Roboto-Black.ttf HTTP/1.1" 200 171480 "https://freecams1.com/pornstars/evazane-299.html" "Mozilla/5.0 (iPhone; CPU iPhone OS 18_1_1 like Mac OS X) AppleWebKit/605.1.15 (KHTML, like Gecko) Version/18.1.1 Mobile/15E148 Safari/604.1"
81.196.240.179 - - [28/Jan/2026:09:26:51 -0500] "GET /templates/default_tube2019/fonts/Roboto/Roboto-Regular.ttf HTTP/1.1" 200 171676 "https://freecams1.com/pornstars/evazane-299.html" "Mozilla/5.0 (iPhone; CPU iPhone OS 18_1_1 like Mac OS X) AppleWebKit/605.1.15 (KHTML, like Gecko) Version/18.1.1 Mobile/15E148 Safari/604.1"
81.196.240.179 - - [28/Jan/2026:09:26:51 -0500] "GET /templates/default_tube2019/fonts/fontawesome_5.7.1/fa-solid-900.woff2 HTTP/1.1" 200 74320 "https://freecams1.com/pornstars/evazane-299.html" "Mozilla/5.0 (iPhone; CPU iPhone OS 18_1_1 like Mac OS X) AppleWebKit/605.1.15 (KHTML, like Gecko) Version/18.1.1 Mobile/15E148 Safari/604.1"
81.196.240.179 - - [28/Jan/2026:09:26:51 -0500] "GET /templates/default_tube2019/fonts/fontawesome_5.7.1/fa-brands-400.woff2 HTTP/1.1" 200 72148 "https://freecams1.com/pornstars/evazane-299.html" "Mozilla/5.0 (iPhone; CPU iPhone OS 18_1_1 like Mac OS X) AppleWebKit/605.1.15 (KHTML, like Gecko) Version/18.1.1 Mobile/15E148 Safari/604.1"
81.196.240.179 - - [28/Jan/2026:09:26:51 -0500] "GET /templates/default_tube2019/images/plus-solid.svg HTTP/1.1" 200 449 "https://freecams1.com/pornstars/evazane-299.html" "Mozilla/5.0 (iPhone; CPU iPhone OS 18_1_1 like Mac OS X) AppleWebKit/605.1.15 (KHTML, like Gecko) Version/18.1.1 Mobile/15E148 Safari/604.1"
81.196.240.179 - - [28/Jan/2026:09:26:51 -0500] "GET /templates/default_tube2019/images/minus-solid.svg HTTP/1.1" 200 328 "https://freecams1.com/pornstars/evazane-299.html" "Mozilla/5.0 (iPhone; CPU iPhone OS 18_1_1 like Mac OS X) AppleWebKit/605.1.15 (KHTML, like Gecko) Version/18.1.1 Mobile/15E148 Safari/604.1"
81.196.240.179 - - [28/Jan/2026:09:26:51 -0500] "GET /templates/default_tube2019/template.ajax_comments.php?id=299&type=1&loaded=0&time=1769610411001 HTTP/1.1" 200 133 "https://freecams1.com/pornstars/evazane-299.html" "Mozilla/5.0 (iPhone; CPU iPhone OS 18_1_1 like Mac OS X) AppleWebKit/605.1.15 (KHTML, like Gecko) Version/18.1.1 Mobile/15E148 Safari/604.1"
83.43.9.0 - - [28/Jan/2026:09:26:30 -0500] "POST /cache/7/c/d/b/5/framework.php HTTP/1.1" 200 24 "http://freecams1.com" "Mozilla/5.0 (Windows NT 6.1; WOW64) AppleWebKit/537.36 (KHTML, like Gecko) Chrome/66.0.2878.131 Safari/537.36"
81.196.240.179 - - [28/Jan/2026:09:26:51 -0500] "GET /templates/default_tube2019/fonts/fontawesome_5.7.1/fa-regular-400.woff2 HTTP/1.1" 200 13608 "https://freecams1.com/pornstars/evazane-299.html" "Mozilla/5.0 (iPhone; CPU iPhone OS 18_1_1 like Mac OS X) AppleWebKit/605.1.15 (KHTML, like Gecko) Version/18.1.1 Mobile/15E148 Safari/604.1"
81.196.240.179 - - [28/Jan/2026:09:26:52 -0500] "GET /templates/default_tube2019/images/plus-solid.svg HTTP/1.1" 200 449 "https://freecams1.com/pornstars/evazane-299.html" "Mozilla/5.0 (iPhone; CPU iPhone OS 18_1_1 like Mac OS X) AppleWebKit/605.1.15 (KHTML, like Gecko) Version/18.1.1 Mobile/15E148 Safari/604.1"
81.196.240.179 - - [28/Jan/2026:09:26:52 -0500] "GET /templates/default_tube2019/images/minus-solid.svg HTTP/1.1" 200 328 "https://freecams1.com/pornstars/evazane-299.html" "Mozilla/5.0 (iPhone; CPU iPhone OS 18_1_1 like Mac OS X) AppleWebKit/605.1.15 (KHTML, like Gecko) Version/18.1.1 Mobile/15E148 Safari/604.1"
92.180.98.113 - - [28/Jan/2026:09:26:27 -0500] "POST /cache/7/c/d/b/5/framework.php HTTP/1.1" 200 24 "http://freecams1.com" "Mozilla/5.0 (Windows NT 6.1; WOW64) AppleWebKit/537.36 (KHTML, like Gecko) Chrome/65.0.2733.103 Safari/537.36"
217.113.194.143 - - [28/Jan/2026:09:26:59 -0500] "GET /search/cam4free-/page1.html HTTP/1.1" 200 52384 "-" "Mozilla/5.0 (compatible; Barkrowler/0.9; +https://babbar.tech/crawler)"
88.5.63.250 - - [28/Jan/2026:09:26:36 -0500] "POST /cache/7/c/d/b/5/framework.php HTTP/1.1" 200 24 "http://freecams1.com" "Mozilla/5.0 (Windows NT 6.3) AppleWebKit/537.36 (KHTML, like Gecko) Chrome/64.0.3304.50 Safari/537.36"
81.196.240.179 - - [28/Jan/2026:09:27:02 -0500] "GET /video/evazane-swallows-huge-dildo-702.html HTTP/1.1" 200 55200 "https://freecams1.com/pornstars/evazane-299.html" "Mozilla/5.0 (iPhone; CPU iPhone OS 18_1_1 like Mac OS X) AppleWebKit/605.1.15 (KHTML, like Gecko) Version/18.1.1 Mobile/15E148 Safari/604.1"
81.196.240.179 - - [28/Jan/2026:09:27:03 -0500] "GET /media/videos/1/0/6/5/9/106598662246ff5.mp4 HTTP/1.1" 206 2 "https://freecams1.com/video/evazane-swallows-huge-dildo-702.html" "Mozilla/5.0 (iPhone; CPU iPhone OS 18_1_1 like Mac OS X) AppleWebKit/605.1.15 (KHTML, like Gecko) Version/18.1.1 Mobile/15E148 Safari/604.1"
81.196.240.179 - - [28/Jan/2026:09:27:03 -0500] "GET /templates/default_tube2019/images/minus-solid.svg HTTP/1.1" 200 328 "https://freecams1.com/video/evazane-swallows-huge-dildo-702.html" "Mozilla/5.0 (iPhone; CPU iPhone OS 18_1_1 like Mac OS X) AppleWebKit/605.1.15 (KHTML, like Gecko) Version/18.1.1 Mobile/15E148 Safari/604.1"
81.196.240.179 - - [28/Jan/2026:09:27:03 -0500] "GET /templates/default_tube2019/images/plus-solid.svg HTTP/1.1" 200 449 "https://freecams1.com/video/evazane-swallows-huge-dildo-702.html" "Mozilla/5.0 (iPhone; CPU iPhone OS 18_1_1 like Mac OS X) AppleWebKit/605.1.15 (KHTML, like Gecko) Version/18.1.1 Mobile/15E148 Safari/604.1"
81.196.240.179 - - [28/Jan/2026:09:27:04 -0500] "GET /includes/fluidplayer/images/fluid_icons.svg HTTP/1.1" 200 18488 "https://freecams1.com/video/evazane-swallows-huge-dildo-702.html" "Mozilla/5.0 (iPhone; CPU iPhone OS 18_1_1 like Mac OS X) AppleWebKit/605.1.15 (KHTML, like Gecko) Version/18.1.1 Mobile/15E148 Safari/604.1"
81.196.240.179 - - [28/Jan/2026:09:27:04 -0500] "GET /templates/default_tube2019/images/plus-solid.svg HTTP/1.1" 200 449 "https://freecams1.com/video/evazane-swallows-huge-dildo-702.html" "Mozilla/5.0 (iPhone; CPU iPhone OS 18_1_1 like Mac OS X) AppleWebKit/605.1.15 (KHTML, like Gecko) Version/18.1.1 Mobile/15E148 Safari/604.1"
81.196.240.179 - - [28/Jan/2026:09:27:04 -0500] "GET /templates/default_tube2019/template.ajax_comments.php?id=702&type=0&loaded=0&time=1769610423373 HTTP/1.1" 200 133 "https://freecams1.com/video/evazane-swallows-huge-dildo-702.html" "Mozilla/5.0 (iPhone; CPU iPhone OS 18_1_1 like Mac OS X) AppleWebKit/605.1.15 (KHTML, like Gecko) Version/18.1.1 Mobile/15E148 Safari/604.1"
81.196.240.179 - - [28/Jan/2026:09:27:04 -0500] "GET /templates/default_tube2019/images/minus-solid.svg HTTP/1.1" 200 328 "https://freecams1.com/video/evazane-swallows-huge-dildo-702.html" "Mozilla/5.0 (iPhone; CPU iPhone OS 18_1_1 like Mac OS X) AppleWebKit/605.1.15 (KHTML, like Gecko) Version/18.1.1 Mobile/15E148 Safari/604.1"
81.196.240.179 - - [28/Jan/2026:09:27:04 -0500] "GET /webvtt/702.vtt HTTP/1.1" 200 12656 "https://freecams1.com/video/evazane-swallows-huge-dildo-702.html" "Mozilla/5.0 (iPhone; CPU iPhone OS 18_1_1 like Mac OS X) AppleWebKit/605.1.15 (KHTML, like Gecko) Version/18.1.1 Mobile/15E148 Safari/604.1"
81.196.240.179 - - [28/Jan/2026:09:27:04 -0500] "GET /includes/fluidplayer/images/fluid_spinner.svg HTTP/1.1" 200 524 "https://freecams1.com/video/evazane-swallows-huge-dildo-702.html" "Mozilla/5.0 (iPhone; CPU iPhone OS 18_1_1 like Mac OS X) AppleWebKit/605.1.15 (KHTML, like Gecko) Version/18.1.1 Mobile/15E148 Safari/604.1"
81.196.240.179 - - [28/Jan/2026:09:27:04 -0500] "GET /media/videos/1/0/6/5/9/106598662246ff5.mp4 HTTP/1.1" 206 568241 "https://freecams1.com/video/evazane-swallows-huge-dildo-702.html" "Mozilla/5.0 (iPhone; CPU iPhone OS 18_1_1 like Mac OS X) AppleWebKit/605.1.15 (KHTML, like Gecko) Version/18.1.1 Mobile/15E148 Safari/604.1"
81.196.240.179 - - [28/Jan/2026:09:27:04 -0500] "GET /media/videos/1/0/6/5/9/106598662246ff5.mp4 HTTP/1.1" 206 251046833 "https://freecams1.com/video/evazane-swallows-huge-dildo-702.html" "Mozilla/5.0 (iPhone; CPU iPhone OS 18_1_1 like Mac OS X) AppleWebKit/605.1.15 (KHTML, like Gecko) Version/18.1.1 Mobile/15E148 Safari/604.1"
217.113.194.142 - - [28/Jan/2026:09:27:04 -0500] "GET /search/babe-porn/newest/page4.html HTTP/1.1" 200 53242 "-" "Mozilla/5.0 (compatible; Barkrowler/0.9; +https://babbar.tech/crawler)"
81.196.240.179 - - [28/Jan/2026:09:27:05 -0500] "GET /media/videos/1/0/6/5/9/106598662246ff5.mp4 HTTP/1.1" 206 437169 "https://freecams1.com/video/evazane-swallows-huge-dildo-702.html" "Mozilla/5.0 (iPhone; CPU iPhone OS 18_1_1 like Mac OS X) AppleWebKit/605.1.15 (KHTML, like Gecko) Version/18.1.1 Mobile/15E148 Safari/604.1"
81.196.240.179 - - [28/Jan/2026:09:27:05 -0500] "GET /media/videos/1/0/6/5/9/106598662246ff5.mp4 HTTP/1.1" 206 43953 "https://freecams1.com/video/evazane-swallows-huge-dildo-702.html" "Mozilla/5.0 (iPhone; CPU iPhone OS 18_1_1 like Mac OS X) AppleWebKit/605.1.15 (KHTML, like Gecko) Version/18.1.1 Mobile/15E148 Safari/604.1"
92.208.186.42 - - [28/Jan/2026:09:26:44 -0500] "POST /cache/7/c/d/b/5/framework.php HTTP/1.1" 200 24 "http://freecams1.com" "Mozilla/5.0 (Windows NT 10.0) AppleWebKit/537.36 (KHTML, like Gecko) Chrome/65.0.2516.24 Safari/537.36"
217.113.194.147 - - [28/Jan/2026:09:27:14 -0500] "GET /search/creamed-body/page3.html HTTP/1.1" 200 52072 "-" "Mozilla/5.0 (compatible; Barkrowler/0.9; +https://babbar.tech/crawler)"
85.246.7.25 - - [28/Jan/2026:09:26:52 -0500] "POST /cache/7/c/d/b/5/framework.php HTTP/1.1" 200 24 "http://freecams1.com" "Mozilla/5.0 (Windows NT 6.1; WOW64) AppleWebKit/537.36 (KHTML, like Gecko) Chrome/65.0.3272.30 Safari/537.36"
217.113.196.148 - - [28/Jan/2026:09:27:15 -0500] "GET /search/live-orgasm/views/page3.html HTTP/1.1" 200 52990 "-" "Mozilla/5.0 (compatible; IbouBot/1.0; +bot@ibou.io; +https://ibou.io/iboubot.html)"
81.196.240.179 - - [28/Jan/2026:09:27:16 -0500] "GET /media/videos/1/0/6/5/9/106598662246ff5.mp4 HTTP/1.1" 206 503023 "https://freecams1.com/video/evazane-swallows-huge-dildo-702.html" "Mozilla/5.0 (iPhone; CPU iPhone OS 18_1_1 like Mac OS X) AppleWebKit/605.1.15 (KHTML, like Gecko) Version/18.1.1 Mobile/15E148 Safari/604.1"
151.251.152.114 - - [28/Jan/2026:09:26:46 -0500] "POST /cache/7/c/d/b/5/framework.php HTTP/1.1" 200 24 "http://freecams1.com" "Mozilla/5.0 (Windows NT 10.0; Win64; x64) AppleWebKit/537.36 (KHTML, like Gecko) Chrome/68.0.3077.55 Safari/537.36"
217.113.194.253 - - [28/Jan/2026:09:27:20 -0500] "GET /search/babe-porn/newest/page11.html HTTP/1.1" 200 50861 "-" "Mozilla/5.0 (compatible; Barkrowler/0.9; +https://babbar.tech/crawler)"
81.196.240.179 - - [28/Jan/2026:09:27:23 -0500] "GET /media/videos/1/0/6/5/9/106598662246ff5.mp4 HTTP/1.1" 206 28205 "https://freecams1.com/video/evazane-swallows-huge-dildo-702.html" "Mozilla/5.0 (iPhone; CPU iPhone OS 18_1_1 like Mac OS X) AppleWebKit/605.1.15 (KHTML, like Gecko) Version/18.1.1 Mobile/15E148 Safari/604.1"
81.196.240.179 - - [28/Jan/2026:09:27:24 -0500] "GET /pornstars/evazane-299.html HTTP/1.1" 200 30056 "https://www.google.com/" "Mozilla/5.0 (iPhone; CPU iPhone OS 18_1_1 like Mac OS X) AppleWebKit/605.1.15 (KHTML, like Gecko) Version/18.1.1 Mobile/15E148 Safari/604.1"
91.126.88.121 - - [28/Jan/2026:09:27:02 -0500] "POST /cache/7/c/d/b/5/framework.php HTTP/1.1" 200 24 "http://freecams1.com" "Mozilla/5.0 (Windows NT 6.2) AppleWebKit/537.36 (KHTML, like Gecko) Chrome/66.0.2226.80 Safari/537.36"
81.196.240.179 - - [28/Jan/2026:09:27:25 -0500] "GET /video/evazane-swallows-huge-dildo-702.html HTTP/1.1" 200 55200 "https://freecams1.com/pornstars/evazane-299.html" "Mozilla/5.0 (iPhone; CPU iPhone OS 18_1_1 like Mac OS X) AppleWebKit/605.1.15 (KHTML, like Gecko) Version/18.1.1 Mobile/15E148 Safari/604.1"
81.196.240.179 - - [28/Jan/2026:09:27:25 -0500] "GET /templates/default_tube2019/images/plus-solid.svg HTTP/1.1" 200 449 "https://freecams1.com/video/evazane-swallows-huge-dildo-702.html" "Mozilla/5.0 (iPhone; CPU iPhone OS 18_1_1 like Mac OS X) AppleWebKit/605.1.15 (KHTML, like Gecko) Version/18.1.1 Mobile/15E148 Safari/604.1"
81.196.240.179 - - [28/Jan/2026:09:27:25 -0500] "GET /media/videos/1/0/6/5/9/106598662246ff5.mp4 HTTP/1.1" 206 2 "https://freecams1.com/video/evazane-swallows-huge-dildo-702.html" "Mozilla/5.0 (iPhone; CPU iPhone OS 18_1_1 like Mac OS X) AppleWebKit/605.1.15 (KHTML, like Gecko) Version/18.1.1 Mobile/15E148 Safari/604.1"
81.196.240.179 - - [28/Jan/2026:09:27:25 -0500] "GET /templates/default_tube2019/images/minus-solid.svg HTTP/1.1" 200 328 "https://freecams1.com/video/evazane-swallows-huge-dildo-702.html" "Mozilla/5.0 (iPhone; CPU iPhone OS 18_1_1 like Mac OS X) AppleWebKit/605.1.15 (KHTML, like Gecko) Version/18.1.1 Mobile/15E148 Safari/604.1"
81.196.240.179 - - [28/Jan/2026:09:27:25 -0500] "GET /templates/default_tube2019/images/minus-solid.svg HTTP/1.1" 200 328 "https://freecams1.com/video/evazane-swallows-huge-dildo-702.html" "Mozilla/5.0 (iPhone; CPU iPhone OS 18_1_1 like Mac OS X) AppleWebKit/605.1.15 (KHTML, like Gecko) Version/18.1.1 Mobile/15E148 Safari/604.1"
81.196.240.179 - - [28/Jan/2026:09:27:25 -0500] "GET /templates/default_tube2019/images/plus-solid.svg HTTP/1.1" 200 449 "https://freecams1.com/video/evazane-swallows-huge-dildo-702.html" "Mozilla/5.0 (iPhone; CPU iPhone OS 18_1_1 like Mac OS X) AppleWebKit/605.1.15 (KHTML, like Gecko) Version/18.1.1 Mobile/15E148 Safari/604.1"
81.196.240.179 - - [28/Jan/2026:09:27:26 -0500] "GET /templates/default_tube2019/template.ajax_comments.php?id=702&type=0&loaded=0&time=1769610445405 HTTP/1.1" 200 133 "https://freecams1.com/video/evazane-swallows-huge-dildo-702.html" "Mozilla/5.0 (iPhone; CPU iPhone OS 18_1_1 like Mac OS X) AppleWebKit/605.1.15 (KHTML, like Gecko) Version/18.1.1 Mobile/15E148 Safari/604.1"
81.196.240.179 - - [28/Jan/2026:09:27:26 -0500] "GET /webvtt/702.vtt HTTP/1.1" 200 12656 "https://freecams1.com/video/evazane-swallows-huge-dildo-702.html" "Mozilla/5.0 (iPhone; CPU iPhone OS 18_1_1 like Mac OS X) AppleWebKit/605.1.15 (KHTML, like Gecko) Version/18.1.1 Mobile/15E148 Safari/604.1"
81.196.240.179 - - [28/Jan/2026:09:27:25 -0500] "GET /media/videos/1/0/6/5/9/106598662246ff5.mp4 HTTP/1.1" 206 251046833 "https://freecams1.com/video/evazane-swallows-huge-dildo-702.html" "Mozilla/5.0 (iPhone; CPU iPhone OS 18_1_1 like Mac OS X) AppleWebKit/605.1.15 (KHTML, like Gecko) Version/18.1.1 Mobile/15E148 Safari/604.1"
81.196.240.179 - - [28/Jan/2026:09:27:26 -0500] "GET /media/videos/1/0/6/5/9/106598662246ff5.mp4 HTTP/1.1" 206 568241 "https://freecams1.com/video/evazane-swallows-huge-dildo-702.html" "Mozilla/5.0 (iPhone; CPU iPhone OS 18_1_1 like Mac OS X) AppleWebKit/605.1.15 (KHTML, like Gecko) Version/18.1.1 Mobile/15E148 Safari/604.1"
81.196.240.179 - - [28/Jan/2026:09:27:26 -0500] "GET /media/videos/1/0/6/5/9/106598662246ff5.mp4 HTTP/1.1" 206 437169 "https://freecams1.com/video/evazane-swallows-huge-dildo-702.html" "Mozilla/5.0 (iPhone; CPU iPhone OS 18_1_1 like Mac OS X) AppleWebKit/605.1.15 (KHTML, like Gecko) Version/18.1.1 Mobile/15E148 Safari/604.1"
217.113.194.146 - - [28/Jan/2026:09:27:30 -0500] "GET /search/creamed-body/page2.html HTTP/1.1" 200 52549 "-" "Mozilla/5.0 (compatible; Barkrowler/0.9; +https://babbar.tech/crawler)"
114.119.141.2 - - [28/Jan/2026:09:27:32 -0500] "GET /galleries/vanessa-stone-14.html?image=9%2BVanessa_Stone&title=Vanessa_Stone%2BVanessa_Stone%2BVanessa_Stone%2BVanessa_Stone%2BVanessa_Stone%2BVanessa_Stone%2BVanessa_Stone%2BVanessa_Stone%2BVanessa_Stone%2BVanessa_Stone%2BVanessa_Stone%2BVanessa_Stone%2BVanessa_Stone%2BVanessa_Stone%2BVanessa_Stone%2BVanessa_Stone%2BVanessa_Stone%2BVanessa_Stone%2BVanessa_Stone%2BVanessa_Stone%2BVanessa_Stone%2BVanessa_Stone%2BVanessa_Stone%2BVanessa_Stone%2BVanessa_Stone%2BVanessa_Stone%2BVanessa_Stone%2BVanessa_Stone%2BVanessa_Stone%2BVanessa_Stone%2BVanessa_Stone%2BVanessa_Stone%2BVanessa_Stone%2BVanessa_Stone%2BVanessa_Stone%2BVanessa_Stone%2BVanessa_Stone%2BVanessa_Stone%2BVanessa_Stone%2BVanessa_Stone%2BVanessa_Stone%2BVanessa_Stone%2BVanessa_Stone%2BVanessa_Stone%2BVanessa_Stone%2BVanessa_Stone%2BVanessa_Stone%2BVanessa_Stone%2BVanessa_Stone%2BVanessa_Stone%2BVanessa_Stone%2BVanessa_Stone%2BVanessa_Stone%2BVanessa_Stone%2BVanessa_Stone%2BVanessa_Stone%2BVanessa_Stone%2BVanessa_Stone%2BVanessa_Stone%2BVanessa_Stone%2BVanessa_Stone%2BVanessa_Stone%2BVanessa_Stone%2BVanessa_Stone%2BVanessa_Stone%2BVanessa_Stone%2BVanessa_Stone%2BVanessa_Stone%2BVanessa_Stone%2BVanessa_Stone%2BVanessa_Stone%2BVanessa_Stone%2BVanessa_Stone HTTP/1.1" 200 45332 "https://freecams1.com/galleries/vanessa-stone-14.html?image=9%2BVanessa_Stone&title=Vanessa_Stone%2BVanessa_Stone%2BVanessa_Stone%2BVanessa_Stone%2BVanessa_Stone%2BVanessa_Stone%2BVanessa_Stone%2BVanessa_Stone%2BVanessa_Stone%2BVanessa_Stone%2BVanessa_Stone%2BVanessa_Stone%2BVanessa_Stone%2BVanessa_Stone%2BVanessa_Stone%2BVanessa_Stone%2BVanessa_Stone%2BVanessa_Stone%2BVanessa_Stone%2BVanessa_Stone%2BVanessa_Stone%2BVanessa_Stone%2BVanessa_Stone%2BVanessa_Stone%2BVanessa_Stone%2BVanessa_Stone%2BVanessa_Stone%2BVanessa_Stone%2BVanessa_Stone%2BVanessa_Stone%2BVanessa_Stone%2BVanessa_Stone%2BVanessa_Stone%2BVanessa_Stone%2BVanessa_Stone%2BVanessa_Stone%2BVanessa_Stone%2BVanessa_Stone%2BVanessa_Stone%2BVanessa_Stone%2BVanessa_Stone%2BVanessa_Stone%2BVanessa_Stone%2BVanessa_Stone%2BVanessa_Stone%2BVanessa_Stone%2BVanessa_Stone%2BVanessa_Stone%2BVanessa_Stone%2BVanessa_Stone%2BVanessa_Stone%2BVanessa_Stone%2BVanessa_Stone%2BVanessa_Stone%2BVanessa_Stone%2BVanessa_Stone%2BVanessa_Stone%2BVanessa_Stone%2BVanessa_Stone%2BVanessa_Stone%2BVanessa_Stone%2BVanessa_Stone%2BVanessa_Stone%2BVanessa_Stone%2BVanessa_Stone%2BVanessa_Stone%2BVanessa_Stone%2BVanessa_Stone%2BVanessa_Stone%2BVanessa_Stone%2BVanessa_Stone%2BVanessa_Stone%2BVanessa_Stone" "Mozilla/5.0 (Linux; Android 7.0;) AppleWebKit/537.36 (KHTML, like Gecko) Mobile Safari/537.36 (compatible; PetalBot;+https://webmaster.petalsearch.com/site/petalbot)"
151.231.238.138 - - [28/Jan/2026:09:27:13 -0500] "POST /cache/7/c/d/b/5/framework.php HTTP/1.1" 200 24 "http://freecams1.com" "Mozilla/5.0 (Windows NT 6.1; Win64; x64; rv:63.0) Gecko/20100101 Firefox/63.0"
154.54.249.207 - - [28/Jan/2026:09:27:35 -0500] "GET /search/babe-porn/views/page4.html HTTP/1.1" 200 52904 "-" "Mozilla/5.0 (compatible; Barkrowler/0.9; +https://babbar.tech/crawler)"
82.77.95.180 - - [28/Jan/2026:09:27:37 -0500] "GET /media/videos/1/0/6/5/9/106598662246ff5.mp4 HTTP/1.1" 206 519407 "https://freecams1.com/video/evazane-swallows-huge-dildo-702.html" "Mozilla/5.0 (iPhone; CPU iPhone OS 18_1_1 like Mac OS X) AppleWebKit/605.1.15 (KHTML, like Gecko) Version/18.1.1 Mobile/15E148 Safari/604.1"
82.77.95.180 - - [28/Jan/2026:09:27:39 -0500] "GET /pornstars/evazane-299.html HTTP/1.1" 200 30056 "https://www.google.com/" "Mozilla/5.0 (iPhone; CPU iPhone OS 18_1_1 like Mac OS X) AppleWebKit/605.1.15 (KHTML, like Gecko) Version/18.1.1 Mobile/15E148 Safari/604.1"
82.77.95.180 - - [28/Jan/2026:09:27:40 -0500] "GET /templates/default_tube2019/images/minus-solid.svg HTTP/1.1" 200 328 "https://freecams1.com/pornstars/evazane-299.html" "Mozilla/5.0 (iPhone; CPU iPhone OS 18_1_1 like Mac OS X) AppleWebKit/605.1.15 (KHTML, like Gecko) Version/18.1.1 Mobile/15E148 Safari/604.1"
82.77.95.180 - - [28/Jan/2026:09:27:40 -0500] "GET /templates/default_tube2019/template.ajax_comments.php?id=299&type=1&loaded=0&time=1769610459386 HTTP/1.1" 200 133 "https://freecams1.com/pornstars/evazane-299.html" "Mozilla/5.0 (iPhone; CPU iPhone OS 18_1_1 like Mac OS X) AppleWebKit/605.1.15 (KHTML, like Gecko) Version/18.1.1 Mobile/15E148 Safari/604.1"
82.77.95.180 - - [28/Jan/2026:09:27:40 -0500] "GET /templates/default_tube2019/images/plus-solid.svg HTTP/1.1" 200 449 "https://freecams1.com/pornstars/evazane-299.html" "Mozilla/5.0 (iPhone; CPU iPhone OS 18_1_1 like Mac OS X) AppleWebKit/605.1.15 (KHTML, like Gecko) Version/18.1.1 Mobile/15E148 Safari/604.1"
82.77.95.180 - - [28/Jan/2026:09:27:40 -0500] "GET /templates/default_tube2019/images/minus-solid.svg HTTP/1.1" 200 328 "https://freecams1.com/pornstars/evazane-299.html" "Mozilla/5.0 (iPhone; CPU iPhone OS 18_1_1 like Mac OS X) AppleWebKit/605.1.15 (KHTML, like Gecko) Version/18.1.1 Mobile/15E148 Safari/604.1"
79.145.13.51 - - [28/Jan/2026:09:27:10 -0500] "POST /cache/7/c/d/b/5/framework.php HTTP/1.1" 200 24 "http://freecams1.com" "Mozilla/5.0 (Windows NT 6.1; WOW64) AppleWebKit/537.36 (KHTML, like Gecko) Chrome/67.0.3005.94 Safari/537.36"
88.22.85.5 - - [28/Jan/2026:09:27:20 -0500] "POST /cache/7/c/d/b/5/framework.php HTTP/1.1" 200 24 "http://freecams1.com" "Mozilla/5.0 (Windows NT 6.1; Win64; x64) AppleWebKit/537.36 (KHTML, like Gecko) Chrome/65.0.2224.4 Safari/537.36"
82.77.95.180 - - [28/Jan/2026:09:27:42 -0500] "GET /video/evazane-swallows-huge-dildo-702.html HTTP/1.1" 200 55200 "https://freecams1.com/pornstars/evazane-299.html" "Mozilla/5.0 (iPhone; CPU iPhone OS 18_1_1 like Mac OS X) AppleWebKit/605.1.15 (KHTML, like Gecko) Version/18.1.1 Mobile/15E148 Safari/604.1"
82.77.95.180 - - [28/Jan/2026:09:27:43 -0500] "GET /templates/default_tube2019/images/plus-solid.svg HTTP/1.1" 200 449 "https://freecams1.com/video/evazane-swallows-huge-dildo-702.html" "Mozilla/5.0 (iPhone; CPU iPhone OS 18_1_1 like Mac OS X) AppleWebKit/605.1.15 (KHTML, like Gecko) Version/18.1.1 Mobile/15E148 Safari/604.1"
82.77.95.180 - - [28/Jan/2026:09:27:43 -0500] "GET /templates/default_tube2019/images/minus-solid.svg HTTP/1.1" 200 328 "https://freecams1.com/video/evazane-swallows-huge-dildo-702.html" "Mozilla/5.0 (iPhone; CPU iPhone OS 18_1_1 like Mac OS X) AppleWebKit/605.1.15 (KHTML, like Gecko) Version/18.1.1 Mobile/15E148 Safari/604.1"
82.77.95.180 - - [28/Jan/2026:09:27:43 -0500] "GET /media/videos/1/0/6/5/9/106598662246ff5.mp4 HTTP/1.1" 206 2 "https://freecams1.com/video/evazane-swallows-huge-dildo-702.html" "Mozilla/5.0 (iPhone; CPU iPhone OS 18_1_1 like Mac OS X) AppleWebKit/605.1.15 (KHTML, like Gecko) Version/18.1.1 Mobile/15E148 Safari/604.1"
82.77.95.180 - - [28/Jan/2026:09:27:43 -0500] "GET /templates/default_tube2019/template.ajax_comments.php?id=702&type=0&loaded=0&time=1769610463126 HTTP/1.1" 200 133 "https://freecams1.com/video/evazane-swallows-huge-dildo-702.html" "Mozilla/5.0 (iPhone; CPU iPhone OS 18_1_1 like Mac OS X) AppleWebKit/605.1.15 (KHTML, like Gecko) Version/18.1.1 Mobile/15E148 Safari/604.1"
82.77.95.180 - - [28/Jan/2026:09:27:43 -0500] "GET /templates/default_tube2019/images/plus-solid.svg HTTP/1.1" 200 449 "https://freecams1.com/video/evazane-swallows-huge-dildo-702.html" "Mozilla/5.0 (iPhone; CPU iPhone OS 18_1_1 like Mac OS X) AppleWebKit/605.1.15 (KHTML, like Gecko) Version/18.1.1 Mobile/15E148 Safari/604.1"
82.77.95.180 - - [28/Jan/2026:09:27:43 -0500] "GET /templates/default_tube2019/images/minus-solid.svg HTTP/1.1" 200 328 "https://freecams1.com/video/evazane-swallows-huge-dildo-702.html" "Mozilla/5.0 (iPhone; CPU iPhone OS 18_1_1 like Mac OS X) AppleWebKit/605.1.15 (KHTML, like Gecko) Version/18.1.1 Mobile/15E148 Safari/604.1"
82.77.95.180 - - [28/Jan/2026:09:27:43 -0500] "GET /webvtt/702.vtt HTTP/1.1" 200 12656 "https://freecams1.com/video/evazane-swallows-huge-dildo-702.html" "Mozilla/5.0 (iPhone; CPU iPhone OS 18_1_1 like Mac OS X) AppleWebKit/605.1.15 (KHTML, like Gecko) Version/18.1.1 Mobile/15E148 Safari/604.1"
82.77.95.180 - - [28/Jan/2026:09:27:43 -0500] "GET /media/videos/1/0/6/5/9/106598662246ff5.mp4 HTTP/1.1" 206 251046833 "https://freecams1.com/video/evazane-swallows-huge-dildo-702.html" "Mozilla/5.0 (iPhone; CPU iPhone OS 18_1_1 like Mac OS X) AppleWebKit/605.1.15 (KHTML, like Gecko) Version/18.1.1 Mobile/15E148 Safari/604.1"
82.77.95.180 - - [28/Jan/2026:09:27:44 -0500] "GET /media/videos/1/0/6/5/9/106598662246ff5.mp4 HTTP/1.1" 206 568241 "https://freecams1.com/video/evazane-swallows-huge-dildo-702.html" "Mozilla/5.0 (iPhone; CPU iPhone OS 18_1_1 like Mac OS X) AppleWebKit/605.1.15 (KHTML, like Gecko) Version/18.1.1 Mobile/15E148 Safari/604.1"
82.77.95.180 - - [28/Jan/2026:09:27:45 -0500] "GET /media/videos/1/0/6/5/9/106598662246ff5.mp4 HTTP/1.1" 206 43953 "https://freecams1.com/video/evazane-swallows-huge-dildo-702.html" "Mozilla/5.0 (iPhone; CPU iPhone OS 18_1_1 like Mac OS X) AppleWebKit/605.1.15 (KHTML, like Gecko) Version/18.1.1 Mobile/15E148 Safari/604.1"
217.113.194.149 - - [28/Jan/2026:09:27:45 -0500] "GET /search/creamed-body/page4.html HTTP/1.1" 200 51461 "-" "Mozilla/5.0 (compatible; Barkrowler/0.9; +https://babbar.tech/crawler)"
82.77.95.180 - - [28/Jan/2026:09:27:45 -0500] "GET /media/videos/1/0/6/5/9/106598662246ff5.mp4 HTTP/1.1" 206 327998 "https://freecams1.com/video/evazane-swallows-huge-dildo-702.html" "Mozilla/5.0 (iPhone; CPU iPhone OS 18_1_1 like Mac OS X) AppleWebKit/605.1.15 (KHTML, like Gecko) Version/18.1.1 Mobile/15E148 Safari/604.1"
82.77.95.180 - - [28/Jan/2026:09:27:46 -0500] "GET /media/videos/1/0/6/5/9/106598662246ff5.mp4 HTTP/1.1" 206 250462521 "https://freecams1.com/video/evazane-swallows-huge-dildo-702.html" "Mozilla/5.0 (iPhone; CPU iPhone OS 18_1_1 like Mac OS X) AppleWebKit/605.1.15 (KHTML, like Gecko) Version/18.1.1 Mobile/15E148 Safari/604.1"
88.172.147.245 - - [28/Jan/2026:09:27:19 -0500] "POST /cache/7/c/d/b/5/framework.php HTTP/1.1" 200 24 "http://freecams1.com" "Mozilla/5.0 (Windows NT 10.0) AppleWebKit/537.36 (KHTML, like Gecko) Chrome/66.0.3113.104 Safari/537.36"
217.113.196.172 - - [28/Jan/2026:09:27:50 -0500] "GET /search/live-orgasm/views/page6.html HTTP/1.1" 200 53168 "-" "Mozilla/5.0 (compatible; IbouBot/1.0; +bot@ibou.io; +https://ibou.io/iboubot.html)"
86.140.197.209 - - [28/Jan/2026:09:27:28 -0500] "POST /cache/7/c/d/b/5/framework.php HTTP/1.1" 200 24 "http://freecams1.com" "Mozilla/5.0 (Windows NT 10.0; WOW64) AppleWebKit/537.36 (KHTML, like Gecko) Chrome/68.0.2622.55 Safari/537.36"
82.77.95.180 - - [28/Jan/2026:09:27:51 -0500] "GET /templates/default_tube2019/fonts/Roboto/Roboto-Bold.ttf HTTP/1.1" 200 170760 "https://freecams1.com/pornstars/evazane-299.html" "Mozilla/5.0 (iPhone; CPU iPhone OS 18_1_1 like Mac OS X) AppleWebKit/605.1.15 (KHTML, like Gecko) Version/18.1.1 Mobile/15E148 Safari/604.1"
154.54.249.207 - - [28/Jan/2026:09:27:51 -0500] "GET /search/babe-porn/views/page2.html HTTP/1.1" 200 53508 "-" "Mozilla/5.0 (compatible; Barkrowler/0.9; +https://babbar.tech/crawler)"
82.77.95.180 - - [28/Jan/2026:09:27:52 -0500] "GET /media/videos/1/0/6/5/9/106598662246ff5.mp4 HTTP/1.1" 206 65536 "https://freecams1.com/video/evazane-swallows-huge-dildo-702.html" "Mozilla/5.0 (iPhone; CPU iPhone OS 18_1_1 like Mac OS X) AppleWebKit/605.1.15 (KHTML, like Gecko) Version/18.1.1 Mobile/15E148 Safari/604.1"
82.77.95.180 - - [28/Jan/2026:09:27:53 -0500] "GET /media/videos/1/0/6/5/9/106598662246ff5.mp4 HTTP/1.1" 206 65536 "https://freecams1.com/video/evazane-swallows-huge-dildo-702.html" "Mozilla/5.0 (iPhone; CPU iPhone OS 18_1_1 like Mac OS X) AppleWebKit/605.1.15 (KHTML, like Gecko) Version/18.1.1 Mobile/15E148 Safari/604.1"
82.77.95.180 - - [28/Jan/2026:09:27:53 -0500] "GET /media/videos/1/0/6/5/9/106598662246ff5.mp4 HTTP/1.1" 206 65536 "https://freecams1.com/video/evazane-swallows-huge-dildo-702.html" "Mozilla/5.0 (iPhone; CPU iPhone OS 18_1_1 like Mac OS X) AppleWebKit/605.1.15 (KHTML, like Gecko) Version/18.1.1 Mobile/15E148 Safari/604.1"
82.77.95.180 - - [28/Jan/2026:09:27:53 -0500] "GET /media/videos/1/0/6/5/9/106598662246ff5.mp4 HTTP/1.1" 206 65536 "https://freecams1.com/video/evazane-swallows-huge-dildo-702.html" "Mozilla/5.0 (iPhone; CPU iPhone OS 18_1_1 like Mac OS X) AppleWebKit/605.1.15 (KHTML, like Gecko) Version/18.1.1 Mobile/15E148 Safari/604.1"
82.77.95.180 - - [28/Jan/2026:09:27:53 -0500] "GET /media/videos/1/0/6/5/9/106598662246ff5.mp4 HTTP/1.1" 206 246415360 "https://freecams1.com/video/evazane-swallows-huge-dildo-702.html" "Mozilla/5.0 (iPhone; CPU iPhone OS 18_1_1 like Mac OS X) AppleWebKit/605.1.15 (KHTML, like Gecko) Version/18.1.1 Mobile/15E148 Safari/604.1"
82.77.95.180 - - [28/Jan/2026:09:27:53 -0500] "GET /media/videos/1/0/6/5/9/106598662246ff5.mp4 HTTP/1.1" 206 65536 "https://freecams1.com/video/evazane-swallows-huge-dildo-702.html" "Mozilla/5.0 (iPhone; CPU iPhone OS 18_1_1 like Mac OS X) AppleWebKit/605.1.15 (KHTML, like Gecko) Version/18.1.1 Mobile/15E148 Safari/604.1"
82.77.95.180 - - [28/Jan/2026:09:27:54 -0500] "GET /media/videos/1/0/6/5/9/106598662246ff5.mp4 HTTP/1.1" 206 65536 "https://freecams1.com/video/evazane-swallows-huge-dildo-702.html" "Mozilla/5.0 (iPhone; CPU iPhone OS 18_1_1 like Mac OS X) AppleWebKit/605.1.15 (KHTML, like Gecko) Version/18.1.1 Mobile/15E148 Safari/604.1"
82.77.95.180 - - [28/Jan/2026:09:27:54 -0500] "GET /media/videos/1/0/6/5/9/106598662246ff5.mp4 HTTP/1.1" 206 65536 "https://freecams1.com/video/evazane-swallows-huge-dildo-702.html" "Mozilla/5.0 (iPhone; CPU iPhone OS 18_1_1 like Mac OS X) AppleWebKit/605.1.15 (KHTML, like Gecko) Version/18.1.1 Mobile/15E148 Safari/604.1"
82.77.95.180 - - [28/Jan/2026:09:27:54 -0500] "GET /media/videos/1/0/6/5/9/106598662246ff5.mp4 HTTP/1.1" 206 65536 "https://freecams1.com/video/evazane-swallows-huge-dildo-702.html" "Mozilla/5.0 (iPhone; CPU iPhone OS 18_1_1 like Mac OS X) AppleWebKit/605.1.15 (KHTML, like Gecko) Version/18.1.1 Mobile/15E148 Safari/604.1"
82.77.95.180 - - [28/Jan/2026:09:27:54 -0500] "GET /media/videos/1/0/6/5/9/106598662246ff5.mp4 HTTP/1.1" 206 3900022 "https://freecams1.com/video/evazane-swallows-huge-dildo-702.html" "Mozilla/5.0 (iPhone; CPU iPhone OS 18_1_1 like Mac OS X) AppleWebKit/605.1.15 (KHTML, like Gecko) Version/18.1.1 Mobile/15E148 Safari/604.1"
82.77.95.180 - - [28/Jan/2026:09:27:54 -0500] "GET /media/videos/1/0/6/5/9/106598662246ff5.mp4 HTTP/1.1" 206 65536 "https://freecams1.com/video/evazane-swallows-huge-dildo-702.html" "Mozilla/5.0 (iPhone; CPU iPhone OS 18_1_1 like Mac OS X) AppleWebKit/605.1.15 (KHTML, like Gecko) Version/18.1.1 Mobile/15E148 Safari/604.1"
82.77.95.180 - - [28/Jan/2026:09:27:55 -0500] "GET /media/videos/1/0/6/5/9/106598662246ff5.mp4 HTTP/1.1" 206 65536 "https://freecams1.com/video/evazane-swallows-huge-dildo-702.html" "Mozilla/5.0 (iPhone; CPU iPhone OS 18_1_1 like Mac OS X) AppleWebKit/605.1.15 (KHTML, like Gecko) Version/18.1.1 Mobile/15E148 Safari/604.1"
82.77.95.180 - - [28/Jan/2026:09:27:55 -0500] "GET /media/videos/1/0/6/5/9/106598662246ff5.mp4 HTTP/1.1" 206 33087 "https://freecams1.com/video/evazane-swallows-huge-dildo-702.html" "Mozilla/5.0 (iPhone; CPU iPhone OS 18_1_1 like Mac OS X) AppleWebKit/605.1.15 (KHTML, like Gecko) Version/18.1.1 Mobile/15E148 Safari/604.1"
82.77.95.180 - - [28/Jan/2026:09:27:55 -0500] "GET /media/videos/1/0/6/5/9/106598662246ff5.mp4 HTTP/1.1" 206 65536 "https://freecams1.com/video/evazane-swallows-huge-dildo-702.html" "Mozilla/5.0 (iPhone; CPU iPhone OS 18_1_1 like Mac OS X) AppleWebKit/605.1.15 (KHTML, like Gecko) Version/18.1.1 Mobile/15E148 Safari/604.1"
188.230.135.237 - - [28/Jan/2026:09:27:25 -0500] "POST /cache/7/c/d/b/5/framework.php HTTP/1.1" 200 24 "http://freecams1.com" "Mozilla/5.0 (Windows NT 10.0; WOW64) AppleWebKit/537.36 (KHTML, like Gecko) Chrome/66.0.3261.154 Safari/537.36"
82.77.95.180 - - [28/Jan/2026:09:27:55 -0500] "GET /media/videos/1/0/6/5/9/106598662246ff5.mp4 HTTP/1.1" 206 65536 "https://freecams1.com/video/evazane-swallows-huge-dildo-702.html" "Mozilla/5.0 (iPhone; CPU iPhone OS 18_1_1 like Mac OS X) AppleWebKit/605.1.15 (KHTML, like Gecko) Version/18.1.1 Mobile/15E148 Safari/604.1"
82.77.95.180 - - [28/Jan/2026:09:27:56 -0500] "GET /media/videos/1/0/6/5/9/106598662246ff5.mp4 HTTP/1.1" 206 65536 "https://freecams1.com/video/evazane-swallows-huge-dildo-702.html" "Mozilla/5.0 (iPhone; CPU iPhone OS 18_1_1 like Mac OS X) AppleWebKit/605.1.15 (KHTML, like Gecko) Version/18.1.1 Mobile/15E148 Safari/604.1"
82.77.95.180 - - [28/Jan/2026:09:27:56 -0500] "GET /media/videos/1/0/6/5/9/106598662246ff5.mp4 HTTP/1.1" 206 242810880 "https://freecams1.com/video/evazane-swallows-huge-dildo-702.html" "Mozilla/5.0 (iPhone; CPU iPhone OS 18_1_1 like Mac OS X) AppleWebKit/605.1.15 (KHTML, like Gecko) Version/18.1.1 Mobile/15E148 Safari/604.1"
82.77.95.180 - - [28/Jan/2026:09:27:57 -0500] "GET /media/videos/1/0/6/5/9/106598662246ff5.mp4 HTTP/1.1" 206 945 "https://freecams1.com/video/evazane-swallows-huge-dildo-702.html" "Mozilla/5.0 (iPhone; CPU iPhone OS 18_1_1 like Mac OS X) AppleWebKit/605.1.15 (KHTML, like Gecko) Version/18.1.1 Mobile/15E148 Safari/604.1"
82.77.95.180 - - [28/Jan/2026:09:27:57 -0500] "GET /media/videos/1/0/6/5/9/106598662246ff5.mp4 HTTP/1.1" 206 65536 "https://freecams1.com/video/evazane-swallows-huge-dildo-702.html" "Mozilla/5.0 (iPhone; CPU iPhone OS 18_1_1 like Mac OS X) AppleWebKit/605.1.15 (KHTML, like Gecko) Version/18.1.1 Mobile/15E148 Safari/604.1"
82.77.95.180 - - [28/Jan/2026:09:27:57 -0500] "GET /media/videos/1/0/6/5/9/106598662246ff5.mp4 HTTP/1.1" 206 235470848 "https://freecams1.com/video/evazane-swallows-huge-dildo-702.html" "Mozilla/5.0 (iPhone; CPU iPhone OS 18_1_1 like Mac OS X) AppleWebKit/605.1.15 (KHTML, like Gecko) Version/18.1.1 Mobile/15E148 Safari/604.1"
82.77.95.180 - - [28/Jan/2026:09:27:58 -0500] "GET /media/videos/1/0/6/5/9/106598662246ff5.mp4 HTTP/1.1" 206 65536 "https://freecams1.com/video/evazane-swallows-huge-dildo-702.html" "Mozilla/5.0 (iPhone; CPU iPhone OS 18_1_1 like Mac OS X) AppleWebKit/605.1.15 (KHTML, like Gecko) Version/18.1.1 Mobile/15E148 Safari/604.1"
81.39.95.144 - - [28/Jan/2026:09:27:36 -0500] "POST /cache/7/c/d/b/5/framework.php HTTP/1.1" 200 24 "http://freecams1.com" "Opera/9.80 (iOS; Opera Mini/7.0.73345/28.2555; U; ru) Presto/2.10.229 Version/11.62"
82.77.95.180 - - [28/Jan/2026:09:27:58 -0500] "GET /media/videos/1/0/6/5/9/106598662246ff5.mp4 HTTP/1.1" 206 65536 "https://freecams1.com/video/evazane-swallows-huge-dildo-702.html" "Mozilla/5.0 (iPhone; CPU iPhone OS 18_1_1 like Mac OS X) AppleWebKit/605.1.15 (KHTML, like Gecko) Version/18.1.1 Mobile/15E148 Safari/604.1"
82.77.95.180 - - [28/Jan/2026:09:27:59 -0500] "GET /media/videos/1/0/6/5/9/106598662246ff5.mp4 HTTP/1.1" 206 131072 "https://freecams1.com/video/evazane-swallows-huge-dildo-702.html" "Mozilla/5.0 (iPhone; CPU iPhone OS 18_1_1 like Mac OS X) AppleWebKit/605.1.15 (KHTML, like Gecko) Version/18.1.1 Mobile/15E148 Safari/604.1"
82.77.95.180 - - [28/Jan/2026:09:28:00 -0500] "GET /media/videos/1/0/6/5/9/106598662246ff5.mp4 HTTP/1.1" 206 231833920 "https://freecams1.com/video/evazane-swallows-huge-dildo-702.html" "Mozilla/5.0 (iPhone; CPU iPhone OS 18_1_1 like Mac OS X) AppleWebKit/605.1.15 (KHTML, like Gecko) Version/18.1.1 Mobile/15E148 Safari/604.1"
217.113.194.143 - - [28/Jan/2026:09:28:01 -0500] "GET /search/creamy-pussy/page9.html HTTP/1.1" 200 52414 "-" "Mozilla/5.0 (compatible; Barkrowler/0.9; +https://babbar.tech/crawler)"
82.77.95.180 - - [28/Jan/2026:09:28:03 -0500] "GET /media/videos/1/0/6/5/9/106598662246ff5.mp4 HTTP/1.1" 206 65536 "https://freecams1.com/video/evazane-swallows-huge-dildo-702.html" "Mozilla/5.0 (iPhone; CPU iPhone OS 18_1_1 like Mac OS X) AppleWebKit/605.1.15 (KHTML, like Gecko) Version/18.1.1 Mobile/15E148 Safari/604.1"
82.77.95.180 - - [28/Jan/2026:09:28:03 -0500] "GET /media/videos/1/0/6/5/9/106598662246ff5.mp4 HTTP/1.1" 206 176750592 "https://freecams1.com/video/evazane-swallows-huge-dildo-702.html" "Mozilla/5.0 (iPhone; CPU iPhone OS 18_1_1 like Mac OS X) AppleWebKit/605.1.15 (KHTML, like Gecko) Version/18.1.1 Mobile/15E148 Safari/604.1"
82.77.95.180 - - [28/Jan/2026:09:28:04 -0500] "GET /media/videos/1/0/6/5/9/106598662246ff5.mp4 HTTP/1.1" 206 65536 "https://freecams1.com/video/evazane-swallows-huge-dildo-702.html" "Mozilla/5.0 (iPhone; CPU iPhone OS 18_1_1 like Mac OS X) AppleWebKit/605.1.15 (KHTML, like Gecko) Version/18.1.1 Mobile/15E148 Safari/604.1"
86.140.72.202 - - [28/Jan/2026:09:27:42 -0500] "POST /cache/7/c/d/b/5/framework.php HTTP/1.1" 200 24 "http://freecams1.com" "Mozilla/5.0 (Windows NT 10.0) AppleWebKit/537.36 (KHTML, like Gecko) Chrome/62.0.2410.43 Safari/537.36"
217.113.194.148 - - [28/Jan/2026:09:28:06 -0500] "GET /search/giathompson1/newest/ HTTP/1.1" 200 23229 "-" "Mozilla/5.0 (compatible; Barkrowler/0.9; +https://babbar.tech/crawler)"
82.77.95.180 - - [28/Jan/2026:09:28:10 -0500] "GET /media/videos/1/0/6/5/9/106598662246ff5.mp4 HTTP/1.1" 206 128188416 "https://freecams1.com/video/evazane-swallows-huge-dildo-702.html" "Mozilla/5.0 (iPhone; CPU iPhone OS 18_1_1 like Mac OS X) AppleWebKit/605.1.15 (KHTML, like Gecko) Version/18.1.1 Mobile/15E148 Safari/604.1"
82.77.95.180 - - [28/Jan/2026:09:28:11 -0500] "GET /media/videos/1/0/6/5/9/106598662246ff5.mp4 HTTP/1.1" 206 65536 "https://freecams1.com/video/evazane-swallows-huge-dildo-702.html" "Mozilla/5.0 (iPhone; CPU iPhone OS 18_1_1 like Mac OS X) AppleWebKit/605.1.15 (KHTML, like Gecko) Version/18.1.1 Mobile/15E148 Safari/604.1"
