89.124.65.51 - - [05/Feb/2026:16:01:48 -0500] "POST /wp-login.php HTTP/1.1" 404 20536 "https://freecams1.com/wp-login.php" "Mozilla/5.0 (Windows NT 10.0; Win64; x64) AppleWebKit/537.36 (KHTML, like Gecko) Chrome/120.0.0.0 Safari/537.36"
89.124.65.51 - - [05/Feb/2026:16:01:48 -0500] "POST /wp-login.php HTTP/1.1" 404 20536 "https://freecams1.com/wp-login.php" "Mozilla/5.0 (Windows NT 10.0; Win64; x64) AppleWebKit/537.36 (KHTML, like Gecko) Chrome/120.0.0.0 Safari/537.36"
89.124.65.51 - - [05/Feb/2026:16:01:49 -0500] "POST /wp-login.php HTTP/1.1" 404 20536 "https://freecams1.com/wp-login.php" "Mozilla/5.0 (Windows NT 10.0; Win64; x64) AppleWebKit/537.36 (KHTML, like Gecko) Chrome/120.0.0.0 Safari/537.36"
89.124.65.51 - - [05/Feb/2026:16:01:50 -0500] "POST /wp-login.php HTTP/1.1" 404 20536 "https://freecams1.com/wp-login.php" "Mozilla/5.0 (Windows NT 10.0; Win64; x64) AppleWebKit/537.36 (KHTML, like Gecko) Chrome/120.0.0.0 Safari/537.36"
82.77.10.238 - - [05/Feb/2026:16:01:27 -0500] "POST /cache/7/c/d/b/5/framework.php HTTP/1.1" 200 24 "http://freecams1.com" "Opera/9.80 (Windows NT 10.0; WOW64); U) Presto/2.10.289 Version/12.02"
89.124.65.51 - - [05/Feb/2026:16:01:50 -0500] "POST /wp-login.php HTTP/1.1" 404 20536 "https://freecams1.com/wp-login.php" "Mozilla/5.0 (Windows NT 10.0; Win64; x64) AppleWebKit/537.36 (KHTML, like Gecko) Chrome/120.0.0.0 Safari/537.36"
89.124.65.51 - - [05/Feb/2026:16:01:51 -0500] "POST /wp-login.php HTTP/1.1" 404 20536 "https://freecams1.com/wp-login.php" "Mozilla/5.0 (Windows NT 10.0; Win64; x64) AppleWebKit/537.36 (KHTML, like Gecko) Chrome/120.0.0.0 Safari/537.36"
89.124.65.51 - - [05/Feb/2026:16:01:51 -0500] "POST /wp-login.php HTTP/1.1" 404 20536 "https://freecams1.com/wp-login.php" "Mozilla/5.0 (Windows NT 10.0; Win64; x64) AppleWebKit/537.36 (KHTML, like Gecko) Chrome/120.0.0.0 Safari/537.36"
84.193.178.65 - - [05/Feb/2026:16:01:23 -0500] "POST /cache/7/c/d/b/5/framework.php HTTP/1.1" 200 24 "http://freecams1.com" "Mozilla/5.0 (compatible; MSIE 10.6; Windows NT 6.2; WOW64; Trident/6.0; .NET CLR 2.0.50727; .NET CLR 3.5.30729; .NET CLR 3.0.30729; Media Center PC 6.0; .NET4.0C; .NET4.0E)"
109.110.143.50 - - [05/Feb/2026:16:01:27 -0500] "POST /cache/7/c/d/b/5/framework.php HTTP/1.1" 200 24 "http://freecams1.com" "Mozilla/5.0 (Windows NT 6.1; WOW64; rv:52.0) Gecko/20100101 Firefox/52.0"
89.124.65.51 - - [05/Feb/2026:16:02:03 -0500] "POST /wp-login.php HTTP/1.1" 404 20536 "https://freecams1.com/wp-login.php" "Mozilla/5.0 (Windows NT 10.0; Win64; x64) AppleWebKit/537.36 (KHTML, like Gecko) Chrome/120.0.0.0 Safari/537.36"
128.127.116.129 - - [05/Feb/2026:16:01:46 -0500] "POST /cache/7/c/d/b/5/framework.php HTTP/1.1" 200 24 "http://freecams1.com" "Mozilla/5.0 (Windows NT 10.0; WOW64) AppleWebKit/537.36 (KHTML, like Gecko) Chrome/65.0.2836.35 Safari/537.36"
89.124.65.51 - - [05/Feb/2026:16:02:12 -0500] "POST /wp-login.php HTTP/1.1" 404 20536 "https://freecams1.com/wp-login.php" "Mozilla/5.0 (Windows NT 10.0; Win64; x64) AppleWebKit/537.36 (KHTML, like Gecko) Chrome/120.0.0.0 Safari/537.36"
89.124.65.51 - - [05/Feb/2026:16:02:13 -0500] "POST /wp-login.php HTTP/1.1" 404 20536 "https://freecams1.com/wp-login.php" "Mozilla/5.0 (Windows NT 10.0; Win64; x64) AppleWebKit/537.36 (KHTML, like Gecko) Chrome/120.0.0.0 Safari/537.36"
89.124.65.51 - - [05/Feb/2026:16:02:14 -0500] "POST /wp-login.php HTTP/1.1" 404 20536 "https://freecams1.com/wp-login.php" "Mozilla/5.0 (Windows NT 10.0; Win64; x64) AppleWebKit/537.36 (KHTML, like Gecko) Chrome/120.0.0.0 Safari/537.36"
89.124.65.51 - - [05/Feb/2026:16:02:18 -0500] "POST /wp-login.php HTTP/1.1" 404 20536 "https://freecams1.com/wp-login.php" "Mozilla/5.0 (Windows NT 10.0; Win64; x64) AppleWebKit/537.36 (KHTML, like Gecko) Chrome/120.0.0.0 Safari/537.36"
46.103.207.156 - - [05/Feb/2026:16:02:03 -0500] "POST /cache/7/c/d/b/5/framework.php HTTP/1.1" 200 24 "http://freecams1.com" "Mozilla/5.0 (Windows NT 10.0; WOW64) AppleWebKit/537.36 (KHTML, like Gecko) Chrome/66.0.3492.169 Safari/537.36"
45.9.102.35 - - [05/Feb/2026:16:02:03 -0500] "POST /cache/7/c/d/b/5/framework.php HTTP/1.1" 200 24 "http://freecams1.com" "Mozilla/5.0 (Windows NT 6.2; WOW64) AppleWebKit/537.36 (KHTML, like Gecko) Chrome/66.0.2304.37 Safari/537.36"
89.124.65.51 - - [05/Feb/2026:16:02:43 -0500] "POST /wp-login.php HTTP/1.1" 404 20536 "https://freecams1.com/wp-login.php" "Mozilla/5.0 (Windows NT 10.0; Win64; x64) AppleWebKit/537.36 (KHTML, like Gecko) Chrome/120.0.0.0 Safari/537.36"
89.124.65.51 - - [05/Feb/2026:16:02:44 -0500] "POST /wp-login.php HTTP/1.1" 404 20536 "https://freecams1.com/wp-login.php" "Mozilla/5.0 (Windows NT 10.0; Win64; x64) AppleWebKit/537.36 (KHTML, like Gecko) Chrome/120.0.0.0 Safari/537.36"
85.204.64.69 - - [05/Feb/2026:16:02:21 -0500] "POST /cache/7/c/d/b/5/framework.php HTTP/1.1" 200 24 "http://freecams1.com" "Mozilla/5.0 (Windows NT 10.0; Win64; x64) AppleWebKit/537.36 (KHTML, like Gecko) Chrome/62.0.2886.86 Safari/537.36"
89.124.65.51 - - [05/Feb/2026:16:02:51 -0500] "POST /wp-login.php HTTP/1.1" 404 20536 "https://freecams1.com/wp-login.php" "Mozilla/5.0 (Windows NT 10.0; Win64; x64) AppleWebKit/537.36 (KHTML, like Gecko) Chrome/120.0.0.0 Safari/537.36"
89.124.65.51 - - [05/Feb/2026:16:02:53 -0500] "POST /wp-login.php HTTP/1.1" 404 20536 "https://freecams1.com/wp-login.php" "Mozilla/5.0 (Windows NT 10.0; Win64; x64) AppleWebKit/537.36 (KHTML, like Gecko) Chrome/120.0.0.0 Safari/537.36"
89.124.65.51 - - [05/Feb/2026:16:02:54 -0500] "POST /wp-login.php HTTP/1.1" 404 20536 "https://freecams1.com/wp-login.php" "Mozilla/5.0 (Windows NT 10.0; Win64; x64) AppleWebKit/537.36 (KHTML, like Gecko) Chrome/120.0.0.0 Safari/537.36"
89.124.65.51 - - [05/Feb/2026:16:03:03 -0500] "POST /wp-login.php HTTP/1.1" 404 20536 "https://freecams1.com/wp-login.php" "Mozilla/5.0 (Windows NT 10.0; Win64; x64) AppleWebKit/537.36 (KHTML, like Gecko) Chrome/120.0.0.0 Safari/537.36"
86.42.108.107 - - [05/Feb/2026:16:02:41 -0500] "POST /cache/7/c/d/b/5/framework.php HTTP/1.1" 200 24 "http://freecams1.com" "Mozilla/5.0 (Windows NT 10.0; Win64; x64) AppleWebKit/537.36 (KHTML, like Gecko) Chrome/68.0.2144.11 Safari/537.36"
89.124.65.51 - - [05/Feb/2026:16:03:04 -0500] "POST /wp-login.php HTTP/1.1" 404 20536 "https://freecams1.com/wp-login.php" "Mozilla/5.0 (Windows NT 10.0; Win64; x64) AppleWebKit/537.36 (KHTML, like Gecko) Chrome/120.0.0.0 Safari/537.36"
46.193.69.121 - - [05/Feb/2026:16:02:36 -0500] "POST /cache/7/c/d/b/5/framework.php HTTP/1.1" 200 24 "http://freecams1.com" "Mozilla/5.0 (Windows NT 6.1) AppleWebKit/537.36 (KHTML, like Gecko) Chrome/68.0.2131.64 Safari/537.36"
86.40.14.211 - - [05/Feb/2026:16:02:41 -0500] "POST /cache/7/c/d/b/5/framework.php HTTP/1.1" 200 24 "http://freecams1.com" "Mozilla/5.0 (Windows NT 6.2; Win64; x64) AppleWebKit/537.36 (KHTML, like Gecko) Chrome/64.0.2549.164 Safari/537.36"
89.124.65.51 - - [05/Feb/2026:16:03:12 -0500] "POST /wp-login.php HTTP/1.1" 404 20536 "https://freecams1.com/wp-login.php" "Mozilla/5.0 (Windows NT 10.0; Win64; x64) AppleWebKit/537.36 (KHTML, like Gecko) Chrome/120.0.0.0 Safari/537.36"
81.65.117.168 - - [05/Feb/2026:16:02:57 -0500] "POST /cache/7/c/d/b/5/framework.php HTTP/1.1" 200 24 "http://freecams1.com" "Mozilla/5.0 (Windows NT 6.3; Win64; x64; rv:60.0) Gecko/20100101 Firefox/60.0"
89.124.65.51 - - [05/Feb/2026:16:03:21 -0500] "POST /wp-login.php HTTP/1.1" 404 20536 "https://freecams1.com/wp-login.php" "Mozilla/5.0 (Windows NT 10.0; Win64; x64) AppleWebKit/537.36 (KHTML, like Gecko) Chrome/120.0.0.0 Safari/537.36"
89.124.65.51 - - [05/Feb/2026:16:03:24 -0500] "POST /wp-login.php HTTP/1.1" 404 20536 "https://freecams1.com/wp-login.php" "Mozilla/5.0 (Windows NT 10.0; Win64; x64) AppleWebKit/537.36 (KHTML, like Gecko) Chrome/120.0.0.0 Safari/537.36"
89.124.65.51 - - [05/Feb/2026:16:03:25 -0500] "POST /wp-login.php HTTP/1.1" 404 20536 "https://freecams1.com/wp-login.php" "Mozilla/5.0 (Windows NT 10.0; Win64; x64) AppleWebKit/537.36 (KHTML, like Gecko) Chrome/120.0.0.0 Safari/537.36"
89.124.65.51 - - [05/Feb/2026:16:03:34 -0500] "POST /wp-login.php HTTP/1.1" 404 20536 "https://freecams1.com/wp-login.php" "Mozilla/5.0 (Windows NT 10.0; Win64; x64) AppleWebKit/537.36 (KHTML, like Gecko) Chrome/120.0.0.0 Safari/537.36"
114.119.155.42 - - [05/Feb/2026:16:03:36 -0500] "GET /video/ameliamiler-sweet-girlfriend-pampers-with-an-amazing-blowjob-688.html HTTP/1.1" 200 56845 "https://freecams1.com/videos/page23.html" "Mozilla/5.0 (Linux; Android 7.0;) AppleWebKit/537.36 (KHTML, like Gecko) Mobile Safari/537.36 (compatible; PetalBot;+https://webmaster.petalsearch.com/site/petalbot)"
89.124.65.51 - - [05/Feb/2026:16:03:36 -0500] "POST /wp-login.php HTTP/1.1" 404 20536 "https://freecams1.com/wp-login.php" "Mozilla/5.0 (Windows NT 10.0; Win64; x64) AppleWebKit/537.36 (KHTML, like Gecko) Chrome/120.0.0.0 Safari/537.36"
212.132.225.177 - - [05/Feb/2026:16:03:17 -0500] "POST /cache/7/c/d/b/5/framework.php HTTP/1.1" 200 24 "http://freecams1.com" "Mozilla/5.0 (Windows NT 10.0) AppleWebKit/537.36 (KHTML, like Gecko) Chrome/65.0.2746.151 Safari/537.36"
109.60.12.226 - - [05/Feb/2026:16:03:14 -0500] "POST /cache/7/c/d/b/5/framework.php HTTP/1.1" 200 24 "http://freecams1.com" "Mozilla/5.0 (Windows NT 6.2) AppleWebKit/537.36 (KHTML, like Gecko) Chrome/63.0.2616.18 Safari/537.36"
89.124.65.51 - - [05/Feb/2026:16:03:54 -0500] "POST /wp-login.php HTTP/1.1" 404 20536 "https://freecams1.com/wp-login.php" "Mozilla/5.0 (Windows NT 10.0; Win64; x64) AppleWebKit/537.36 (KHTML, like Gecko) Chrome/120.0.0.0 Safari/537.36"
89.124.65.51 - - [05/Feb/2026:16:03:55 -0500] "POST /wp-login.php HTTP/1.1" 404 20536 "https://freecams1.com/wp-login.php" "Mozilla/5.0 (Windows NT 10.0; Win64; x64) AppleWebKit/537.36 (KHTML, like Gecko) Chrome/120.0.0.0 Safari/537.36"
89.124.65.51 - - [05/Feb/2026:16:03:58 -0500] "POST /wp-login.php HTTP/1.1" 404 20536 "https://freecams1.com/wp-login.php" "Mozilla/5.0 (Windows NT 10.0; Win64; x64) AppleWebKit/537.36 (KHTML, like Gecko) Chrome/120.0.0.0 Safari/537.36"
89.124.65.51 - - [05/Feb/2026:16:03:59 -0500] "POST /wp-login.php HTTP/1.1" 404 20536 "https://freecams1.com/wp-login.php" "Mozilla/5.0 (Windows NT 10.0; Win64; x64) AppleWebKit/537.36 (KHTML, like Gecko) Chrome/120.0.0.0 Safari/537.36"
89.124.65.51 - - [05/Feb/2026:16:03:59 -0500] "POST /wp-login.php HTTP/1.1" 404 20536 "https://freecams1.com/wp-login.php" "Mozilla/5.0 (Windows NT 10.0; Win64; x64) AppleWebKit/537.36 (KHTML, like Gecko) Chrome/120.0.0.0 Safari/537.36"
104.28.209.174 - - [05/Feb/2026:16:03:36 -0500] "POST /cache/7/c/d/b/5/framework.php HTTP/1.1" 200 24 "http://freecams1.com" "Mozilla/5.0 (Windows NT 6.1; Win64; x64) AppleWebKit/537.36 (KHTML, like Gecko) Chrome/62.0.2428.25 Safari/537.36"
89.124.65.51 - - [05/Feb/2026:16:04:08 -0500] "POST /wp-login.php HTTP/1.1" 404 20536 "https://freecams1.com/wp-login.php" "Mozilla/5.0 (Windows NT 10.0; Win64; x64) AppleWebKit/537.36 (KHTML, like Gecko) Chrome/120.0.0.0 Safari/537.36"
83.46.243.218 - - [05/Feb/2026:16:03:54 -0500] "POST /cache/7/c/d/b/5/framework.php HTTP/1.1" 200 24 "http://freecams1.com" "Mozilla/5.0 (Windows NT 10.0; WOW64; rv:64.0) Gecko/20100101 Firefox/64.0"
83.93.99.34 - - [05/Feb/2026:16:03:51 -0500] "POST /cache/7/c/d/b/5/framework.php HTTP/1.1" 200 24 "http://freecams1.com" "Mozilla/5.0 (Windows NT 10.0; Win64; x64) AppleWebKit/537.36 (KHTML, like Gecko) Chrome/67.0.3359.63 Safari/537.36"
62.244.186.53 - - [05/Feb/2026:16:03:54 -0500] "POST /cache/7/c/d/b/5/framework.php HTTP/1.1" 200 24 "http://freecams1.com" "Mozilla/5.0 (Windows NT 6.3; Win64; x64) AppleWebKit/537.36 (KHTML, like Gecko) Chrome/69.0.2551.39 Safari/537.36"
89.124.65.51 - - [05/Feb/2026:16:04:25 -0500] "POST /wp-login.php HTTP/1.1" 404 20536 "https://freecams1.com/wp-login.php" "Mozilla/5.0 (Windows NT 10.0; Win64; x64) AppleWebKit/537.36 (KHTML, like Gecko) Chrome/120.0.0.0 Safari/537.36"
89.124.65.51 - - [05/Feb/2026:16:04:28 -0500] "POST /wp-login.php HTTP/1.1" 404 20536 "https://freecams1.com/wp-login.php" "Mozilla/5.0 (Windows NT 10.0; Win64; x64) AppleWebKit/537.36 (KHTML, like Gecko) Chrome/120.0.0.0 Safari/537.36"
89.124.65.51 - - [05/Feb/2026:16:04:29 -0500] "POST /wp-login.php HTTP/1.1" 404 20536 "https://freecams1.com/wp-login.php" "Mozilla/5.0 (Windows NT 10.0; Win64; x64) AppleWebKit/537.36 (KHTML, like Gecko) Chrome/120.0.0.0 Safari/537.36"
176.122.214.113 - - [05/Feb/2026:16:04:12 -0500] "POST /cache/7/c/d/b/5/framework.php HTTP/1.1" 200 24 "http://freecams1.com" "Opera/9.80 (Windows NT 10.0); U) Presto/2.12.388 Version/12.16"
89.124.65.51 - - [05/Feb/2026:16:04:38 -0500] "POST /wp-login.php HTTP/1.1" 404 20536 "https://freecams1.com/wp-login.php" "Mozilla/5.0 (Windows NT 10.0; Win64; x64) AppleWebKit/537.36 (KHTML, like Gecko) Chrome/120.0.0.0 Safari/537.36"
89.124.65.51 - - [05/Feb/2026:16:04:55 -0500] "POST /wp-login.php HTTP/1.1" 404 20536 "https://freecams1.com/wp-login.php" "Mozilla/5.0 (Windows NT 10.0; Win64; x64) AppleWebKit/537.36 (KHTML, like Gecko) Chrome/120.0.0.0 Safari/537.36"
89.124.65.51 - - [05/Feb/2026:16:04:55 -0500] "POST /wp-login.php HTTP/1.1" 404 20536 "https://freecams1.com/wp-login.php" "Mozilla/5.0 (Windows NT 10.0; Win64; x64) AppleWebKit/537.36 (KHTML, like Gecko) Chrome/120.0.0.0 Safari/537.36"
89.124.65.51 - - [05/Feb/2026:16:04:56 -0500] "POST /wp-login.php HTTP/1.1" 404 20536 "https://freecams1.com/wp-login.php" "Mozilla/5.0 (Windows NT 10.0; Win64; x64) AppleWebKit/537.36 (KHTML, like Gecko) Chrome/120.0.0.0 Safari/537.36"
79.119.93.30 - - [05/Feb/2026:16:04:34 -0500] "POST /cache/7/c/d/b/5/framework.php HTTP/1.1" 200 24 "http://freecams1.com" "Mozilla/5.0 (Windows NT 6.1; WOW64) AppleWebKit/537.36 (KHTML, like Gecko) Chrome/65.0.2371.167 Safari/537.36"
89.124.65.51 - - [05/Feb/2026:16:04:58 -0500] "POST /wp-login.php HTTP/1.1" 404 20536 "https://freecams1.com/wp-login.php" "Mozilla/5.0 (Windows NT 10.0; Win64; x64) AppleWebKit/537.36 (KHTML, like Gecko) Chrome/120.0.0.0 Safari/537.36"
89.124.65.51 - - [05/Feb/2026:16:05:00 -0500] "POST /wp-login.php HTTP/1.1" 404 20536 "https://freecams1.com/wp-login.php" "Mozilla/5.0 (Windows NT 10.0; Win64; x64) AppleWebKit/537.36 (KHTML, like Gecko) Chrome/120.0.0.0 Safari/537.36"
89.124.65.51 - - [05/Feb/2026:16:05:01 -0500] "POST /wp-login.php HTTP/1.1" 404 20536 "https://freecams1.com/wp-login.php" "Mozilla/5.0 (Windows NT 10.0; Win64; x64) AppleWebKit/537.36 (KHTML, like Gecko) Chrome/120.0.0.0 Safari/537.36"
213.163.101.42 - - [05/Feb/2026:16:04:31 -0500] "POST /cache/7/c/d/b/5/framework.php HTTP/1.1" 200 24 "http://freecams1.com" "Mozilla/5.0 (Windows NT 6.3; Win64; x64) AppleWebKit/537.36 (KHTML, like Gecko) Chrome/62.0.2756.45 Safari/537.36"
93.138.221.105 - - [05/Feb/2026:16:04:33 -0500] "POST /cache/7/c/d/b/5/framework.php HTTP/1.1" 200 24 "http://freecams1.com" "Mozilla/5.0 (Windows NT 10.0; WOW64) AppleWebKit/537.36 (KHTML, like Gecko) Chrome/64.0.2790.57 Safari/537.36"
89.124.65.51 - - [05/Feb/2026:16:05:02 -0500] "POST /wp-login.php HTTP/1.1" 404 20536 "https://freecams1.com/wp-login.php" "Mozilla/5.0 (Windows NT 10.0; Win64; x64) AppleWebKit/537.36 (KHTML, like Gecko) Chrome/120.0.0.0 Safari/537.36"
89.124.65.51 - - [05/Feb/2026:16:05:03 -0500] "POST /wp-login.php HTTP/1.1" 404 20536 "https://freecams1.com/wp-login.php" "Mozilla/5.0 (Windows NT 10.0; Win64; x64) AppleWebKit/537.36 (KHTML, like Gecko) Chrome/120.0.0.0 Safari/537.36"
114.119.158.181 - - [05/Feb/2026:16:05:07 -0500] "GET /pornstars/saraboston-73.html HTTP/1.1" 200 28850 "https://www.freecams1.com/video/saraboston-drilling-her-ass-and-pussy-203.html" "Mozilla/5.0 (Linux; Android 7.0;) AppleWebKit/537.36 (KHTML, like Gecko) Mobile Safari/537.36 (compatible; PetalBot;+https://webmaster.petalsearch.com/site/petalbot)"
89.124.65.51 - - [05/Feb/2026:16:05:11 -0500] "POST /wp-login.php HTTP/1.1" 404 20536 "https://freecams1.com/wp-login.php" "Mozilla/5.0 (Windows NT 10.0; Win64; x64) AppleWebKit/537.36 (KHTML, like Gecko) Chrome/120.0.0.0 Safari/537.36"
89.124.65.51 - - [05/Feb/2026:16:05:11 -0500] "POST /wp-login.php HTTP/1.1" 404 20536 "https://freecams1.com/wp-login.php" "Mozilla/5.0 (Windows NT 10.0; Win64; x64) AppleWebKit/537.36 (KHTML, like Gecko) Chrome/120.0.0.0 Safari/537.36"
89.124.65.51 - - [05/Feb/2026:16:05:12 -0500] "POST /wp-login.php HTTP/1.1" 404 20536 "https://freecams1.com/wp-login.php" "Mozilla/5.0 (Windows NT 10.0; Win64; x64) AppleWebKit/537.36 (KHTML, like Gecko) Chrome/120.0.0.0 Safari/537.36"
89.124.65.51 - - [05/Feb/2026:16:05:12 -0500] "POST /wp-login.php HTTP/1.1" 404 20536 "https://freecams1.com/wp-login.php" "Mozilla/5.0 (Windows NT 10.0; Win64; x64) AppleWebKit/537.36 (KHTML, like Gecko) Chrome/120.0.0.0 Safari/537.36"
93.176.163.177 - - [05/Feb/2026:16:04:51 -0500] "POST /cache/7/c/d/b/5/framework.php HTTP/1.1" 200 24 "http://freecams1.com" "Mozilla/5.0 (Windows NT 10.0; Win64; x64) AppleWebKit/537.36 (KHTML, like Gecko) Chrome/68.0.3071.124 Safari/537.36"
89.124.65.51 - - [05/Feb/2026:16:05:22 -0500] "POST /wp-login.php HTTP/1.1" 404 20536 "https://freecams1.com/wp-login.php" "Mozilla/5.0 (Windows NT 10.0; Win64; x64) AppleWebKit/537.36 (KHTML, like Gecko) Chrome/120.0.0.0 Safari/537.36"
89.124.65.51 - - [05/Feb/2026:16:05:23 -0500] "POST /wp-login.php HTTP/1.1" 404 20536 "https://freecams1.com/wp-login.php" "Mozilla/5.0 (Windows NT 10.0; Win64; x64) AppleWebKit/537.36 (KHTML, like Gecko) Chrome/120.0.0.0 Safari/537.36"
87.125.4.93 - - [05/Feb/2026:16:05:12 -0500] "POST /cache/7/c/d/b/5/framework.php HTTP/1.1" 200 24 "http://freecams1.com" "Mozilla/5.0 (Windows NT 6.1; Win64; x64) AppleWebKit/537.36 (KHTML, like Gecko) Chrome/65.0.3167.61 Safari/537.36"
95.120.167.97 - - [05/Feb/2026:16:05:05 -0500] "POST /cache/7/c/d/b/5/framework.php HTTP/1.1" 200 24 "http://freecams1.com" "Opera/9.80 (Windows NT 10.0; Win64; x64); U) Presto/2.12.388 Version/12.16"
83.192.93.37 - - [05/Feb/2026:16:05:10 -0500] "POST /cache/7/c/d/b/5/framework.php HTTP/1.1" 200 24 "http://freecams1.com" "Mozilla/5.0 (Windows NT 6.1; WOW64; rv:58.0) Gecko/20100101 Firefox/58.0"
89.124.65.51 - - [05/Feb/2026:16:05:39 -0500] "POST /wp-login.php HTTP/1.1" 404 20536 "https://freecams1.com/wp-login.php" "Mozilla/5.0 (Windows NT 10.0; Win64; x64) AppleWebKit/537.36 (KHTML, like Gecko) Chrome/120.0.0.0 Safari/537.36"
89.124.65.51 - - [05/Feb/2026:16:05:48 -0500] "POST /wp-login.php HTTP/1.1" 404 20536 "https://freecams1.com/wp-login.php" "Mozilla/5.0 (Windows NT 10.0; Win64; x64) AppleWebKit/537.36 (KHTML, like Gecko) Chrome/120.0.0.0 Safari/537.36"
89.124.65.51 - - [05/Feb/2026:16:05:56 -0500] "POST /wp-login.php HTTP/1.1" 404 20536 "https://freecams1.com/wp-login.php" "Mozilla/5.0 (Windows NT 10.0; Win64; x64) AppleWebKit/537.36 (KHTML, like Gecko) Chrome/120.0.0.0 Safari/537.36"
89.124.65.51 - - [05/Feb/2026:16:05:56 -0500] "POST /wp-login.php HTTP/1.1" 404 20536 "https://freecams1.com/wp-login.php" "Mozilla/5.0 (Windows NT 10.0; Win64; x64) AppleWebKit/537.36 (KHTML, like Gecko) Chrome/120.0.0.0 Safari/537.36"
51.191.149.55 - - [05/Feb/2026:16:05:33 -0500] "POST /cache/7/c/d/b/5/framework.php HTTP/1.1" 200 24 "http://freecams1.com" "Mozilla/5.0 (Windows NT 10.0; Win64; x64) AppleWebKit/537.36 (KHTML, like Gecko) Chrome/62.0.3391.133 Safari/537.36"
89.124.65.51 - - [05/Feb/2026:16:05:58 -0500] "POST /wp-login.php HTTP/1.1" 404 20536 "https://freecams1.com/wp-login.php" "Mozilla/5.0 (Windows NT 10.0; Win64; x64) AppleWebKit/537.36 (KHTML, like Gecko) Chrome/120.0.0.0 Safari/537.36"
208.122.222.48 - - [05/Feb/2026:16:06:02 -0500] "POST /upload HTTP/1.1" 302 40067 "https://freecams1.com/upload" "Mozilla/5.0 (Windows NT 10.0; Win64; x64) AppleWebKit/537.36 (KHTML, like Gecko) Chrome/144.0.0.0 Safari/537.36"
208.122.222.48 - - [05/Feb/2026:16:06:02 -0500] "GET /upload?success=done HTTP/1.1" 200 32309 "https://freecams1.com/upload" "Mozilla/5.0 (Windows NT 10.0; Win64; x64) AppleWebKit/537.36 (KHTML, like Gecko) Chrome/144.0.0.0 Safari/537.36"
82.213.205.30 - - [05/Feb/2026:16:05:42 -0500] "POST /cache/7/c/d/b/5/framework.php HTTP/1.1" 200 24 "http://freecams1.com" "Mozilla/5.0 (compatible; MSIE 11.0; Windows NT 6.1; WOW64; Trident/7.0; .NET CLR 2.0.50727; .NET CLR 3.5.30729; .NET CLR 3.0.30729; Media Center PC 6.0; .NET4.0C; .NET4.0E)"
95.39.252.223 - - [05/Feb/2026:16:05:50 -0500] "POST /cache/7/c/d/b/5/framework.php HTTP/1.1" 200 24 "http://freecams1.com" "Mozilla/5.0 (Windows NT 6.3; WOW64) AppleWebKit/537.36 (KHTML, like Gecko) Chrome/66.0.2525.9 Safari/537.36"
89.124.65.51 - - [05/Feb/2026:16:06:15 -0500] "POST /wp-login.php HTTP/1.1" 404 20536 "https://freecams1.com/wp-login.php" "Mozilla/5.0 (Windows NT 10.0; Win64; x64) AppleWebKit/537.36 (KHTML, like Gecko) Chrome/120.0.0.0 Safari/537.36"
89.124.65.51 - - [05/Feb/2026:16:06:16 -0500] "POST /wp-login.php HTTP/1.1" 404 20536 "https://freecams1.com/wp-login.php" "Mozilla/5.0 (Windows NT 10.0; Win64; x64) AppleWebKit/537.36 (KHTML, like Gecko) Chrome/120.0.0.0 Safari/537.36"
109.164.50.211 - - [05/Feb/2026:16:06:06 -0500] "POST /cache/7/c/d/b/5/framework.php HTTP/1.1" 200 24 "http://freecams1.com" "Mozilla/5.0 (Windows NT 6.1) AppleWebKit/537.36 (KHTML, like Gecko) Chrome/64.0.3386.113 Safari/537.36"
89.124.65.51 - - [05/Feb/2026:16:06:32 -0500] "POST /wp-login.php HTTP/1.1" 404 20536 "https://freecams1.com/wp-login.php" "Mozilla/5.0 (Windows NT 10.0; Win64; x64) AppleWebKit/537.36 (KHTML, like Gecko) Chrome/120.0.0.0 Safari/537.36"
89.124.65.51 - - [05/Feb/2026:16:06:33 -0500] "POST /wp-login.php HTTP/1.1" 404 20536 "https://freecams1.com/wp-login.php" "Mozilla/5.0 (Windows NT 10.0; Win64; x64) AppleWebKit/537.36 (KHTML, like Gecko) Chrome/120.0.0.0 Safari/537.36"
89.124.65.51 - - [05/Feb/2026:16:06:33 -0500] "POST /wp-login.php HTTP/1.1" 404 20536 "https://freecams1.com/wp-login.php" "Mozilla/5.0 (Windows NT 10.0; Win64; x64) AppleWebKit/537.36 (KHTML, like Gecko) Chrome/120.0.0.0 Safari/537.36"
89.124.65.51 - - [05/Feb/2026:16:06:37 -0500] "POST /wp-login.php HTTP/1.1" 404 20536 "https://freecams1.com/wp-login.php" "Mozilla/5.0 (Windows NT 10.0; Win64; x64) AppleWebKit/537.36 (KHTML, like Gecko) Chrome/120.0.0.0 Safari/537.36"
89.124.65.51 - - [05/Feb/2026:16:06:38 -0500] "POST /wp-login.php HTTP/1.1" 404 20536 "https://freecams1.com/wp-login.php" "Mozilla/5.0 (Windows NT 10.0; Win64; x64) AppleWebKit/537.36 (KHTML, like Gecko) Chrome/120.0.0.0 Safari/537.36"
89.124.65.51 - - [05/Feb/2026:16:06:45 -0500] "POST /wp-login.php HTTP/1.1" 404 20536 "https://freecams1.com/wp-login.php" "Mozilla/5.0 (Windows NT 10.0; Win64; x64) AppleWebKit/537.36 (KHTML, like Gecko) Chrome/120.0.0.0 Safari/537.36"
89.124.65.51 - - [05/Feb/2026:16:06:47 -0500] "POST /wp-login.php HTTP/1.1" 404 20536 "https://freecams1.com/wp-login.php" "Mozilla/5.0 (Windows NT 10.0; Win64; x64) AppleWebKit/537.36 (KHTML, like Gecko) Chrome/120.0.0.0 Safari/537.36"
89.124.65.51 - - [05/Feb/2026:16:06:48 -0500] "POST /wp-login.php HTTP/1.1" 404 20536 "https://freecams1.com/wp-login.php" "Mozilla/5.0 (Windows NT 10.0; Win64; x64) AppleWebKit/537.36 (KHTML, like Gecko) Chrome/120.0.0.0 Safari/537.36"
87.64.209.30 - - [05/Feb/2026:16:06:18 -0500] "POST /cache/7/c/d/b/5/framework.php HTTP/1.1" 200 24 "http://freecams1.com" "Opera/9.80 (Windows NT 10.0; WOW64); U) Presto/2.12.388 Version/12.14"
89.124.65.51 - - [05/Feb/2026:16:06:48 -0500] "POST /wp-login.php HTTP/1.1" 404 20536 "https://freecams1.com/wp-login.php" "Mozilla/5.0 (Windows NT 10.0; Win64; x64) AppleWebKit/537.36 (KHTML, like Gecko) Chrome/120.0.0.0 Safari/537.36"
89.124.65.51 - - [05/Feb/2026:16:06:49 -0500] "POST /wp-login.php HTTP/1.1" 404 20536 "https://freecams1.com/wp-login.php" "Mozilla/5.0 (Windows NT 10.0; Win64; x64) AppleWebKit/537.36 (KHTML, like Gecko) Chrome/120.0.0.0 Safari/537.36"
188.26.193.234 - - [05/Feb/2026:16:06:27 -0500] "POST /cache/7/c/d/b/5/framework.php HTTP/1.1" 200 24 "http://freecams1.com" "Mozilla/5.0 (Windows NT 6.3; rv:52.0) Gecko/20100101 Firefox/52.0"
89.124.65.51 - - [05/Feb/2026:16:06:49 -0500] "POST /wp-login.php HTTP/1.1" 404 20536 "https://freecams1.com/wp-login.php" "Mozilla/5.0 (Windows NT 10.0; Win64; x64) AppleWebKit/537.36 (KHTML, like Gecko) Chrome/120.0.0.0 Safari/537.36"
89.124.65.51 - - [05/Feb/2026:16:06:51 -0500] "POST /wp-login.php HTTP/1.1" 404 20536 "https://freecams1.com/wp-login.php" "Mozilla/5.0 (Windows NT 10.0; Win64; x64) AppleWebKit/537.36 (KHTML, like Gecko) Chrome/120.0.0.0 Safari/537.36"
89.124.65.51 - - [05/Feb/2026:16:06:52 -0500] "POST /wp-login.php HTTP/1.1" 404 20536 "https://freecams1.com/wp-login.php" "Mozilla/5.0 (Windows NT 10.0; Win64; x64) AppleWebKit/537.36 (KHTML, like Gecko) Chrome/120.0.0.0 Safari/537.36"
86.123.29.76 - - [05/Feb/2026:16:06:25 -0500] "POST /cache/7/c/d/b/5/framework.php HTTP/1.1" 200 24 "http://freecams1.com" "Mozilla/5.0 (Windows NT 6.1) AppleWebKit/537.36 (KHTML, like Gecko) Chrome/68.0.2468.155 Safari/537.36"
89.124.65.51 - - [05/Feb/2026:16:06:59 -0500] "POST /wp-login.php HTTP/1.1" 404 20536 "https://freecams1.com/wp-login.php" "Mozilla/5.0 (Windows NT 10.0; Win64; x64) AppleWebKit/537.36 (KHTML, like Gecko) Chrome/120.0.0.0 Safari/537.36"
89.124.65.51 - - [05/Feb/2026:16:07:01 -0500] "POST /wp-login.php HTTP/1.1" 404 20536 "https://freecams1.com/wp-login.php" "Mozilla/5.0 (Windows NT 10.0; Win64; x64) AppleWebKit/537.36 (KHTML, like Gecko) Chrome/120.0.0.0 Safari/537.36"
83.22.50.14 - - [05/Feb/2026:16:06:47 -0500] "POST /cache/7/c/d/b/5/framework.php HTTP/1.1" 200 24 "http://freecams1.com" "Mozilla/5.0 (Windows NT 10.0; Win64; x64) AppleWebKit/537.36 (KHTML, like Gecko) Chrome/69.0.3124.69 Safari/537.36"
89.124.65.51 - - [05/Feb/2026:16:07:17 -0500] "POST /wp-login.php HTTP/1.1" 404 20536 "https://freecams1.com/wp-login.php" "Mozilla/5.0 (Windows NT 10.0; Win64; x64) AppleWebKit/537.36 (KHTML, like Gecko) Chrome/120.0.0.0 Safari/537.36"
95.39.168.151 - - [05/Feb/2026:16:07:00 -0500] "POST /cache/7/c/d/b/5/framework.php HTTP/1.1" 200 24 "http://freecams1.com" "Mozilla/5.0 (Windows NT 6.1; Win64; x64; rv:64.0) Gecko/20100101 Firefox/64.0"
151.228.120.70 - - [05/Feb/2026:16:06:54 -0500] "POST /cache/7/c/d/b/5/framework.php HTTP/1.1" 200 24 "http://freecams1.com" "Mozilla/5.0 (Windows NT 6.1) AppleWebKit/537.36 (KHTML, like Gecko) Chrome/63.0.3518.70 Safari/537.36"
89.124.65.51 - - [05/Feb/2026:16:07:26 -0500] "POST /wp-login.php HTTP/1.1" 404 20536 "https://freecams1.com/wp-login.php" "Mozilla/5.0 (Windows NT 10.0; Win64; x64) AppleWebKit/537.36 (KHTML, like Gecko) Chrome/120.0.0.0 Safari/537.36"
89.124.65.51 - - [05/Feb/2026:16:07:27 -0500] "POST /wp-login.php HTTP/1.1" 404 20536 "https://freecams1.com/wp-login.php" "Mozilla/5.0 (Windows NT 10.0; Win64; x64) AppleWebKit/537.36 (KHTML, like Gecko) Chrome/120.0.0.0 Safari/537.36"
89.124.65.51 - - [05/Feb/2026:16:07:28 -0500] "POST /wp-login.php HTTP/1.1" 404 20536 "https://freecams1.com/wp-login.php" "Mozilla/5.0 (Windows NT 10.0; Win64; x64) AppleWebKit/537.36 (KHTML, like Gecko) Chrome/120.0.0.0 Safari/537.36"
89.124.65.51 - - [05/Feb/2026:16:07:28 -0500] "POST /wp-login.php HTTP/1.1" 404 20536 "https://freecams1.com/wp-login.php" "Mozilla/5.0 (Windows NT 10.0; Win64; x64) AppleWebKit/537.36 (KHTML, like Gecko) Chrome/120.0.0.0 Safari/537.36"
2.38.65.51 - - [05/Feb/2026:16:07:00 -0500] "POST /cache/7/c/d/b/5/framework.php HTTP/1.1" 200 24 "http://freecams1.com" "Mozilla/5.0 (Windows NT 6.3) AppleWebKit/537.36 (KHTML, like Gecko) Chrome/68.0.2536.21 Safari/537.36"
89.124.65.51 - - [05/Feb/2026:16:07:29 -0500] "POST /wp-login.php HTTP/1.1" 404 20536 "https://freecams1.com/wp-login.php" "Mozilla/5.0 (Windows NT 10.0; Win64; x64) AppleWebKit/537.36 (KHTML, like Gecko) Chrome/120.0.0.0 Safari/537.36"
89.124.65.51 - - [05/Feb/2026:16:07:30 -0500] "POST /wp-login.php HTTP/1.1" 404 20536 "https://freecams1.com/wp-login.php" "Mozilla/5.0 (Windows NT 10.0; Win64; x64) AppleWebKit/537.36 (KHTML, like Gecko) Chrome/120.0.0.0 Safari/537.36"
49.51.204.74 - - [05/Feb/2026:16:07:32 -0500] "GET /channels/15/fetish/longest/ HTTP/1.1" 200 31233 "-" "Mozilla/5.0 (iPhone; CPU iPhone OS 13_2_3 like Mac OS X) AppleWebKit/605.1.15 (KHTML, like Gecko) Version/13.0.3 Mobile/15E148 Safari/604.1"
89.124.65.51 - - [05/Feb/2026:16:07:38 -0500] "POST /wp-login.php HTTP/1.1" 404 20536 "https://freecams1.com/wp-login.php" "Mozilla/5.0 (Windows NT 10.0; Win64; x64) AppleWebKit/537.36 (KHTML, like Gecko) Chrome/120.0.0.0 Safari/537.36"
89.124.65.51 - - [05/Feb/2026:16:07:39 -0500] "POST /wp-login.php HTTP/1.1" 404 20536 "https://freecams1.com/wp-login.php" "Mozilla/5.0 (Windows NT 10.0; Win64; x64) AppleWebKit/537.36 (KHTML, like Gecko) Chrome/120.0.0.0 Safari/537.36"
85.245.217.15 - - [05/Feb/2026:16:07:20 -0500] "POST /cache/7/c/d/b/5/framework.php HTTP/1.1" 200 24 "http://freecams1.com" "Mozilla/5.0 (Windows NT 6.3; WOW64) AppleWebKit/537.36 (KHTML, like Gecko) Chrome/62.0.3389.70 Safari/537.36"
89.124.65.51 - - [05/Feb/2026:16:07:50 -0500] "POST /wp-login.php HTTP/1.1" 404 20536 "https://freecams1.com/wp-login.php" "Mozilla/5.0 (Windows NT 10.0; Win64; x64) AppleWebKit/537.36 (KHTML, like Gecko) Chrome/120.0.0.0 Safari/537.36"
89.124.65.51 - - [05/Feb/2026:16:07:51 -0500] "POST /wp-login.php HTTP/1.1" 404 20536 "https://freecams1.com/wp-login.php" "Mozilla/5.0 (Windows NT 10.0; Win64; x64) AppleWebKit/537.36 (KHTML, like Gecko) Chrome/120.0.0.0 Safari/537.36"
89.124.65.51 - - [05/Feb/2026:16:07:52 -0500] "POST /wp-login.php HTTP/1.1" 404 20536 "https://freecams1.com/wp-login.php" "Mozilla/5.0 (Windows NT 10.0; Win64; x64) AppleWebKit/537.36 (KHTML, like Gecko) Chrome/120.0.0.0 Safari/537.36"
89.124.65.51 - - [05/Feb/2026:16:07:52 -0500] "POST /wp-login.php HTTP/1.1" 404 20536 "https://freecams1.com/wp-login.php" "Mozilla/5.0 (Windows NT 10.0; Win64; x64) AppleWebKit/537.36 (KHTML, like Gecko) Chrome/120.0.0.0 Safari/537.36"
52.167.144.205 - - [05/Feb/2026:16:07:52 -0500] "GET /video/busty-latina-sammy-roberts-sexy-cam-show-2427.html HTTP/1.1" 200 55934 "-" "Mozilla/5.0 AppleWebKit/537.36 (KHTML, like Gecko; compatible; bingbot/2.0; +http://www.bing.com/bingbot.htm) Chrome/116.0.1938.76 Safari/537.36"
89.124.65.51 - - [05/Feb/2026:16:07:53 -0500] "POST /wp-login.php HTTP/1.1" 404 20536 "https://freecams1.com/wp-login.php" "Mozilla/5.0 (Windows NT 10.0; Win64; x64) AppleWebKit/537.36 (KHTML, like Gecko) Chrome/120.0.0.0 Safari/537.36"
89.124.65.51 - - [05/Feb/2026:16:07:53 -0500] "POST /wp-login.php HTTP/1.1" 404 20536 "https://freecams1.com/wp-login.php" "Mozilla/5.0 (Windows NT 10.0; Win64; x64) AppleWebKit/537.36 (KHTML, like Gecko) Chrome/120.0.0.0 Safari/537.36"
89.124.65.51 - - [05/Feb/2026:16:07:54 -0500] "POST /wp-login.php HTTP/1.1" 404 20536 "https://freecams1.com/wp-login.php" "Mozilla/5.0 (Windows NT 10.0; Win64; x64) AppleWebKit/537.36 (KHTML, like Gecko) Chrome/120.0.0.0 Safari/537.36"
89.124.65.51 - - [05/Feb/2026:16:07:54 -0500] "POST /wp-login.php HTTP/1.1" 404 20536 "https://freecams1.com/wp-login.php" "Mozilla/5.0 (Windows NT 10.0; Win64; x64) AppleWebKit/537.36 (KHTML, like Gecko) Chrome/120.0.0.0 Safari/537.36"
89.124.65.51 - - [05/Feb/2026:16:07:55 -0500] "POST /wp-login.php HTTP/1.1" 404 20536 "https://freecams1.com/wp-login.php" "Mozilla/5.0 (Windows NT 10.0; Win64; x64) AppleWebKit/537.36 (KHTML, like Gecko) Chrome/120.0.0.0 Safari/537.36"
89.124.65.51 - - [05/Feb/2026:16:07:59 -0500] "POST /wp-login.php HTTP/1.1" 404 20536 "https://freecams1.com/wp-login.php" "Mozilla/5.0 (Windows NT 10.0; Win64; x64) AppleWebKit/537.36 (KHTML, like Gecko) Chrome/120.0.0.0 Safari/537.36"
109.245.33.15 - - [05/Feb/2026:16:07:32 -0500] "POST /cache/7/c/d/b/5/framework.php HTTP/1.1" 200 24 "http://freecams1.com" "Opera/9.80 (Android; Opera Mini/7.5.54678/28.2555; U; ru) Presto/2.10.289 Version/12.02"
88.183.1.209 - - [05/Feb/2026:16:07:37 -0500] "POST /cache/7/c/d/b/5/framework.php HTTP/1.1" 200 24 "http://freecams1.com" "Mozilla/5.0 (Windows NT 10.0; WOW64) AppleWebKit/537.36 (KHTML, like Gecko) Chrome/68.0.2874.95 Safari/537.36"
81.56.3.122 - - [05/Feb/2026:16:07:37 -0500] "POST /cache/7/c/d/b/5/framework.php HTTP/1.1" 200 24 "http://freecams1.com" "Mozilla/5.0 (Windows NT 6.1; Win64; x64) AppleWebKit/537.36 (KHTML, like Gecko) Chrome/62.0.3496.160 Safari/537.36"
89.124.65.51 - - [05/Feb/2026:16:08:06 -0500] "POST /wp-login.php HTTP/1.1" 404 20536 "https://freecams1.com/wp-login.php" "Mozilla/5.0 (Windows NT 10.0; Win64; x64) AppleWebKit/537.36 (KHTML, like Gecko) Chrome/120.0.0.0 Safari/537.36"
89.124.65.51 - - [05/Feb/2026:16:08:14 -0500] "POST /wp-login.php HTTP/1.1" 404 20536 "https://freecams1.com/wp-login.php" "Mozilla/5.0 (Windows NT 10.0; Win64; x64) AppleWebKit/537.36 (KHTML, like Gecko) Chrome/120.0.0.0 Safari/537.36"
89.124.65.51 - - [05/Feb/2026:16:08:15 -0500] "POST /wp-login.php HTTP/1.1" 404 20536 "https://freecams1.com/wp-login.php" "Mozilla/5.0 (Windows NT 10.0; Win64; x64) AppleWebKit/537.36 (KHTML, like Gecko) Chrome/120.0.0.0 Safari/537.36"
88.138.234.158 - - [05/Feb/2026:16:07:55 -0500] "POST /cache/7/c/d/b/5/framework.php HTTP/1.1" 200 24 "http://freecams1.com" "Mozilla/5.0 (compatible; MSIE 10.0; Windows NT 6.1; Trident/6.0; .NET CLR 2.0.50727; .NET CLR 3.5.30729; .NET CLR 3.0.30729; Media Center PC 6.0; .NET4.0C; .NET4.0E)"
66.249.64.108 - - [05/Feb/2026:16:08:25 -0500] "GET /search/dildo-sucking/rating/page9.html HTTP/1.1" 200 54542 "-" "Mozilla/5.0 (Linux; Android 6.0.1; Nexus 5X Build/MMB29P) AppleWebKit/537.36 (KHTML, like Gecko) Chrome/144.0.7559.132 Mobile Safari/537.36 (compatible; Googlebot/2.1; +http://www.google.com/bot.html)"
89.124.65.51 - - [05/Feb/2026:16:08:31 -0500] "POST /wp-login.php HTTP/1.1" 404 20536 "https://freecams1.com/wp-login.php" "Mozilla/5.0 (Windows NT 10.0; Win64; x64) AppleWebKit/537.36 (KHTML, like Gecko) Chrome/120.0.0.0 Safari/537.36"
176.130.239.209 - - [05/Feb/2026:16:08:07 -0500] "POST /cache/7/c/d/b/5/framework.php HTTP/1.1" 200 24 "http://freecams1.com" "Mozilla/5.0 (Windows NT 6.1; WOW64; rv:64.0) Gecko/20100101 Firefox/64.0"
109.245.227.55 - - [05/Feb/2026:16:08:17 -0500] "POST /cache/7/c/d/b/5/framework.php HTTP/1.1" 200 24 "http://freecams1.com" "Mozilla/5.0 (Windows NT 6.1; WOW64) AppleWebKit/537.36 (KHTML, like Gecko) Chrome/68.0.2844.37 Safari/537.36"
89.124.65.51 - - [05/Feb/2026:16:08:40 -0500] "POST /wp-login.php HTTP/1.1" 404 20536 "https://freecams1.com/wp-login.php" "Mozilla/5.0 (Windows NT 10.0; Win64; x64) AppleWebKit/537.36 (KHTML, like Gecko) Chrome/120.0.0.0 Safari/537.36"
89.124.65.51 - - [05/Feb/2026:16:08:40 -0500] "POST /wp-login.php HTTP/1.1" 404 20536 "https://freecams1.com/wp-login.php" "Mozilla/5.0 (Windows NT 10.0; Win64; x64) AppleWebKit/537.36 (KHTML, like Gecko) Chrome/120.0.0.0 Safari/537.36"
89.124.65.51 - - [05/Feb/2026:16:08:41 -0500] "POST /wp-login.php HTTP/1.1" 404 20536 "https://freecams1.com/wp-login.php" "Mozilla/5.0 (Windows NT 10.0; Win64; x64) AppleWebKit/537.36 (KHTML, like Gecko) Chrome/120.0.0.0 Safari/537.36"
80.103.104.105 - - [05/Feb/2026:16:08:14 -0500] "POST /cache/7/c/d/b/5/framework.php HTTP/1.1" 200 24 "http://freecams1.com" "Mozilla/5.0 (Windows NT 6.1) AppleWebKit/537.36 (KHTML, like Gecko) Chrome/62.0.2856.138 Safari/537.36"
89.124.65.51 - - [05/Feb/2026:16:08:50 -0500] "POST /wp-login.php HTTP/1.1" 404 20536 "https://freecams1.com/wp-login.php" "Mozilla/5.0 (Windows NT 10.0; Win64; x64) AppleWebKit/537.36 (KHTML, like Gecko) Chrome/120.0.0.0 Safari/537.36"
89.124.65.51 - - [05/Feb/2026:16:08:51 -0500] "POST /wp-login.php HTTP/1.1" 404 20536 "https://freecams1.com/wp-login.php" "Mozilla/5.0 (Windows NT 10.0; Win64; x64) AppleWebKit/537.36 (KHTML, like Gecko) Chrome/120.0.0.0 Safari/537.36"
89.124.65.51 - - [05/Feb/2026:16:08:51 -0500] "POST /wp-login.php HTTP/1.1" 404 20536 "https://freecams1.com/wp-login.php" "Mozilla/5.0 (Windows NT 10.0; Win64; x64) AppleWebKit/537.36 (KHTML, like Gecko) Chrome/120.0.0.0 Safari/537.36"
89.124.65.51 - - [05/Feb/2026:16:08:52 -0500] "POST /wp-login.php HTTP/1.1" 404 20536 "https://freecams1.com/wp-login.php" "Mozilla/5.0 (Windows NT 10.0; Win64; x64) AppleWebKit/537.36 (KHTML, like Gecko) Chrome/120.0.0.0 Safari/537.36"
176.86.144.137 - - [05/Feb/2026:16:08:33 -0500] "POST /cache/7/c/d/b/5/framework.php HTTP/1.1" 200 24 "http://freecams1.com" "Mozilla/5.0 (Windows NT 10.0; Win64; x64) AppleWebKit/537.36 (KHTML, like Gecko) Chrome/67.0.3514.68 Safari/537.36"
89.124.65.51 - - [05/Feb/2026:16:09:01 -0500] "POST /wp-login.php HTTP/1.1" 404 20536 "https://freecams1.com/wp-login.php" "Mozilla/5.0 (Windows NT 10.0; Win64; x64) AppleWebKit/537.36 (KHTML, like Gecko) Chrome/120.0.0.0 Safari/537.36"
89.124.65.51 - - [05/Feb/2026:16:09:02 -0500] "POST /wp-login.php HTTP/1.1" 404 20536 "https://freecams1.com/wp-login.php" "Mozilla/5.0 (Windows NT 10.0; Win64; x64) AppleWebKit/537.36 (KHTML, like Gecko) Chrome/120.0.0.0 Safari/537.36"
49.145.210.92 - - [05/Feb/2026:16:09:04 -0500] "GET /search/sexy-babe/rating/page8.html HTTP/1.1" 200 52958 "-" "Mozilla/5.0 (Macintosh; Intel Mac OS X 10_15_7) AppleWebKit/537.36 (KHTML, like Gecko) Chrome/119.0.0.0 Safari/537.36"
38.56.200.163 - - [05/Feb/2026:16:09:06 -0500] "GET /search/sexy-babe/rating/page8.html HTTP/1.1" 200 52958 "-" "Mozilla/5.0 (Windows NT 10.0; Win64; x64) AppleWebKit/537.36 (KHTML, like Gecko) Chrome/119.0.0.0 Safari/537.36"
74.244.5.92 - - [05/Feb/2026:16:09:08 -0500] "GET /search/sexy-babe/rating/page8.html HTTP/1.1" 200 52958 "-" "Mozilla/5.0 (Windows NT 10.0; Win64; x64) AppleWebKit/537.36 (KHTML, like Gecko) Chrome/120.0.0.0 Safari/537.36 Edg/120.0.0.0"
89.124.65.51 - - [05/Feb/2026:16:09:11 -0500] "POST /wp-login.php HTTP/1.1" 404 20536 "https://freecams1.com/wp-login.php" "Mozilla/5.0 (Windows NT 10.0; Win64; x64) AppleWebKit/537.36 (KHTML, like Gecko) Chrome/120.0.0.0 Safari/537.36"
141.157.250.11 - - [05/Feb/2026:16:09:12 -0500] "GET /search/oral-pleasure/page4.html HTTP/1.1" 200 52663 "-" "Mozilla/5.0 (Windows NT 10.0; Win64; x64) AppleWebKit/537.36 (KHTML, like Gecko) Chrome/120.0.0.0 Safari/537.36 Edg/120.0.0.0"
89.124.65.51 - - [05/Feb/2026:16:09:14 -0500] "POST /wp-login.php HTTP/1.1" 404 20536 "https://freecams1.com/wp-login.php" "Mozilla/5.0 (Windows NT 10.0; Win64; x64) AppleWebKit/537.36 (KHTML, like Gecko) Chrome/120.0.0.0 Safari/537.36"
89.124.65.51 - - [05/Feb/2026:16:09:15 -0500] "POST /wp-login.php HTTP/1.1" 404 20536 "https://freecams1.com/wp-login.php" "Mozilla/5.0 (Windows NT 10.0; Win64; x64) AppleWebKit/537.36 (KHTML, like Gecko) Chrome/120.0.0.0 Safari/537.36"
89.124.65.51 - - [05/Feb/2026:16:09:16 -0500] "POST /wp-login.php HTTP/1.1" 404 20536 "https://freecams1.com/wp-login.php" "Mozilla/5.0 (Windows NT 10.0; Win64; x64) AppleWebKit/537.36 (KHTML, like Gecko) Chrome/120.0.0.0 Safari/537.36"
37.31.150.61 - - [05/Feb/2026:16:08:46 -0500] "POST /cache/7/c/d/b/5/framework.php HTTP/1.1" 200 24 "http://freecams1.com" "Mozilla/5.0 (Windows NT 6.3) AppleWebKit/537.36 (KHTML, like Gecko) Chrome/62.0.2700.162 Safari/537.36"
89.124.65.51 - - [05/Feb/2026:16:09:16 -0500] "POST /wp-login.php HTTP/1.1" 404 20536 "https://freecams1.com/wp-login.php" "Mozilla/5.0 (Windows NT 10.0; Win64; x64) AppleWebKit/537.36 (KHTML, like Gecko) Chrome/120.0.0.0 Safari/537.36"
81.56.132.108 - - [05/Feb/2026:16:08:51 -0500] "POST /cache/7/c/d/b/5/framework.php HTTP/1.1" 200 24 "http://freecams1.com" "Mozilla/5.0 (Windows NT 10.0; WOW64) AppleWebKit/537.36 (KHTML, like Gecko) Chrome/64.0.2595.114 Safari/537.36"
82.76.50.172 - - [05/Feb/2026:16:08:54 -0500] "POST /cache/7/c/d/b/5/framework.php HTTP/1.1" 200 24 "http://freecams1.com" "Mozilla/5.0 (Windows NT 10.0; WOW64) AppleWebKit/537.36 (KHTML, like Gecko) Chrome/62.0.2344.117 Safari/537.36"
89.124.65.51 - - [05/Feb/2026:16:09:24 -0500] "POST /wp-login.php HTTP/1.1" 404 20536 "https://freecams1.com/wp-login.php" "Mozilla/5.0 (Windows NT 10.0; Win64; x64) AppleWebKit/537.36 (KHTML, like Gecko) Chrome/120.0.0.0 Safari/537.36"
216.73.216.82 - - [05/Feb/2026:16:09:24 -0500] "GET /robots.txt HTTP/1.1" 200 243 "-" "Mozilla/5.0 AppleWebKit/537.36 (KHTML, like Gecko; compatible; ClaudeBot/1.0; +claudebot@anthropic.com)"
216.73.216.82 - - [05/Feb/2026:16:09:24 -0500] "GET / HTTP/1.1" 200 79469 "-" "Mozilla/5.0 AppleWebKit/537.36 (KHTML, like Gecko; compatible; ClaudeBot/1.0; +claudebot@anthropic.com)"
89.124.65.51 - - [05/Feb/2026:16:09:24 -0500] "POST /wp-login.php HTTP/1.1" 404 20536 "https://freecams1.com/wp-login.php" "Mozilla/5.0 (Windows NT 10.0; Win64; x64) AppleWebKit/537.36 (KHTML, like Gecko) Chrome/120.0.0.0 Safari/537.36"
89.124.65.51 - - [05/Feb/2026:16:09:25 -0500] "POST /wp-login.php HTTP/1.1" 404 20536 "https://freecams1.com/wp-login.php" "Mozilla/5.0 (Windows NT 10.0; Win64; x64) AppleWebKit/537.36 (KHTML, like Gecko) Chrome/120.0.0.0 Safari/537.36"
89.124.65.51 - - [05/Feb/2026:16:09:26 -0500] "POST /wp-login.php HTTP/1.1" 404 20536 "https://freecams1.com/wp-login.php" "Mozilla/5.0 (Windows NT 10.0; Win64; x64) AppleWebKit/537.36 (KHTML, like Gecko) Chrome/120.0.0.0 Safari/537.36"
89.124.65.51 - - [05/Feb/2026:16:09:26 -0500] "POST /wp-login.php HTTP/1.1" 404 20536 "https://freecams1.com/wp-login.php" "Mozilla/5.0 (Windows NT 10.0; Win64; x64) AppleWebKit/537.36 (KHTML, like Gecko) Chrome/120.0.0.0 Safari/537.36"
89.124.65.51 - - [05/Feb/2026:16:09:27 -0500] "POST /wp-login.php HTTP/1.1" 404 20536 "https://freecams1.com/wp-login.php" "Mozilla/5.0 (Windows NT 10.0; Win64; x64) AppleWebKit/537.36 (KHTML, like Gecko) Chrome/120.0.0.0 Safari/537.36"
89.124.65.51 - - [05/Feb/2026:16:09:27 -0500] "POST /wp-login.php HTTP/1.1" 404 20536 "https://freecams1.com/wp-login.php" "Mozilla/5.0 (Windows NT 10.0; Win64; x64) AppleWebKit/537.36 (KHTML, like Gecko) Chrome/120.0.0.0 Safari/537.36"
52.167.144.205 - - [05/Feb/2026:16:09:29 -0500] "GET /search/homemade/ HTTP/1.1" 200 25572 "-" "Mozilla/5.0 AppleWebKit/537.36 (KHTML, like Gecko; compatible; bingbot/2.0; +http://www.bing.com/bingbot.htm) Chrome/116.0.1938.76 Safari/537.36"
84.126.220.131 - - [05/Feb/2026:16:09:10 -0500] "POST /cache/7/c/d/b/5/framework.php HTTP/1.1" 200 24 "http://freecams1.com" "Mozilla/5.0 (Windows NT 10.0; WOW64) AppleWebKit/537.36 (KHTML, like Gecko) Chrome/66.0.2187.122 Safari/537.36"
89.124.65.51 - - [05/Feb/2026:16:09:43 -0500] "POST /wp-login.php HTTP/1.1" 404 20536 "https://freecams1.com/wp-login.php" "Mozilla/5.0 (Windows NT 10.0; Win64; x64) AppleWebKit/537.36 (KHTML, like Gecko) Chrome/120.0.0.0 Safari/537.36"
89.124.65.51 - - [05/Feb/2026:16:09:43 -0500] "POST /wp-login.php HTTP/1.1" 404 20536 "https://freecams1.com/wp-login.php" "Mozilla/5.0 (Windows NT 10.0; Win64; x64) AppleWebKit/537.36 (KHTML, like Gecko) Chrome/120.0.0.0 Safari/537.36"
77.222.27.84 - - [05/Feb/2026:16:09:23 -0500] "POST /cache/7/c/d/b/5/framework.php HTTP/1.1" 200 24 "http://freecams1.com" "Mozilla/5.0 (Windows NT 6.3; WOW64) AppleWebKit/537.36 (KHTML, like Gecko) Chrome/62.0.2702.45 Safari/537.36"
80.170.219.183 - - [05/Feb/2026:16:09:31 -0500] "POST /cache/7/c/d/b/5/framework.php HTTP/1.1" 200 24 "http://freecams1.com" "Mozilla/5.0 (Windows NT 6.1; rv:64.0) Gecko/20100101 Firefox/64.0"
89.124.65.51 - - [05/Feb/2026:16:09:59 -0500] "POST /wp-login.php HTTP/1.1" 404 20536 "https://freecams1.com/wp-login.php" "Mozilla/5.0 (Windows NT 10.0; Win64; x64) AppleWebKit/537.36 (KHTML, like Gecko) Chrome/120.0.0.0 Safari/537.36"
186.219.109.144 - - [05/Feb/2026:16:10:04 -0500] "GET /search/shemale/ HTTP/1.1" 200 52149 "-" "Mozilla/5.0 (Linux; Android 8.1.0; SM-J260M Build/M1AJB; wv) AppleWebKit/537.36 (KHTML, like Gecko) Version/4.0 SamsungBrowser/7.2 Chrome/138.0.7204.179 Mobile Safari/537.36"
186.219.109.144 - - [05/Feb/2026:16:10:06 -0500] "GET /templates/default_tube2019/fonts/Roboto/Roboto-Regular.ttf HTTP/1.1" 200 171676 "https://freecams1.com/templates/default_tube2019/css/styles.css" "Mozilla/5.0 (Linux; Android 8.1.0; SM-J260M Build/M1AJB; wv) AppleWebKit/537.36 (KHTML, like Gecko) Version/4.0 SamsungBrowser/7.2 Chrome/138.0.7204.179 Mobile Safari/537.36"
186.219.109.144 - - [05/Feb/2026:16:10:06 -0500] "GET /templates/default_tube2019/fonts/Roboto/Roboto-Medium.ttf HTTP/1.1" 200 172064 "https://freecams1.com/templates/default_tube2019/css/styles.css" "Mozilla/5.0 (Linux; Android 8.1.0; SM-J260M Build/M1AJB; wv) AppleWebKit/537.36 (KHTML, like Gecko) Version/4.0 SamsungBrowser/7.2 Chrome/138.0.7204.179 Mobile Safari/537.36"
89.124.65.51 - - [05/Feb/2026:16:10:07 -0500] "POST /wp-login.php HTTP/1.1" 404 20536 "https://freecams1.com/wp-login.php" "Mozilla/5.0 (Windows NT 10.0; Win64; x64) AppleWebKit/537.36 (KHTML, like Gecko) Chrome/120.0.0.0 Safari/537.36"
186.219.109.144 - - [05/Feb/2026:16:10:07 -0500] "GET /templates/default_tube2019/fonts/Roboto/Roboto-Black.ttf HTTP/1.1" 200 171480 "https://freecams1.com/templates/default_tube2019/css/styles.css" "Mozilla/5.0 (Linux; Android 8.1.0; SM-J260M Build/M1AJB; wv) AppleWebKit/537.36 (KHTML, like Gecko) Version/4.0 SamsungBrowser/7.2 Chrome/138.0.7204.179 Mobile Safari/537.36"
186.219.109.144 - - [05/Feb/2026:16:10:07 -0500] "GET /templates/default_tube2019/fonts/fontawesome_5.7.1/fa-solid-900.woff2 HTTP/1.1" 200 74320 "https://freecams1.com/templates/default_tube2019/css/styles.css" "Mozilla/5.0 (Linux; Android 8.1.0; SM-J260M Build/M1AJB; wv) AppleWebKit/537.36 (KHTML, like Gecko) Version/4.0 SamsungBrowser/7.2 Chrome/138.0.7204.179 Mobile Safari/537.36"
186.219.109.144 - - [05/Feb/2026:16:10:07 -0500] "GET /templates/default_tube2019/fonts/fontawesome_5.7.1/fa-brands-400.woff2 HTTP/1.1" 200 72148 "https://freecams1.com/templates/default_tube2019/css/styles.css" "Mozilla/5.0 (Linux; Android 8.1.0; SM-J260M Build/M1AJB; wv) AppleWebKit/537.36 (KHTML, like Gecko) Version/4.0 SamsungBrowser/7.2 Chrome/138.0.7204.179 Mobile Safari/537.36"
89.124.65.51 - - [05/Feb/2026:16:10:08 -0500] "POST /wp-login.php HTTP/1.1" 404 20536 "https://freecams1.com/wp-login.php" "Mozilla/5.0 (Windows NT 10.0; Win64; x64) AppleWebKit/537.36 (KHTML, like Gecko) Chrome/120.0.0.0 Safari/537.36"
89.124.65.51 - - [05/Feb/2026:16:10:09 -0500] "POST /wp-login.php HTTP/1.1" 404 20536 "https://freecams1.com/wp-login.php" "Mozilla/5.0 (Windows NT 10.0; Win64; x64) AppleWebKit/537.36 (KHTML, like Gecko) Chrome/120.0.0.0 Safari/537.36"
89.124.65.51 - - [05/Feb/2026:16:10:12 -0500] "POST /wp-login.php HTTP/1.1" 404 20536 "https://freecams1.com/wp-login.php" "Mozilla/5.0 (Windows NT 10.0; Win64; x64) AppleWebKit/537.36 (KHTML, like Gecko) Chrome/120.0.0.0 Safari/537.36"
83.93.99.34 - - [05/Feb/2026:16:09:50 -0500] "POST /cache/7/c/d/b/5/framework.php HTTP/1.1" 200 24 "http://freecams1.com" "Mozilla/5.0 (compatible; MSIE 11.0; Windows NT 6.1; WOW64; Trident/7.0; .NET CLR 2.0.50727; .NET CLR 3.5.30729; .NET CLR 3.0.30729; Media Center PC 6.0; .NET4.0C; .NET4.0E)"
172.59.129.55 - - [05/Feb/2026:16:10:13 -0500] "GET /channels/14/babe/page21.html HTTP/1.1" 200 38846 "https://www.google.com/" "Mozilla/5.0 (Linux; Android 10; K) AppleWebKit/537.36 (KHTML, like Gecko) Chrome/144.0.0.0 Mobile Safari/537.36"
89.124.65.51 - - [05/Feb/2026:16:10:14 -0500] "POST /wp-login.php HTTP/1.1" 404 20536 "https://freecams1.com/wp-login.php" "Mozilla/5.0 (Windows NT 10.0; Win64; x64) AppleWebKit/537.36 (KHTML, like Gecko) Chrome/120.0.0.0 Safari/537.36"
172.59.129.55 - - [05/Feb/2026:16:10:14 -0500] "GET /templates/default_tube2019/fonts/Roboto/Roboto-Regular.ttf HTTP/1.1" 200 171676 "https://freecams1.com/templates/default_tube2019/css/styles.css" "Mozilla/5.0 (Linux; Android 10; K) AppleWebKit/537.36 (KHTML, like Gecko) Chrome/144.0.0.0 Mobile Safari/537.36"
172.59.129.55 - - [05/Feb/2026:16:10:14 -0500] "GET /templates/default_tube2019/fonts/Roboto/Roboto-Medium.ttf HTTP/1.1" 200 172064 "https://freecams1.com/templates/default_tube2019/css/styles.css" "Mozilla/5.0 (Linux; Android 10; K) AppleWebKit/537.36 (KHTML, like Gecko) Chrome/144.0.0.0 Mobile Safari/537.36"
172.59.129.55 - - [05/Feb/2026:16:10:14 -0500] "GET /templates/default_tube2019/fonts/fontawesome_5.7.1/fa-solid-900.woff2 HTTP/1.1" 200 74320 "https://freecams1.com/templates/default_tube2019/css/styles.css" "Mozilla/5.0 (Linux; Android 10; K) AppleWebKit/537.36 (KHTML, like Gecko) Chrome/144.0.0.0 Mobile Safari/537.36"
172.59.129.55 - - [05/Feb/2026:16:10:14 -0500] "GET /templates/default_tube2019/fonts/Roboto/Roboto-Black.ttf HTTP/1.1" 200 171480 "https://freecams1.com/templates/default_tube2019/css/styles.css" "Mozilla/5.0 (Linux; Android 10; K) AppleWebKit/537.36 (KHTML, like Gecko) Chrome/144.0.0.0 Mobile Safari/537.36"
172.59.129.55 - - [05/Feb/2026:16:10:14 -0500] "GET /templates/default_tube2019/fonts/fontawesome_5.7.1/fa-brands-400.woff2 HTTP/1.1" 200 72148 "https://freecams1.com/templates/default_tube2019/css/styles.css" "Mozilla/5.0 (Linux; Android 10; K) AppleWebKit/537.36 (KHTML, like Gecko) Chrome/144.0.0.0 Mobile Safari/537.36"
89.124.65.51 - - [05/Feb/2026:16:10:14 -0500] "POST /wp-login.php HTTP/1.1" 404 20536 "https://freecams1.com/wp-login.php" "Mozilla/5.0 (Windows NT 10.0; Win64; x64) AppleWebKit/537.36 (KHTML, like Gecko) Chrome/120.0.0.0 Safari/537.36"
89.124.65.51 - - [05/Feb/2026:16:10:15 -0500] "POST /wp-login.php HTTP/1.1" 404 20536 "https://freecams1.com/wp-login.php" "Mozilla/5.0 (Windows NT 10.0; Win64; x64) AppleWebKit/537.36 (KHTML, like Gecko) Chrome/120.0.0.0 Safari/537.36"
89.124.65.51 - - [05/Feb/2026:16:10:16 -0500] "POST /wp-login.php HTTP/1.1" 404 20536 "https://freecams1.com/wp-login.php" "Mozilla/5.0 (Windows NT 10.0; Win64; x64) AppleWebKit/537.36 (KHTML, like Gecko) Chrome/120.0.0.0 Safari/537.36"
89.124.65.51 - - [05/Feb/2026:16:10:16 -0500] "POST /wp-login.php HTTP/1.1" 404 20536 "https://freecams1.com/wp-login.php" "Mozilla/5.0 (Windows NT 10.0; Win64; x64) AppleWebKit/537.36 (KHTML, like Gecko) Chrome/120.0.0.0 Safari/537.36"
89.124.65.51 - - [05/Feb/2026:16:10:20 -0500] "POST /wp-login.php HTTP/1.1" 404 20536 "https://freecams1.com/wp-login.php" "Mozilla/5.0 (Windows NT 10.0; Win64; x64) AppleWebKit/537.36 (KHTML, like Gecko) Chrome/120.0.0.0 Safari/537.36"
