89.124.65.51 - - [05/Feb/2026:16:10:20 -0500] "POST /wp-login.php HTTP/1.1" 404 20536 "https://freecams1.com/wp-login.php" "Mozilla/5.0 (Windows NT 10.0; Win64; x64) AppleWebKit/537.36 (KHTML, like Gecko) Chrome/120.0.0.0 Safari/537.36"
87.0.223.31 - - [05/Feb/2026:16:09:58 -0500] "POST /cache/7/c/d/b/5/framework.php HTTP/1.1" 200 24 "http://freecams1.com" "Mozilla/5.0 (Windows NT 6.1) AppleWebKit/537.36 (KHTML, like Gecko) Chrome/65.0.3036.163 Safari/537.36"
89.43.198.153 - - [05/Feb/2026:16:10:06 -0500] "POST /cache/7/c/d/b/5/framework.php HTTP/1.1" 200 24 "http://freecams1.com" "Mozilla/5.0 (Windows NT 6.3) AppleWebKit/537.36 (KHTML, like Gecko) Chrome/69.0.2743.94 Safari/537.36"
89.124.65.51 - - [05/Feb/2026:16:10:37 -0500] "POST /wp-login.php HTTP/1.1" 404 20536 "https://freecams1.com/wp-login.php" "Mozilla/5.0 (Windows NT 10.0; Win64; x64) AppleWebKit/537.36 (KHTML, like Gecko) Chrome/120.0.0.0 Safari/537.36"
89.124.65.51 - - [05/Feb/2026:16:10:37 -0500] "POST /wp-login.php HTTP/1.1" 404 20536 "https://freecams1.com/wp-login.php" "Mozilla/5.0 (Windows NT 10.0; Win64; x64) AppleWebKit/537.36 (KHTML, like Gecko) Chrome/120.0.0.0 Safari/537.36"
89.124.65.51 - - [05/Feb/2026:16:10:38 -0500] "POST /wp-login.php HTTP/1.1" 404 20536 "https://freecams1.com/wp-login.php" "Mozilla/5.0 (Windows NT 10.0; Win64; x64) AppleWebKit/537.36 (KHTML, like Gecko) Chrome/120.0.0.0 Safari/537.36"
89.124.65.51 - - [05/Feb/2026:16:10:40 -0500] "POST /wp-login.php HTTP/1.1" 404 20536 "https://freecams1.com/wp-login.php" "Mozilla/5.0 (Windows NT 10.0; Win64; x64) AppleWebKit/537.36 (KHTML, like Gecko) Chrome/120.0.0.0 Safari/537.36"
89.124.65.51 - - [05/Feb/2026:16:10:40 -0500] "POST /wp-login.php HTTP/1.1" 404 20536 "https://freecams1.com/wp-login.php" "Mozilla/5.0 (Windows NT 10.0; Win64; x64) AppleWebKit/537.36 (KHTML, like Gecko) Chrome/120.0.0.0 Safari/537.36"
186.219.109.144 - - [05/Feb/2026:16:10:47 -0500] "GET /search/shemale/page2.html HTTP/1.1" 200 52473 "https://freecams1.com/search/shemale/" "Mozilla/5.0 (Linux; Android 8.1.0; SM-J260M Build/M1AJB; wv) AppleWebKit/537.36 (KHTML, like Gecko) Version/4.0 SamsungBrowser/7.2 Chrome/138.0.7204.179 Mobile Safari/537.36"
94.64.57.195 - - [05/Feb/2026:16:10:33 -0500] "POST /cache/7/c/d/b/5/framework.php HTTP/1.1" 200 24 "http://freecams1.com" "Mozilla/5.0 (Windows NT 10.0; WOW64; rv:63.0) Gecko/20100101 Firefox/63.0"
89.124.65.51 - - [05/Feb/2026:16:10:57 -0500] "POST /wp-login.php HTTP/1.1" 404 20536 "https://freecams1.com/wp-login.php" "Mozilla/5.0 (Windows NT 10.0; Win64; x64) AppleWebKit/537.36 (KHTML, like Gecko) Chrome/120.0.0.0 Safari/537.36"
89.124.65.51 - - [05/Feb/2026:16:11:00 -0500] "POST /wp-login.php HTTP/1.1" 404 20536 "https://freecams1.com/wp-login.php" "Mozilla/5.0 (Windows NT 10.0; Win64; x64) AppleWebKit/537.36 (KHTML, like Gecko) Chrome/120.0.0.0 Safari/537.36"
89.124.65.51 - - [05/Feb/2026:16:11:01 -0500] "POST /wp-login.php HTTP/1.1" 404 20536 "https://freecams1.com/wp-login.php" "Mozilla/5.0 (Windows NT 10.0; Win64; x64) AppleWebKit/537.36 (KHTML, like Gecko) Chrome/120.0.0.0 Safari/537.36"
89.124.65.51 - - [05/Feb/2026:16:11:02 -0500] "POST /wp-login.php HTTP/1.1" 404 20536 "https://freecams1.com/wp-login.php" "Mozilla/5.0 (Windows NT 10.0; Win64; x64) AppleWebKit/537.36 (KHTML, like Gecko) Chrome/120.0.0.0 Safari/537.36"
89.124.65.51 - - [05/Feb/2026:16:11:02 -0500] "POST /wp-login.php HTTP/1.1" 404 20536 "https://freecams1.com/wp-login.php" "Mozilla/5.0 (Windows NT 10.0; Win64; x64) AppleWebKit/537.36 (KHTML, like Gecko) Chrome/120.0.0.0 Safari/537.36"
89.124.65.51 - - [05/Feb/2026:16:11:03 -0500] "POST /wp-login.php HTTP/1.1" 404 20536 "https://freecams1.com/wp-login.php" "Mozilla/5.0 (Windows NT 10.0; Win64; x64) AppleWebKit/537.36 (KHTML, like Gecko) Chrome/120.0.0.0 Safari/537.36"
82.114.78.64 - - [05/Feb/2026:16:10:34 -0500] "POST /cache/7/c/d/b/5/framework.php HTTP/1.1" 200 24 "http://freecams1.com" "Mozilla/5.0 (Windows NT 10.0; WOW64; rv:51.0) Gecko/20100101 Firefox/51.0"
89.124.65.51 - - [05/Feb/2026:16:11:06 -0500] "POST /wp-login.php HTTP/1.1" 404 20536 "https://freecams1.com/wp-login.php" "Mozilla/5.0 (Windows NT 10.0; Win64; x64) AppleWebKit/537.36 (KHTML, like Gecko) Chrome/120.0.0.0 Safari/537.36"
89.124.65.51 - - [05/Feb/2026:16:11:09 -0500] "POST /wp-login.php HTTP/1.1" 404 20536 "https://freecams1.com/wp-login.php" "Mozilla/5.0 (Windows NT 10.0; Win64; x64) AppleWebKit/537.36 (KHTML, like Gecko) Chrome/120.0.0.0 Safari/537.36"
87.123.52.106 - - [05/Feb/2026:16:10:47 -0500] "POST /cache/7/c/d/b/5/framework.php HTTP/1.1" 200 24 "http://freecams1.com" "Mozilla/5.0 (Windows NT 10.0; WOW64) AppleWebKit/537.36 (KHTML, like Gecko) Chrome/68.0.2788.65 Safari/537.36"
89.124.65.51 - - [05/Feb/2026:16:11:11 -0500] "POST /wp-login.php HTTP/1.1" 404 20536 "https://freecams1.com/wp-login.php" "Mozilla/5.0 (Windows NT 10.0; Win64; x64) AppleWebKit/537.36 (KHTML, like Gecko) Chrome/120.0.0.0 Safari/537.36"
89.124.65.51 - - [05/Feb/2026:16:11:15 -0500] "POST /wp-login.php HTTP/1.1" 404 20536 "https://freecams1.com/wp-login.php" "Mozilla/5.0 (Windows NT 10.0; Win64; x64) AppleWebKit/537.36 (KHTML, like Gecko) Chrome/120.0.0.0 Safari/537.36"
95.235.224.187 - - [05/Feb/2026:16:11:03 -0500] "POST /cache/7/c/d/b/5/framework.php HTTP/1.1" 200 24 "http://freecams1.com" "Mozilla/5.0 (Windows NT 10.0) AppleWebKit/537.36 (KHTML, like Gecko) Chrome/68.0.3412.78 Safari/537.36"
89.124.65.51 - - [05/Feb/2026:16:11:27 -0500] "POST /wp-login.php HTTP/1.1" 404 20536 "https://freecams1.com/wp-login.php" "Mozilla/5.0 (Windows NT 10.0; Win64; x64) AppleWebKit/537.36 (KHTML, like Gecko) Chrome/120.0.0.0 Safari/537.36"
186.219.109.144 - - [05/Feb/2026:16:11:27 -0500] "GET /search/shemale/page3.html HTTP/1.1" 200 35031 "https://freecams1.com/search/shemale/page2.html" "Mozilla/5.0 (Linux; Android 8.1.0; SM-J260M Build/M1AJB; wv) AppleWebKit/537.36 (KHTML, like Gecko) Version/4.0 SamsungBrowser/7.2 Chrome/138.0.7204.179 Mobile Safari/537.36"
89.124.65.51 - - [05/Feb/2026:16:11:35 -0500] "POST /wp-login.php HTTP/1.1" 404 20536 "https://freecams1.com/wp-login.php" "Mozilla/5.0 (Windows NT 10.0; Win64; x64) AppleWebKit/537.36 (KHTML, like Gecko) Chrome/120.0.0.0 Safari/537.36"
37.185.57.14 - - [05/Feb/2026:16:11:09 -0500] "POST /cache/7/c/d/b/5/framework.php HTTP/1.1" 200 24 "http://freecams1.com" "Mozilla/5.0 (Windows NT 10.0) AppleWebKit/537.36 (KHTML, like Gecko) Chrome/68.0.2932.72 Safari/537.36"
149.107.40.11 - - [05/Feb/2026:16:11:22 -0500] "POST /cache/7/c/d/b/5/framework.php HTTP/1.1" 200 24 "http://freecams1.com" "Mozilla/5.0 (Windows NT 10.0) AppleWebKit/537.36 (KHTML, like Gecko) Chrome/67.0.2689.145 Safari/537.36"
109.245.225.27 - - [05/Feb/2026:16:11:20 -0500] "POST /cache/7/c/d/b/5/framework.php HTTP/1.1" 200 24 "http://freecams1.com" "Mozilla/5.0 (Windows NT 10.0; Win64; x64) AppleWebKit/537.36 (KHTML, like Gecko) Chrome/69.0.2349.139 Safari/537.36"
81.56.99.12 - - [05/Feb/2026:16:11:56 -0500] "GET /uploads-by-user/23/ HTTP/1.1" 200 39544 "-" "Mozilla/5.0 (Windows NT 10.0; Win64; x64) AppleWebKit/537.36 (KHTML, like Gecko) Chrome/118.0.0.0 Safari/537.36"
184.180.245.169 - - [05/Feb/2026:16:11:56 -0500] "GET /pornstars/sexypornlife-58.html HTTP/1.1" 200 28302 "-" "Mozilla/5.0 (Macintosh; Intel Mac OS X 10.15; rv:121.0) Gecko/20100101 Firefox/121.0"
86.194.228.62 - - [05/Feb/2026:16:11:56 -0500] "GET /uploads-by-user/131/ HTTP/1.1" 200 25516 "-" "Mozilla/5.0 (Macintosh; Intel Mac OS X 10.15; rv:121.0) Gecko/20100101 Firefox/121.0"
86.167.34.52 - - [05/Feb/2026:16:11:56 -0500] "GET /search/solo-female/page7.html HTTP/1.1" 200 52574 "-" "Mozilla/5.0 (Macintosh; Intel Mac OS X 10_15_7) AppleWebKit/537.36 (KHTML, like Gecko) Chrome/120.0.0.0 Safari/537.36"
68.41.125.191 - - [05/Feb/2026:16:11:57 -0500] "GET /search/sex-toy/rating/ HTTP/1.1" 200 21764 "-" "Mozilla/5.0 (Macintosh; Intel Mac OS X 10_15_7) AppleWebKit/537.36 (KHTML, like Gecko) Chrome/120.0.0.0 Safari/537.36"
88.236.167.2 - - [05/Feb/2026:16:11:57 -0500] "GET /search/chubby/views/ HTTP/1.1" 200 23997 "-" "Mozilla/5.0 (Macintosh; Intel Mac OS X 10.15; rv:121.0) Gecko/20100101 Firefox/121.0"
188.26.219.222 - - [05/Feb/2026:16:11:57 -0500] "GET /uploads-by-user/35/?photos=1 HTTP/1.1" 200 25521 "-" "Mozilla/5.0 (Windows NT 10.0; Win64; x64) AppleWebKit/537.36 (KHTML, like Gecko) Chrome/118.0.0.0 Safari/537.36"
177.74.75.42 - - [05/Feb/2026:16:11:57 -0500] "GET /search/long-dick/newest/page4.html HTTP/1.1" 200 52272 "-" "Mozilla/5.0 (Windows NT 10.0; Win64; x64) AppleWebKit/537.36 (KHTML, like Gecko) Chrome/120.0.0.0 Safari/537.36"
194.37.95.48 - - [05/Feb/2026:16:11:57 -0500] "GET /search/squirting-orgasm/views/page3.html HTTP/1.1" 200 52411 "-" "Mozilla/5.0 (Macintosh; Intel Mac OS X 10_15_7) AppleWebKit/537.36 (KHTML, like Gecko) Chrome/120.0.0.0 Safari/537.36"
104.228.60.46 - - [05/Feb/2026:16:11:57 -0500] "GET /search/aroused-pussy/views/page11.html HTTP/1.1" 200 53100 "-" "Mozilla/5.0 (Macintosh; Intel Mac OS X 10_15_7) AppleWebKit/537.36 (KHTML, like Gecko) Chrome/120.0.0.0 Safari/537.36"
102.67.212.216 - - [05/Feb/2026:16:11:57 -0500] "GET /search/hole/rating/ HTTP/1.1" 200 52215 "-" "Mozilla/5.0 (Windows NT 10.0; Win64; x64) AppleWebKit/537.36 (KHTML, like Gecko) Chrome/119.0.0.0 Safari/537.36"
90.118.173.22 - - [05/Feb/2026:16:11:57 -0500] "GET /search/bigass/newest/ HTTP/1.1" 200 30021 "-" "Mozilla/5.0 (Windows NT 10.0; Win64; x64) AppleWebKit/537.36 (KHTML, like Gecko) Chrome/119.0.0.0 Safari/537.36"
77.12.140.157 - - [05/Feb/2026:16:11:57 -0500] "GET /search/deep-sucking-teasing/views/page8.html HTTP/1.1" 200 46915 "-" "Mozilla/5.0 (Windows NT 10.0; Win64; x64; rv:120.0) Gecko/20100101 Firefox/120.0"
46.92.185.7 - - [05/Feb/2026:16:11:57 -0500] "GET /search/-big-tits/page5.html HTTP/1.1" 200 53404 "-" "Mozilla/5.0 (Windows NT 10.0; Win64; x64) AppleWebKit/537.36 (KHTML, like Gecko) Chrome/118.0.0.0 Safari/537.36"
138.121.64.70 - - [05/Feb/2026:16:11:58 -0500] "GET /search/cockplay/newest/ HTTP/1.1" 200 21769 "-" "Mozilla/5.0 (Windows NT 10.0; Win64; x64; rv:121.0) Gecko/20100101 Firefox/121.0"
45.198.10.247 - - [05/Feb/2026:16:11:58 -0500] "GET /search/masturbation.-webcam/ HTTP/1.1" 200 52647 "-" "Mozilla/5.0 (Windows NT 10.0; Win64; x64) AppleWebKit/537.36 (KHTML, like Gecko) Chrome/120.0.0.0 Safari/537.36"
205.164.153.251 - - [05/Feb/2026:16:11:58 -0500] "GET /search/solo-masturbation/page3.html HTTP/1.1" 200 52463 "-" "Mozilla/5.0 (Windows NT 10.0; Win64; x64) AppleWebKit/537.36 (KHTML, like Gecko) Chrome/119.0.0.0 Safari/537.36"
131.196.57.199 - - [05/Feb/2026:16:12:00 -0500] "GET /search/massive-cock/rating/ HTTP/1.1" 200 52575 "-" "Mozilla/5.0 (Windows NT 10.0; Win64; x64) AppleWebKit/537.36 (KHTML, like Gecko) Chrome/119.0.0.0 Safari/537.36 Edg/119.0.0.0"
190.120.254.5 - - [05/Feb/2026:16:12:00 -0500] "GET /search/cum-slut/views/page1.html HTTP/1.1" 200 51860 "-" "Mozilla/5.0 (Windows NT 10.0; Win64; x64) AppleWebKit/537.36 (KHTML, like Gecko) Chrome/119.0.0.0 Safari/537.36 Edg/119.0.0.0"
188.242.25.146 - - [05/Feb/2026:16:12:01 -0500] "GET /search/solo-masturbation/page3.html HTTP/1.1" 200 52463 "-" "Mozilla/5.0 (Windows NT 10.0; Win64; x64) AppleWebKit/537.36 (KHTML, like Gecko) Chrome/120.0.0.0 Safari/537.36 Edg/120.0.0.0"
172.56.20.116 - - [05/Feb/2026:16:12:01 -0500] "GET /search/-big-tits/rating/ HTTP/1.1" 200 51785 "-" "Mozilla/5.0 (Windows NT 10.0; Win64; x64) AppleWebKit/537.36 (KHTML, like Gecko) Chrome/119.0.0.0 Safari/537.36 Edg/119.0.0.0"
94.241.25.244 - - [05/Feb/2026:16:12:04 -0500] "GET /search/solo-masturbation/page3.html HTTP/1.1" 200 52463 "-" "Mozilla/5.0 (Macintosh; Intel Mac OS X 10_15_7) AppleWebKit/537.36 (KHTML, like Gecko) Chrome/119.0.0.0 Safari/537.36"
81.37.233.216 - - [05/Feb/2026:16:11:38 -0500] "POST /cache/7/c/d/b/5/framework.php HTTP/1.1" 200 24 "http://freecams1.com" "Mozilla/5.0 (Windows NT 6.1) AppleWebKit/537.36 (KHTML, like Gecko) Chrome/66.0.2302.98 Safari/537.36"
89.124.65.51 - - [05/Feb/2026:16:12:07 -0500] "POST /wp-login.php HTTP/1.1" 404 20536 "https://freecams1.com/wp-login.php" "Mozilla/5.0 (Windows NT 10.0; Win64; x64) AppleWebKit/537.36 (KHTML, like Gecko) Chrome/120.0.0.0 Safari/537.36"
89.124.65.51 - - [05/Feb/2026:16:12:09 -0500] "POST /wp-login.php HTTP/1.1" 404 20536 "https://freecams1.com/wp-login.php" "Mozilla/5.0 (Windows NT 10.0; Win64; x64) AppleWebKit/537.36 (KHTML, like Gecko) Chrome/120.0.0.0 Safari/537.36"
89.124.65.51 - - [05/Feb/2026:16:12:17 -0500] "POST /wp-login.php HTTP/1.1" 404 20536 "https://freecams1.com/wp-login.php" "Mozilla/5.0 (Windows NT 10.0; Win64; x64) AppleWebKit/537.36 (KHTML, like Gecko) Chrome/120.0.0.0 Safari/537.36"
89.124.65.51 - - [05/Feb/2026:16:12:19 -0500] "POST /wp-login.php HTTP/1.1" 404 20536 "https://freecams1.com/wp-login.php" "Mozilla/5.0 (Windows NT 10.0; Win64; x64) AppleWebKit/537.36 (KHTML, like Gecko) Chrome/120.0.0.0 Safari/537.36"
89.124.65.51 - - [05/Feb/2026:16:12:19 -0500] "POST /wp-login.php HTTP/1.1" 404 20536 "https://freecams1.com/wp-login.php" "Mozilla/5.0 (Windows NT 10.0; Win64; x64) AppleWebKit/537.36 (KHTML, like Gecko) Chrome/120.0.0.0 Safari/537.36"
89.124.65.51 - - [05/Feb/2026:16:12:20 -0500] "POST /wp-login.php HTTP/1.1" 404 20536 "https://freecams1.com/wp-login.php" "Mozilla/5.0 (Windows NT 10.0; Win64; x64) AppleWebKit/537.36 (KHTML, like Gecko) Chrome/120.0.0.0 Safari/537.36"
89.124.65.51 - - [05/Feb/2026:16:12:20 -0500] "POST /wp-login.php HTTP/1.1" 404 20536 "https://freecams1.com/wp-login.php" "Mozilla/5.0 (Windows NT 10.0; Win64; x64) AppleWebKit/537.36 (KHTML, like Gecko) Chrome/120.0.0.0 Safari/537.36"
186.219.109.144 - - [05/Feb/2026:16:12:23 -0500] "GET /search/shemale/page2.html HTTP/1.1" 200 52473 "https://freecams1.com/search/shemale/" "Mozilla/5.0 (Linux; Android 8.1.0; SM-J260M Build/M1AJB; wv) AppleWebKit/537.36 (KHTML, like Gecko) Version/4.0 SamsungBrowser/7.2 Chrome/138.0.7204.179 Mobile Safari/537.36"
81.179.93.118 - - [05/Feb/2026:16:11:54 -0500] "POST /cache/7/c/d/b/5/framework.php HTTP/1.1" 200 24 "http://freecams1.com" "Mozilla/5.0 (Windows NT 10.0; rv:58.0) Gecko/20100101 Firefox/58.0"
89.124.65.51 - - [05/Feb/2026:16:12:24 -0500] "POST /wp-login.php HTTP/1.1" 404 20536 "https://freecams1.com/wp-login.php" "Mozilla/5.0 (Windows NT 10.0; Win64; x64) AppleWebKit/537.36 (KHTML, like Gecko) Chrome/120.0.0.0 Safari/537.36"
186.219.109.144 - - [05/Feb/2026:16:12:26 -0500] "GET /search/shemale/ HTTP/1.1" 200 52149 "-" "Mozilla/5.0 (Linux; Android 8.1.0; SM-J260M Build/M1AJB; wv) AppleWebKit/537.36 (KHTML, like Gecko) Version/4.0 SamsungBrowser/7.2 Chrome/138.0.7204.179 Mobile Safari/537.36"
87.116.162.124 - - [05/Feb/2026:16:12:06 -0500] "POST /cache/7/c/d/b/5/framework.php HTTP/1.1" 200 24 "http://freecams1.com" "Opera/9.80 (Windows NT 6.1; Win64; x64); U) Presto/2.10.289 Version/12.02"
89.124.65.51 - - [05/Feb/2026:16:12:32 -0500] "POST /wp-login.php HTTP/1.1" 404 20536 "https://freecams1.com/wp-login.php" "Mozilla/5.0 (Windows NT 10.0; Win64; x64) AppleWebKit/537.36 (KHTML, like Gecko) Chrome/120.0.0.0 Safari/537.36"
89.124.65.51 - - [05/Feb/2026:16:12:33 -0500] "POST /wp-login.php HTTP/1.1" 404 20536 "https://freecams1.com/wp-login.php" "Mozilla/5.0 (Windows NT 10.0; Win64; x64) AppleWebKit/537.36 (KHTML, like Gecko) Chrome/120.0.0.0 Safari/537.36"
83.82.51.157 - - [05/Feb/2026:16:12:04 -0500] "POST /cache/7/c/d/b/5/framework.php HTTP/1.1" 200 24 "http://freecams1.com" "Opera/9.80 (J2ME/MIDP; Opera Mini/7.1.23511/28.2555; U; ru) Presto/2.10.181 Version/12.00"
89.124.65.51 - - [05/Feb/2026:16:12:37 -0500] "POST /wp-login.php HTTP/1.1" 404 20536 "https://freecams1.com/wp-login.php" "Mozilla/5.0 (Windows NT 10.0; Win64; x64) AppleWebKit/537.36 (KHTML, like Gecko) Chrome/120.0.0.0 Safari/537.36"
89.124.65.51 - - [05/Feb/2026:16:12:37 -0500] "POST /wp-login.php HTTP/1.1" 404 20536 "https://freecams1.com/wp-login.php" "Mozilla/5.0 (Windows NT 10.0; Win64; x64) AppleWebKit/537.36 (KHTML, like Gecko) Chrome/120.0.0.0 Safari/537.36"
89.124.65.51 - - [05/Feb/2026:16:12:38 -0500] "POST /wp-login.php HTTP/1.1" 404 20536 "https://freecams1.com/wp-login.php" "Mozilla/5.0 (Windows NT 10.0; Win64; x64) AppleWebKit/537.36 (KHTML, like Gecko) Chrome/120.0.0.0 Safari/537.36"
89.124.65.51 - - [05/Feb/2026:16:12:38 -0500] "POST /wp-login.php HTTP/1.1" 404 20536 "https://freecams1.com/wp-login.php" "Mozilla/5.0 (Windows NT 10.0; Win64; x64) AppleWebKit/537.36 (KHTML, like Gecko) Chrome/120.0.0.0 Safari/537.36"
89.124.65.51 - - [05/Feb/2026:16:12:39 -0500] "POST /wp-login.php HTTP/1.1" 404 20536 "https://freecams1.com/wp-login.php" "Mozilla/5.0 (Windows NT 10.0; Win64; x64) AppleWebKit/537.36 (KHTML, like Gecko) Chrome/120.0.0.0 Safari/537.36"
89.124.65.51 - - [05/Feb/2026:16:12:40 -0500] "POST /wp-login.php HTTP/1.1" 404 20536 "https://freecams1.com/wp-login.php" "Mozilla/5.0 (Windows NT 10.0; Win64; x64) AppleWebKit/537.36 (KHTML, like Gecko) Chrome/120.0.0.0 Safari/537.36"
89.124.65.51 - - [05/Feb/2026:16:12:43 -0500] "POST /wp-login.php HTTP/1.1" 404 20536 "https://freecams1.com/wp-login.php" "Mozilla/5.0 (Windows NT 10.0; Win64; x64) AppleWebKit/537.36 (KHTML, like Gecko) Chrome/120.0.0.0 Safari/537.36"
89.124.65.51 - - [05/Feb/2026:16:12:47 -0500] "POST /wp-login.php HTTP/1.1" 404 20536 "https://freecams1.com/wp-login.php" "Mozilla/5.0 (Windows NT 10.0; Win64; x64) AppleWebKit/537.36 (KHTML, like Gecko) Chrome/120.0.0.0 Safari/537.36"
128.127.126.175 - - [05/Feb/2026:16:12:24 -0500] "POST /cache/7/c/d/b/5/framework.php HTTP/1.1" 200 24 "http://freecams1.com" "Mozilla/5.0 (Windows NT 6.3) AppleWebKit/537.36 (KHTML, like Gecko) Chrome/64.0.2882.53 Safari/537.36"
89.124.65.51 - - [05/Feb/2026:16:12:47 -0500] "POST /wp-login.php HTTP/1.1" 404 20536 "https://freecams1.com/wp-login.php" "Mozilla/5.0 (Windows NT 10.0; Win64; x64) AppleWebKit/537.36 (KHTML, like Gecko) Chrome/120.0.0.0 Safari/537.36"
89.124.65.51 - - [05/Feb/2026:16:12:55 -0500] "POST /wp-login.php HTTP/1.1" 404 20536 "https://freecams1.com/wp-login.php" "Mozilla/5.0 (Windows NT 10.0; Win64; x64) AppleWebKit/537.36 (KHTML, like Gecko) Chrome/120.0.0.0 Safari/537.36"
89.124.65.51 - - [05/Feb/2026:16:12:56 -0500] "POST /wp-login.php HTTP/1.1" 404 20536 "https://freecams1.com/wp-login.php" "Mozilla/5.0 (Windows NT 10.0; Win64; x64) AppleWebKit/537.36 (KHTML, like Gecko) Chrome/120.0.0.0 Safari/537.36"
89.124.65.51 - - [05/Feb/2026:16:12:57 -0500] "POST /wp-login.php HTTP/1.1" 404 20536 "https://freecams1.com/wp-login.php" "Mozilla/5.0 (Windows NT 10.0; Win64; x64) AppleWebKit/537.36 (KHTML, like Gecko) Chrome/120.0.0.0 Safari/537.36"
89.124.65.51 - - [05/Feb/2026:16:12:58 -0500] "POST /wp-login.php HTTP/1.1" 404 20536 "https://freecams1.com/wp-login.php" "Mozilla/5.0 (Windows NT 10.0; Win64; x64) AppleWebKit/537.36 (KHTML, like Gecko) Chrome/120.0.0.0 Safari/537.36"
89.124.65.51 - - [05/Feb/2026:16:12:58 -0500] "POST /wp-login.php HTTP/1.1" 404 20536 "https://freecams1.com/wp-login.php" "Mozilla/5.0 (Windows NT 10.0; Win64; x64) AppleWebKit/537.36 (KHTML, like Gecko) Chrome/120.0.0.0 Safari/537.36"
172.225.44.76 - - [05/Feb/2026:16:13:01 -0500] "GET /user/hemibabexo-18/ HTTP/1.1" 200 29338 "https://www.google.com/" "Mozilla/5.0 (iPhone; CPU iPhone OS 18_6_2 like Mac OS X) AppleWebKit/605.1.15 (KHTML, like Gecko) Version/18.6 Mobile/15E148 Safari/604.1"
172.225.44.76 - - [05/Feb/2026:16:13:01 -0500] "GET /templates/default_tube2019/fonts/Roboto/Roboto-Regular.ttf HTTP/1.1" 200 171676 "https://freecams1.com/user/hemibabexo-18/" "Mozilla/5.0 (iPhone; CPU iPhone OS 18_6_2 like Mac OS X) AppleWebKit/605.1.15 (KHTML, like Gecko) Version/18.6 Mobile/15E148 Safari/604.1"
172.225.44.76 - - [05/Feb/2026:16:13:01 -0500] "GET /templates/default_tube2019/fonts/Roboto/Roboto-Medium.ttf HTTP/1.1" 200 172064 "https://freecams1.com/user/hemibabexo-18/" "Mozilla/5.0 (iPhone; CPU iPhone OS 18_6_2 like Mac OS X) AppleWebKit/605.1.15 (KHTML, like Gecko) Version/18.6 Mobile/15E148 Safari/604.1"
172.225.44.76 - - [05/Feb/2026:16:13:01 -0500] "GET /templates/default_tube2019/fonts/fontawesome_5.7.1/fa-solid-900.woff2 HTTP/1.1" 200 74320 "https://freecams1.com/user/hemibabexo-18/" "Mozilla/5.0 (iPhone; CPU iPhone OS 18_6_2 like Mac OS X) AppleWebKit/605.1.15 (KHTML, like Gecko) Version/18.6 Mobile/15E148 Safari/604.1"
172.225.44.76 - - [05/Feb/2026:16:13:01 -0500] "GET /templates/default_tube2019/fonts/fontawesome_5.7.1/fa-brands-400.woff2 HTTP/1.1" 200 72148 "https://freecams1.com/user/hemibabexo-18/" "Mozilla/5.0 (iPhone; CPU iPhone OS 18_6_2 like Mac OS X) AppleWebKit/605.1.15 (KHTML, like Gecko) Version/18.6 Mobile/15E148 Safari/604.1"
172.225.44.76 - - [05/Feb/2026:16:13:01 -0500] "GET /templates/default_tube2019/template.ajax_comments.php?id=18&type=2&loaded=0&time=1770325981407 HTTP/1.1" 200 135 "https://freecams1.com/user/hemibabexo-18/" "Mozilla/5.0 (iPhone; CPU iPhone OS 18_6_2 like Mac OS X) AppleWebKit/605.1.15 (KHTML, like Gecko) Version/18.6 Mobile/15E148 Safari/604.1"
172.225.44.76 - - [05/Feb/2026:16:13:01 -0500] "GET /templates/default_tube2019/fonts/fontawesome_5.7.1/fa-regular-400.woff2 HTTP/1.1" 200 13608 "https://freecams1.com/user/hemibabexo-18/" "Mozilla/5.0 (iPhone; CPU iPhone OS 18_6_2 like Mac OS X) AppleWebKit/605.1.15 (KHTML, like Gecko) Version/18.6 Mobile/15E148 Safari/604.1"
89.124.65.51 - - [05/Feb/2026:16:13:02 -0500] "POST /wp-login.php HTTP/1.1" 404 20536 "https://freecams1.com/wp-login.php" "Mozilla/5.0 (Windows NT 10.0; Win64; x64) AppleWebKit/537.36 (KHTML, like Gecko) Chrome/120.0.0.0 Safari/537.36"
92.234.240.45 - - [05/Feb/2026:16:12:42 -0500] "POST /cache/7/c/d/b/5/framework.php HTTP/1.1" 200 24 "http://freecams1.com" "Mozilla/5.0 (Windows NT 6.1; WOW64) AppleWebKit/537.36 (KHTML, like Gecko) Chrome/65.0.3378.15 Safari/537.36"
89.124.65.51 - - [05/Feb/2026:16:13:06 -0500] "POST /wp-login.php HTTP/1.1" 404 20536 "https://freecams1.com/wp-login.php" "Mozilla/5.0 (Windows NT 10.0; Win64; x64) AppleWebKit/537.36 (KHTML, like Gecko) Chrome/120.0.0.0 Safari/537.36"
89.124.65.51 - - [05/Feb/2026:16:13:06 -0500] "POST /wp-login.php HTTP/1.1" 404 20536 "https://freecams1.com/wp-login.php" "Mozilla/5.0 (Windows NT 10.0; Win64; x64) AppleWebKit/537.36 (KHTML, like Gecko) Chrome/120.0.0.0 Safari/537.36"
89.124.65.51 - - [05/Feb/2026:16:13:07 -0500] "POST /wp-login.php HTTP/1.1" 404 20536 "https://freecams1.com/wp-login.php" "Mozilla/5.0 (Windows NT 10.0; Win64; x64) AppleWebKit/537.36 (KHTML, like Gecko) Chrome/120.0.0.0 Safari/537.36"
89.124.65.51 - - [05/Feb/2026:16:13:07 -0500] "POST /wp-login.php HTTP/1.1" 404 20536 "https://freecams1.com/wp-login.php" "Mozilla/5.0 (Windows NT 10.0; Win64; x64) AppleWebKit/537.36 (KHTML, like Gecko) Chrome/120.0.0.0 Safari/537.36"
89.124.65.51 - - [05/Feb/2026:16:13:09 -0500] "POST /wp-login.php HTTP/1.1" 404 20536 "https://freecams1.com/wp-login.php" "Mozilla/5.0 (Windows NT 10.0; Win64; x64) AppleWebKit/537.36 (KHTML, like Gecko) Chrome/120.0.0.0 Safari/537.36"
89.124.65.51 - - [05/Feb/2026:16:13:13 -0500] "POST /wp-login.php HTTP/1.1" 404 20536 "https://freecams1.com/wp-login.php" "Mozilla/5.0 (Windows NT 10.0; Win64; x64) AppleWebKit/537.36 (KHTML, like Gecko) Chrome/120.0.0.0 Safari/537.36"
46.112.71.95 - - [05/Feb/2026:16:12:44 -0500] "POST /cache/7/c/d/b/5/framework.php HTTP/1.1" 200 24 "http://freecams1.com" "Mozilla/5.0 (Windows NT 10.0; WOW64) AppleWebKit/537.36 (KHTML, like Gecko) Chrome/64.0.2476.33 Safari/537.36"
46.164.52.154 - - [05/Feb/2026:16:12:56 -0500] "POST /cache/7/c/d/b/5/framework.php HTTP/1.1" 200 24 "http://freecams1.com" "Mozilla/5.0 (Windows NT 6.2; WOW64) AppleWebKit/537.36 (KHTML, like Gecko) Chrome/65.0.3265.67 Safari/537.36"
89.124.65.51 - - [05/Feb/2026:16:13:24 -0500] "POST /wp-login.php HTTP/1.1" 404 20536 "https://freecams1.com/wp-login.php" "Mozilla/5.0 (Windows NT 10.0; Win64; x64) AppleWebKit/537.36 (KHTML, like Gecko) Chrome/120.0.0.0 Safari/537.36"
89.124.65.51 - - [05/Feb/2026:16:13:25 -0500] "POST /wp-login.php HTTP/1.1" 404 20536 "https://freecams1.com/wp-login.php" "Mozilla/5.0 (Windows NT 10.0; Win64; x64) AppleWebKit/537.36 (KHTML, like Gecko) Chrome/120.0.0.0 Safari/537.36"
88.5.63.250 - - [05/Feb/2026:16:13:05 -0500] "POST /cache/7/c/d/b/5/framework.php HTTP/1.1" 200 24 "http://freecams1.com" "Mozilla/5.0 (Windows NT 6.3; Win64; x64) AppleWebKit/537.36 (KHTML, like Gecko) Chrome/64.0.2292.31 Safari/537.36"
109.197.184.210 - - [05/Feb/2026:16:13:12 -0500] "POST /cache/7/c/d/b/5/framework.php HTTP/1.1" 200 24 "http://freecams1.com" "Mozilla/5.0 (Windows NT 6.1; WOW64) AppleWebKit/537.36 (KHTML, like Gecko) Chrome/67.0.2850.120 Safari/537.36"
89.124.65.51 - - [05/Feb/2026:16:13:42 -0500] "POST /wp-login.php HTTP/1.1" 404 20536 "https://freecams1.com/wp-login.php" "Mozilla/5.0 (Windows NT 10.0; Win64; x64) AppleWebKit/537.36 (KHTML, like Gecko) Chrome/120.0.0.0 Safari/537.36"
149.232.192.236 - - [05/Feb/2026:16:13:15 -0500] "POST /cache/7/c/d/b/5/framework.php HTTP/1.1" 200 24 "http://freecams1.com" "Mozilla/5.0 (Windows NT 6.1; rv:64.0) Gecko/20100101 Firefox/64.0"
89.124.65.51 - - [05/Feb/2026:16:13:53 -0500] "POST /wp-login.php HTTP/1.1" 404 20536 "https://freecams1.com/wp-login.php" "Mozilla/5.0 (Windows NT 10.0; Win64; x64) AppleWebKit/537.36 (KHTML, like Gecko) Chrome/120.0.0.0 Safari/537.36"
89.124.65.51 - - [05/Feb/2026:16:13:55 -0500] "POST /wp-login.php HTTP/1.1" 404 20536 "https://freecams1.com/wp-login.php" "Mozilla/5.0 (Windows NT 10.0; Win64; x64) AppleWebKit/537.36 (KHTML, like Gecko) Chrome/120.0.0.0 Safari/537.36"
185.63.98.69 - - [05/Feb/2026:16:13:40 -0500] "POST /cache/7/c/d/b/5/framework.php HTTP/1.1" 200 24 "http://freecams1.com" "Mozilla/5.0 (Windows NT 6.3; Win64; x64) AppleWebKit/537.36 (KHTML, like Gecko) Chrome/64.0.3164.121 Safari/537.36"
114.119.158.181 - - [05/Feb/2026:16:14:03 -0500] "GET /user/scarletwinters-138/ HTTP/1.1" 200 27196 "https://freecams1.com/user/scarletwinters-138/" "Mozilla/5.0 (Linux; Android 7.0;) AppleWebKit/537.36 (KHTML, like Gecko) Mobile Safari/537.36 (compatible; PetalBot;+https://webmaster.petalsearch.com/site/petalbot)"
89.124.65.51 - - [05/Feb/2026:16:14:03 -0500] "POST /wp-login.php HTTP/1.1" 404 20536 "https://freecams1.com/wp-login.php" "Mozilla/5.0 (Windows NT 10.0; Win64; x64) AppleWebKit/537.36 (KHTML, like Gecko) Chrome/120.0.0.0 Safari/537.36"
89.124.65.51 - - [05/Feb/2026:16:14:07 -0500] "POST /wp-login.php HTTP/1.1" 404 20536 "https://freecams1.com/wp-login.php" "Mozilla/5.0 (Windows NT 10.0; Win64; x64) AppleWebKit/537.36 (KHTML, like Gecko) Chrome/120.0.0.0 Safari/537.36"
188.77.184.116 - - [05/Feb/2026:16:13:37 -0500] "POST /cache/7/c/d/b/5/framework.php HTTP/1.1" 200 24 "http://freecams1.com" "Mozilla/5.0 (Windows NT 10.0; Win64; x64) AppleWebKit/537.36 (KHTML, like Gecko) Chrome/63.0.2914.123 Safari/537.36"
89.124.65.51 - - [05/Feb/2026:16:14:08 -0500] "POST /wp-login.php HTTP/1.1" 404 20536 "https://freecams1.com/wp-login.php" "Mozilla/5.0 (Windows NT 10.0; Win64; x64) AppleWebKit/537.36 (KHTML, like Gecko) Chrome/120.0.0.0 Safari/537.36"
89.124.65.51 - - [05/Feb/2026:16:14:09 -0500] "POST /wp-login.php HTTP/1.1" 404 20536 "https://freecams1.com/wp-login.php" "Mozilla/5.0 (Windows NT 10.0; Win64; x64) AppleWebKit/537.36 (KHTML, like Gecko) Chrome/120.0.0.0 Safari/537.36"
89.124.65.51 - - [05/Feb/2026:16:14:13 -0500] "POST /wp-login.php HTTP/1.1" 404 20536 "https://freecams1.com/wp-login.php" "Mozilla/5.0 (Windows NT 10.0; Win64; x64) AppleWebKit/537.36 (KHTML, like Gecko) Chrome/120.0.0.0 Safari/537.36"
89.124.65.51 - - [05/Feb/2026:16:14:15 -0500] "POST /wp-login.php HTTP/1.1" 404 20536 "https://freecams1.com/wp-login.php" "Mozilla/5.0 (Windows NT 10.0; Win64; x64) AppleWebKit/537.36 (KHTML, like Gecko) Chrome/120.0.0.0 Safari/537.36"
89.124.65.51 - - [05/Feb/2026:16:14:24 -0500] "POST /wp-login.php HTTP/1.1" 404 20536 "https://freecams1.com/wp-login.php" "Mozilla/5.0 (Windows NT 10.0; Win64; x64) AppleWebKit/537.36 (KHTML, like Gecko) Chrome/120.0.0.0 Safari/537.36"
92.23.107.120 - - [05/Feb/2026:16:14:05 -0500] "POST /cache/7/c/d/b/5/framework.php HTTP/1.1" 200 24 "http://freecams1.com" "Mozilla/5.0 (Windows NT 6.3; Win64; x64) AppleWebKit/537.36 (KHTML, like Gecko) Chrome/64.0.3373.2 Safari/537.36"
185.63.98.69 - - [05/Feb/2026:16:14:00 -0500] "POST /cache/7/c/d/b/5/framework.php HTTP/1.1" 200 24 "http://freecams1.com" "Mozilla/5.0 (Windows NT 6.3; Win64; x64; rv:60.0) Gecko/20100101 Firefox/60.0"
89.124.65.51 - - [05/Feb/2026:16:14:35 -0500] "POST /wp-login.php HTTP/1.1" 404 20536 "https://freecams1.com/wp-login.php" "Mozilla/5.0 (Windows NT 10.0; Win64; x64) AppleWebKit/537.36 (KHTML, like Gecko) Chrome/120.0.0.0 Safari/537.36"
89.124.65.51 - - [05/Feb/2026:16:14:36 -0500] "POST /wp-login.php HTTP/1.1" 404 20536 "https://freecams1.com/wp-login.php" "Mozilla/5.0 (Windows NT 10.0; Win64; x64) AppleWebKit/537.36 (KHTML, like Gecko) Chrome/120.0.0.0 Safari/537.36"
89.124.65.51 - - [05/Feb/2026:16:14:36 -0500] "POST /wp-login.php HTTP/1.1" 404 20536 "https://freecams1.com/wp-login.php" "Mozilla/5.0 (Windows NT 10.0; Win64; x64) AppleWebKit/537.36 (KHTML, like Gecko) Chrome/120.0.0.0 Safari/537.36"
89.124.65.51 - - [05/Feb/2026:16:14:37 -0500] "POST /wp-login.php HTTP/1.1" 404 20536 "https://freecams1.com/wp-login.php" "Mozilla/5.0 (Windows NT 10.0; Win64; x64) AppleWebKit/537.36 (KHTML, like Gecko) Chrome/120.0.0.0 Safari/537.36"
89.124.65.51 - - [05/Feb/2026:16:14:37 -0500] "POST /wp-login.php HTTP/1.1" 404 20536 "https://freecams1.com/wp-login.php" "Mozilla/5.0 (Windows NT 10.0; Win64; x64) AppleWebKit/537.36 (KHTML, like Gecko) Chrome/120.0.0.0 Safari/537.36"
89.124.65.51 - - [05/Feb/2026:16:14:38 -0500] "POST /wp-login.php HTTP/1.1" 404 20536 "https://freecams1.com/wp-login.php" "Mozilla/5.0 (Windows NT 10.0; Win64; x64) AppleWebKit/537.36 (KHTML, like Gecko) Chrome/120.0.0.0 Safari/537.36"
89.124.65.51 - - [05/Feb/2026:16:14:39 -0500] "POST /wp-login.php HTTP/1.1" 404 20536 "https://freecams1.com/wp-login.php" "Mozilla/5.0 (Windows NT 10.0; Win64; x64) AppleWebKit/537.36 (KHTML, like Gecko) Chrome/120.0.0.0 Safari/537.36"
197.153.77.124 - - [05/Feb/2026:16:14:19 -0500] "POST /cache/7/c/d/b/5/framework.php HTTP/1.1" 200 24 "http://freecams1.com" "Mozilla/5.0 (Windows NT 10.0; WOW64) AppleWebKit/537.36 (KHTML, like Gecko) Chrome/63.0.2667.100 Safari/537.36"
89.124.65.51 - - [05/Feb/2026:16:14:42 -0500] "POST /wp-login.php HTTP/1.1" 404 20536 "https://freecams1.com/wp-login.php" "Mozilla/5.0 (Windows NT 10.0; Win64; x64) AppleWebKit/537.36 (KHTML, like Gecko) Chrome/120.0.0.0 Safari/537.36"
89.124.65.51 - - [05/Feb/2026:16:14:58 -0500] "POST /wp-login.php HTTP/1.1" 404 20536 "https://freecams1.com/wp-login.php" "Mozilla/5.0 (Windows NT 10.0; Win64; x64) AppleWebKit/537.36 (KHTML, like Gecko) Chrome/120.0.0.0 Safari/537.36"
89.124.65.51 - - [05/Feb/2026:16:14:59 -0500] "POST /wp-login.php HTTP/1.1" 404 20536 "https://freecams1.com/wp-login.php" "Mozilla/5.0 (Windows NT 10.0; Win64; x64) AppleWebKit/537.36 (KHTML, like Gecko) Chrome/120.0.0.0 Safari/537.36"
86.120.238.227 - - [05/Feb/2026:16:14:28 -0500] "POST /cache/7/c/d/b/5/framework.php HTTP/1.1" 200 24 "http://freecams1.com" "Mozilla/5.0 (Windows NT 10.0; WOW64) AppleWebKit/537.36 (KHTML, like Gecko) Chrome/65.0.3160.159 Safari/537.36"
109.255.76.81 - - [05/Feb/2026:16:14:41 -0500] "POST /cache/7/c/d/b/5/framework.php HTTP/1.1" 200 24 "http://freecams1.com" "Mozilla/5.0 (Windows NT 6.3; Win64; x64) AppleWebKit/537.36 (KHTML, like Gecko) Chrome/69.0.3515.167 Safari/537.36"
78.83.60.62 - - [05/Feb/2026:16:14:44 -0500] "POST /cache/7/c/d/b/5/framework.php HTTP/1.1" 200 24 "http://freecams1.com" "Mozilla/5.0 (Windows NT 10.0; Win64; x64) AppleWebKit/537.36 (KHTML, like Gecko) Chrome/63.0.3451.66 Safari/537.36"
80.151.253.159 - - [05/Feb/2026:16:15:06 -0500] "POST /cache/7/c/d/b/5/framework.php HTTP/1.1" 200 24 "http://freecams1.com" "Mozilla/5.0 (Windows NT 6.1; WOW64) AppleWebKit/537.36 (KHTML, like Gecko) Chrome/69.0.2139.21 Safari/537.36"
89.124.65.51 - - [05/Feb/2026:16:15:39 -0500] "POST /wp-login.php HTTP/1.1" 404 20536 "https://freecams1.com/wp-login.php" "Mozilla/5.0 (Windows NT 10.0; Win64; x64) AppleWebKit/537.36 (KHTML, like Gecko) Chrome/120.0.0.0 Safari/537.36"
62.42.154.25 - - [05/Feb/2026:16:15:15 -0500] "POST /cache/7/c/d/b/5/framework.php HTTP/1.1" 200 24 "http://freecams1.com" "Mozilla/5.0 (Windows NT 6.1; WOW64) AppleWebKit/537.36 (KHTML, like Gecko) Chrome/66.0.2613.26 Safari/537.36"
89.124.65.51 - - [05/Feb/2026:16:15:48 -0500] "POST /wp-login.php HTTP/1.1" 404 20536 "https://freecams1.com/wp-login.php" "Mozilla/5.0 (Windows NT 10.0; Win64; x64) AppleWebKit/537.36 (KHTML, like Gecko) Chrome/120.0.0.0 Safari/537.36"
109.80.241.238 - - [05/Feb/2026:16:15:25 -0500] "POST /cache/7/c/d/b/5/framework.php HTTP/1.1" 200 24 "http://freecams1.com" "Mozilla/5.0 (Windows NT 10.0; Win64; x64) AppleWebKit/537.36 (KHTML, like Gecko) Chrome/63.0.2635.139 Safari/537.36"
5.48.34.180 - - [05/Feb/2026:16:15:24 -0500] "POST /cache/7/c/d/b/5/framework.php HTTP/1.1" 200 24 "http://freecams1.com" "Mozilla/5.0 (Windows NT 6.1; Win64; x64) AppleWebKit/537.36 (KHTML, like Gecko) Chrome/67.0.2157.118 Safari/537.36"
89.124.65.51 - - [05/Feb/2026:16:15:57 -0500] "POST /wp-login.php HTTP/1.1" 404 20536 "https://freecams1.com/wp-login.php" "Mozilla/5.0 (Windows NT 10.0; Win64; x64) AppleWebKit/537.36 (KHTML, like Gecko) Chrome/120.0.0.0 Safari/537.36"
89.124.65.51 - - [05/Feb/2026:16:16:01 -0500] "POST /wp-login.php HTTP/1.1" 404 20536 "https://freecams1.com/wp-login.php" "Mozilla/5.0 (Windows NT 10.0; Win64; x64) AppleWebKit/537.36 (KHTML, like Gecko) Chrome/120.0.0.0 Safari/537.36"
83.42.116.122 - - [05/Feb/2026:16:15:32 -0500] "POST /cache/7/c/d/b/5/framework.php HTTP/1.1" 200 24 "http://freecams1.com" "Mozilla/5.0 (Windows NT 10.0; WOW64) AppleWebKit/537.36 (KHTML, like Gecko) Chrome/66.0.3221.79 Safari/537.36"
89.124.65.51 - - [05/Feb/2026:16:16:02 -0500] "POST /wp-login.php HTTP/1.1" 404 20536 "https://freecams1.com/wp-login.php" "Mozilla/5.0 (Windows NT 10.0; Win64; x64) AppleWebKit/537.36 (KHTML, like Gecko) Chrome/120.0.0.0 Safari/537.36"
5.47.208.96 - - [05/Feb/2026:16:15:43 -0500] "POST /cache/7/c/d/b/5/framework.php HTTP/1.1" 200 24 "http://freecams1.com" "Mozilla/5.0 (Windows NT 10.0; Win64; x64) AppleWebKit/537.36 (KHTML, like Gecko) Chrome/66.0.2640.8 Safari/537.36"
108.212.156.29 - - [05/Feb/2026:16:16:16 -0500] "GET /video/sashabinghamn-perfect-ass-on-webcam-825.html HTTP/1.1" 200 56775 "https://www.google.com/" "Mozilla/5.0 (iPhone; CPU iPhone OS 18_3_2 like Mac OS X) AppleWebKit/605.1.15 (KHTML, like Gecko) Version/18.3.1 Mobile/15E148 Safari/604.1"
108.212.156.29 - - [05/Feb/2026:16:16:16 -0500] "GET /templates/default_tube2019/fonts/Roboto/Roboto-Regular.ttf HTTP/1.1" 200 171676 "https://freecams1.com/video/sashabinghamn-perfect-ass-on-webcam-825.html" "Mozilla/5.0 (iPhone; CPU iPhone OS 18_3_2 like Mac OS X) AppleWebKit/605.1.15 (KHTML, like Gecko) Version/18.3.1 Mobile/15E148 Safari/604.1"
108.212.156.29 - - [05/Feb/2026:16:16:16 -0500] "GET /templates/default_tube2019/fonts/Roboto/Roboto-Medium.ttf HTTP/1.1" 200 172064 "https://freecams1.com/video/sashabinghamn-perfect-ass-on-webcam-825.html" "Mozilla/5.0 (iPhone; CPU iPhone OS 18_3_2 like Mac OS X) AppleWebKit/605.1.15 (KHTML, like Gecko) Version/18.3.1 Mobile/15E148 Safari/604.1"
108.212.156.29 - - [05/Feb/2026:16:16:17 -0500] "GET /templates/default_tube2019/fonts/fontawesome_5.7.1/fa-solid-900.woff2 HTTP/1.1" 200 74320 "https://freecams1.com/video/sashabinghamn-perfect-ass-on-webcam-825.html" "Mozilla/5.0 (iPhone; CPU iPhone OS 18_3_2 like Mac OS X) AppleWebKit/605.1.15 (KHTML, like Gecko) Version/18.3.1 Mobile/15E148 Safari/604.1"
108.212.156.29 - - [05/Feb/2026:16:16:17 -0500] "GET /media/videos/1/0/6/5/b/1065b2aa6b7e189.mp4 HTTP/1.1" 206 2 "https://freecams1.com/video/sashabinghamn-perfect-ass-on-webcam-825.html" "Mozilla/5.0 (iPhone; CPU iPhone OS 18_3_2 like Mac OS X) AppleWebKit/605.1.15 (KHTML, like Gecko) Version/18.3.1 Mobile/15E148 Safari/604.1"
108.212.156.29 - - [05/Feb/2026:16:16:17 -0500] "GET /templates/default_tube2019/fonts/fontawesome_5.7.1/fa-regular-400.woff2 HTTP/1.1" 200 13608 "https://freecams1.com/video/sashabinghamn-perfect-ass-on-webcam-825.html" "Mozilla/5.0 (iPhone; CPU iPhone OS 18_3_2 like Mac OS X) AppleWebKit/605.1.15 (KHTML, like Gecko) Version/18.3.1 Mobile/15E148 Safari/604.1"
108.212.156.29 - - [05/Feb/2026:16:16:17 -0500] "GET /templates/default_tube2019/fonts/Roboto/Roboto-Black.ttf HTTP/1.1" 200 171480 "https://freecams1.com/video/sashabinghamn-perfect-ass-on-webcam-825.html" "Mozilla/5.0 (iPhone; CPU iPhone OS 18_3_2 like Mac OS X) AppleWebKit/605.1.15 (KHTML, like Gecko) Version/18.3.1 Mobile/15E148 Safari/604.1"
108.212.156.29 - - [05/Feb/2026:16:16:17 -0500] "GET /templates/default_tube2019/fonts/fontawesome_5.7.1/fa-brands-400.woff2 HTTP/1.1" 200 72148 "https://freecams1.com/video/sashabinghamn-perfect-ass-on-webcam-825.html" "Mozilla/5.0 (iPhone; CPU iPhone OS 18_3_2 like Mac OS X) AppleWebKit/605.1.15 (KHTML, like Gecko) Version/18.3.1 Mobile/15E148 Safari/604.1"
108.212.156.29 - - [05/Feb/2026:16:16:17 -0500] "GET /templates/default_tube2019/images/plus-solid.svg HTTP/1.1" 200 449 "https://freecams1.com/video/sashabinghamn-perfect-ass-on-webcam-825.html" "Mozilla/5.0 (iPhone; CPU iPhone OS 18_3_2 like Mac OS X) AppleWebKit/605.1.15 (KHTML, like Gecko) Version/18.3.1 Mobile/15E148 Safari/604.1"
108.212.156.29 - - [05/Feb/2026:16:16:17 -0500] "GET /templates/default_tube2019/images/minus-solid.svg HTTP/1.1" 200 328 "https://freecams1.com/video/sashabinghamn-perfect-ass-on-webcam-825.html" "Mozilla/5.0 (iPhone; CPU iPhone OS 18_3_2 like Mac OS X) AppleWebKit/605.1.15 (KHTML, like Gecko) Version/18.3.1 Mobile/15E148 Safari/604.1"
108.212.156.29 - - [05/Feb/2026:16:16:17 -0500] "GET /templates/default_tube2019/template.ajax_comments.php?id=825&type=0&loaded=0&time=1770326177285 HTTP/1.1" 200 133 "https://freecams1.com/video/sashabinghamn-perfect-ass-on-webcam-825.html" "Mozilla/5.0 (iPhone; CPU iPhone OS 18_3_2 like Mac OS X) AppleWebKit/605.1.15 (KHTML, like Gecko) Version/18.3.1 Mobile/15E148 Safari/604.1"
108.212.156.29 - - [05/Feb/2026:16:16:17 -0500] "GET /webvtt/825.vtt HTTP/1.1" 200 12860 "https://freecams1.com/video/sashabinghamn-perfect-ass-on-webcam-825.html" "Mozilla/5.0 (iPhone; CPU iPhone OS 18_3_2 like Mac OS X) AppleWebKit/605.1.15 (KHTML, like Gecko) Version/18.3.1 Mobile/15E148 Safari/604.1"
108.212.156.29 - - [05/Feb/2026:16:16:17 -0500] "GET /media/videos/1/0/6/5/b/1065b2aa6b7e189.mp4 HTTP/1.1" 206 307618874 "https://freecams1.com/video/sashabinghamn-perfect-ass-on-webcam-825.html" "Mozilla/5.0 (iPhone; CPU iPhone OS 18_3_2 like Mac OS X) AppleWebKit/605.1.15 (KHTML, like Gecko) Version/18.3.1 Mobile/15E148 Safari/604.1"
108.212.156.29 - - [05/Feb/2026:16:16:17 -0500] "GET /includes/fluidplayer/images/fluid_icons.svg HTTP/1.1" 200 18488 "https://freecams1.com/video/sashabinghamn-perfect-ass-on-webcam-825.html" "Mozilla/5.0 (iPhone; CPU iPhone OS 18_3_2 like Mac OS X) AppleWebKit/605.1.15 (KHTML, like Gecko) Version/18.3.1 Mobile/15E148 Safari/604.1"
89.124.65.51 - - [05/Feb/2026:16:16:18 -0500] "POST /wp-login.php HTTP/1.1" 404 20536 "https://freecams1.com/wp-login.php" "Mozilla/5.0 (Windows NT 10.0; Win64; x64) AppleWebKit/537.36 (KHTML, like Gecko) Chrome/120.0.0.0 Safari/537.36"
108.212.156.29 - - [05/Feb/2026:16:16:18 -0500] "GET /media/videos/1/0/6/5/b/1065b2aa6b7e189.mp4 HTTP/1.1" 206 582714 "https://freecams1.com/video/sashabinghamn-perfect-ass-on-webcam-825.html" "Mozilla/5.0 (iPhone; CPU iPhone OS 18_3_2 like Mac OS X) AppleWebKit/605.1.15 (KHTML, like Gecko) Version/18.3.1 Mobile/15E148 Safari/604.1"
108.212.156.29 - - [05/Feb/2026:16:16:18 -0500] "GET /templates/default_tube2019/images/minus-solid.svg HTTP/1.1" 200 328 "https://freecams1.com/video/sashabinghamn-perfect-ass-on-webcam-825.html" "Mozilla/5.0 (iPhone; CPU iPhone OS 18_3_2 like Mac OS X) AppleWebKit/605.1.15 (KHTML, like Gecko) Version/18.3.1 Mobile/15E148 Safari/604.1"
108.212.156.29 - - [05/Feb/2026:16:16:18 -0500] "GET /templates/default_tube2019/images/plus-solid.svg HTTP/1.1" 200 449 "https://freecams1.com/video/sashabinghamn-perfect-ass-on-webcam-825.html" "Mozilla/5.0 (iPhone; CPU iPhone OS 18_3_2 like Mac OS X) AppleWebKit/605.1.15 (KHTML, like Gecko) Version/18.3.1 Mobile/15E148 Safari/604.1"
89.124.65.51 - - [05/Feb/2026:16:16:18 -0500] "POST /wp-login.php HTTP/1.1" 404 20536 "https://freecams1.com/wp-login.php" "Mozilla/5.0 (Windows NT 10.0; Win64; x64) AppleWebKit/537.36 (KHTML, like Gecko) Chrome/120.0.0.0 Safari/537.36"
108.212.156.29 - - [05/Feb/2026:16:16:19 -0500] "GET /media/videos/1/0/6/5/b/1065b2aa6b7e189.mp4 HTTP/1.1" 206 386106 "https://freecams1.com/video/sashabinghamn-perfect-ass-on-webcam-825.html" "Mozilla/5.0 (iPhone; CPU iPhone OS 18_3_2 like Mac OS X) AppleWebKit/605.1.15 (KHTML, like Gecko) Version/18.3.1 Mobile/15E148 Safari/604.1"
108.212.156.29 - - [05/Feb/2026:16:16:19 -0500] "GET /media/videos/1/0/6/5/b/1065b2aa6b7e189.mp4 HTTP/1.1" 206 58426 "https://freecams1.com/video/sashabinghamn-perfect-ass-on-webcam-825.html" "Mozilla/5.0 (iPhone; CPU iPhone OS 18_3_2 like Mac OS X) AppleWebKit/605.1.15 (KHTML, like Gecko) Version/18.3.1 Mobile/15E148 Safari/604.1"
89.124.65.51 - - [05/Feb/2026:16:16:19 -0500] "POST /wp-login.php HTTP/1.1" 404 20536 "https://freecams1.com/wp-login.php" "Mozilla/5.0 (Windows NT 10.0; Win64; x64) AppleWebKit/537.36 (KHTML, like Gecko) Chrome/120.0.0.0 Safari/537.36"
108.212.156.29 - - [05/Feb/2026:16:16:19 -0500] "GET /media/videos/1/0/6/5/b/1065b2aa6b7e189.mp4 HTTP/1.1" 206 459071 "https://freecams1.com/video/sashabinghamn-perfect-ass-on-webcam-825.html" "Mozilla/5.0 (iPhone; CPU iPhone OS 18_3_2 like Mac OS X) AppleWebKit/605.1.15 (KHTML, like Gecko) Version/18.3.1 Mobile/15E148 Safari/604.1"
108.212.156.29 - - [05/Feb/2026:16:16:20 -0500] "GET /includes/fluidplayer/images/fluid_spinner.svg HTTP/1.1" 200 524 "https://freecams1.com/video/sashabinghamn-perfect-ass-on-webcam-825.html" "Mozilla/5.0 (iPhone; CPU iPhone OS 18_3_2 like Mac OS X) AppleWebKit/605.1.15 (KHTML, like Gecko) Version/18.3.1 Mobile/15E148 Safari/604.1"
108.212.156.29 - - [05/Feb/2026:16:16:20 -0500] "GET /media/videos/1/0/6/5/b/1065b2aa6b7e189.mp4 HTTP/1.1" 206 306970938 "https://freecams1.com/video/sashabinghamn-perfect-ass-on-webcam-825.html" "Mozilla/5.0 (iPhone; CPU iPhone OS 18_3_2 like Mac OS X) AppleWebKit/605.1.15 (KHTML, like Gecko) Version/18.3.1 Mobile/15E148 Safari/604.1"
79.119.93.30 - - [05/Feb/2026:16:16:00 -0500] "POST /cache/7/c/d/b/5/framework.php HTTP/1.1" 200 24 "http://freecams1.com" "Mozilla/5.0 (Windows NT 10.0; WOW64) AppleWebKit/537.36 (KHTML, like Gecko) Chrome/66.0.2401.56 Safari/537.36"
89.124.65.51 - - [05/Feb/2026:16:16:35 -0500] "POST /wp-login.php HTTP/1.1" 404 20536 "https://freecams1.com/wp-login.php" "Mozilla/5.0 (Windows NT 10.0; Win64; x64) AppleWebKit/537.36 (KHTML, like Gecko) Chrome/120.0.0.0 Safari/537.36"
108.212.156.29 - - [05/Feb/2026:16:16:35 -0500] "GET /templates/default_tube2019/fonts/Roboto/Roboto-Bold.ttf HTTP/1.1" 200 170760 "https://freecams1.com/video/sashabinghamn-perfect-ass-on-webcam-825.html" "Mozilla/5.0 (iPhone; CPU iPhone OS 18_3_2 like Mac OS X) AppleWebKit/605.1.15 (KHTML, like Gecko) Version/18.3.1 Mobile/15E148 Safari/604.1"
89.124.65.51 - - [05/Feb/2026:16:16:35 -0500] "POST /wp-login.php HTTP/1.1" 404 20536 "https://freecams1.com/wp-login.php" "Mozilla/5.0 (Windows NT 10.0; Win64; x64) AppleWebKit/537.36 (KHTML, like Gecko) Chrome/120.0.0.0 Safari/537.36"
108.212.156.29 - - [05/Feb/2026:16:16:36 -0500] "GET /media/videos/1/0/6/5/b/1065b2aa6b7e189.mp4 HTTP/1.1" 206 258670592 "https://freecams1.com/video/sashabinghamn-perfect-ass-on-webcam-825.html" "Mozilla/5.0 (iPhone; CPU iPhone OS 18_3_2 like Mac OS X) AppleWebKit/605.1.15 (KHTML, like Gecko) Version/18.3.1 Mobile/15E148 Safari/604.1"
108.212.156.29 - - [05/Feb/2026:16:16:38 -0500] "GET /media/videos/1/0/6/5/b/1065b2aa6b7e189.mp4 HTTP/1.1" 206 65536 "https://freecams1.com/video/sashabinghamn-perfect-ass-on-webcam-825.html" "Mozilla/5.0 (iPhone; CPU iPhone OS 18_3_2 like Mac OS X) AppleWebKit/605.1.15 (KHTML, like Gecko) Version/18.3.1 Mobile/15E148 Safari/604.1"
108.212.156.29 - - [05/Feb/2026:16:16:38 -0500] "GET /media/videos/1/0/6/5/b/1065b2aa6b7e189.mp4 HTTP/1.1" 206 65536 "https://freecams1.com/video/sashabinghamn-perfect-ass-on-webcam-825.html" "Mozilla/5.0 (iPhone; CPU iPhone OS 18_3_2 like Mac OS X) AppleWebKit/605.1.15 (KHTML, like Gecko) Version/18.3.1 Mobile/15E148 Safari/604.1"
108.212.156.29 - - [05/Feb/2026:16:16:38 -0500] "GET /media/videos/1/0/6/5/b/1065b2aa6b7e189.mp4 HTTP/1.1" 206 65536 "https://freecams1.com/video/sashabinghamn-perfect-ass-on-webcam-825.html" "Mozilla/5.0 (iPhone; CPU iPhone OS 18_3_2 like Mac OS X) AppleWebKit/605.1.15 (KHTML, like Gecko) Version/18.3.1 Mobile/15E148 Safari/604.1"
108.212.156.29 - - [05/Feb/2026:16:16:39 -0500] "GET /media/videos/1/0/6/5/b/1065b2aa6b7e189.mp4 HTTP/1.1" 206 1441792 "https://freecams1.com/video/sashabinghamn-perfect-ass-on-webcam-825.html" "Mozilla/5.0 (iPhone; CPU iPhone OS 18_3_2 like Mac OS X) AppleWebKit/605.1.15 (KHTML, like Gecko) Version/18.3.1 Mobile/15E148 Safari/604.1"
108.212.156.29 - - [05/Feb/2026:16:16:39 -0500] "GET /media/videos/1/0/6/5/b/1065b2aa6b7e189.mp4 HTTP/1.1" 206 65536 "https://freecams1.com/video/sashabinghamn-perfect-ass-on-webcam-825.html" "Mozilla/5.0 (iPhone; CPU iPhone OS 18_3_2 like Mac OS X) AppleWebKit/605.1.15 (KHTML, like Gecko) Version/18.3.1 Mobile/15E148 Safari/604.1"
108.212.156.29 - - [05/Feb/2026:16:16:40 -0500] "GET /media/videos/1/0/6/5/b/1065b2aa6b7e189.mp4 HTTP/1.1" 206 65536 "https://freecams1.com/video/sashabinghamn-perfect-ass-on-webcam-825.html" "Mozilla/5.0 (iPhone; CPU iPhone OS 18_3_2 like Mac OS X) AppleWebKit/605.1.15 (KHTML, like Gecko) Version/18.3.1 Mobile/15E148 Safari/604.1"
108.212.156.29 - - [05/Feb/2026:16:16:40 -0500] "GET /media/videos/1/0/6/5/b/1065b2aa6b7e189.mp4 HTTP/1.1" 206 65536 "https://freecams1.com/video/sashabinghamn-perfect-ass-on-webcam-825.html" "Mozilla/5.0 (iPhone; CPU iPhone OS 18_3_2 like Mac OS X) AppleWebKit/605.1.15 (KHTML, like Gecko) Version/18.3.1 Mobile/15E148 Safari/604.1"
2.87.81.191 - - [05/Feb/2026:16:16:17 -0500] "POST /cache/7/c/d/b/5/framework.php HTTP/1.1" 200 24 "http://freecams1.com" "Mozilla/5.0 (Windows NT 6.1; Win64; x64; rv:60.0) Gecko/20100101 Firefox/60.0"
108.212.156.29 - - [05/Feb/2026:16:16:40 -0500] "GET /media/videos/1/0/6/5/b/1065b2aa6b7e189.mp4 HTTP/1.1" 206 209059840 "https://freecams1.com/video/sashabinghamn-perfect-ass-on-webcam-825.html" "Mozilla/5.0 (iPhone; CPU iPhone OS 18_3_2 like Mac OS X) AppleWebKit/605.1.15 (KHTML, like Gecko) Version/18.3.1 Mobile/15E148 Safari/604.1"
108.212.156.29 - - [05/Feb/2026:16:16:43 -0500] "GET /media/videos/1/0/6/5/b/1065b2aa6b7e189.mp4 HTTP/1.1" 206 65536 "https://freecams1.com/video/sashabinghamn-perfect-ass-on-webcam-825.html" "Mozilla/5.0 (iPhone; CPU iPhone OS 18_3_2 like Mac OS X) AppleWebKit/605.1.15 (KHTML, like Gecko) Version/18.3.1 Mobile/15E148 Safari/604.1"
108.212.156.29 - - [05/Feb/2026:16:16:42 -0500] "GET /media/videos/1/0/6/5/b/1065b2aa6b7e189.mp4 HTTP/1.1" 206 188284928 "https://freecams1.com/video/sashabinghamn-perfect-ass-on-webcam-825.html" "Mozilla/5.0 (iPhone; CPU iPhone OS 18_3_2 like Mac OS X) AppleWebKit/605.1.15 (KHTML, like Gecko) Version/18.3.1 Mobile/15E148 Safari/604.1"
108.212.156.29 - - [05/Feb/2026:16:16:43 -0500] "GET /media/videos/1/0/6/5/b/1065b2aa6b7e189.mp4 HTTP/1.1" 206 65536 "https://freecams1.com/video/sashabinghamn-perfect-ass-on-webcam-825.html" "Mozilla/5.0 (iPhone; CPU iPhone OS 18_3_2 like Mac OS X) AppleWebKit/605.1.15 (KHTML, like Gecko) Version/18.3.1 Mobile/15E148 Safari/604.1"
108.212.156.29 - - [05/Feb/2026:16:16:43 -0500] "GET /media/videos/1/0/6/5/b/1065b2aa6b7e189.mp4 HTTP/1.1" 206 65536 "https://freecams1.com/video/sashabinghamn-perfect-ass-on-webcam-825.html" "Mozilla/5.0 (iPhone; CPU iPhone OS 18_3_2 like Mac OS X) AppleWebKit/605.1.15 (KHTML, like Gecko) Version/18.3.1 Mobile/15E148 Safari/604.1"
89.124.65.51 - - [05/Feb/2026:16:16:44 -0500] "POST /wp-login.php HTTP/1.1" 404 20536 "https://freecams1.com/wp-login.php" "Mozilla/5.0 (Windows NT 10.0; Win64; x64) AppleWebKit/537.36 (KHTML, like Gecko) Chrome/120.0.0.0 Safari/537.36"
108.212.156.29 - - [05/Feb/2026:16:16:44 -0500] "GET /media/videos/1/0/6/5/b/1065b2aa6b7e189.mp4 HTTP/1.1" 206 65536 "https://freecams1.com/video/sashabinghamn-perfect-ass-on-webcam-825.html" "Mozilla/5.0 (iPhone; CPU iPhone OS 18_3_2 like Mac OS X) AppleWebKit/605.1.15 (KHTML, like Gecko) Version/18.3.1 Mobile/15E148 Safari/604.1"
108.212.156.29 - - [05/Feb/2026:16:16:44 -0500] "GET /media/videos/1/0/6/5/b/1065b2aa6b7e189.mp4 HTTP/1.1" 206 65536 "https://freecams1.com/video/sashabinghamn-perfect-ass-on-webcam-825.html" "Mozilla/5.0 (iPhone; CPU iPhone OS 18_3_2 like Mac OS X) AppleWebKit/605.1.15 (KHTML, like Gecko) Version/18.3.1 Mobile/15E148 Safari/604.1"
108.212.156.29 - - [05/Feb/2026:16:16:45 -0500] "GET /media/videos/1/0/6/5/b/1065b2aa6b7e189.mp4 HTTP/1.1" 206 65536 "https://freecams1.com/video/sashabinghamn-perfect-ass-on-webcam-825.html" "Mozilla/5.0 (iPhone; CPU iPhone OS 18_3_2 like Mac OS X) AppleWebKit/605.1.15 (KHTML, like Gecko) Version/18.3.1 Mobile/15E148 Safari/604.1"
108.212.156.29 - - [05/Feb/2026:16:16:44 -0500] "GET /media/videos/1/0/6/5/b/1065b2aa6b7e189.mp4 HTTP/1.1" 206 149487616 "https://freecams1.com/video/sashabinghamn-perfect-ass-on-webcam-825.html" "Mozilla/5.0 (iPhone; CPU iPhone OS 18_3_2 like Mac OS X) AppleWebKit/605.1.15 (KHTML, like Gecko) Version/18.3.1 Mobile/15E148 Safari/604.1"
