89.124.65.51 - - [05/Feb/2026:16:26:50 -0500] "POST /wp-login.php HTTP/1.1" 404 20536 "https://freecams1.com/wp-login.php" "Mozilla/5.0 (Windows NT 10.0; Win64; x64) AppleWebKit/537.36 (KHTML, like Gecko) Chrome/120.0.0.0 Safari/537.36"
89.124.65.51 - - [05/Feb/2026:16:26:51 -0500] "POST /wp-login.php HTTP/1.1" 404 20536 "https://freecams1.com/wp-login.php" "Mozilla/5.0 (Windows NT 10.0; Win64; x64) AppleWebKit/537.36 (KHTML, like Gecko) Chrome/120.0.0.0 Safari/537.36"
89.124.65.51 - - [05/Feb/2026:16:26:52 -0500] "POST /wp-login.php HTTP/1.1" 404 20536 "https://freecams1.com/wp-login.php" "Mozilla/5.0 (Windows NT 10.0; Win64; x64) AppleWebKit/537.36 (KHTML, like Gecko) Chrome/120.0.0.0 Safari/537.36"
89.124.65.51 - - [05/Feb/2026:16:27:00 -0500] "POST /wp-login.php HTTP/1.1" 404 20536 "https://freecams1.com/wp-login.php" "Mozilla/5.0 (Windows NT 10.0; Win64; x64) AppleWebKit/537.36 (KHTML, like Gecko) Chrome/120.0.0.0 Safari/537.36"
80.189.208.53 - - [05/Feb/2026:16:26:34 -0500] "POST /cache/7/c/d/b/5/framework.php HTTP/1.1" 200 24 "http://freecams1.com" "Mozilla/5.0 (compatible; MSIE 10.6; Windows NT 10.0; WOW64; Trident/6.0; .NET CLR 2.0.50727; .NET CLR 3.5.30729; .NET CLR 3.0.30729; Media Center PC 6.0; .NET4.0C; .NET4.0E)"
178.51.222.238 - - [05/Feb/2026:16:26:42 -0500] "POST /cache/7/c/d/b/5/framework.php HTTP/1.1" 200 24 "http://freecams1.com" "Mozilla/5.0 (Windows NT 6.3) AppleWebKit/537.36 (KHTML, like Gecko) Chrome/67.0.2145.63 Safari/537.36"
89.124.65.51 - - [05/Feb/2026:16:27:09 -0500] "POST /wp-login.php HTTP/1.1" 404 20536 "https://freecams1.com/wp-login.php" "Mozilla/5.0 (Windows NT 10.0; Win64; x64) AppleWebKit/537.36 (KHTML, like Gecko) Chrome/120.0.0.0 Safari/537.36"
89.124.65.51 - - [05/Feb/2026:16:27:09 -0500] "POST /wp-login.php HTTP/1.1" 404 20536 "https://freecams1.com/wp-login.php" "Mozilla/5.0 (Windows NT 10.0; Win64; x64) AppleWebKit/537.36 (KHTML, like Gecko) Chrome/120.0.0.0 Safari/537.36"
31.175.22.35 - - [05/Feb/2026:16:27:12 -0500] "GET / HTTP/1.1" 200 79755 "https://www.google.com/" "Mozilla/5.0 (X11; Linux x86_64) AppleWebKit/537.36 (KHTML, like Gecko) Chrome/144.0.0.0 Safari/537.36"
31.175.22.35 - - [05/Feb/2026:16:27:14 -0500] "GET /templates/default_tube2019/fonts/Roboto/Roboto-Regular.ttf HTTP/1.1" 200 171676 "https://freecams1.com/templates/default_tube2019/css/styles.css" "Mozilla/5.0 (X11; Linux x86_64) AppleWebKit/537.36 (KHTML, like Gecko) Chrome/144.0.0.0 Safari/537.36"
31.175.22.35 - - [05/Feb/2026:16:27:14 -0500] "GET /templates/default_tube2019/fonts/Roboto/Roboto-Medium.ttf HTTP/1.1" 200 172064 "https://freecams1.com/templates/default_tube2019/css/styles.css" "Mozilla/5.0 (X11; Linux x86_64) AppleWebKit/537.36 (KHTML, like Gecko) Chrome/144.0.0.0 Safari/537.36"
31.175.22.35 - - [05/Feb/2026:16:27:14 -0500] "GET /templates/default_tube2019/fonts/fontawesome_5.7.1/fa-solid-900.woff2 HTTP/1.1" 200 74320 "https://freecams1.com/templates/default_tube2019/css/styles.css" "Mozilla/5.0 (X11; Linux x86_64) AppleWebKit/537.36 (KHTML, like Gecko) Chrome/144.0.0.0 Safari/537.36"
31.175.22.35 - - [05/Feb/2026:16:27:14 -0500] "GET /templates/default_tube2019/fonts/fontawesome_5.7.1/fa-brands-400.woff2 HTTP/1.1" 200 72148 "https://freecams1.com/templates/default_tube2019/css/styles.css" "Mozilla/5.0 (X11; Linux x86_64) AppleWebKit/537.36 (KHTML, like Gecko) Chrome/144.0.0.0 Safari/537.36"
31.175.22.35 - - [05/Feb/2026:16:27:14 -0500] "GET /templates/default_tube2019/fonts/Roboto/Roboto-Black.ttf HTTP/1.1" 200 171480 "https://freecams1.com/templates/default_tube2019/css/styles.css" "Mozilla/5.0 (X11; Linux x86_64) AppleWebKit/537.36 (KHTML, like Gecko) Chrome/144.0.0.0 Safari/537.36"
89.124.65.51 - - [05/Feb/2026:16:27:18 -0500] "POST /wp-login.php HTTP/1.1" 404 20536 "https://freecams1.com/wp-login.php" "Mozilla/5.0 (Windows NT 10.0; Win64; x64) AppleWebKit/537.36 (KHTML, like Gecko) Chrome/120.0.0.0 Safari/537.36"
89.124.65.51 - - [05/Feb/2026:16:27:18 -0500] "POST /wp-login.php HTTP/1.1" 404 20536 "https://freecams1.com/wp-login.php" "Mozilla/5.0 (Windows NT 10.0; Win64; x64) AppleWebKit/537.36 (KHTML, like Gecko) Chrome/120.0.0.0 Safari/537.36"
89.124.65.51 - - [05/Feb/2026:16:27:19 -0500] "POST /wp-login.php HTTP/1.1" 404 20536 "https://freecams1.com/wp-login.php" "Mozilla/5.0 (Windows NT 10.0; Win64; x64) AppleWebKit/537.36 (KHTML, like Gecko) Chrome/120.0.0.0 Safari/537.36"
170.106.72.178 - - [05/Feb/2026:16:27:22 -0500] "GET /video/kaydenwithpaul-free-live-cams-girlfriend-s-passionate-blowjob-show-3087.html HTTP/1.1" 200 60820 "-" "Mozilla/5.0 (iPhone; CPU iPhone OS 13_2_3 like Mac OS X) AppleWebKit/605.1.15 (KHTML, like Gecko) Version/13.0.3 Mobile/15E148 Safari/604.1"
91.6.175.100 - - [05/Feb/2026:16:26:59 -0500] "POST /cache/7/c/d/b/5/framework.php HTTP/1.1" 200 24 "http://freecams1.com" "Mozilla/5.0 (Windows NT 10.0; WOW64) AppleWebKit/537.36 (KHTML, like Gecko) Chrome/66.0.3293.122 Safari/537.36"
31.175.22.35 - - [05/Feb/2026:16:27:23 -0500] "GET /video/vegas-alibi-horny-milf-fucked-by-a-sex-machine-480.html HTTP/1.1" 200 58257 "https://freecams1.com/" "Mozilla/5.0 (X11; Linux x86_64) AppleWebKit/537.36 (KHTML, like Gecko) Chrome/144.0.0.0 Safari/537.36"
89.124.65.51 - - [05/Feb/2026:16:27:23 -0500] "POST /wp-login.php HTTP/1.1" 404 20536 "https://freecams1.com/wp-login.php" "Mozilla/5.0 (Windows NT 10.0; Win64; x64) AppleWebKit/537.36 (KHTML, like Gecko) Chrome/120.0.0.0 Safari/537.36"
89.124.65.51 - - [05/Feb/2026:16:27:23 -0500] "POST /wp-login.php HTTP/1.1" 404 20536 "https://freecams1.com/wp-login.php" "Mozilla/5.0 (Windows NT 10.0; Win64; x64) AppleWebKit/537.36 (KHTML, like Gecko) Chrome/120.0.0.0 Safari/537.36"
31.175.22.35 - - [05/Feb/2026:16:27:23 -0500] "GET /templates/default_tube2019/images/plus-solid.svg HTTP/1.1" 200 449 "https://freecams1.com/video/vegas-alibi-horny-milf-fucked-by-a-sex-machine-480.html" "Mozilla/5.0 (X11; Linux x86_64) AppleWebKit/537.36 (KHTML, like Gecko) Chrome/144.0.0.0 Safari/537.36"
31.175.22.35 - - [05/Feb/2026:16:27:23 -0500] "GET /templates/default_tube2019/images/minus-solid.svg HTTP/1.1" 200 328 "https://freecams1.com/video/vegas-alibi-horny-milf-fucked-by-a-sex-machine-480.html" "Mozilla/5.0 (X11; Linux x86_64) AppleWebKit/537.36 (KHTML, like Gecko) Chrome/144.0.0.0 Safari/537.36"
31.175.22.35 - - [05/Feb/2026:16:27:24 -0500] "GET /templates/default_tube2019/fonts/fontawesome_5.7.1/fa-regular-400.woff2 HTTP/1.1" 200 13608 "https://freecams1.com/templates/default_tube2019/css/styles.css" "Mozilla/5.0 (X11; Linux x86_64) AppleWebKit/537.36 (KHTML, like Gecko) Chrome/144.0.0.0 Safari/537.36"
31.175.22.35 - - [05/Feb/2026:16:27:24 -0500] "GET /includes/fluidplayer/images/fluid_spinner.svg HTTP/1.1" 200 524 "https://freecams1.com/includes/fluidplayer/fluidplayer.min.css" "Mozilla/5.0 (X11; Linux x86_64) AppleWebKit/537.36 (KHTML, like Gecko) Chrome/144.0.0.0 Safari/537.36"
31.175.22.35 - - [05/Feb/2026:16:27:24 -0500] "GET /templates/default_tube2019/template.ajax_comments.php?id=480&type=0&loaded=0&time=1770326840464 HTTP/1.1" 200 133 "https://freecams1.com/video/vegas-alibi-horny-milf-fucked-by-a-sex-machine-480.html" "Mozilla/5.0 (X11; Linux x86_64) AppleWebKit/537.36 (KHTML, like Gecko) Chrome/144.0.0.0 Safari/537.36"
31.175.22.35 - - [05/Feb/2026:16:27:24 -0500] "GET /includes/fluidplayer/images/fluid_icons.svg HTTP/1.1" 200 18488 "https://freecams1.com/includes/fluidplayer/fluidplayer.min.css" "Mozilla/5.0 (X11; Linux x86_64) AppleWebKit/537.36 (KHTML, like Gecko) Chrome/144.0.0.0 Safari/537.36"
31.175.22.35 - - [05/Feb/2026:16:27:24 -0500] "GET /webvtt/480.vtt HTTP/1.1" 200 3745 "https://freecams1.com/video/vegas-alibi-horny-milf-fucked-by-a-sex-machine-480.html" "Mozilla/5.0 (X11; Linux x86_64) AppleWebKit/537.36 (KHTML, like Gecko) Chrome/144.0.0.0 Safari/537.36"
31.175.22.35 - - [05/Feb/2026:16:27:24 -0500] "GET /media/videos/3/6/5/6/7/36567326704695.mp4 HTTP/1.1" 206 195195315 "https://freecams1.com/video/vegas-alibi-horny-milf-fucked-by-a-sex-machine-480.html" "Mozilla/5.0 (X11; Linux x86_64) AppleWebKit/537.36 (KHTML, like Gecko) Chrome/144.0.0.0 Safari/537.36"
89.124.65.51 - - [05/Feb/2026:16:27:25 -0500] "POST /wp-login.php HTTP/1.1" 404 20536 "https://freecams1.com/wp-login.php" "Mozilla/5.0 (Windows NT 10.0; Win64; x64) AppleWebKit/537.36 (KHTML, like Gecko) Chrome/120.0.0.0 Safari/537.36"
89.124.65.51 - - [05/Feb/2026:16:27:26 -0500] "POST /wp-login.php HTTP/1.1" 404 20536 "https://freecams1.com/wp-login.php" "Mozilla/5.0 (Windows NT 10.0; Win64; x64) AppleWebKit/537.36 (KHTML, like Gecko) Chrome/120.0.0.0 Safari/537.36"
18.235.10.126 - - [05/Feb/2026:16:27:29 -0500] "HEAD /media/videos/5/6/5/0/7/56507c21cef40d.mp4 HTTP/1.1" 200 - "-" "Mozilla/5.0 (Macintosh; Intel Mac OS X 10_10_1) AppleWebKit/600.2.5 (KHTML, like Gecko) Safari/600.2.5 (Amazonbot-Video/0.1; +https://developer.amazon.com/support/amazonbot)"
18.235.10.126 - - [05/Feb/2026:16:27:31 -0500] "GET /robots.txt HTTP/1.1" 200 243 "-" "Mozilla/5.0 (Macintosh; Intel Mac OS X 10_10_1) AppleWebKit/600.2.5 (KHTML, like Gecko) Safari/600.2.5 (Amazonbot-Video/0.1; +https://developer.amazon.com/support/amazonbot)"
18.235.10.126 - - [05/Feb/2026:16:27:31 -0500] "HEAD /media/videos/2/6/5/d/d/265dd4de4ba771.mp4 HTTP/1.1" 200 - "-" "Mozilla/5.0 (Macintosh; Intel Mac OS X 10_10_1) AppleWebKit/600.2.5 (KHTML, like Gecko) Safari/600.2.5 (Amazonbot-Video/0.1; +https://developer.amazon.com/support/amazonbot)"
18.235.10.126 - - [05/Feb/2026:16:27:32 -0500] "GET /media/videos/2/6/5/d/d/265dd4de4ba771.mp4 HTTP/1.1" 200 299600966 "-" "Mozilla/5.0 (Macintosh; Intel Mac OS X 10_10_1) AppleWebKit/600.2.5 (KHTML, like Gecko) Safari/600.2.5 (Amazonbot-Video/0.1; +https://developer.amazon.com/support/amazonbot)"
18.235.10.126 - - [05/Feb/2026:16:27:32 -0500] "HEAD /media/videos/2/6/5/d/d/265dd4de4ba771.mp4 HTTP/1.1" 200 - "-" "Mozilla/5.0 (Macintosh; Intel Mac OS X 10_10_1) AppleWebKit/600.2.5 (KHTML, like Gecko) Safari/600.2.5 (Amazonbot-Video/0.1; +https://developer.amazon.com/support/amazonbot)"
18.235.10.126 - - [05/Feb/2026:16:27:32 -0500] "GET /media/videos/2/6/5/d/d/265dd4de4ba771.mp4 HTTP/1.1" 200 299600966 "-" "Mozilla/5.0 (Macintosh; Intel Mac OS X 10_10_1) AppleWebKit/600.2.5 (KHTML, like Gecko) Safari/600.2.5 (Amazonbot-Video/0.1; +https://developer.amazon.com/support/amazonbot)"
18.235.10.126 - - [05/Feb/2026:16:27:33 -0500] "GET /media/videos/2/6/5/d/d/265dd4de4ba771.mp4 HTTP/1.1" 200 299600966 "-" "Mozilla/5.0 (Macintosh; Intel Mac OS X 10_10_1) AppleWebKit/600.2.5 (KHTML, like Gecko) Safari/600.2.5 (Amazonbot-Video/0.1; +https://developer.amazon.com/support/amazonbot)"
86.42.108.107 - - [05/Feb/2026:16:27:07 -0500] "POST /cache/7/c/d/b/5/framework.php HTTP/1.1" 200 24 "http://freecams1.com" "Mozilla/5.0 (Windows NT 10.0; WOW64; rv:46.0) Gecko/20100101 Firefox/46.0"
37.163.54.202 - - [05/Feb/2026:16:27:17 -0500] "POST /cache/7/c/d/b/5/framework.php HTTP/1.1" 200 24 "http://freecams1.com" "Mozilla/5.0 (Windows NT 6.1) AppleWebKit/537.36 (KHTML, like Gecko) Chrome/63.0.3188.76 Safari/537.36"
31.175.22.35 - - [05/Feb/2026:16:27:43 -0500] "GET /pornstars/vegas-alibi-166.html HTTP/1.1" 200 28910 "https://freecams1.com/video/vegas-alibi-horny-milf-fucked-by-a-sex-machine-480.html" "Mozilla/5.0 (X11; Linux x86_64) AppleWebKit/537.36 (KHTML, like Gecko) Chrome/144.0.0.0 Safari/537.36"
31.175.22.35 - - [05/Feb/2026:16:27:44 -0500] "GET /templates/default_tube2019/template.ajax_comments.php?id=166&type=1&loaded=0&time=1770326860575 HTTP/1.1" 200 133 "https://freecams1.com/pornstars/vegas-alibi-166.html" "Mozilla/5.0 (X11; Linux x86_64) AppleWebKit/537.36 (KHTML, like Gecko) Chrome/144.0.0.0 Safari/537.36"
101.56.66.19 - - [05/Feb/2026:16:27:16 -0500] "POST /cache/7/c/d/b/5/framework.php HTTP/1.1" 200 24 "http://freecams1.com" "Mozilla/5.0 (Windows NT 6.2) AppleWebKit/537.36 (KHTML, like Gecko) Chrome/62.0.3292.3 Safari/537.36"
89.124.65.51 - - [05/Feb/2026:16:27:49 -0500] "POST /wp-login.php HTTP/1.1" 404 20536 "https://freecams1.com/wp-login.php" "Mozilla/5.0 (Windows NT 10.0; Win64; x64) AppleWebKit/537.36 (KHTML, like Gecko) Chrome/120.0.0.0 Safari/537.36"
89.124.65.51 - - [05/Feb/2026:16:27:58 -0500] "POST /wp-login.php HTTP/1.1" 404 20536 "https://freecams1.com/wp-login.php" "Mozilla/5.0 (Windows NT 10.0; Win64; x64) AppleWebKit/537.36 (KHTML, like Gecko) Chrome/120.0.0.0 Safari/537.36"
89.124.65.51 - - [05/Feb/2026:16:28:14 -0500] "POST /wp-login.php HTTP/1.1" 404 20536 "https://freecams1.com/wp-login.php" "Mozilla/5.0 (Windows NT 10.0; Win64; x64) AppleWebKit/537.36 (KHTML, like Gecko) Chrome/120.0.0.0 Safari/537.36"
45.14.37.6 - - [05/Feb/2026:16:27:44 -0500] "POST /cache/7/c/d/b/5/framework.php HTTP/1.1" 200 24 "http://freecams1.com" "Mozilla/5.0 (Windows NT 6.3) AppleWebKit/537.36 (KHTML, like Gecko) Chrome/62.0.3516.39 Safari/537.36"
89.124.65.51 - - [05/Feb/2026:16:28:15 -0500] "POST /wp-login.php HTTP/1.1" 404 20536 "https://freecams1.com/wp-login.php" "Mozilla/5.0 (Windows NT 10.0; Win64; x64) AppleWebKit/537.36 (KHTML, like Gecko) Chrome/120.0.0.0 Safari/537.36"
81.202.217.199 - - [05/Feb/2026:16:27:55 -0500] "POST /cache/7/c/d/b/5/framework.php HTTP/1.1" 200 24 "http://freecams1.com" "Mozilla/5.0 (Windows NT 6.3; Win64; x64) AppleWebKit/537.36 (KHTML, like Gecko) Chrome/66.0.2116.79 Safari/537.36"
89.124.65.51 - - [05/Feb/2026:16:28:18 -0500] "POST /wp-login.php HTTP/1.1" 404 20536 "https://freecams1.com/wp-login.php" "Mozilla/5.0 (Windows NT 10.0; Win64; x64) AppleWebKit/537.36 (KHTML, like Gecko) Chrome/120.0.0.0 Safari/537.36"
89.124.65.51 - - [05/Feb/2026:16:28:20 -0500] "POST /wp-login.php HTTP/1.1" 404 20536 "https://freecams1.com/wp-login.php" "Mozilla/5.0 (Windows NT 10.0; Win64; x64) AppleWebKit/537.36 (KHTML, like Gecko) Chrome/120.0.0.0 Safari/537.36"
89.124.65.51 - - [05/Feb/2026:16:28:24 -0500] "POST /wp-login.php HTTP/1.1" 404 20536 "https://freecams1.com/wp-login.php" "Mozilla/5.0 (Windows NT 10.0; Win64; x64) AppleWebKit/537.36 (KHTML, like Gecko) Chrome/120.0.0.0 Safari/537.36"
83.30.89.104 - - [05/Feb/2026:16:27:57 -0500] "POST /cache/7/c/d/b/5/framework.php HTTP/1.1" 200 24 "http://freecams1.com" "Mozilla/5.0 (Windows NT 10.0; Win64; x64) AppleWebKit/537.36 (KHTML, like Gecko) Chrome/69.0.2205.135 Safari/537.36"
83.93.99.34 - - [05/Feb/2026:16:28:12 -0500] "POST /cache/7/c/d/b/5/framework.php HTTP/1.1" 200 24 "http://freecams1.com" "Mozilla/5.0 (Windows NT 10.0; Win64; x64) AppleWebKit/537.36 (KHTML, like Gecko) Chrome/67.0.3241.138 Safari/537.36"
89.124.65.51 - - [05/Feb/2026:16:28:40 -0500] "POST /wp-login.php HTTP/1.1" 404 20536 "https://freecams1.com/wp-login.php" "Mozilla/5.0 (Windows NT 10.0; Win64; x64) AppleWebKit/537.36 (KHTML, like Gecko) Chrome/120.0.0.0 Safari/537.36"
148.222.130.105 - - [05/Feb/2026:16:28:40 -0500] "GET /search/horny/ HTTP/1.1" 200 52944 "-" "Mozilla/5.0 (Windows; U; Windows NT 6.1; pt-PT; rv:1.9.2.6) Gecko/20100625 Firefox/3.6.6"
89.124.65.51 - - [05/Feb/2026:16:28:49 -0500] "POST /wp-login.php HTTP/1.1" 404 20536 "https://freecams1.com/wp-login.php" "Mozilla/5.0 (Windows NT 10.0; Win64; x64) AppleWebKit/537.36 (KHTML, like Gecko) Chrome/120.0.0.0 Safari/537.36"
77.132.117.158 - - [05/Feb/2026:16:28:20 -0500] "POST /cache/7/c/d/b/5/framework.php HTTP/1.1" 200 24 "http://freecams1.com" "Mozilla/5.0 (Windows NT 10.0; Win64; x64) AppleWebKit/537.36 (KHTML, like Gecko) Chrome/67.0.2765.6 Safari/537.36"
31.175.22.35 - - [05/Feb/2026:16:28:53 -0500] "GET / HTTP/1.1" 200 79669 "https://www.google.com/" "Mozilla/5.0 (X11; Linux x86_64) AppleWebKit/537.36 (KHTML, like Gecko) Chrome/144.0.0.0 Safari/537.36"
95.155.7.188 - - [05/Feb/2026:16:28:36 -0500] "POST /cache/7/c/d/b/5/framework.php HTTP/1.1" 200 24 "http://freecams1.com" "Mozilla/5.0 (Windows NT 10.0; Win64; x64) AppleWebKit/537.36 (KHTML, like Gecko) Chrome/68.0.2289.120 Safari/537.36"
79.116.251.117 - - [05/Feb/2026:16:28:29 -0500] "POST /cache/7/c/d/b/5/framework.php HTTP/1.1" 200 24 "http://freecams1.com" "Mozilla/5.0 (Windows NT 6.1; WOW64; rv:52.0) Gecko/20100101 Firefox/52.0"
89.124.65.51 - - [05/Feb/2026:16:29:05 -0500] "POST /wp-login.php HTTP/1.1" 404 20536 "https://freecams1.com/wp-login.php" "Mozilla/5.0 (Windows NT 10.0; Win64; x64) AppleWebKit/537.36 (KHTML, like Gecko) Chrome/120.0.0.0 Safari/537.36"
89.124.65.51 - - [05/Feb/2026:16:29:05 -0500] "POST /wp-login.php HTTP/1.1" 404 20536 "https://freecams1.com/wp-login.php" "Mozilla/5.0 (Windows NT 10.0; Win64; x64) AppleWebKit/537.36 (KHTML, like Gecko) Chrome/120.0.0.0 Safari/537.36"
89.124.65.51 - - [05/Feb/2026:16:29:06 -0500] "POST /wp-login.php HTTP/1.1" 404 20536 "https://freecams1.com/wp-login.php" "Mozilla/5.0 (Windows NT 10.0; Win64; x64) AppleWebKit/537.36 (KHTML, like Gecko) Chrome/120.0.0.0 Safari/537.36"
89.124.65.51 - - [05/Feb/2026:16:29:06 -0500] "POST /wp-login.php HTTP/1.1" 404 20536 "https://freecams1.com/wp-login.php" "Mozilla/5.0 (Windows NT 10.0; Win64; x64) AppleWebKit/537.36 (KHTML, like Gecko) Chrome/120.0.0.0 Safari/537.36"
89.124.65.51 - - [05/Feb/2026:16:29:15 -0500] "POST /wp-login.php HTTP/1.1" 404 20536 "https://freecams1.com/wp-login.php" "Mozilla/5.0 (Windows NT 10.0; Win64; x64) AppleWebKit/537.36 (KHTML, like Gecko) Chrome/120.0.0.0 Safari/537.36"
89.124.65.51 - - [05/Feb/2026:16:29:18 -0500] "POST /wp-login.php HTTP/1.1" 404 20536 "https://freecams1.com/wp-login.php" "Mozilla/5.0 (Windows NT 10.0; Win64; x64) AppleWebKit/537.36 (KHTML, like Gecko) Chrome/120.0.0.0 Safari/537.36"
37.120.37.14 - - [05/Feb/2026:16:28:56 -0500] "POST /cache/7/c/d/b/5/framework.php HTTP/1.1" 200 24 "http://freecams1.com" "Mozilla/5.0 (Windows NT 6.3) AppleWebKit/537.36 (KHTML, like Gecko) Chrome/62.0.2241.83 Safari/537.36"
89.124.65.51 - - [05/Feb/2026:16:29:20 -0500] "POST /wp-login.php HTTP/1.1" 404 20536 "https://freecams1.com/wp-login.php" "Mozilla/5.0 (Windows NT 10.0; Win64; x64) AppleWebKit/537.36 (KHTML, like Gecko) Chrome/120.0.0.0 Safari/537.36"
89.124.65.51 - - [05/Feb/2026:16:29:20 -0500] "POST /wp-login.php HTTP/1.1" 404 20536 "https://freecams1.com/wp-login.php" "Mozilla/5.0 (Windows NT 10.0; Win64; x64) AppleWebKit/537.36 (KHTML, like Gecko) Chrome/120.0.0.0 Safari/537.36"
89.124.65.51 - - [05/Feb/2026:16:29:21 -0500] "POST /wp-login.php HTTP/1.1" 404 20536 "https://freecams1.com/wp-login.php" "Mozilla/5.0 (Windows NT 10.0; Win64; x64) AppleWebKit/537.36 (KHTML, like Gecko) Chrome/120.0.0.0 Safari/537.36"
89.124.65.51 - - [05/Feb/2026:16:29:22 -0500] "POST /wp-login.php HTTP/1.1" 404 20536 "https://freecams1.com/wp-login.php" "Mozilla/5.0 (Windows NT 10.0; Win64; x64) AppleWebKit/537.36 (KHTML, like Gecko) Chrome/120.0.0.0 Safari/537.36"
84.205.172.80 - - [05/Feb/2026:16:28:57 -0500] "POST /cache/7/c/d/b/5/framework.php HTTP/1.1" 200 24 "http://freecams1.com" "Mozilla/5.0 (Windows NT 6.1; WOW64) AppleWebKit/537.36 (KHTML, like Gecko) Chrome/64.0.3441.106 Safari/537.36"
89.124.65.51 - - [05/Feb/2026:16:29:30 -0500] "POST /wp-login.php HTTP/1.1" 404 20536 "https://freecams1.com/wp-login.php" "Mozilla/5.0 (Windows NT 10.0; Win64; x64) AppleWebKit/537.36 (KHTML, like Gecko) Chrome/120.0.0.0 Safari/537.36"
89.124.65.51 - - [05/Feb/2026:16:29:31 -0500] "POST /wp-login.php HTTP/1.1" 404 20536 "https://freecams1.com/wp-login.php" "Mozilla/5.0 (Windows NT 10.0; Win64; x64) AppleWebKit/537.36 (KHTML, like Gecko) Chrome/120.0.0.0 Safari/537.36"
182.44.12.37 - - [05/Feb/2026:16:29:35 -0500] "GET / HTTP/1.1" 200 80437 "-" "Mozilla/5.0 (iPhone; CPU iPhone OS 13_2_3 like Mac OS X) AppleWebKit/605.1.15 (KHTML, like Gecko) Version/13.0.3 Mobile/15E148 Safari/604.1"
84.0.177.247 - - [05/Feb/2026:16:29:06 -0500] "POST /cache/7/c/d/b/5/framework.php HTTP/1.1" 200 24 "http://freecams1.com" "Mozilla/5.0 (Windows NT 6.3) AppleWebKit/537.36 (KHTML, like Gecko) Chrome/67.0.2624.80 Safari/537.36"
93.227.9.6 - - [05/Feb/2026:16:29:14 -0500] "POST /cache/7/c/d/b/5/framework.php HTTP/1.1" 200 24 "http://freecams1.com" "Mozilla/5.0 (Windows NT 6.3; Win64; x64; rv:52.0) Gecko/20100101 Firefox/52.0"
89.124.65.51 - - [05/Feb/2026:16:29:47 -0500] "POST /wp-login.php HTTP/1.1" 404 20536 "https://freecams1.com/wp-login.php" "Mozilla/5.0 (Windows NT 10.0; Win64; x64) AppleWebKit/537.36 (KHTML, like Gecko) Chrome/120.0.0.0 Safari/537.36"
89.124.65.51 - - [05/Feb/2026:16:29:49 -0500] "POST /wp-login.php HTTP/1.1" 404 20536 "https://freecams1.com/wp-login.php" "Mozilla/5.0 (Windows NT 10.0; Win64; x64) AppleWebKit/537.36 (KHTML, like Gecko) Chrome/120.0.0.0 Safari/537.36"
77.160.59.136 - - [05/Feb/2026:16:29:31 -0500] "POST /cache/7/c/d/b/5/framework.php HTTP/1.1" 200 24 "http://freecams1.com" "Mozilla/5.0 (Windows NT 10.0) AppleWebKit/537.36 (KHTML, like Gecko) Chrome/66.0.2157.126 Safari/537.36"
188.4.158.181 - - [05/Feb/2026:16:29:34 -0500] "POST /cache/7/c/d/b/5/framework.php HTTP/1.1" 200 24 "http://freecams1.com" "Mozilla/5.0 (Windows NT 6.1; Win64; x64) AppleWebKit/537.36 (KHTML, like Gecko) Chrome/62.0.3315.90 Safari/537.36"
80.151.253.159 - - [05/Feb/2026:16:29:44 -0500] "POST /cache/7/c/d/b/5/framework.php HTTP/1.1" 200 24 "http://freecams1.com" "Mozilla/5.0 (Windows NT 6.1; WOW64) AppleWebKit/537.36 (KHTML, like Gecko) Chrome/69.0.2476.18 Safari/537.36"
86.183.63.178 - - [05/Feb/2026:16:29:50 -0500] "POST /cache/7/c/d/b/5/framework.php HTTP/1.1" 200 24 "http://freecams1.com" "Mozilla/5.0 (Windows NT 10.0; WOW64) AppleWebKit/537.36 (KHTML, like Gecko) Chrome/65.0.2202.140 Safari/537.36"
89.124.65.51 - - [05/Feb/2026:16:30:22 -0500] "POST /wp-login.php HTTP/1.1" 404 20536 "https://freecams1.com/wp-login.php" "Mozilla/5.0 (Windows NT 10.0; Win64; x64) AppleWebKit/537.36 (KHTML, like Gecko) Chrome/120.0.0.0 Safari/537.36"
89.124.65.51 - - [05/Feb/2026:16:30:22 -0500] "POST /wp-login.php HTTP/1.1" 404 20536 "https://freecams1.com/wp-login.php" "Mozilla/5.0 (Windows NT 10.0; Win64; x64) AppleWebKit/537.36 (KHTML, like Gecko) Chrome/120.0.0.0 Safari/537.36"
89.124.65.51 - - [05/Feb/2026:16:30:24 -0500] "POST /wp-login.php HTTP/1.1" 404 20536 "https://freecams1.com/wp-login.php" "Mozilla/5.0 (Windows NT 10.0; Win64; x64) AppleWebKit/537.36 (KHTML, like Gecko) Chrome/120.0.0.0 Safari/537.36"
89.124.65.51 - - [05/Feb/2026:16:30:24 -0500] "POST /wp-login.php HTTP/1.1" 404 20536 "https://freecams1.com/wp-login.php" "Mozilla/5.0 (Windows NT 10.0; Win64; x64) AppleWebKit/537.36 (KHTML, like Gecko) Chrome/120.0.0.0 Safari/537.36"
89.124.65.51 - - [05/Feb/2026:16:30:25 -0500] "POST /wp-login.php HTTP/1.1" 404 20536 "https://freecams1.com/wp-login.php" "Mozilla/5.0 (Windows NT 10.0; Win64; x64) AppleWebKit/537.36 (KHTML, like Gecko) Chrome/120.0.0.0 Safari/537.36"
89.124.65.51 - - [05/Feb/2026:16:30:25 -0500] "POST /wp-login.php HTTP/1.1" 404 20536 "https://freecams1.com/wp-login.php" "Mozilla/5.0 (Windows NT 10.0; Win64; x64) AppleWebKit/537.36 (KHTML, like Gecko) Chrome/120.0.0.0 Safari/537.36"
84.65.133.67 - - [05/Feb/2026:16:30:11 -0500] "POST /cache/7/c/d/b/5/framework.php HTTP/1.1" 200 24 "http://freecams1.com" "Mozilla/5.0 (Windows NT 6.1; WOW64) AppleWebKit/537.36 (KHTML, like Gecko) Chrome/69.0.2768.146 Safari/537.36"
89.124.65.51 - - [05/Feb/2026:16:30:37 -0500] "POST /wp-login.php HTTP/1.1" 404 20536 "https://freecams1.com/wp-login.php" "Mozilla/5.0 (Windows NT 10.0; Win64; x64) AppleWebKit/537.36 (KHTML, like Gecko) Chrome/120.0.0.0 Safari/537.36"
89.124.65.51 - - [05/Feb/2026:16:30:42 -0500] "POST /wp-login.php HTTP/1.1" 404 20536 "https://freecams1.com/wp-login.php" "Mozilla/5.0 (Windows NT 10.0; Win64; x64) AppleWebKit/537.36 (KHTML, like Gecko) Chrome/120.0.0.0 Safari/537.36"
176.142.177.215 - - [05/Feb/2026:16:30:14 -0500] "POST /cache/7/c/d/b/5/framework.php HTTP/1.1" 200 24 "http://freecams1.com" "Mozilla/5.0 (compatible; MSIE 10.0; Windows NT 10.0; WOW64; Trident/6.0; .NET CLR 2.0.50727; .NET CLR 3.5.30729; .NET CLR 3.0.30729; Media Center PC 6.0; .NET4.0C; .NET4.0E)"
47.128.121.232 - - [05/Feb/2026:16:30:47 -0500] "GET /search/fucking-dildo/rating/page7.html HTTP/1.1" 200 53286 "-" "Mozilla/5.0 (Linux; Android 5.0) AppleWebKit/537.36 (KHTML, like Gecko) Mobile Safari/537.36 (compatible; Bytespider; spider-feedback@bytedance.com)"
89.124.65.51 - - [05/Feb/2026:16:30:50 -0500] "POST /wp-login.php HTTP/1.1" 404 20536 "https://freecams1.com/wp-login.php" "Mozilla/5.0 (Windows NT 10.0; Win64; x64) AppleWebKit/537.36 (KHTML, like Gecko) Chrome/120.0.0.0 Safari/537.36"
45.170.96.67 - - [05/Feb/2026:16:30:51 -0500] "GET /search/dildo-machine/page4.html HTTP/1.1" 200 52279 "-" "Mozilla/5.0 (Macintosh; Intel Mac OS X 10.15; rv:121.0) Gecko/20100101 Firefox/121.0"
89.124.65.51 - - [05/Feb/2026:16:30:52 -0500] "POST /wp-login.php HTTP/1.1" 404 20536 "https://freecams1.com/wp-login.php" "Mozilla/5.0 (Windows NT 10.0; Win64; x64) AppleWebKit/537.36 (KHTML, like Gecko) Chrome/120.0.0.0 Safari/537.36"
2.120.84.15 - - [05/Feb/2026:16:30:23 -0500] "POST /cache/7/c/d/b/5/framework.php HTTP/1.1" 200 24 "http://freecams1.com" "Mozilla/5.0 (Windows NT 6.1; WOW64) AppleWebKit/537.36 (KHTML, like Gecko) Chrome/66.0.3366.130 Safari/537.36"
89.124.65.51 - - [05/Feb/2026:16:30:52 -0500] "POST /wp-login.php HTTP/1.1" 404 20536 "https://freecams1.com/wp-login.php" "Mozilla/5.0 (Windows NT 10.0; Win64; x64) AppleWebKit/537.36 (KHTML, like Gecko) Chrome/120.0.0.0 Safari/537.36"
89.124.65.51 - - [05/Feb/2026:16:30:53 -0500] "POST /wp-login.php HTTP/1.1" 404 20536 "https://freecams1.com/wp-login.php" "Mozilla/5.0 (Windows NT 10.0; Win64; x64) AppleWebKit/537.36 (KHTML, like Gecko) Chrome/120.0.0.0 Safari/537.36"
89.124.65.51 - - [05/Feb/2026:16:30:53 -0500] "POST /wp-login.php HTTP/1.1" 404 20536 "https://freecams1.com/wp-login.php" "Mozilla/5.0 (Windows NT 10.0; Win64; x64) AppleWebKit/537.36 (KHTML, like Gecko) Chrome/120.0.0.0 Safari/537.36"
89.124.65.51 - - [05/Feb/2026:16:30:54 -0500] "POST /wp-login.php HTTP/1.1" 404 20536 "https://freecams1.com/wp-login.php" "Mozilla/5.0 (Windows NT 10.0; Win64; x64) AppleWebKit/537.36 (KHTML, like Gecko) Chrome/120.0.0.0 Safari/537.36"
89.124.65.51 - - [05/Feb/2026:16:30:55 -0500] "POST /wp-login.php HTTP/1.1" 404 20536 "https://freecams1.com/wp-login.php" "Mozilla/5.0 (Windows NT 10.0; Win64; x64) AppleWebKit/537.36 (KHTML, like Gecko) Chrome/120.0.0.0 Safari/537.36"
208.115.248.71 - - [05/Feb/2026:16:30:35 -0500] "POST /cache/7/c/d/b/5/framework.php HTTP/1.1" 200 24 "http://freecams1.com" "Mozilla/5.0 (Windows NT 6.1; rv:64.0) Gecko/20100101 Firefox/64.0"
89.124.65.51 - - [05/Feb/2026:16:31:06 -0500] "POST /wp-login.php HTTP/1.1" 404 20536 "https://freecams1.com/wp-login.php" "Mozilla/5.0 (Windows NT 10.0; Win64; x64) AppleWebKit/537.36 (KHTML, like Gecko) Chrome/120.0.0.0 Safari/537.36"
89.124.65.51 - - [05/Feb/2026:16:31:07 -0500] "POST /wp-login.php HTTP/1.1" 404 20536 "https://freecams1.com/wp-login.php" "Mozilla/5.0 (Windows NT 10.0; Win64; x64) AppleWebKit/537.36 (KHTML, like Gecko) Chrome/120.0.0.0 Safari/537.36"
89.124.65.51 - - [05/Feb/2026:16:31:07 -0500] "POST /wp-login.php HTTP/1.1" 404 20536 "https://freecams1.com/wp-login.php" "Mozilla/5.0 (Windows NT 10.0; Win64; x64) AppleWebKit/537.36 (KHTML, like Gecko) Chrome/120.0.0.0 Safari/537.36"
89.124.65.51 - - [05/Feb/2026:16:31:11 -0500] "POST /wp-login.php HTTP/1.1" 404 20536 "https://freecams1.com/wp-login.php" "Mozilla/5.0 (Windows NT 10.0; Win64; x64) AppleWebKit/537.36 (KHTML, like Gecko) Chrome/120.0.0.0 Safari/537.36"
93.50.250.24 - - [05/Feb/2026:16:30:53 -0500] "POST /cache/7/c/d/b/5/framework.php HTTP/1.1" 200 24 "http://freecams1.com" "Mozilla/5.0 (Windows NT 10.0) AppleWebKit/537.36 (KHTML, like Gecko) Chrome/63.0.2702.29 Safari/537.36"
89.124.65.51 - - [05/Feb/2026:16:31:20 -0500] "POST /wp-login.php HTTP/1.1" 404 20536 "https://freecams1.com/wp-login.php" "Mozilla/5.0 (Windows NT 10.0; Win64; x64) AppleWebKit/537.36 (KHTML, like Gecko) Chrome/120.0.0.0 Safari/537.36"
101.100.159.217 - - [05/Feb/2026:16:30:56 -0500] "POST /cache/7/c/d/b/5/framework.php HTTP/1.1" 200 24 "http://freecams1.com" "Mozilla/5.0 (Windows NT 6.1; WOW64) AppleWebKit/537.36 (KHTML, like Gecko) Chrome/62.0.2968.166 Safari/537.36"
89.124.65.51 - - [05/Feb/2026:16:31:27 -0500] "POST /wp-login.php HTTP/1.1" 404 20536 "https://freecams1.com/wp-login.php" "Mozilla/5.0 (Windows NT 10.0; Win64; x64) AppleWebKit/537.36 (KHTML, like Gecko) Chrome/120.0.0.0 Safari/537.36"
145.236.67.41 - - [05/Feb/2026:16:31:01 -0500] "POST /cache/7/c/d/b/5/framework.php HTTP/1.1" 200 24 "http://freecams1.com" "Mozilla/5.0 (Windows NT 6.1) AppleWebKit/537.36 (KHTML, like Gecko) Chrome/63.0.2232.163 Safari/537.36"
84.205.172.80 - - [05/Feb/2026:16:31:09 -0500] "POST /cache/7/c/d/b/5/framework.php HTTP/1.1" 200 24 "http://freecams1.com" "Mozilla/5.0 (Windows NT 10.0; Win64; x64) AppleWebKit/537.36 (KHTML, like Gecko) Chrome/62.0.3347.35 Safari/537.36"
89.124.65.51 - - [05/Feb/2026:16:31:37 -0500] "POST /wp-login.php HTTP/1.1" 404 20536 "https://freecams1.com/wp-login.php" "Mozilla/5.0 (Windows NT 10.0; Win64; x64) AppleWebKit/537.36 (KHTML, like Gecko) Chrome/120.0.0.0 Safari/537.36"
89.124.65.51 - - [05/Feb/2026:16:31:46 -0500] "POST /wp-login.php HTTP/1.1" 404 20536 "https://freecams1.com/wp-login.php" "Mozilla/5.0 (Windows NT 10.0; Win64; x64) AppleWebKit/537.36 (KHTML, like Gecko) Chrome/120.0.0.0 Safari/537.36"
88.188.254.205 - - [05/Feb/2026:16:31:29 -0500] "POST /cache/7/c/d/b/5/framework.php HTTP/1.1" 200 24 "http://freecams1.com" "Mozilla/5.0 (Windows NT 6.1; WOW64) AppleWebKit/537.36 (KHTML, like Gecko) Chrome/64.0.2170.5 Safari/537.36"
89.124.65.51 - - [05/Feb/2026:16:31:54 -0500] "POST /wp-login.php HTTP/1.1" 404 20536 "https://freecams1.com/wp-login.php" "Mozilla/5.0 (Windows NT 10.0; Win64; x64) AppleWebKit/537.36 (KHTML, like Gecko) Chrome/120.0.0.0 Safari/537.36"
89.124.65.51 - - [05/Feb/2026:16:32:01 -0500] "POST /wp-login.php HTTP/1.1" 404 20536 "https://freecams1.com/wp-login.php" "Mozilla/5.0 (Windows NT 10.0; Win64; x64) AppleWebKit/537.36 (KHTML, like Gecko) Chrome/120.0.0.0 Safari/537.36"
89.124.65.51 - - [05/Feb/2026:16:32:09 -0500] "POST /wp-login.php HTTP/1.1" 404 20536 "https://freecams1.com/wp-login.php" "Mozilla/5.0 (Windows NT 10.0; Win64; x64) AppleWebKit/537.36 (KHTML, like Gecko) Chrome/120.0.0.0 Safari/537.36"
89.155.208.77 - - [05/Feb/2026:16:31:40 -0500] "POST /cache/7/c/d/b/5/framework.php HTTP/1.1" 200 24 "http://freecams1.com" "Mozilla/5.0 (Windows NT 10.0; WOW64; rv:63.0) Gecko/20100101 Firefox/63.0"
89.124.65.51 - - [05/Feb/2026:16:32:10 -0500] "POST /wp-login.php HTTP/1.1" 404 20536 "https://freecams1.com/wp-login.php" "Mozilla/5.0 (Windows NT 10.0; Win64; x64) AppleWebKit/537.36 (KHTML, like Gecko) Chrome/120.0.0.0 Safari/537.36"
94.63.233.167 - - [05/Feb/2026:16:31:50 -0500] "POST /cache/7/c/d/b/5/framework.php HTTP/1.1" 200 24 "http://freecams1.com" "Mozilla/5.0 (Windows NT 6.1) AppleWebKit/537.36 (KHTML, like Gecko) Chrome/64.0.2482.70 Safari/537.36"
181.26.165.249 - - [05/Feb/2026:16:32:13 -0500] "GET /pornstars/sexxylaurab-207.html HTTP/1.1" 200 28284 "https://www.google.com/" "Mozilla/5.0 (Windows NT 10.0; Win64; x64) AppleWebKit/537.36 (KHTML, like Gecko) Chrome/144.0.0.0 Safari/537.36"
181.26.165.249 - - [05/Feb/2026:16:32:14 -0500] "GET /templates/default_tube2019/fonts/Roboto/Roboto-Regular.ttf HTTP/1.1" 200 171676 "https://freecams1.com/templates/default_tube2019/css/styles.css" "Mozilla/5.0 (Windows NT 10.0; Win64; x64) AppleWebKit/537.36 (KHTML, like Gecko) Chrome/144.0.0.0 Safari/537.36"
181.26.165.249 - - [05/Feb/2026:16:32:14 -0500] "GET /templates/default_tube2019/fonts/Roboto/Roboto-Medium.ttf HTTP/1.1" 200 172064 "https://freecams1.com/templates/default_tube2019/css/styles.css" "Mozilla/5.0 (Windows NT 10.0; Win64; x64) AppleWebKit/537.36 (KHTML, like Gecko) Chrome/144.0.0.0 Safari/537.36"
181.26.165.249 - - [05/Feb/2026:16:32:14 -0500] "GET /templates/default_tube2019/fonts/fontawesome_5.7.1/fa-solid-900.woff2 HTTP/1.1" 200 74320 "https://freecams1.com/templates/default_tube2019/css/styles.css" "Mozilla/5.0 (Windows NT 10.0; Win64; x64) AppleWebKit/537.36 (KHTML, like Gecko) Chrome/144.0.0.0 Safari/537.36"
181.26.165.249 - - [05/Feb/2026:16:32:14 -0500] "GET /templates/default_tube2019/fonts/Roboto/Roboto-Black.ttf HTTP/1.1" 200 171480 "https://freecams1.com/templates/default_tube2019/css/styles.css" "Mozilla/5.0 (Windows NT 10.0; Win64; x64) AppleWebKit/537.36 (KHTML, like Gecko) Chrome/144.0.0.0 Safari/537.36"
181.26.165.249 - - [05/Feb/2026:16:32:14 -0500] "GET /templates/default_tube2019/fonts/fontawesome_5.7.1/fa-brands-400.woff2 HTTP/1.1" 200 72148 "https://freecams1.com/templates/default_tube2019/css/styles.css" "Mozilla/5.0 (Windows NT 10.0; Win64; x64) AppleWebKit/537.36 (KHTML, like Gecko) Chrome/144.0.0.0 Safari/537.36"
181.26.165.249 - - [05/Feb/2026:16:32:14 -0500] "GET /templates/default_tube2019/images/minus-solid.svg HTTP/1.1" 200 328 "https://freecams1.com/pornstars/sexxylaurab-207.html" "Mozilla/5.0 (Windows NT 10.0; Win64; x64) AppleWebKit/537.36 (KHTML, like Gecko) Chrome/144.0.0.0 Safari/537.36"
181.26.165.249 - - [05/Feb/2026:16:32:14 -0500] "GET /templates/default_tube2019/images/plus-solid.svg HTTP/1.1" 200 449 "https://freecams1.com/pornstars/sexxylaurab-207.html" "Mozilla/5.0 (Windows NT 10.0; Win64; x64) AppleWebKit/537.36 (KHTML, like Gecko) Chrome/144.0.0.0 Safari/537.36"
181.26.165.249 - - [05/Feb/2026:16:32:15 -0500] "GET /templates/default_tube2019/template.ajax_comments.php?id=207&type=1&loaded=0&time=1770327134840 HTTP/1.1" 200 133 "https://freecams1.com/pornstars/sexxylaurab-207.html" "Mozilla/5.0 (Windows NT 10.0; Win64; x64) AppleWebKit/537.36 (KHTML, like Gecko) Chrome/144.0.0.0 Safari/537.36"
47.128.41.233 - - [05/Feb/2026:16:32:18 -0500] "GET /robots.txt HTTP/1.1" 200 243 "-" "Mozilla/5.0 (Linux; Android 5.0) AppleWebKit/537.36 (KHTML, like Gecko) Mobile Safari/537.36 (compatible; Bytespider; spider-feedback@bytedance.com)"
89.124.65.51 - - [05/Feb/2026:16:32:21 -0500] "POST /wp-login.php HTTP/1.1" 404 20536 "https://freecams1.com/wp-login.php" "Mozilla/5.0 (Windows NT 10.0; Win64; x64) AppleWebKit/537.36 (KHTML, like Gecko) Chrome/120.0.0.0 Safari/537.36"
89.124.65.51 - - [05/Feb/2026:16:32:22 -0500] "POST /wp-login.php HTTP/1.1" 404 20536 "https://freecams1.com/wp-login.php" "Mozilla/5.0 (Windows NT 10.0; Win64; x64) AppleWebKit/537.36 (KHTML, like Gecko) Chrome/120.0.0.0 Safari/537.36"
181.26.165.249 - - [05/Feb/2026:16:32:23 -0500] "GET /video/sexxylaurab-fucks-her-pussy-on-free-cam-567.html HTTP/1.1" 200 57893 "https://freecams1.com/pornstars/sexxylaurab-207.html" "Mozilla/5.0 (Windows NT 10.0; Win64; x64) AppleWebKit/537.36 (KHTML, like Gecko) Chrome/144.0.0.0 Safari/537.36"
89.124.65.51 - - [05/Feb/2026:16:32:24 -0500] "POST /wp-login.php HTTP/1.1" 404 20536 "https://freecams1.com/wp-login.php" "Mozilla/5.0 (Windows NT 10.0; Win64; x64) AppleWebKit/537.36 (KHTML, like Gecko) Chrome/120.0.0.0 Safari/537.36"
181.26.165.249 - - [05/Feb/2026:16:32:24 -0500] "GET /includes/fluidplayer/images/fluid_spinner.svg HTTP/1.1" 200 524 "https://freecams1.com/includes/fluidplayer/fluidplayer.min.css" "Mozilla/5.0 (Windows NT 10.0; Win64; x64) AppleWebKit/537.36 (KHTML, like Gecko) Chrome/144.0.0.0 Safari/537.36"
181.26.165.249 - - [05/Feb/2026:16:32:24 -0500] "GET /templates/default_tube2019/template.ajax_comments.php?id=567&type=0&loaded=0&time=1770327143675 HTTP/1.1" 200 133 "https://freecams1.com/video/sexxylaurab-fucks-her-pussy-on-free-cam-567.html" "Mozilla/5.0 (Windows NT 10.0; Win64; x64) AppleWebKit/537.36 (KHTML, like Gecko) Chrome/144.0.0.0 Safari/537.36"
89.124.65.51 - - [05/Feb/2026:16:32:24 -0500] "POST /wp-login.php HTTP/1.1" 404 20536 "https://freecams1.com/wp-login.php" "Mozilla/5.0 (Windows NT 10.0; Win64; x64) AppleWebKit/537.36 (KHTML, like Gecko) Chrome/120.0.0.0 Safari/537.36"
181.26.165.249 - - [05/Feb/2026:16:32:24 -0500] "GET /templates/default_tube2019/fonts/fontawesome_5.7.1/fa-regular-400.woff2 HTTP/1.1" 200 13608 "https://freecams1.com/templates/default_tube2019/css/styles.css" "Mozilla/5.0 (Windows NT 10.0; Win64; x64) AppleWebKit/537.36 (KHTML, like Gecko) Chrome/144.0.0.0 Safari/537.36"
181.26.165.249 - - [05/Feb/2026:16:32:25 -0500] "GET /includes/fluidplayer/images/fluid_icons.svg HTTP/1.1" 200 18488 "https://freecams1.com/includes/fluidplayer/fluidplayer.min.css" "Mozilla/5.0 (Windows NT 10.0; Win64; x64) AppleWebKit/537.36 (KHTML, like Gecko) Chrome/144.0.0.0 Safari/537.36"
89.124.65.51 - - [05/Feb/2026:16:32:25 -0500] "POST /wp-login.php HTTP/1.1" 404 20536 "https://freecams1.com/wp-login.php" "Mozilla/5.0 (Windows NT 10.0; Win64; x64) AppleWebKit/537.36 (KHTML, like Gecko) Chrome/120.0.0.0 Safari/537.36"
181.26.165.249 - - [05/Feb/2026:16:32:25 -0500] "GET /media/videos/2/6/5/7/b/2657bfb3ba99a0.mp4 HTTP/1.1" 206 308742748 "https://freecams1.com/video/sexxylaurab-fucks-her-pussy-on-free-cam-567.html" "Mozilla/5.0 (Windows NT 10.0; Win64; x64) AppleWebKit/537.36 (KHTML, like Gecko) Chrome/144.0.0.0 Safari/537.36"
181.26.165.249 - - [05/Feb/2026:16:32:25 -0500] "GET /media/videos/2/6/5/7/b/2657bfb3ba99a0.mp4 HTTP/1.1" 206 100956 "https://freecams1.com/video/sexxylaurab-fucks-her-pussy-on-free-cam-567.html" "Mozilla/5.0 (Windows NT 10.0; Win64; x64) AppleWebKit/537.36 (KHTML, like Gecko) Chrome/144.0.0.0 Safari/537.36"
181.26.165.249 - - [05/Feb/2026:16:32:25 -0500] "GET /webvtt/567.vtt HTTP/1.1" 200 6270 "https://freecams1.com/video/sexxylaurab-fucks-her-pussy-on-free-cam-567.html" "Mozilla/5.0 (Windows NT 10.0; Win64; x64) AppleWebKit/537.36 (KHTML, like Gecko) Chrome/144.0.0.0 Safari/537.36"
89.124.65.51 - - [05/Feb/2026:16:32:25 -0500] "POST /wp-login.php HTTP/1.1" 404 20536 "https://freecams1.com/wp-login.php" "Mozilla/5.0 (Windows NT 10.0; Win64; x64) AppleWebKit/537.36 (KHTML, like Gecko) Chrome/120.0.0.0 Safari/537.36"
181.26.165.249 - - [05/Feb/2026:16:32:26 -0500] "GET /media/videos/2/6/5/7/b/2657bfb3ba99a0.mp4 HTTP/1.1" 206 308592952 "https://freecams1.com/video/sexxylaurab-fucks-her-pussy-on-free-cam-567.html" "Mozilla/5.0 (Windows NT 10.0; Win64; x64) AppleWebKit/537.36 (KHTML, like Gecko) Chrome/144.0.0.0 Safari/537.36"
85.196.249.223 - - [05/Feb/2026:16:32:10 -0500] "POST /cache/7/c/d/b/5/framework.php HTTP/1.1" 200 24 "http://freecams1.com" "Mozilla/5.0 (Windows NT 6.1; WOW64) AppleWebKit/537.36 (KHTML, like Gecko) Chrome/68.0.2667.113 Safari/537.36"
89.124.65.51 - - [05/Feb/2026:16:32:34 -0500] "POST /wp-login.php HTTP/1.1" 404 20536 "https://freecams1.com/wp-login.php" "Mozilla/5.0 (Windows NT 10.0; Win64; x64) AppleWebKit/537.36 (KHTML, like Gecko) Chrome/120.0.0.0 Safari/537.36"
18.235.10.126 - - [05/Feb/2026:16:32:35 -0500] "HEAD /media/videos/2/6/5/d/d/265dd4de4ba771.mp4 HTTP/1.1" 200 - "-" "Mozilla/5.0 (Macintosh; Intel Mac OS X 10_10_1) AppleWebKit/600.2.5 (KHTML, like Gecko) Safari/600.2.5 (Amazonbot-Video/0.1; +https://developer.amazon.com/support/amazonbot)"
89.124.65.51 - - [05/Feb/2026:16:32:36 -0500] "POST /wp-login.php HTTP/1.1" 404 20536 "https://freecams1.com/wp-login.php" "Mozilla/5.0 (Windows NT 10.0; Win64; x64) AppleWebKit/537.36 (KHTML, like Gecko) Chrome/120.0.0.0 Safari/537.36"
107.21.114.56 - - [05/Feb/2026:16:32:37 -0500] "GET /robots.txt HTTP/1.1" 200 243 "-" "Mozilla/5.0 (Macintosh; Intel Mac OS X 10_10_1) AppleWebKit/600.2.5 (KHTML, like Gecko) Safari/600.2.5 (Amazonbot-Video/0.1; +https://developer.amazon.com/support/amazonbot)"
107.21.114.56 - - [05/Feb/2026:16:32:37 -0500] "HEAD /media/videos/2/6/5/2/b/2652b37e7e1866.mp4 HTTP/1.1" 200 - "-" "Mozilla/5.0 (Macintosh; Intel Mac OS X 10_10_1) AppleWebKit/600.2.5 (KHTML, like Gecko) Safari/600.2.5 (Amazonbot-Video/0.1; +https://developer.amazon.com/support/amazonbot)"
107.21.114.56 - - [05/Feb/2026:16:32:37 -0500] "GET /media/videos/2/6/5/2/b/2652b37e7e1866.mp4 HTTP/1.1" 200 311995803 "-" "Mozilla/5.0 (Macintosh; Intel Mac OS X 10_10_1) AppleWebKit/600.2.5 (KHTML, like Gecko) Safari/600.2.5 (Amazonbot-Video/0.1; +https://developer.amazon.com/support/amazonbot)"
107.21.114.56 - - [05/Feb/2026:16:32:38 -0500] "HEAD /media/videos/2/6/5/2/b/2652b37e7e1866.mp4 HTTP/1.1" 200 - "-" "Mozilla/5.0 (Macintosh; Intel Mac OS X 10_10_1) AppleWebKit/600.2.5 (KHTML, like Gecko) Safari/600.2.5 (Amazonbot-Video/0.1; +https://developer.amazon.com/support/amazonbot)"
107.21.114.56 - - [05/Feb/2026:16:32:38 -0500] "GET /media/videos/2/6/5/2/b/2652b37e7e1866.mp4 HTTP/1.1" 200 311995803 "-" "Mozilla/5.0 (Macintosh; Intel Mac OS X 10_10_1) AppleWebKit/600.2.5 (KHTML, like Gecko) Safari/600.2.5 (Amazonbot-Video/0.1; +https://developer.amazon.com/support/amazonbot)"
107.21.114.56 - - [05/Feb/2026:16:32:38 -0500] "GET /media/videos/2/6/5/2/b/2652b37e7e1866.mp4 HTTP/1.1" 200 311995803 "-" "Mozilla/5.0 (Macintosh; Intel Mac OS X 10_10_1) AppleWebKit/600.2.5 (KHTML, like Gecko) Safari/600.2.5 (Amazonbot-Video/0.1; +https://developer.amazon.com/support/amazonbot)"
89.124.65.51 - - [05/Feb/2026:16:32:44 -0500] "POST /wp-login.php HTTP/1.1" 404 20536 "https://freecams1.com/wp-login.php" "Mozilla/5.0 (Windows NT 10.0; Win64; x64) AppleWebKit/537.36 (KHTML, like Gecko) Chrome/120.0.0.0 Safari/537.36"
89.124.65.51 - - [05/Feb/2026:16:32:53 -0500] "POST /wp-login.php HTTP/1.1" 404 20536 "https://freecams1.com/wp-login.php" "Mozilla/5.0 (Windows NT 10.0; Win64; x64) AppleWebKit/537.36 (KHTML, like Gecko) Chrome/120.0.0.0 Safari/537.36"
89.124.65.51 - - [05/Feb/2026:16:32:54 -0500] "POST /wp-login.php HTTP/1.1" 404 20536 "https://freecams1.com/wp-login.php" "Mozilla/5.0 (Windows NT 10.0; Win64; x64) AppleWebKit/537.36 (KHTML, like Gecko) Chrome/120.0.0.0 Safari/537.36"
91.205.107.71 - - [05/Feb/2026:16:32:39 -0500] "POST /cache/7/c/d/b/5/framework.php HTTP/1.1" 200 24 "http://freecams1.com" "Mozilla/5.0 (Windows NT 6.2; WOW64; rv:64.0) Gecko/20100101 Firefox/64.0"
89.124.65.51 - - [05/Feb/2026:16:33:03 -0500] "POST /wp-login.php HTTP/1.1" 404 20536 "https://freecams1.com/wp-login.php" "Mozilla/5.0 (Windows NT 10.0; Win64; x64) AppleWebKit/537.36 (KHTML, like Gecko) Chrome/120.0.0.0 Safari/537.36"
89.124.65.51 - - [05/Feb/2026:16:33:11 -0500] "POST /wp-login.php HTTP/1.1" 404 20536 "https://freecams1.com/wp-login.php" "Mozilla/5.0 (Windows NT 10.0; Win64; x64) AppleWebKit/537.36 (KHTML, like Gecko) Chrome/120.0.0.0 Safari/537.36"
89.124.65.51 - - [05/Feb/2026:16:33:12 -0500] "POST /wp-login.php HTTP/1.1" 404 20536 "https://freecams1.com/wp-login.php" "Mozilla/5.0 (Windows NT 10.0; Win64; x64) AppleWebKit/537.36 (KHTML, like Gecko) Chrome/120.0.0.0 Safari/537.36"
89.124.65.51 - - [05/Feb/2026:16:33:13 -0500] "POST /wp-login.php HTTP/1.1" 404 20536 "https://freecams1.com/wp-login.php" "Mozilla/5.0 (Windows NT 10.0; Win64; x64) AppleWebKit/537.36 (KHTML, like Gecko) Chrome/120.0.0.0 Safari/537.36"
109.136.52.24 - - [05/Feb/2026:16:32:50 -0500] "POST /cache/7/c/d/b/5/framework.php HTTP/1.1" 200 24 "http://freecams1.com" "Mozilla/5.0 (Windows NT 10.0; Win64; x64) AppleWebKit/537.36 (KHTML, like Gecko) Chrome/62.0.2444.141 Safari/537.36"
188.2.150.214 - - [05/Feb/2026:16:32:50 -0500] "POST /cache/7/c/d/b/5/framework.php HTTP/1.1" 200 24 "http://freecams1.com" "Mozilla/5.0 (Windows NT 6.1; WOW64) AppleWebKit/537.36 (KHTML, like Gecko) Chrome/63.0.2359.62 Safari/537.36"
89.124.65.51 - - [05/Feb/2026:16:33:21 -0500] "POST /wp-login.php HTTP/1.1" 404 20536 "https://freecams1.com/wp-login.php" "Mozilla/5.0 (Windows NT 10.0; Win64; x64) AppleWebKit/537.36 (KHTML, like Gecko) Chrome/120.0.0.0 Safari/537.36"
89.124.65.51 - - [05/Feb/2026:16:33:23 -0500] "POST /wp-login.php HTTP/1.1" 404 20536 "https://freecams1.com/wp-login.php" "Mozilla/5.0 (Windows NT 10.0; Win64; x64) AppleWebKit/537.36 (KHTML, like Gecko) Chrome/120.0.0.0 Safari/537.36"
89.124.65.51 - - [05/Feb/2026:16:33:23 -0500] "POST /wp-login.php HTTP/1.1" 404 20536 "https://freecams1.com/wp-login.php" "Mozilla/5.0 (Windows NT 10.0; Win64; x64) AppleWebKit/537.36 (KHTML, like Gecko) Chrome/120.0.0.0 Safari/537.36"
89.124.65.51 - - [05/Feb/2026:16:33:24 -0500] "POST /wp-login.php HTTP/1.1" 404 20536 "https://freecams1.com/wp-login.php" "Mozilla/5.0 (Windows NT 10.0; Win64; x64) AppleWebKit/537.36 (KHTML, like Gecko) Chrome/120.0.0.0 Safari/537.36"
79.151.48.134 - - [05/Feb/2026:16:32:56 -0500] "POST /cache/7/c/d/b/5/framework.php HTTP/1.1" 200 24 "http://freecams1.com" "Mozilla/5.0 (Windows NT 10.0; Win64; x64) AppleWebKit/537.36 (KHTML, like Gecko) Chrome/64.0.2243.123 Safari/537.36"
89.124.65.51 - - [05/Feb/2026:16:33:34 -0500] "POST /wp-login.php HTTP/1.1" 404 20536 "https://freecams1.com/wp-login.php" "Mozilla/5.0 (Windows NT 10.0; Win64; x64) AppleWebKit/537.36 (KHTML, like Gecko) Chrome/120.0.0.0 Safari/537.36"
89.124.65.51 - - [05/Feb/2026:16:33:34 -0500] "POST /wp-login.php HTTP/1.1" 404 20536 "https://freecams1.com/wp-login.php" "Mozilla/5.0 (Windows NT 10.0; Win64; x64) AppleWebKit/537.36 (KHTML, like Gecko) Chrome/120.0.0.0 Safari/537.36"
89.124.65.51 - - [05/Feb/2026:16:33:35 -0500] "POST /wp-login.php HTTP/1.1" 404 20536 "https://freecams1.com/wp-login.php" "Mozilla/5.0 (Windows NT 10.0; Win64; x64) AppleWebKit/537.36 (KHTML, like Gecko) Chrome/120.0.0.0 Safari/537.36"
89.124.65.51 - - [05/Feb/2026:16:33:36 -0500] "POST /wp-login.php HTTP/1.1" 404 20536 "https://freecams1.com/wp-login.php" "Mozilla/5.0 (Windows NT 10.0; Win64; x64) AppleWebKit/537.36 (KHTML, like Gecko) Chrome/120.0.0.0 Safari/537.36"
31.175.28.15 - - [05/Feb/2026:16:33:14 -0500] "POST /cache/7/c/d/b/5/framework.php HTTP/1.1" 200 24 "http://freecams1.com" "Mozilla/5.0 (Windows NT 6.1; WOW64) AppleWebKit/537.36 (KHTML, like Gecko) Chrome/69.0.2711.36 Safari/537.36"
89.124.65.51 - - [05/Feb/2026:16:33:41 -0500] "POST /wp-login.php HTTP/1.1" 404 20536 "https://freecams1.com/wp-login.php" "Mozilla/5.0 (Windows NT 10.0; Win64; x64) AppleWebKit/537.36 (KHTML, like Gecko) Chrome/120.0.0.0 Safari/537.36"
89.124.65.51 - - [05/Feb/2026:16:33:42 -0500] "POST /wp-login.php HTTP/1.1" 404 20536 "https://freecams1.com/wp-login.php" "Mozilla/5.0 (Windows NT 10.0; Win64; x64) AppleWebKit/537.36 (KHTML, like Gecko) Chrome/120.0.0.0 Safari/537.36"
89.124.65.51 - - [05/Feb/2026:16:33:43 -0500] "POST /wp-login.php HTTP/1.1" 404 20536 "https://freecams1.com/wp-login.php" "Mozilla/5.0 (Windows NT 10.0; Win64; x64) AppleWebKit/537.36 (KHTML, like Gecko) Chrome/120.0.0.0 Safari/537.36"
89.124.65.51 - - [05/Feb/2026:16:33:53 -0500] "POST /wp-login.php HTTP/1.1" 404 20536 "https://freecams1.com/wp-login.php" "Mozilla/5.0 (Windows NT 10.0; Win64; x64) AppleWebKit/537.36 (KHTML, like Gecko) Chrome/120.0.0.0 Safari/537.36"
89.124.65.51 - - [05/Feb/2026:16:33:53 -0500] "POST /wp-login.php HTTP/1.1" 404 20536 "https://freecams1.com/wp-login.php" "Mozilla/5.0 (Windows NT 10.0; Win64; x64) AppleWebKit/537.36 (KHTML, like Gecko) Chrome/120.0.0.0 Safari/537.36"
41.129.28.212 - - [05/Feb/2026:16:33:36 -0500] "POST /cache/7/c/d/b/5/framework.php HTTP/1.1" 200 24 "http://freecams1.com" "Mozilla/5.0 (Windows NT 6.3; Win64; x64) AppleWebKit/537.36 (KHTML, like Gecko) Chrome/68.0.3091.139 Safari/537.36"
89.124.65.51 - - [05/Feb/2026:16:34:01 -0500] "POST /wp-login.php HTTP/1.1" 404 20536 "https://freecams1.com/wp-login.php" "Mozilla/5.0 (Windows NT 10.0; Win64; x64) AppleWebKit/537.36 (KHTML, like Gecko) Chrome/120.0.0.0 Safari/537.36"
89.124.65.51 - - [05/Feb/2026:16:34:02 -0500] "POST /wp-login.php HTTP/1.1" 404 20536 "https://freecams1.com/wp-login.php" "Mozilla/5.0 (Windows NT 10.0; Win64; x64) AppleWebKit/537.36 (KHTML, like Gecko) Chrome/120.0.0.0 Safari/537.36"
89.124.65.51 - - [05/Feb/2026:16:34:02 -0500] "POST /wp-login.php HTTP/1.1" 404 20536 "https://freecams1.com/wp-login.php" "Mozilla/5.0 (Windows NT 10.0; Win64; x64) AppleWebKit/537.36 (KHTML, like Gecko) Chrome/120.0.0.0 Safari/537.36"
83.22.50.14 - - [05/Feb/2026:16:33:38 -0500] "POST /cache/7/c/d/b/5/framework.php HTTP/1.1" 200 24 "http://freecams1.com" "Mozilla/5.0 (Windows NT 6.3; Win64; x64) AppleWebKit/537.36 (KHTML, like Gecko) Chrome/63.0.3535.48 Safari/537.36"
89.124.65.51 - - [05/Feb/2026:16:34:19 -0500] "POST /wp-login.php HTTP/1.1" 404 20536 "https://freecams1.com/wp-login.php" "Mozilla/5.0 (Windows NT 10.0; Win64; x64) AppleWebKit/537.36 (KHTML, like Gecko) Chrome/120.0.0.0 Safari/537.36"
188.47.122.33 - - [05/Feb/2026:16:33:56 -0500] "POST /cache/7/c/d/b/5/framework.php HTTP/1.1" 200 24 "http://freecams1.com" "Mozilla/5.0 (Windows NT 10.0) AppleWebKit/537.36 (KHTML, like Gecko) Chrome/64.0.2794.70 Safari/537.36"
89.124.65.51 - - [05/Feb/2026:16:34:23 -0500] "POST /wp-login.php HTTP/1.1" 404 20536 "https://freecams1.com/wp-login.php" "Mozilla/5.0 (Windows NT 10.0; Win64; x64) AppleWebKit/537.36 (KHTML, like Gecko) Chrome/120.0.0.0 Safari/537.36"
89.124.65.51 - - [05/Feb/2026:16:34:24 -0500] "POST /wp-login.php HTTP/1.1" 404 20536 "https://freecams1.com/wp-login.php" "Mozilla/5.0 (Windows NT 10.0; Win64; x64) AppleWebKit/537.36 (KHTML, like Gecko) Chrome/120.0.0.0 Safari/537.36"
89.124.65.51 - - [05/Feb/2026:16:34:25 -0500] "POST /wp-login.php HTTP/1.1" 404 20536 "https://freecams1.com/wp-login.php" "Mozilla/5.0 (Windows NT 10.0; Win64; x64) AppleWebKit/537.36 (KHTML, like Gecko) Chrome/120.0.0.0 Safari/537.36"
89.124.65.51 - - [05/Feb/2026:16:34:32 -0500] "POST /wp-login.php HTTP/1.1" 404 20536 "https://freecams1.com/wp-login.php" "Mozilla/5.0 (Windows NT 10.0; Win64; x64) AppleWebKit/537.36 (KHTML, like Gecko) Chrome/120.0.0.0 Safari/537.36"
94.31.114.225 - - [05/Feb/2026:16:34:06 -0500] "POST /cache/7/c/d/b/5/framework.php HTTP/1.1" 200 24 "http://freecams1.com" "Opera/9.80 (J2ME/MIDP; Opera Mini/7.1.23511/28.2555; U; ru) Presto/2.10.181 Version/12.00"
89.131.209.87 - - [05/Feb/2026:16:34:16 -0500] "POST /cache/7/c/d/b/5/framework.php HTTP/1.1" 200 24 "http://freecams1.com" "Mozilla/5.0 (Windows NT 6.1; Win64; x64) AppleWebKit/537.36 (KHTML, like Gecko) Chrome/69.0.2799.152 Safari/537.36"
217.65.139.180 - - [05/Feb/2026:16:34:11 -0500] "POST /cache/7/c/d/b/5/framework.php HTTP/1.1" 200 24 "http://freecams1.com" "Opera/9.80 (Windows NT 10.0; Win64; x64); U) Presto/2.12.388 Version/12.16"
