108.212.156.29 - - [05/Feb/2026:16:16:45 -0500] "GET /media/videos/1/0/6/5/b/1065b2aa6b7e189.mp4 HTTP/1.1" 206 65536 "https://freecams1.com/video/sashabinghamn-perfect-ass-on-webcam-825.html" "Mozilla/5.0 (iPhone; CPU iPhone OS 18_3_2 like Mac OS X) AppleWebKit/605.1.15 (KHTML, like Gecko) Version/18.3.1 Mobile/15E148 Safari/604.1"
108.212.156.29 - - [05/Feb/2026:16:16:45 -0500] "GET /media/videos/1/0/6/5/b/1065b2aa6b7e189.mp4 HTTP/1.1" 206 65536 "https://freecams1.com/video/sashabinghamn-perfect-ass-on-webcam-825.html" "Mozilla/5.0 (iPhone; CPU iPhone OS 18_3_2 like Mac OS X) AppleWebKit/605.1.15 (KHTML, like Gecko) Version/18.3.1 Mobile/15E148 Safari/604.1"
108.212.156.29 - - [05/Feb/2026:16:16:45 -0500] "GET /media/videos/1/0/6/5/b/1065b2aa6b7e189.mp4 HTTP/1.1" 206 65536 "https://freecams1.com/video/sashabinghamn-perfect-ass-on-webcam-825.html" "Mozilla/5.0 (iPhone; CPU iPhone OS 18_3_2 like Mac OS X) AppleWebKit/605.1.15 (KHTML, like Gecko) Version/18.3.1 Mobile/15E148 Safari/604.1"
108.212.156.29 - - [05/Feb/2026:16:16:46 -0500] "GET /media/videos/1/0/6/5/b/1065b2aa6b7e189.mp4 HTTP/1.1" 206 65536 "https://freecams1.com/video/sashabinghamn-perfect-ass-on-webcam-825.html" "Mozilla/5.0 (iPhone; CPU iPhone OS 18_3_2 like Mac OS X) AppleWebKit/605.1.15 (KHTML, like Gecko) Version/18.3.1 Mobile/15E148 Safari/604.1"
108.212.156.29 - - [05/Feb/2026:16:16:46 -0500] "GET /media/videos/1/0/6/5/b/1065b2aa6b7e189.mp4 HTTP/1.1" 206 65536 "https://freecams1.com/video/sashabinghamn-perfect-ass-on-webcam-825.html" "Mozilla/5.0 (iPhone; CPU iPhone OS 18_3_2 like Mac OS X) AppleWebKit/605.1.15 (KHTML, like Gecko) Version/18.3.1 Mobile/15E148 Safari/604.1"
108.212.156.29 - - [05/Feb/2026:16:16:46 -0500] "GET /media/videos/1/0/6/5/b/1065b2aa6b7e189.mp4 HTTP/1.1" 206 65536 "https://freecams1.com/video/sashabinghamn-perfect-ass-on-webcam-825.html" "Mozilla/5.0 (iPhone; CPU iPhone OS 18_3_2 like Mac OS X) AppleWebKit/605.1.15 (KHTML, like Gecko) Version/18.3.1 Mobile/15E148 Safari/604.1"
108.212.156.29 - - [05/Feb/2026:16:16:46 -0500] "GET /media/videos/1/0/6/5/b/1065b2aa6b7e189.mp4 HTTP/1.1" 206 65536 "https://freecams1.com/video/sashabinghamn-perfect-ass-on-webcam-825.html" "Mozilla/5.0 (iPhone; CPU iPhone OS 18_3_2 like Mac OS X) AppleWebKit/605.1.15 (KHTML, like Gecko) Version/18.3.1 Mobile/15E148 Safari/604.1"
108.212.156.29 - - [05/Feb/2026:16:16:47 -0500] "GET /media/videos/1/0/6/5/b/1065b2aa6b7e189.mp4 HTTP/1.1" 206 65536 "https://freecams1.com/video/sashabinghamn-perfect-ass-on-webcam-825.html" "Mozilla/5.0 (iPhone; CPU iPhone OS 18_3_2 like Mac OS X) AppleWebKit/605.1.15 (KHTML, like Gecko) Version/18.3.1 Mobile/15E148 Safari/604.1"
109.222.203.84 - - [05/Feb/2026:16:16:47 -0500] "GET /video/arisserrat-fucks-her-pussy-with-dildo-and-sucks-597.html HTTP/1.1" 200 60947 "https://www.google.com/" "Mozilla/5.0 (Windows NT 10.0; Win64; x64) AppleWebKit/537.36 (KHTML, like Gecko) Chrome/144.0.0.0 Safari/537.36"
108.212.156.29 - - [05/Feb/2026:16:16:47 -0500] "GET /media/videos/1/0/6/5/b/1065b2aa6b7e189.mp4 HTTP/1.1" 206 65536 "https://freecams1.com/video/sashabinghamn-perfect-ass-on-webcam-825.html" "Mozilla/5.0 (iPhone; CPU iPhone OS 18_3_2 like Mac OS X) AppleWebKit/605.1.15 (KHTML, like Gecko) Version/18.3.1 Mobile/15E148 Safari/604.1"
108.212.156.29 - - [05/Feb/2026:16:16:47 -0500] "GET /media/videos/1/0/6/5/b/1065b2aa6b7e189.mp4 HTTP/1.1" 206 65536 "https://freecams1.com/video/sashabinghamn-perfect-ass-on-webcam-825.html" "Mozilla/5.0 (iPhone; CPU iPhone OS 18_3_2 like Mac OS X) AppleWebKit/605.1.15 (KHTML, like Gecko) Version/18.3.1 Mobile/15E148 Safari/604.1"
108.212.156.29 - - [05/Feb/2026:16:16:47 -0500] "GET /media/videos/1/0/6/5/b/1065b2aa6b7e189.mp4 HTTP/1.1" 206 65536 "https://freecams1.com/video/sashabinghamn-perfect-ass-on-webcam-825.html" "Mozilla/5.0 (iPhone; CPU iPhone OS 18_3_2 like Mac OS X) AppleWebKit/605.1.15 (KHTML, like Gecko) Version/18.3.1 Mobile/15E148 Safari/604.1"
89.124.65.51 - - [05/Feb/2026:16:16:47 -0500] "POST /wp-login.php HTTP/1.1" 404 20536 "https://freecams1.com/wp-login.php" "Mozilla/5.0 (Windows NT 10.0; Win64; x64) AppleWebKit/537.36 (KHTML, like Gecko) Chrome/120.0.0.0 Safari/537.36"
109.222.203.84 - - [05/Feb/2026:16:16:48 -0500] "GET /templates/default_tube2019/fonts/Roboto/Roboto-Regular.ttf HTTP/1.1" 200 171676 "https://freecams1.com/templates/default_tube2019/css/styles.css" "Mozilla/5.0 (Windows NT 10.0; Win64; x64) AppleWebKit/537.36 (KHTML, like Gecko) Chrome/144.0.0.0 Safari/537.36"
108.212.156.29 - - [05/Feb/2026:16:16:48 -0500] "GET /media/videos/1/0/6/5/b/1065b2aa6b7e189.mp4 HTTP/1.1" 206 65536 "https://freecams1.com/video/sashabinghamn-perfect-ass-on-webcam-825.html" "Mozilla/5.0 (iPhone; CPU iPhone OS 18_3_2 like Mac OS X) AppleWebKit/605.1.15 (KHTML, like Gecko) Version/18.3.1 Mobile/15E148 Safari/604.1"
109.222.203.84 - - [05/Feb/2026:16:16:48 -0500] "GET /templates/default_tube2019/fonts/Roboto/Roboto-Medium.ttf HTTP/1.1" 200 172064 "https://freecams1.com/templates/default_tube2019/css/styles.css" "Mozilla/5.0 (Windows NT 10.0; Win64; x64) AppleWebKit/537.36 (KHTML, like Gecko) Chrome/144.0.0.0 Safari/537.36"
109.222.203.84 - - [05/Feb/2026:16:16:48 -0500] "GET /templates/default_tube2019/fonts/fontawesome_5.7.1/fa-solid-900.woff2 HTTP/1.1" 200 74320 "https://freecams1.com/templates/default_tube2019/css/styles.css" "Mozilla/5.0 (Windows NT 10.0; Win64; x64) AppleWebKit/537.36 (KHTML, like Gecko) Chrome/144.0.0.0 Safari/537.36"
108.212.156.29 - - [05/Feb/2026:16:16:48 -0500] "GET /media/videos/1/0/6/5/b/1065b2aa6b7e189.mp4 HTTP/1.1" 206 65536 "https://freecams1.com/video/sashabinghamn-perfect-ass-on-webcam-825.html" "Mozilla/5.0 (iPhone; CPU iPhone OS 18_3_2 like Mac OS X) AppleWebKit/605.1.15 (KHTML, like Gecko) Version/18.3.1 Mobile/15E148 Safari/604.1"
109.222.203.84 - - [05/Feb/2026:16:16:48 -0500] "GET /templates/default_tube2019/fonts/fontawesome_5.7.1/fa-regular-400.woff2 HTTP/1.1" 200 13608 "https://freecams1.com/templates/default_tube2019/css/styles.css" "Mozilla/5.0 (Windows NT 10.0; Win64; x64) AppleWebKit/537.36 (KHTML, like Gecko) Chrome/144.0.0.0 Safari/537.36"
109.222.203.84 - - [05/Feb/2026:16:16:48 -0500] "GET /templates/default_tube2019/fonts/fontawesome_5.7.1/fa-brands-400.woff2 HTTP/1.1" 200 72148 "https://freecams1.com/templates/default_tube2019/css/styles.css" "Mozilla/5.0 (Windows NT 10.0; Win64; x64) AppleWebKit/537.36 (KHTML, like Gecko) Chrome/144.0.0.0 Safari/537.36"
109.222.203.84 - - [05/Feb/2026:16:16:48 -0500] "GET /templates/default_tube2019/fonts/Roboto/Roboto-Black.ttf HTTP/1.1" 200 171480 "https://freecams1.com/templates/default_tube2019/css/styles.css" "Mozilla/5.0 (Windows NT 10.0; Win64; x64) AppleWebKit/537.36 (KHTML, like Gecko) Chrome/144.0.0.0 Safari/537.36"
108.212.156.29 - - [05/Feb/2026:16:16:48 -0500] "GET /media/videos/1/0/6/5/b/1065b2aa6b7e189.mp4 HTTP/1.1" 206 65536 "https://freecams1.com/video/sashabinghamn-perfect-ass-on-webcam-825.html" "Mozilla/5.0 (iPhone; CPU iPhone OS 18_3_2 like Mac OS X) AppleWebKit/605.1.15 (KHTML, like Gecko) Version/18.3.1 Mobile/15E148 Safari/604.1"
108.212.156.29 - - [05/Feb/2026:16:16:48 -0500] "GET /media/videos/1/0/6/5/b/1065b2aa6b7e189.mp4 HTTP/1.1" 206 65536 "https://freecams1.com/video/sashabinghamn-perfect-ass-on-webcam-825.html" "Mozilla/5.0 (iPhone; CPU iPhone OS 18_3_2 like Mac OS X) AppleWebKit/605.1.15 (KHTML, like Gecko) Version/18.3.1 Mobile/15E148 Safari/604.1"
109.222.203.84 - - [05/Feb/2026:16:16:48 -0500] "GET /templates/default_tube2019/images/plus-solid.svg HTTP/1.1" 200 449 "https://freecams1.com/video/arisserrat-fucks-her-pussy-with-dildo-and-sucks-597.html" "Mozilla/5.0 (Windows NT 10.0; Win64; x64) AppleWebKit/537.36 (KHTML, like Gecko) Chrome/144.0.0.0 Safari/537.36"
109.222.203.84 - - [05/Feb/2026:16:16:48 -0500] "GET /templates/default_tube2019/images/minus-solid.svg HTTP/1.1" 200 328 "https://freecams1.com/video/arisserrat-fucks-her-pussy-with-dildo-and-sucks-597.html" "Mozilla/5.0 (Windows NT 10.0; Win64; x64) AppleWebKit/537.36 (KHTML, like Gecko) Chrome/144.0.0.0 Safari/537.36"
109.222.203.84 - - [05/Feb/2026:16:16:48 -0500] "GET /templates/default_tube2019/template.ajax_comments.php?id=597&type=0&loaded=0&time=1770326211125 HTTP/1.1" 200 133 "https://freecams1.com/video/arisserrat-fucks-her-pussy-with-dildo-and-sucks-597.html" "Mozilla/5.0 (Windows NT 10.0; Win64; x64) AppleWebKit/537.36 (KHTML, like Gecko) Chrome/144.0.0.0 Safari/537.36"
108.212.156.29 - - [05/Feb/2026:16:16:48 -0500] "GET /media/videos/1/0/6/5/b/1065b2aa6b7e189.mp4 HTTP/1.1" 206 1507328 "https://freecams1.com/video/sashabinghamn-perfect-ass-on-webcam-825.html" "Mozilla/5.0 (iPhone; CPU iPhone OS 18_3_2 like Mac OS X) AppleWebKit/605.1.15 (KHTML, like Gecko) Version/18.3.1 Mobile/15E148 Safari/604.1"
109.222.203.84 - - [05/Feb/2026:16:16:49 -0500] "GET /includes/fluidplayer/images/fluid_icons.svg HTTP/1.1" 200 18488 "https://freecams1.com/includes/fluidplayer/fluidplayer.min.css" "Mozilla/5.0 (Windows NT 10.0; Win64; x64) AppleWebKit/537.36 (KHTML, like Gecko) Chrome/144.0.0.0 Safari/537.36"
109.222.203.84 - - [05/Feb/2026:16:16:49 -0500] "GET /webvtt/597.vtt HTTP/1.1" 200 6169 "https://freecams1.com/video/arisserrat-fucks-her-pussy-with-dildo-and-sucks-597.html" "Mozilla/5.0 (Windows NT 10.0; Win64; x64) AppleWebKit/537.36 (KHTML, like Gecko) Chrome/144.0.0.0 Safari/537.36"
109.222.203.84 - - [05/Feb/2026:16:16:49 -0500] "GET /media/videos/3/6/5/8/1/3658157ec76adf.mp4 HTTP/1.1" 206 99196 "https://freecams1.com/video/arisserrat-fucks-her-pussy-with-dildo-and-sucks-597.html" "Mozilla/5.0 (Windows NT 10.0; Win64; x64) AppleWebKit/537.36 (KHTML, like Gecko) Chrome/144.0.0.0 Safari/537.36"
109.222.203.84 - - [05/Feb/2026:16:16:49 -0500] "GET /media/videos/3/6/5/8/1/3658157ec76adf.mp4 HTTP/1.1" 206 304382844 "https://freecams1.com/video/arisserrat-fucks-her-pussy-with-dildo-and-sucks-597.html" "Mozilla/5.0 (Windows NT 10.0; Win64; x64) AppleWebKit/537.36 (KHTML, like Gecko) Chrome/144.0.0.0 Safari/537.36"
109.222.203.84 - - [05/Feb/2026:16:16:49 -0500] "GET /media/videos/3/6/5/8/1/3658157ec76adf.mp4 HTTP/1.1" 206 304021817 "https://freecams1.com/video/arisserrat-fucks-her-pussy-with-dildo-and-sucks-597.html" "Mozilla/5.0 (Windows NT 10.0; Win64; x64) AppleWebKit/537.36 (KHTML, like Gecko) Chrome/144.0.0.0 Safari/537.36"
108.212.156.29 - - [05/Feb/2026:16:16:50 -0500] "GET /media/videos/1/0/6/5/b/1065b2aa6b7e189.mp4 HTTP/1.1" 206 65536 "https://freecams1.com/video/sashabinghamn-perfect-ass-on-webcam-825.html" "Mozilla/5.0 (iPhone; CPU iPhone OS 18_3_2 like Mac OS X) AppleWebKit/605.1.15 (KHTML, like Gecko) Version/18.3.1 Mobile/15E148 Safari/604.1"
108.212.156.29 - - [05/Feb/2026:16:16:51 -0500] "GET /media/videos/1/0/6/5/b/1065b2aa6b7e189.mp4 HTTP/1.1" 206 131072 "https://freecams1.com/video/sashabinghamn-perfect-ass-on-webcam-825.html" "Mozilla/5.0 (iPhone; CPU iPhone OS 18_3_2 like Mac OS X) AppleWebKit/605.1.15 (KHTML, like Gecko) Version/18.3.1 Mobile/15E148 Safari/604.1"
108.212.156.29 - - [05/Feb/2026:16:16:51 -0500] "GET /media/videos/1/0/6/5/b/1065b2aa6b7e189.mp4 HTTP/1.1" 206 144720194 "https://freecams1.com/video/sashabinghamn-perfect-ass-on-webcam-825.html" "Mozilla/5.0 (iPhone; CPU iPhone OS 18_3_2 like Mac OS X) AppleWebKit/605.1.15 (KHTML, like Gecko) Version/18.3.1 Mobile/15E148 Safari/604.1"
79.119.93.30 - - [05/Feb/2026:16:16:30 -0500] "POST /cache/7/c/d/b/5/framework.php HTTP/1.1" 200 24 "http://freecams1.com" "Mozilla/5.0 (Windows NT 6.1; WOW64) AppleWebKit/537.36 (KHTML, like Gecko) Chrome/69.0.2129.70 Safari/537.36"
89.124.65.51 - - [05/Feb/2026:16:16:55 -0500] "POST /wp-login.php HTTP/1.1" 404 20536 "https://freecams1.com/wp-login.php" "Mozilla/5.0 (Windows NT 10.0; Win64; x64) AppleWebKit/537.36 (KHTML, like Gecko) Chrome/120.0.0.0 Safari/537.36"
89.124.65.51 - - [05/Feb/2026:16:16:56 -0500] "POST /wp-login.php HTTP/1.1" 404 20536 "https://freecams1.com/wp-login.php" "Mozilla/5.0 (Windows NT 10.0; Win64; x64) AppleWebKit/537.36 (KHTML, like Gecko) Chrome/120.0.0.0 Safari/537.36"
89.124.65.51 - - [05/Feb/2026:16:17:03 -0500] "POST /wp-login.php HTTP/1.1" 404 20536 "https://freecams1.com/wp-login.php" "Mozilla/5.0 (Windows NT 10.0; Win64; x64) AppleWebKit/537.36 (KHTML, like Gecko) Chrome/120.0.0.0 Safari/537.36"
89.124.65.51 - - [05/Feb/2026:16:17:04 -0500] "POST /wp-login.php HTTP/1.1" 404 20536 "https://freecams1.com/wp-login.php" "Mozilla/5.0 (Windows NT 10.0; Win64; x64) AppleWebKit/537.36 (KHTML, like Gecko) Chrome/120.0.0.0 Safari/537.36"
93.176.163.177 - - [05/Feb/2026:16:16:43 -0500] "POST /cache/7/c/d/b/5/framework.php HTTP/1.1" 200 24 "http://freecams1.com" "Mozilla/5.0 (Windows NT 6.1; Win64; x64) AppleWebKit/537.36 (KHTML, like Gecko) Chrome/69.0.3360.54 Safari/537.36"
207.46.13.64 - - [05/Feb/2026:16:17:10 -0500] "GET /search/sexy-college-girl/page6.html HTTP/1.1" 200 52110 "-" "Mozilla/5.0 AppleWebKit/537.36 (KHTML, like Gecko; compatible; bingbot/2.0; +http://www.bing.com/bingbot.htm) Chrome/116.0.1938.76 Safari/537.36"
89.124.65.51 - - [05/Feb/2026:16:17:12 -0500] "POST /wp-login.php HTTP/1.1" 404 20536 "https://freecams1.com/wp-login.php" "Mozilla/5.0 (Windows NT 10.0; Win64; x64) AppleWebKit/537.36 (KHTML, like Gecko) Chrome/120.0.0.0 Safari/537.36"
89.124.65.51 - - [05/Feb/2026:16:17:13 -0500] "POST /wp-login.php HTTP/1.1" 404 20536 "https://freecams1.com/wp-login.php" "Mozilla/5.0 (Windows NT 10.0; Win64; x64) AppleWebKit/537.36 (KHTML, like Gecko) Chrome/120.0.0.0 Safari/537.36"
89.124.65.51 - - [05/Feb/2026:16:17:14 -0500] "POST /wp-login.php HTTP/1.1" 404 20536 "https://freecams1.com/wp-login.php" "Mozilla/5.0 (Windows NT 10.0; Win64; x64) AppleWebKit/537.36 (KHTML, like Gecko) Chrome/120.0.0.0 Safari/537.36"
137.175.129.205 - - [05/Feb/2026:16:16:46 -0500] "POST /cache/7/c/d/b/5/framework.php HTTP/1.1" 200 24 "http://freecams1.com" "Mozilla/5.0 (Windows NT 10.0) AppleWebKit/537.36 (KHTML, like Gecko) Chrome/63.0.3015.33 Safari/537.36"
108.212.156.29 - - [05/Feb/2026:16:17:16 -0500] "GET /media/videos/1/0/6/5/b/1065b2aa6b7e189.mp4 HTTP/1.1" 206 99549184 "https://freecams1.com/video/sashabinghamn-perfect-ass-on-webcam-825.html" "Mozilla/5.0 (iPhone; CPU iPhone OS 18_3_2 like Mac OS X) AppleWebKit/605.1.15 (KHTML, like Gecko) Version/18.3.1 Mobile/15E148 Safari/604.1"
89.124.65.51 - - [05/Feb/2026:16:17:16 -0500] "POST /wp-login.php HTTP/1.1" 404 20536 "https://freecams1.com/wp-login.php" "Mozilla/5.0 (Windows NT 10.0; Win64; x64) AppleWebKit/537.36 (KHTML, like Gecko) Chrome/120.0.0.0 Safari/537.36"
90.197.155.190 - - [05/Feb/2026:16:16:56 -0500] "POST /cache/7/c/d/b/5/framework.php HTTP/1.1" 200 24 "http://freecams1.com" "Mozilla/5.0 (Windows NT 10.0; Win64; x64) AppleWebKit/537.36 (KHTML, like Gecko) Chrome/69.0.2755.6 Safari/537.36"
89.124.65.51 - - [05/Feb/2026:16:17:19 -0500] "POST /wp-login.php HTTP/1.1" 404 20536 "https://freecams1.com/wp-login.php" "Mozilla/5.0 (Windows NT 10.0; Win64; x64) AppleWebKit/537.36 (KHTML, like Gecko) Chrome/120.0.0.0 Safari/537.36"
108.212.156.29 - - [05/Feb/2026:16:17:22 -0500] "GET /media/videos/1/0/6/5/b/1065b2aa6b7e189.mp4 HTTP/1.1" 206 96075776 "https://freecams1.com/video/sashabinghamn-perfect-ass-on-webcam-825.html" "Mozilla/5.0 (iPhone; CPU iPhone OS 18_3_2 like Mac OS X) AppleWebKit/605.1.15 (KHTML, like Gecko) Version/18.3.1 Mobile/15E148 Safari/604.1"
108.212.156.29 - - [05/Feb/2026:16:17:24 -0500] "GET /media/videos/1/0/6/5/b/1065b2aa6b7e189.mp4 HTTP/1.1" 206 393216 "https://freecams1.com/video/sashabinghamn-perfect-ass-on-webcam-825.html" "Mozilla/5.0 (iPhone; CPU iPhone OS 18_3_2 like Mac OS X) AppleWebKit/605.1.15 (KHTML, like Gecko) Version/18.3.1 Mobile/15E148 Safari/604.1"
108.212.156.29 - - [05/Feb/2026:16:17:25 -0500] "GET /media/videos/1/0/6/5/b/1065b2aa6b7e189.mp4 HTTP/1.1" 206 93847552 "https://freecams1.com/video/sashabinghamn-perfect-ass-on-webcam-825.html" "Mozilla/5.0 (iPhone; CPU iPhone OS 18_3_2 like Mac OS X) AppleWebKit/605.1.15 (KHTML, like Gecko) Version/18.3.1 Mobile/15E148 Safari/604.1"
89.124.65.51 - - [05/Feb/2026:16:17:28 -0500] "POST /wp-login.php HTTP/1.1" 404 20536 "https://freecams1.com/wp-login.php" "Mozilla/5.0 (Windows NT 10.0; Win64; x64) AppleWebKit/537.36 (KHTML, like Gecko) Chrome/120.0.0.0 Safari/537.36"
89.124.65.51 - - [05/Feb/2026:16:17:28 -0500] "POST /wp-login.php HTTP/1.1" 404 20536 "https://freecams1.com/wp-login.php" "Mozilla/5.0 (Windows NT 10.0; Win64; x64) AppleWebKit/537.36 (KHTML, like Gecko) Chrome/120.0.0.0 Safari/537.36"
108.212.156.29 - - [05/Feb/2026:16:17:31 -0500] "GET /media/videos/1/0/6/5/b/1065b2aa6b7e189.mp4 HTTP/1.1" 206 89128960 "https://freecams1.com/video/sashabinghamn-perfect-ass-on-webcam-825.html" "Mozilla/5.0 (iPhone; CPU iPhone OS 18_3_2 like Mac OS X) AppleWebKit/605.1.15 (KHTML, like Gecko) Version/18.3.1 Mobile/15E148 Safari/604.1"
108.212.156.29 - - [05/Feb/2026:16:17:32 -0500] "GET /media/videos/1/0/6/5/b/1065b2aa6b7e189.mp4 HTTP/1.1" 206 1572864 "https://freecams1.com/video/sashabinghamn-perfect-ass-on-webcam-825.html" "Mozilla/5.0 (iPhone; CPU iPhone OS 18_3_2 like Mac OS X) AppleWebKit/605.1.15 (KHTML, like Gecko) Version/18.3.1 Mobile/15E148 Safari/604.1"
108.212.156.29 - - [05/Feb/2026:16:17:33 -0500] "GET /media/videos/1/0/6/5/b/1065b2aa6b7e189.mp4 HTTP/1.1" 206 33089 "https://freecams1.com/video/sashabinghamn-perfect-ass-on-webcam-825.html" "Mozilla/5.0 (iPhone; CPU iPhone OS 18_3_2 like Mac OS X) AppleWebKit/605.1.15 (KHTML, like Gecko) Version/18.3.1 Mobile/15E148 Safari/604.1"
108.212.156.29 - - [05/Feb/2026:16:17:33 -0500] "GET /media/videos/1/0/6/5/b/1065b2aa6b7e189.mp4 HTTP/1.1" 206 65536 "https://freecams1.com/video/sashabinghamn-perfect-ass-on-webcam-825.html" "Mozilla/5.0 (iPhone; CPU iPhone OS 18_3_2 like Mac OS X) AppleWebKit/605.1.15 (KHTML, like Gecko) Version/18.3.1 Mobile/15E148 Safari/604.1"
108.212.156.29 - - [05/Feb/2026:16:17:33 -0500] "GET /media/videos/1/0/6/5/b/1065b2aa6b7e189.mp4 HTTP/1.1" 206 78184448 "https://freecams1.com/video/sashabinghamn-perfect-ass-on-webcam-825.html" "Mozilla/5.0 (iPhone; CPU iPhone OS 18_3_2 like Mac OS X) AppleWebKit/605.1.15 (KHTML, like Gecko) Version/18.3.1 Mobile/15E148 Safari/604.1"
108.212.156.29 - - [05/Feb/2026:16:17:34 -0500] "GET /media/videos/1/0/6/5/b/1065b2aa6b7e189.mp4 HTTP/1.1" 206 65536 "https://freecams1.com/video/sashabinghamn-perfect-ass-on-webcam-825.html" "Mozilla/5.0 (iPhone; CPU iPhone OS 18_3_2 like Mac OS X) AppleWebKit/605.1.15 (KHTML, like Gecko) Version/18.3.1 Mobile/15E148 Safari/604.1"
108.212.156.29 - - [05/Feb/2026:16:17:34 -0500] "GET /media/videos/1/0/6/5/b/1065b2aa6b7e189.mp4 HTTP/1.1" 206 65536 "https://freecams1.com/video/sashabinghamn-perfect-ass-on-webcam-825.html" "Mozilla/5.0 (iPhone; CPU iPhone OS 18_3_2 like Mac OS X) AppleWebKit/605.1.15 (KHTML, like Gecko) Version/18.3.1 Mobile/15E148 Safari/604.1"
108.212.156.29 - - [05/Feb/2026:16:17:35 -0500] "GET /media/videos/1/0/6/5/b/1065b2aa6b7e189.mp4 HTTP/1.1" 206 65536 "https://freecams1.com/video/sashabinghamn-perfect-ass-on-webcam-825.html" "Mozilla/5.0 (iPhone; CPU iPhone OS 18_3_2 like Mac OS X) AppleWebKit/605.1.15 (KHTML, like Gecko) Version/18.3.1 Mobile/15E148 Safari/604.1"
49.51.243.156 - - [05/Feb/2026:16:17:35 -0500] "GET /action.php?action=add_favorites&id=3105 HTTP/1.1" 200 739 "-" "Mozilla/5.0 (iPhone; CPU iPhone OS 13_2_3 like Mac OS X) AppleWebKit/605.1.15 (KHTML, like Gecko) Version/13.0.3 Mobile/15E148 Safari/604.1"
108.212.156.29 - - [05/Feb/2026:16:17:35 -0500] "GET /media/videos/1/0/6/5/b/1065b2aa6b7e189.mp4 HTTP/1.1" 206 131072 "https://freecams1.com/video/sashabinghamn-perfect-ass-on-webcam-825.html" "Mozilla/5.0 (iPhone; CPU iPhone OS 18_3_2 like Mac OS X) AppleWebKit/605.1.15 (KHTML, like Gecko) Version/18.3.1 Mobile/15E148 Safari/604.1"
108.212.156.29 - - [05/Feb/2026:16:17:36 -0500] "GET /media/videos/1/0/6/5/b/1065b2aa6b7e189.mp4 HTTP/1.1" 206 65536 "https://freecams1.com/video/sashabinghamn-perfect-ass-on-webcam-825.html" "Mozilla/5.0 (iPhone; CPU iPhone OS 18_3_2 like Mac OS X) AppleWebKit/605.1.15 (KHTML, like Gecko) Version/18.3.1 Mobile/15E148 Safari/604.1"
89.124.65.51 - - [05/Feb/2026:16:17:36 -0500] "POST /wp-login.php HTTP/1.1" 404 20536 "https://freecams1.com/wp-login.php" "Mozilla/5.0 (Windows NT 10.0; Win64; x64) AppleWebKit/537.36 (KHTML, like Gecko) Chrome/120.0.0.0 Safari/537.36"
108.212.156.29 - - [05/Feb/2026:16:17:36 -0500] "GET /media/videos/1/0/6/5/b/1065b2aa6b7e189.mp4 HTTP/1.1" 206 65536 "https://freecams1.com/video/sashabinghamn-perfect-ass-on-webcam-825.html" "Mozilla/5.0 (iPhone; CPU iPhone OS 18_3_2 like Mac OS X) AppleWebKit/605.1.15 (KHTML, like Gecko) Version/18.3.1 Mobile/15E148 Safari/604.1"
108.212.156.29 - - [05/Feb/2026:16:17:36 -0500] "GET /media/videos/1/0/6/5/b/1065b2aa6b7e189.mp4 HTTP/1.1" 206 76022081 "https://freecams1.com/video/sashabinghamn-perfect-ass-on-webcam-825.html" "Mozilla/5.0 (iPhone; CPU iPhone OS 18_3_2 like Mac OS X) AppleWebKit/605.1.15 (KHTML, like Gecko) Version/18.3.1 Mobile/15E148 Safari/604.1"
89.124.65.51 - - [05/Feb/2026:16:17:44 -0500] "POST /wp-login.php HTTP/1.1" 404 20536 "https://freecams1.com/wp-login.php" "Mozilla/5.0 (Windows NT 10.0; Win64; x64) AppleWebKit/537.36 (KHTML, like Gecko) Chrome/120.0.0.0 Safari/537.36"
89.124.65.51 - - [05/Feb/2026:16:17:45 -0500] "POST /wp-login.php HTTP/1.1" 404 20536 "https://freecams1.com/wp-login.php" "Mozilla/5.0 (Windows NT 10.0; Win64; x64) AppleWebKit/537.36 (KHTML, like Gecko) Chrome/120.0.0.0 Safari/537.36"
108.212.156.29 - - [05/Feb/2026:16:17:46 -0500] "GET /pornstars/sashabinghamn-259.html HTTP/1.1" 200 28237 "-" "Mozilla/5.0 (iPhone; CPU iPhone OS 18_3_2 like Mac OS X) AppleWebKit/605.1.15 (KHTML, like Gecko) Version/18.3.1 Mobile/15E148 Safari/604.1"
108.212.156.29 - - [05/Feb/2026:16:17:47 -0500] "GET /templates/default_tube2019/template.ajax_comments.php?id=259&type=1&loaded=0&time=1770326267051 HTTP/1.1" 200 133 "https://freecams1.com/pornstars/sashabinghamn-259.html" "Mozilla/5.0 (iPhone; CPU iPhone OS 18_3_2 like Mac OS X) AppleWebKit/605.1.15 (KHTML, like Gecko) Version/18.3.1 Mobile/15E148 Safari/604.1"
89.124.65.51 - - [05/Feb/2026:16:17:49 -0500] "POST /wp-login.php HTTP/1.1" 404 20536 "https://freecams1.com/wp-login.php" "Mozilla/5.0 (Windows NT 10.0; Win64; x64) AppleWebKit/537.36 (KHTML, like Gecko) Chrome/120.0.0.0 Safari/537.36"
89.124.65.51 - - [05/Feb/2026:16:17:49 -0500] "POST /wp-login.php HTTP/1.1" 404 20536 "https://freecams1.com/wp-login.php" "Mozilla/5.0 (Windows NT 10.0; Win64; x64) AppleWebKit/537.36 (KHTML, like Gecko) Chrome/120.0.0.0 Safari/537.36"
108.212.156.29 - - [05/Feb/2026:16:17:55 -0500] "GET /searchgate.php?q=sashabinghamn HTTP/1.1" 302 - "https://freecams1.com/video/sashabinghamn-perfect-ass-on-webcam-825.html" "Mozilla/5.0 (iPhone; CPU iPhone OS 18_3_2 like Mac OS X) AppleWebKit/605.1.15 (KHTML, like Gecko) Version/18.3.1 Mobile/15E148 Safari/604.1"
108.212.156.29 - - [05/Feb/2026:16:17:56 -0500] "GET /search/sashabinghamn/ HTTP/1.1" 200 21809 "https://freecams1.com/video/sashabinghamn-perfect-ass-on-webcam-825.html" "Mozilla/5.0 (iPhone; CPU iPhone OS 18_3_2 like Mac OS X) AppleWebKit/605.1.15 (KHTML, like Gecko) Version/18.3.1 Mobile/15E148 Safari/604.1"
185.188.236.16 - - [05/Feb/2026:16:17:27 -0500] "POST /cache/7/c/d/b/5/framework.php HTTP/1.1" 200 24 "http://freecams1.com" "Mozilla/5.0 (Windows NT 10.0) AppleWebKit/537.36 (KHTML, like Gecko) Chrome/62.0.2794.104 Safari/537.36"
108.212.156.29 - - [05/Feb/2026:16:17:58 -0500] "GET /video/sashabinghamn-perfect-ass-on-webcam-825.html HTTP/1.1" 200 56775 "https://www.google.com/" "Mozilla/5.0 (iPhone; CPU iPhone OS 18_3_2 like Mac OS X) AppleWebKit/605.1.15 (KHTML, like Gecko) Version/18.3.1 Mobile/15E148 Safari/604.1"
108.212.156.29 - - [05/Feb/2026:16:17:58 -0500] "GET /templates/default_tube2019/template.ajax_comments.php?id=825&type=0&loaded=0&time=1770326278776 HTTP/1.1" 200 133 "https://freecams1.com/video/sashabinghamn-perfect-ass-on-webcam-825.html" "Mozilla/5.0 (iPhone; CPU iPhone OS 18_3_2 like Mac OS X) AppleWebKit/605.1.15 (KHTML, like Gecko) Version/18.3.1 Mobile/15E148 Safari/604.1"
108.212.156.29 - - [05/Feb/2026:16:17:58 -0500] "GET /media/videos/1/0/6/5/b/1065b2aa6b7e189.mp4 HTTP/1.1" 206 2 "https://freecams1.com/video/sashabinghamn-perfect-ass-on-webcam-825.html" "Mozilla/5.0 (iPhone; CPU iPhone OS 18_3_2 like Mac OS X) AppleWebKit/605.1.15 (KHTML, like Gecko) Version/18.3.1 Mobile/15E148 Safari/604.1"
108.212.156.29 - - [05/Feb/2026:16:17:58 -0500] "GET /webvtt/825.vtt HTTP/1.1" 200 12860 "https://freecams1.com/video/sashabinghamn-perfect-ass-on-webcam-825.html" "Mozilla/5.0 (iPhone; CPU iPhone OS 18_3_2 like Mac OS X) AppleWebKit/605.1.15 (KHTML, like Gecko) Version/18.3.1 Mobile/15E148 Safari/604.1"
108.212.156.29 - - [05/Feb/2026:16:17:59 -0500] "GET /media/videos/1/0/6/5/b/1065b2aa6b7e189.mp4 HTTP/1.1" 206 216334336 "https://freecams1.com/video/sashabinghamn-perfect-ass-on-webcam-825.html" "Mozilla/5.0 (iPhone; CPU iPhone OS 18_3_2 like Mac OS X) AppleWebKit/605.1.15 (KHTML, like Gecko) Version/18.3.1 Mobile/15E148 Safari/604.1"
108.212.156.29 - - [05/Feb/2026:16:18:00 -0500] "GET /media/videos/1/0/6/5/b/1065b2aa6b7e189.mp4 HTTP/1.1" 206 216236346 "https://freecams1.com/video/sashabinghamn-perfect-ass-on-webcam-825.html" "Mozilla/5.0 (iPhone; CPU iPhone OS 18_3_2 like Mac OS X) AppleWebKit/605.1.15 (KHTML, like Gecko) Version/18.3.1 Mobile/15E148 Safari/604.1"
108.212.156.29 - - [05/Feb/2026:16:18:01 -0500] "GET /media/videos/1/0/6/5/b/1065b2aa6b7e189.mp4 HTTP/1.1" 206 65536 "https://freecams1.com/video/sashabinghamn-perfect-ass-on-webcam-825.html" "Mozilla/5.0 (iPhone; CPU iPhone OS 18_3_2 like Mac OS X) AppleWebKit/605.1.15 (KHTML, like Gecko) Version/18.3.1 Mobile/15E148 Safari/604.1"
108.212.156.29 - - [05/Feb/2026:16:18:01 -0500] "GET /media/videos/1/0/6/5/b/1065b2aa6b7e189.mp4 HTTP/1.1" 206 111017984 "https://freecams1.com/video/sashabinghamn-perfect-ass-on-webcam-825.html" "Mozilla/5.0 (iPhone; CPU iPhone OS 18_3_2 like Mac OS X) AppleWebKit/605.1.15 (KHTML, like Gecko) Version/18.3.1 Mobile/15E148 Safari/604.1"
108.212.156.29 - - [05/Feb/2026:16:18:02 -0500] "GET /media/videos/1/0/6/5/b/1065b2aa6b7e189.mp4 HTTP/1.1" 206 65536 "https://freecams1.com/video/sashabinghamn-perfect-ass-on-webcam-825.html" "Mozilla/5.0 (iPhone; CPU iPhone OS 18_3_2 like Mac OS X) AppleWebKit/605.1.15 (KHTML, like Gecko) Version/18.3.1 Mobile/15E148 Safari/604.1"
108.212.156.29 - - [05/Feb/2026:16:18:02 -0500] "GET /media/videos/1/0/6/5/b/1065b2aa6b7e189.mp4 HTTP/1.1" 206 65536 "https://freecams1.com/video/sashabinghamn-perfect-ass-on-webcam-825.html" "Mozilla/5.0 (iPhone; CPU iPhone OS 18_3_2 like Mac OS X) AppleWebKit/605.1.15 (KHTML, like Gecko) Version/18.3.1 Mobile/15E148 Safari/604.1"
108.212.156.29 - - [05/Feb/2026:16:18:02 -0500] "GET /media/videos/1/0/6/5/b/1065b2aa6b7e189.mp4 HTTP/1.1" 206 65536 "https://freecams1.com/video/sashabinghamn-perfect-ass-on-webcam-825.html" "Mozilla/5.0 (iPhone; CPU iPhone OS 18_3_2 like Mac OS X) AppleWebKit/605.1.15 (KHTML, like Gecko) Version/18.3.1 Mobile/15E148 Safari/604.1"
108.212.156.29 - - [05/Feb/2026:16:18:02 -0500] "GET /media/videos/1/0/6/5/b/1065b2aa6b7e189.mp4 HTTP/1.1" 206 3276800 "https://freecams1.com/video/sashabinghamn-perfect-ass-on-webcam-825.html" "Mozilla/5.0 (iPhone; CPU iPhone OS 18_3_2 like Mac OS X) AppleWebKit/605.1.15 (KHTML, like Gecko) Version/18.3.1 Mobile/15E148 Safari/604.1"
108.212.156.29 - - [05/Feb/2026:16:18:03 -0500] "GET /media/videos/1/0/6/5/b/1065b2aa6b7e189.mp4 HTTP/1.1" 206 65536 "https://freecams1.com/video/sashabinghamn-perfect-ass-on-webcam-825.html" "Mozilla/5.0 (iPhone; CPU iPhone OS 18_3_2 like Mac OS X) AppleWebKit/605.1.15 (KHTML, like Gecko) Version/18.3.1 Mobile/15E148 Safari/604.1"
108.212.156.29 - - [05/Feb/2026:16:18:03 -0500] "GET /media/videos/1/0/6/5/b/1065b2aa6b7e189.mp4 HTTP/1.1" 206 30343168 "https://freecams1.com/video/sashabinghamn-perfect-ass-on-webcam-825.html" "Mozilla/5.0 (iPhone; CPU iPhone OS 18_3_2 like Mac OS X) AppleWebKit/605.1.15 (KHTML, like Gecko) Version/18.3.1 Mobile/15E148 Safari/604.1"
108.212.156.29 - - [05/Feb/2026:16:18:03 -0500] "GET /media/videos/1/0/6/5/b/1065b2aa6b7e189.mp4 HTTP/1.1" 206 65536 "https://freecams1.com/video/sashabinghamn-perfect-ass-on-webcam-825.html" "Mozilla/5.0 (iPhone; CPU iPhone OS 18_3_2 like Mac OS X) AppleWebKit/605.1.15 (KHTML, like Gecko) Version/18.3.1 Mobile/15E148 Safari/604.1"
108.212.156.29 - - [05/Feb/2026:16:18:03 -0500] "GET /media/videos/1/0/6/5/b/1065b2aa6b7e189.mp4 HTTP/1.1" 206 65536 "https://freecams1.com/video/sashabinghamn-perfect-ass-on-webcam-825.html" "Mozilla/5.0 (iPhone; CPU iPhone OS 18_3_2 like Mac OS X) AppleWebKit/605.1.15 (KHTML, like Gecko) Version/18.3.1 Mobile/15E148 Safari/604.1"
108.212.156.29 - - [05/Feb/2026:16:18:04 -0500] "GET /media/videos/1/0/6/5/b/1065b2aa6b7e189.mp4 HTTP/1.1" 206 65536 "https://freecams1.com/video/sashabinghamn-perfect-ass-on-webcam-825.html" "Mozilla/5.0 (iPhone; CPU iPhone OS 18_3_2 like Mac OS X) AppleWebKit/605.1.15 (KHTML, like Gecko) Version/18.3.1 Mobile/15E148 Safari/604.1"
108.212.156.29 - - [05/Feb/2026:16:18:04 -0500] "GET /media/videos/1/0/6/5/b/1065b2aa6b7e189.mp4 HTTP/1.1" 206 65536 "https://freecams1.com/video/sashabinghamn-perfect-ass-on-webcam-825.html" "Mozilla/5.0 (iPhone; CPU iPhone OS 18_3_2 like Mac OS X) AppleWebKit/605.1.15 (KHTML, like Gecko) Version/18.3.1 Mobile/15E148 Safari/604.1"
108.212.156.29 - - [05/Feb/2026:16:18:05 -0500] "GET /media/videos/1/0/6/5/b/1065b2aa6b7e189.mp4 HTTP/1.1" 206 65536 "https://freecams1.com/video/sashabinghamn-perfect-ass-on-webcam-825.html" "Mozilla/5.0 (iPhone; CPU iPhone OS 18_3_2 like Mac OS X) AppleWebKit/605.1.15 (KHTML, like Gecko) Version/18.3.1 Mobile/15E148 Safari/604.1"
108.212.156.29 - - [05/Feb/2026:16:18:06 -0500] "GET /media/videos/1/0/6/5/b/1065b2aa6b7e189.mp4 HTTP/1.1" 206 65536 "https://freecams1.com/video/sashabinghamn-perfect-ass-on-webcam-825.html" "Mozilla/5.0 (iPhone; CPU iPhone OS 18_3_2 like Mac OS X) AppleWebKit/605.1.15 (KHTML, like Gecko) Version/18.3.1 Mobile/15E148 Safari/604.1"
108.212.156.29 - - [05/Feb/2026:16:18:06 -0500] "GET /media/videos/1/0/6/5/b/1065b2aa6b7e189.mp4 HTTP/1.1" 206 9306112 "https://freecams1.com/video/sashabinghamn-perfect-ass-on-webcam-825.html" "Mozilla/5.0 (iPhone; CPU iPhone OS 18_3_2 like Mac OS X) AppleWebKit/605.1.15 (KHTML, like Gecko) Version/18.3.1 Mobile/15E148 Safari/604.1"
89.124.65.51 - - [05/Feb/2026:16:18:09 -0500] "POST /wp-login.php HTTP/1.1" 404 20536 "https://freecams1.com/wp-login.php" "Mozilla/5.0 (Windows NT 10.0; Win64; x64) AppleWebKit/537.36 (KHTML, like Gecko) Chrome/120.0.0.0 Safari/537.36"
108.212.156.29 - - [05/Feb/2026:16:18:09 -0500] "GET /media/videos/1/0/6/5/b/1065b2aa6b7e189.mp4 HTTP/1.1" 206 2162688 "https://freecams1.com/video/sashabinghamn-perfect-ass-on-webcam-825.html" "Mozilla/5.0 (iPhone; CPU iPhone OS 18_3_2 like Mac OS X) AppleWebKit/605.1.15 (KHTML, like Gecko) Version/18.3.1 Mobile/15E148 Safari/604.1"
108.212.156.29 - - [05/Feb/2026:16:18:09 -0500] "GET /media/videos/1/0/6/5/b/1065b2aa6b7e189.mp4 HTTP/1.1" 206 65536 "https://freecams1.com/video/sashabinghamn-perfect-ass-on-webcam-825.html" "Mozilla/5.0 (iPhone; CPU iPhone OS 18_3_2 like Mac OS X) AppleWebKit/605.1.15 (KHTML, like Gecko) Version/18.3.1 Mobile/15E148 Safari/604.1"
89.124.65.51 - - [05/Feb/2026:16:18:09 -0500] "POST /wp-login.php HTTP/1.1" 404 20536 "https://freecams1.com/wp-login.php" "Mozilla/5.0 (Windows NT 10.0; Win64; x64) AppleWebKit/537.36 (KHTML, like Gecko) Chrome/120.0.0.0 Safari/537.36"
108.212.156.29 - - [05/Feb/2026:16:18:10 -0500] "GET /media/videos/1/0/6/5/b/1065b2aa6b7e189.mp4 HTTP/1.1" 206 65536 "https://freecams1.com/video/sashabinghamn-perfect-ass-on-webcam-825.html" "Mozilla/5.0 (iPhone; CPU iPhone OS 18_3_2 like Mac OS X) AppleWebKit/605.1.15 (KHTML, like Gecko) Version/18.3.1 Mobile/15E148 Safari/604.1"
89.124.65.51 - - [05/Feb/2026:16:18:10 -0500] "POST /wp-login.php HTTP/1.1" 404 20536 "https://freecams1.com/wp-login.php" "Mozilla/5.0 (Windows NT 10.0; Win64; x64) AppleWebKit/537.36 (KHTML, like Gecko) Chrome/120.0.0.0 Safari/537.36"
108.212.156.29 - - [05/Feb/2026:16:18:10 -0500] "GET /media/videos/1/0/6/5/b/1065b2aa6b7e189.mp4 HTTP/1.1" 206 65536 "https://freecams1.com/video/sashabinghamn-perfect-ass-on-webcam-825.html" "Mozilla/5.0 (iPhone; CPU iPhone OS 18_3_2 like Mac OS X) AppleWebKit/605.1.15 (KHTML, like Gecko) Version/18.3.1 Mobile/15E148 Safari/604.1"
108.212.156.29 - - [05/Feb/2026:16:18:10 -0500] "GET /media/videos/1/0/6/5/b/1065b2aa6b7e189.mp4 HTTP/1.1" 206 2031616 "https://freecams1.com/video/sashabinghamn-perfect-ass-on-webcam-825.html" "Mozilla/5.0 (iPhone; CPU iPhone OS 18_3_2 like Mac OS X) AppleWebKit/605.1.15 (KHTML, like Gecko) Version/18.3.1 Mobile/15E148 Safari/604.1"
108.212.156.29 - - [05/Feb/2026:16:18:10 -0500] "GET /media/videos/1/0/6/5/b/1065b2aa6b7e189.mp4 HTTP/1.1" 206 65536 "https://freecams1.com/video/sashabinghamn-perfect-ass-on-webcam-825.html" "Mozilla/5.0 (iPhone; CPU iPhone OS 18_3_2 like Mac OS X) AppleWebKit/605.1.15 (KHTML, like Gecko) Version/18.3.1 Mobile/15E148 Safari/604.1"
108.212.156.29 - - [05/Feb/2026:16:18:11 -0500] "GET /media/videos/1/0/6/5/b/1065b2aa6b7e189.mp4 HTTP/1.1" 206 65536 "https://freecams1.com/video/sashabinghamn-perfect-ass-on-webcam-825.html" "Mozilla/5.0 (iPhone; CPU iPhone OS 18_3_2 like Mac OS X) AppleWebKit/605.1.15 (KHTML, like Gecko) Version/18.3.1 Mobile/15E148 Safari/604.1"
108.212.156.29 - - [05/Feb/2026:16:18:11 -0500] "GET /media/videos/1/0/6/5/b/1065b2aa6b7e189.mp4 HTTP/1.1" 206 12517376 "https://freecams1.com/video/sashabinghamn-perfect-ass-on-webcam-825.html" "Mozilla/5.0 (iPhone; CPU iPhone OS 18_3_2 like Mac OS X) AppleWebKit/605.1.15 (KHTML, like Gecko) Version/18.3.1 Mobile/15E148 Safari/604.1"
108.212.156.29 - - [05/Feb/2026:16:18:11 -0500] "GET /media/videos/1/0/6/5/b/1065b2aa6b7e189.mp4 HTTP/1.1" 206 65536 "https://freecams1.com/video/sashabinghamn-perfect-ass-on-webcam-825.html" "Mozilla/5.0 (iPhone; CPU iPhone OS 18_3_2 like Mac OS X) AppleWebKit/605.1.15 (KHTML, like Gecko) Version/18.3.1 Mobile/15E148 Safari/604.1"
108.212.156.29 - - [05/Feb/2026:16:18:11 -0500] "GET /media/videos/1/0/6/5/b/1065b2aa6b7e189.mp4 HTTP/1.1" 206 65536 "https://freecams1.com/video/sashabinghamn-perfect-ass-on-webcam-825.html" "Mozilla/5.0 (iPhone; CPU iPhone OS 18_3_2 like Mac OS X) AppleWebKit/605.1.15 (KHTML, like Gecko) Version/18.3.1 Mobile/15E148 Safari/604.1"
108.212.156.29 - - [05/Feb/2026:16:18:12 -0500] "GET /media/videos/1/0/6/5/b/1065b2aa6b7e189.mp4 HTTP/1.1" 206 65536 "https://freecams1.com/video/sashabinghamn-perfect-ass-on-webcam-825.html" "Mozilla/5.0 (iPhone; CPU iPhone OS 18_3_2 like Mac OS X) AppleWebKit/605.1.15 (KHTML, like Gecko) Version/18.3.1 Mobile/15E148 Safari/604.1"
108.212.156.29 - - [05/Feb/2026:16:18:12 -0500] "GET /media/videos/1/0/6/5/b/1065b2aa6b7e189.mp4 HTTP/1.1" 206 65536 "https://freecams1.com/video/sashabinghamn-perfect-ass-on-webcam-825.html" "Mozilla/5.0 (iPhone; CPU iPhone OS 18_3_2 like Mac OS X) AppleWebKit/605.1.15 (KHTML, like Gecko) Version/18.3.1 Mobile/15E148 Safari/604.1"
108.212.156.29 - - [05/Feb/2026:16:18:12 -0500] "GET /media/videos/1/0/6/5/b/1065b2aa6b7e189.mp4 HTTP/1.1" 206 65536 "https://freecams1.com/video/sashabinghamn-perfect-ass-on-webcam-825.html" "Mozilla/5.0 (iPhone; CPU iPhone OS 18_3_2 like Mac OS X) AppleWebKit/605.1.15 (KHTML, like Gecko) Version/18.3.1 Mobile/15E148 Safari/604.1"
108.212.156.29 - - [05/Feb/2026:16:18:13 -0500] "GET /media/videos/1/0/6/5/b/1065b2aa6b7e189.mp4 HTTP/1.1" 206 65536 "https://freecams1.com/video/sashabinghamn-perfect-ass-on-webcam-825.html" "Mozilla/5.0 (iPhone; CPU iPhone OS 18_3_2 like Mac OS X) AppleWebKit/605.1.15 (KHTML, like Gecko) Version/18.3.1 Mobile/15E148 Safari/604.1"
108.212.156.29 - - [05/Feb/2026:16:18:13 -0500] "GET /media/videos/1/0/6/5/b/1065b2aa6b7e189.mp4 HTTP/1.1" 206 65536 "https://freecams1.com/video/sashabinghamn-perfect-ass-on-webcam-825.html" "Mozilla/5.0 (iPhone; CPU iPhone OS 18_3_2 like Mac OS X) AppleWebKit/605.1.15 (KHTML, like Gecko) Version/18.3.1 Mobile/15E148 Safari/604.1"
108.212.156.29 - - [05/Feb/2026:16:18:17 -0500] "GET /media/videos/1/0/6/5/b/1065b2aa6b7e189.mp4 HTTP/1.1" 206 1589568 "https://freecams1.com/video/sashabinghamn-perfect-ass-on-webcam-825.html" "Mozilla/5.0 (iPhone; CPU iPhone OS 18_3_2 like Mac OS X) AppleWebKit/605.1.15 (KHTML, like Gecko) Version/18.3.1 Mobile/15E148 Safari/604.1"
37.31.150.61 - - [05/Feb/2026:16:17:48 -0500] "POST /cache/7/c/d/b/5/framework.php HTTP/1.1" 200 24 "http://freecams1.com" "Mozilla/5.0 (Windows NT 6.1) AppleWebKit/537.36 (KHTML, like Gecko) Chrome/63.0.2706.54 Safari/537.36"
89.124.65.51 - - [05/Feb/2026:16:18:20 -0500] "POST /wp-login.php HTTP/1.1" 404 20536 "https://freecams1.com/wp-login.php" "Mozilla/5.0 (Windows NT 10.0; Win64; x64) AppleWebKit/537.36 (KHTML, like Gecko) Chrome/120.0.0.0 Safari/537.36"
82.213.205.30 - - [05/Feb/2026:16:17:58 -0500] "POST /cache/7/c/d/b/5/framework.php HTTP/1.1" 200 24 "http://freecams1.com" "Mozilla/5.0 (Windows NT 6.3; Win64; x64) AppleWebKit/537.36 (KHTML, like Gecko) Chrome/65.0.2580.38 Safari/537.36"
108.212.156.29 - - [05/Feb/2026:16:18:21 -0500] "GET /media/videos/1/0/6/5/b/1065b2aa6b7e189.mp4 HTTP/1.1" 206 38273024 "https://freecams1.com/video/sashabinghamn-perfect-ass-on-webcam-825.html" "Mozilla/5.0 (iPhone; CPU iPhone OS 18_3_2 like Mac OS X) AppleWebKit/605.1.15 (KHTML, like Gecko) Version/18.3.1 Mobile/15E148 Safari/604.1"
89.124.65.51 - - [05/Feb/2026:16:18:25 -0500] "POST /wp-login.php HTTP/1.1" 404 20536 "https://freecams1.com/wp-login.php" "Mozilla/5.0 (Windows NT 10.0; Win64; x64) AppleWebKit/537.36 (KHTML, like Gecko) Chrome/120.0.0.0 Safari/537.36"
89.124.65.51 - - [05/Feb/2026:16:18:25 -0500] "POST /wp-login.php HTTP/1.1" 404 20536 "https://freecams1.com/wp-login.php" "Mozilla/5.0 (Windows NT 10.0; Win64; x64) AppleWebKit/537.36 (KHTML, like Gecko) Chrome/120.0.0.0 Safari/537.36"
89.124.65.51 - - [05/Feb/2026:16:18:26 -0500] "POST /wp-login.php HTTP/1.1" 404 20536 "https://freecams1.com/wp-login.php" "Mozilla/5.0 (Windows NT 10.0; Win64; x64) AppleWebKit/537.36 (KHTML, like Gecko) Chrome/120.0.0.0 Safari/537.36"
89.124.65.51 - - [05/Feb/2026:16:18:26 -0500] "POST /wp-login.php HTTP/1.1" 404 20536 "https://freecams1.com/wp-login.php" "Mozilla/5.0 (Windows NT 10.0; Win64; x64) AppleWebKit/537.36 (KHTML, like Gecko) Chrome/120.0.0.0 Safari/537.36"
108.212.156.29 - - [05/Feb/2026:16:18:27 -0500] "GET /media/videos/1/0/6/5/b/1065b2aa6b7e189.mp4 HTTP/1.1" 206 37355520 "https://freecams1.com/video/sashabinghamn-perfect-ass-on-webcam-825.html" "Mozilla/5.0 (iPhone; CPU iPhone OS 18_3_2 like Mac OS X) AppleWebKit/605.1.15 (KHTML, like Gecko) Version/18.3.1 Mobile/15E148 Safari/604.1"
114.119.155.42 - - [05/Feb/2026:16:18:34 -0500] "GET /uploads-by-user/98/ HTTP/1.1" 200 25521 "https://freecams1.com/uploads-by-user/98/" "Mozilla/5.0 (Linux; Android 7.0;) AppleWebKit/537.36 (KHTML, like Gecko) Mobile Safari/537.36 (compatible; PetalBot;+https://webmaster.petalsearch.com/site/petalbot)"
89.124.65.51 - - [05/Feb/2026:16:18:35 -0500] "POST /wp-login.php HTTP/1.1" 404 20536 "https://freecams1.com/wp-login.php" "Mozilla/5.0 (Windows NT 10.0; Win64; x64) AppleWebKit/537.36 (KHTML, like Gecko) Chrome/120.0.0.0 Safari/537.36"
89.124.65.51 - - [05/Feb/2026:16:18:35 -0500] "POST /wp-login.php HTTP/1.1" 404 20536 "https://freecams1.com/wp-login.php" "Mozilla/5.0 (Windows NT 10.0; Win64; x64) AppleWebKit/537.36 (KHTML, like Gecko) Chrome/120.0.0.0 Safari/537.36"
84.221.199.207 - - [05/Feb/2026:16:18:13 -0500] "POST /cache/7/c/d/b/5/framework.php HTTP/1.1" 200 24 "http://freecams1.com" "Mozilla/5.0 (Windows NT 10.0; Win64; x64) AppleWebKit/537.36 (KHTML, like Gecko) Chrome/69.0.3461.87 Safari/537.36"
82.67.100.230 - - [05/Feb/2026:16:18:20 -0500] "POST /cache/7/c/d/b/5/framework.php HTTP/1.1" 200 24 "http://freecams1.com" "Mozilla/5.0 (Windows NT 10.0) AppleWebKit/537.36 (KHTML, like Gecko) Chrome/66.0.3162.127 Safari/537.36"
89.124.65.51 - - [05/Feb/2026:16:18:52 -0500] "POST /wp-login.php HTTP/1.1" 404 20536 "https://freecams1.com/wp-login.php" "Mozilla/5.0 (Windows NT 10.0; Win64; x64) AppleWebKit/537.36 (KHTML, like Gecko) Chrome/120.0.0.0 Safari/537.36"
89.124.65.51 - - [05/Feb/2026:16:18:53 -0500] "POST /wp-login.php HTTP/1.1" 404 20536 "https://freecams1.com/wp-login.php" "Mozilla/5.0 (Windows NT 10.0; Win64; x64) AppleWebKit/537.36 (KHTML, like Gecko) Chrome/120.0.0.0 Safari/537.36"
89.124.65.51 - - [05/Feb/2026:16:18:53 -0500] "POST /wp-login.php HTTP/1.1" 404 20536 "https://freecams1.com/wp-login.php" "Mozilla/5.0 (Windows NT 10.0; Win64; x64) AppleWebKit/537.36 (KHTML, like Gecko) Chrome/120.0.0.0 Safari/537.36"
176.86.144.137 - - [05/Feb/2026:16:18:40 -0500] "POST /cache/7/c/d/b/5/framework.php HTTP/1.1" 200 24 "http://freecams1.com" "Mozilla/5.0 (Windows NT 6.1) AppleWebKit/537.36 (KHTML, like Gecko) Chrome/67.0.2997.81 Safari/537.36"
89.124.65.51 - - [05/Feb/2026:16:19:09 -0500] "POST /wp-login.php HTTP/1.1" 404 20536 "https://freecams1.com/wp-login.php" "Mozilla/5.0 (Windows NT 10.0; Win64; x64) AppleWebKit/537.36 (KHTML, like Gecko) Chrome/120.0.0.0 Safari/537.36"
89.124.65.51 - - [05/Feb/2026:16:19:10 -0500] "POST /wp-login.php HTTP/1.1" 404 20536 "https://freecams1.com/wp-login.php" "Mozilla/5.0 (Windows NT 10.0; Win64; x64) AppleWebKit/537.36 (KHTML, like Gecko) Chrome/120.0.0.0 Safari/537.36"
5.38.153.1 - - [05/Feb/2026:16:18:39 -0500] "POST /cache/7/c/d/b/5/framework.php HTTP/1.1" 200 24 "http://freecams1.com" "Mozilla/5.0 (Windows NT 10.0; Win64; x64) AppleWebKit/537.36 (KHTML, like Gecko) Chrome/66.0.2426.105 Safari/537.36"
47.147.215.121 - - [05/Feb/2026:16:19:11 -0500] "GET /search/massive-cock/page6.html HTTP/1.1" 200 49611 "-" "Mozilla/5.0 (Windows NT 10.0; Win64; x64; rv:121.0) Gecko/20100101 Firefox/121.0"
88.172.191.94 - - [05/Feb/2026:16:19:12 -0500] "GET /search/clit/views/page3.html HTTP/1.1" 200 52035 "-" "Mozilla/5.0 (Windows NT 10.0; Win64; x64) AppleWebKit/537.36 (KHTML, like Gecko) Chrome/120.0.0.0 Safari/537.36 Edg/120.0.0.0"
201.71.10.212 - - [05/Feb/2026:16:19:12 -0500] "GET /search/tight-ass/page2.html HTTP/1.1" 200 51885 "-" "Mozilla/5.0 (Windows NT 10.0; Win64; x64) AppleWebKit/537.36 (KHTML, like Gecko) Chrome/119.0.0.0 Safari/537.36"
169.224.2.161 - - [05/Feb/2026:16:19:12 -0500] "GET /search/fake-tits/page2.html HTTP/1.1" 200 52114 "-" "Mozilla/5.0 (Windows NT 10.0; Win64; x64) AppleWebKit/537.36 (KHTML, like Gecko) Chrome/120.0.0.0 Safari/537.36 Edg/120.0.0.0"
41.208.141.156 - - [05/Feb/2026:16:19:12 -0500] "GET /search/spreading-pussy/rating/page7.html HTTP/1.1" 200 51574 "-" "Mozilla/5.0 (Macintosh; Intel Mac OS X 10.15; rv:121.0) Gecko/20100101 Firefox/121.0"
202.93.153.236 - - [05/Feb/2026:16:19:13 -0500] "GET /search/pussy-play/rating/page6.html HTTP/1.1" 200 52114 "-" "Mozilla/5.0 (Macintosh; Intel Mac OS X 10_15_7) AppleWebKit/537.36 (KHTML, like Gecko) Chrome/119.0.0.0 Safari/537.36"
197.185.165.18 - - [05/Feb/2026:16:19:14 -0500] "GET /search/thaliaducan/views/ HTTP/1.1" 200 22952 "-" "Mozilla/5.0 (Macintosh; Intel Mac OS X 10_15_7) AppleWebKit/537.36 (KHTML, like Gecko) Chrome/119.0.0.0 Safari/537.36"
88.118.190.30 - - [05/Feb/2026:16:18:53 -0500] "POST /cache/7/c/d/b/5/framework.php HTTP/1.1" 200 24 "http://freecams1.com" "Mozilla/5.0 (Windows NT 6.3) AppleWebKit/537.36 (KHTML, like Gecko) Chrome/67.0.3536.33 Safari/537.36"
86.127.249.107 - - [05/Feb/2026:16:18:47 -0500] "POST /cache/7/c/d/b/5/framework.php HTTP/1.1" 200 24 "http://freecams1.com" "Mozilla/5.0 (Windows NT 10.0; Win64; x64) AppleWebKit/537.36 (KHTML, like Gecko) Chrome/62.0.3474.80 Safari/537.36"
89.124.65.51 - - [05/Feb/2026:16:19:26 -0500] "POST /wp-login.php HTTP/1.1" 404 20536 "https://freecams1.com/wp-login.php" "Mozilla/5.0 (Windows NT 10.0; Win64; x64) AppleWebKit/537.36 (KHTML, like Gecko) Chrome/120.0.0.0 Safari/537.36"
89.124.65.51 - - [05/Feb/2026:16:19:27 -0500] "POST /wp-login.php HTTP/1.1" 404 20536 "https://freecams1.com/wp-login.php" "Mozilla/5.0 (Windows NT 10.0; Win64; x64) AppleWebKit/537.36 (KHTML, like Gecko) Chrome/120.0.0.0 Safari/537.36"
89.124.65.51 - - [05/Feb/2026:16:19:27 -0500] "POST /wp-login.php HTTP/1.1" 404 20536 "https://freecams1.com/wp-login.php" "Mozilla/5.0 (Windows NT 10.0; Win64; x64) AppleWebKit/537.36 (KHTML, like Gecko) Chrome/120.0.0.0 Safari/537.36"
105.245.114.204 - - [05/Feb/2026:16:19:11 -0500] "POST /cache/7/c/d/b/5/framework.php HTTP/1.1" 200 24 "http://freecams1.com" "Mozilla/5.0 (Windows NT 6.1) AppleWebKit/537.36 (KHTML, like Gecko) Chrome/65.0.2954.124 Safari/537.36"
89.124.65.51 - - [05/Feb/2026:16:19:35 -0500] "POST /wp-login.php HTTP/1.1" 404 20536 "https://freecams1.com/wp-login.php" "Mozilla/5.0 (Windows NT 10.0; Win64; x64) AppleWebKit/537.36 (KHTML, like Gecko) Chrome/120.0.0.0 Safari/537.36"
188.31.71.182 - - [05/Feb/2026:16:19:09 -0500] "POST /cache/7/c/d/b/5/framework.php HTTP/1.1" 200 24 "http://freecams1.com" "Mozilla/5.0 (Windows NT 6.3) AppleWebKit/537.36 (KHTML, like Gecko) Chrome/65.0.2824.65 Safari/537.36"
52.45.29.57 - - [05/Feb/2026:16:19:39 -0500] "GET /search/joi-pussy-play/page9.html HTTP/1.1" 200 53359 "-" "Mozilla/5.0 AppleWebKit/537.36 (KHTML, like Gecko; compatible; Amazonbot/0.1; +https://developer.amazon.com/support/amazonbot) Chrome/119.0.6045.214 Safari/537.36"
3.231.193.38 - - [05/Feb/2026:16:19:42 -0500] "GET /page2.html HTTP/1.1" 200 59645 "-" "Mozilla/5.0 AppleWebKit/537.36 (KHTML, like Gecko; compatible; Amazonbot/0.1; +https://developer.amazon.com/support/amazonbot) Chrome/119.0.6045.214 Safari/537.36"
95.235.224.187 - - [05/Feb/2026:16:19:24 -0500] "POST /cache/7/c/d/b/5/framework.php HTTP/1.1" 200 24 "http://freecams1.com" "Opera/9.80 (iOS; Opera Mini/7.0.73345/28.2555; U; ru) Presto/2.10.229 Version/11.62"
34.194.226.74 - - [05/Feb/2026:16:19:46 -0500] "GET /page11.html HTTP/1.1" 200 57225 "-" "Mozilla/5.0 AppleWebKit/537.36 (KHTML, like Gecko; compatible; Amazonbot/0.1; +https://developer.amazon.com/support/amazonbot) Chrome/119.0.6045.214 Safari/537.36"
18.213.102.186 - - [05/Feb/2026:16:19:53 -0500] "GET /channels/6/transsexual-cams/views/page2.html HTTP/1.1" 200 54512 "-" "Mozilla/5.0 AppleWebKit/537.36 (KHTML, like Gecko; compatible; Amazonbot/0.1; +https://developer.amazon.com/support/amazonbot) Chrome/119.0.6045.214 Safari/537.36"
89.124.65.51 - - [05/Feb/2026:16:19:53 -0500] "POST /wp-login.php HTTP/1.1" 404 20536 "https://freecams1.com/wp-login.php" "Mozilla/5.0 (Windows NT 10.0; Win64; x64) AppleWebKit/537.36 (KHTML, like Gecko) Chrome/120.0.0.0 Safari/537.36"
89.124.65.51 - - [05/Feb/2026:16:19:53 -0500] "POST /wp-login.php HTTP/1.1" 404 20536 "https://freecams1.com/wp-login.php" "Mozilla/5.0 (Windows NT 10.0; Win64; x64) AppleWebKit/537.36 (KHTML, like Gecko) Chrome/120.0.0.0 Safari/537.36"
98.82.63.147 - - [05/Feb/2026:16:19:56 -0500] "GET /top-rated/page33.html HTTP/1.1" 200 60414 "-" "Mozilla/5.0 AppleWebKit/537.36 (KHTML, like Gecko; compatible; Amazonbot/0.1; +https://developer.amazon.com/support/amazonbot) Chrome/119.0.6045.214 Safari/537.36"
23.23.214.190 - - [05/Feb/2026:16:19:57 -0500] "GET /search/webcam/newest/ HTTP/1.1" 200 54905 "-" "Mozilla/5.0 AppleWebKit/537.36 (KHTML, like Gecko; compatible; Amazonbot/0.1; +https://developer.amazon.com/support/amazonbot) Chrome/119.0.6045.214 Safari/537.36"
34.225.24.180 - - [05/Feb/2026:16:20:02 -0500] "GET /channels/1/asian-cam-girls/rating/ HTTP/1.1" 200 34407 "-" "Mozilla/5.0 AppleWebKit/537.36 (KHTML, like Gecko; compatible; Amazonbot/0.1; +https://developer.amazon.com/support/amazonbot) Chrome/119.0.6045.214 Safari/537.36"
44.194.139.149 - - [05/Feb/2026:16:20:07 -0500] "GET /search/roleplay/ HTTP/1.1" 200 22065 "-" "Mozilla/5.0 AppleWebKit/537.36 (KHTML, like Gecko; compatible; Amazonbot/0.1; +https://developer.amazon.com/support/amazonbot) Chrome/119.0.6045.214 Safari/537.36"
91.150.204.71 - - [05/Feb/2026:16:19:39 -0500] "POST /cache/7/c/d/b/5/framework.php HTTP/1.1" 200 24 "http://freecams1.com" "Mozilla/5.0 (Windows NT 6.3; rv:58.0) Gecko/20100101 Firefox/58.0"
78.137.215.195 - - [05/Feb/2026:16:20:10 -0500] "GET /search/tight-pussy/page9.html HTTP/1.1" 200 53230 "-" "Mozilla/5.0 (Windows NT 10.0; Win64; x64; rv:121.0) Gecko/20100101 Firefox/121.0"
54.235.191.179 - - [05/Feb/2026:16:20:10 -0500] "GET /search/college/ HTTP/1.1" 200 36599 "-" "Mozilla/5.0 AppleWebKit/537.36 (KHTML, like Gecko; compatible; Amazonbot/0.1; +https://developer.amazon.com/support/amazonbot) Chrome/119.0.6045.214 Safari/537.36"
3.229.95.193 - - [05/Feb/2026:16:20:13 -0500] "GET /channels/4/college-cams/rating/page5.html HTTP/1.1" 200 41583 "-" "Mozilla/5.0 AppleWebKit/537.36 (KHTML, like Gecko; compatible; Amazonbot/0.1; +https://developer.amazon.com/support/amazonbot) Chrome/119.0.6045.214 Safari/537.36"
81.220.68.50 - - [05/Feb/2026:16:19:50 -0500] "POST /cache/7/c/d/b/5/framework.php HTTP/1.1" 200 24 "http://freecams1.com" "Mozilla/5.0 (compatible; MSIE 11.0; Windows NT 6.1; Trident/7.0; .NET CLR 2.0.50727; .NET CLR 3.5.30729; .NET CLR 3.0.30729; Media Center PC 6.0; .NET4.0C; .NET4.0E)"
18.215.77.19 - - [05/Feb/2026:16:20:17 -0500] "GET /action.php?action=add_favorites&id=720 HTTP/1.1" 200 739 "-" "Mozilla/5.0 AppleWebKit/537.36 (KHTML, like Gecko; compatible; Amazonbot/0.1; +https://developer.amazon.com/support/amazonbot) Chrome/119.0.6045.214 Safari/537.36"
89.124.65.51 - - [05/Feb/2026:16:20:18 -0500] "POST /wp-login.php HTTP/1.1" 404 20536 "https://freecams1.com/wp-login.php" "Mozilla/5.0 (Windows NT 10.0; Win64; x64) AppleWebKit/537.36 (KHTML, like Gecko) Chrome/120.0.0.0 Safari/537.36"
3.216.227.216 - - [05/Feb/2026:16:20:22 -0500] "GET /channels/7/mature-videos/views/page2.html HTTP/1.1" 200 29094 "-" "Mozilla/5.0 AppleWebKit/537.36 (KHTML, like Gecko; compatible; Amazonbot/0.1; +https://developer.amazon.com/support/amazonbot) Chrome/119.0.6045.214 Safari/537.36"
