File: //home/httpd/logs/freeboytube.com_access_log.1
182.44.2.148 - - [29/Jan/2026:04:48:07 -0500] "GET / HTTP/1.1" 302 390 "-" "Mozilla/5.0 (iPhone; CPU iPhone OS 13_2_3 like Mac OS X) AppleWebKit/605.1.15 (KHTML, like Gecko) Version/13.0.3 Mobile/15E148 Safari/604.1"
114.119.128.196 - - [29/Jan/2026:04:55:04 -0500] "GET /index.php/boy-tube-movies/twink-movies-tube.html HTTP/1.1" 302 390 "http://www.freeboytube.com/index.php/category/boy-tube-movies/page/3" "Mozilla/5.0 (Linux; Android 7.0;) AppleWebKit/537.36 (KHTML, like Gecko) Mobile Safari/537.36 (compatible; PetalBot;+https://webmaster.petalsearch.com/site/petalbot)"
114.119.129.33 - - [29/Jan/2026:06:18:22 -0500] "GET /index.php/boy-tube-movies/penistube.html HTTP/1.1" 302 390 "http://www.freeboytube.com/index.php/category/boy-tube-movies/page/3" "Mozilla/5.0 (Linux; Android 7.0;) AppleWebKit/537.36 (KHTML, like Gecko) Mobile Safari/537.36 (compatible; PetalBot;+https://webmaster.petalsearch.com/site/petalbot)"
20.205.58.245 - - [29/Jan/2026:06:25:50 -0500] "GET /wp-content/plugins/hellopress/wp_filemanager.php HTTP/1.1" 302 274 "-" "-"
20.205.58.245 - - [29/Jan/2026:06:25:55 -0500] "GET /wp-includes/assets/index.php HTTP/1.1" 302 274 "-" "-"
20.205.58.245 - - [29/Jan/2026:06:25:55 -0500] "GET /wp-content/radio.php HTTP/1.1" 302 274 "-" "-"
20.205.58.245 - - [29/Jan/2026:06:25:56 -0500] "GET /wp-includes/fonts/index.php?p= HTTP/1.1" 302 274 "-" "-"
20.205.58.245 - - [29/Jan/2026:06:25:57 -0500] "GET /.well-known/admin.php HTTP/1.1" 302 274 "-" "-"
20.205.58.245 - - [29/Jan/2026:06:26:00 -0500] "GET /wp-content/admin.php HTTP/1.1" 302 274 "-" "-"
20.205.58.245 - - [29/Jan/2026:06:26:01 -0500] "GET /wp-content/plugins/admin.php HTTP/1.1" 302 274 "-" "-"
20.205.58.245 - - [29/Jan/2026:06:26:03 -0500] "GET /wp-content/themes/twentytwentytwo/index.php?p= HTTP/1.1" 302 274 "-" "-"
20.205.58.245 - - [29/Jan/2026:06:26:05 -0500] "GET /.well-known/log.php HTTP/1.1" 302 274 "-" "-"
20.205.58.245 - - [29/Jan/2026:06:26:06 -0500] "GET /class.php HTTP/1.1" 302 274 "-" "-"
20.205.58.245 - - [29/Jan/2026:06:26:07 -0500] "GET /bless5.php HTTP/1.1" 302 274 "-" "-"
20.205.58.245 - - [29/Jan/2026:06:26:07 -0500] "GET /wp-includes/js/codemirror/index.php HTTP/1.1" 302 274 "-" "-"
20.205.58.245 - - [29/Jan/2026:06:26:08 -0500] "GET /wp-includes/block-patterns/index.php HTTP/1.1" 302 274 "-" "-"
20.205.58.245 - - [29/Jan/2026:06:26:09 -0500] "GET /lock360.php HTTP/1.1" 302 274 "-" "-"
20.205.58.245 - - [29/Jan/2026:06:26:10 -0500] "GET /ioxi-o1.php HTTP/1.1" 302 274 "-" "-"
20.205.58.245 - - [29/Jan/2026:06:26:11 -0500] "GET /juuuu.php HTTP/1.1" 302 274 "-" "-"
20.205.58.245 - - [29/Jan/2026:06:26:12 -0500] "GET /ha.php HTTP/1.1" 302 274 "-" "-"
20.205.58.245 - - [29/Jan/2026:06:26:13 -0500] "GET /gg.php HTTP/1.1" 302 274 "-" "-"
20.205.58.245 - - [29/Jan/2026:06:26:14 -0500] "GET /we2.php HTTP/1.1" 302 274 "-" "-"
20.205.58.245 - - [29/Jan/2026:06:26:15 -0500] "GET /04.php HTTP/1.1" 302 274 "-" "-"
20.205.58.245 - - [29/Jan/2026:06:26:16 -0500] "GET /333.php HTTP/1.1" 302 274 "-" "-"
20.205.58.245 - - [29/Jan/2026:06:26:17 -0500] "GET /520.php HTTP/1.1" 302 274 "-" "-"
20.205.58.245 - - [29/Jan/2026:06:26:18 -0500] "GET /ar.php HTTP/1.1" 302 274 "-" "-"
20.205.58.245 - - [29/Jan/2026:06:26:20 -0500] "GET /x.php HTTP/1.1" 302 274 "-" "-"
20.205.58.245 - - [29/Jan/2026:06:26:21 -0500] "GET /xx.php HTTP/1.1" 302 274 "-" "-"
20.205.58.245 - - [29/Jan/2026:06:26:22 -0500] "GET /gifclass4.php HTTP/1.1" 302 274 "-" "-"
20.205.58.245 - - [29/Jan/2026:06:26:23 -0500] "GET /2clas.php HTTP/1.1" 302 274 "-" "-"
20.205.58.245 - - [29/Jan/2026:06:26:24 -0500] "GET /ave.php HTTP/1.1" 302 274 "-" "-"
20.205.58.245 - - [29/Jan/2026:06:26:25 -0500] "GET /wrt.php HTTP/1.1" 302 274 "-" "-"
20.205.58.245 - - [29/Jan/2026:06:26:26 -0500] "GET /bibil.php HTTP/1.1" 302 274 "-" "-"
20.205.58.245 - - [29/Jan/2026:06:26:28 -0500] "GET /radio.php HTTP/1.1" 302 274 "-" "-"
20.205.58.245 - - [29/Jan/2026:06:26:29 -0500] "GET /files.php HTTP/1.1" 302 274 "-" "-"
20.205.58.245 - - [29/Jan/2026:06:26:29 -0500] "GET /file7.php HTTP/1.1" 302 274 "-" "-"
20.205.58.245 - - [29/Jan/2026:06:26:31 -0500] "GET /gifclass.php HTTP/1.1" 302 274 "-" "-"
20.205.58.245 - - [29/Jan/2026:06:26:32 -0500] "GET /wp-admin/css/colors/midnight/about.php HTTP/1.1" 302 274 "-" "-"
20.205.58.245 - - [29/Jan/2026:06:26:34 -0500] "GET /nox.php HTTP/1.1" 302 274 "-" "-"
20.205.58.245 - - [29/Jan/2026:06:26:34 -0500] "GET /file48.php HTTP/1.1" 302 274 "-" "-"
20.205.58.245 - - [29/Jan/2026:06:26:36 -0500] "GET /info.php HTTP/1.1" 302 274 "-" "-"
20.205.58.245 - - [29/Jan/2026:06:26:37 -0500] "GET /class9.php HTTP/1.1" 302 274 "-" "-"
20.205.58.245 - - [29/Jan/2026:06:26:37 -0500] "GET /la.php HTTP/1.1" 302 274 "-" "-"
20.205.58.245 - - [29/Jan/2026:06:26:39 -0500] "GET /bless11.php HTTP/1.1" 302 274 "-" "-"
20.205.58.245 - - [29/Jan/2026:06:26:40 -0500] "GET /ccou.php HTTP/1.1" 302 274 "-" "-"
20.205.58.245 - - [29/Jan/2026:06:26:41 -0500] "GET /ton.php HTTP/1.1" 302 274 "-" "-"
20.205.58.245 - - [29/Jan/2026:06:26:42 -0500] "GET /403.php HTTP/1.1" 302 274 "-" "-"
20.205.58.245 - - [29/Jan/2026:06:26:43 -0500] "GET /file9.php HTTP/1.1" 302 274 "-" "-"
20.205.58.245 - - [29/Jan/2026:06:26:44 -0500] "GET /ac.php HTTP/1.1" 302 274 "-" "-"
20.205.58.245 - - [29/Jan/2026:06:26:45 -0500] "GET /new4.php HTTP/1.1" 302 274 "-" "-"
20.205.58.245 - - [29/Jan/2026:06:26:46 -0500] "GET /pop.php HTTP/1.1" 302 274 "-" "-"
20.205.58.245 - - [29/Jan/2026:06:26:47 -0500] "GET /az.php HTTP/1.1" 302 274 "-" "-"
20.205.58.245 - - [29/Jan/2026:06:26:48 -0500] "GET /xaz.php HTTP/1.1" 302 274 "-" "-"
20.205.58.245 - - [29/Jan/2026:06:26:49 -0500] "GET /up4.php HTTP/1.1" 302 274 "-" "-"
20.205.58.245 - - [29/Jan/2026:06:26:50 -0500] "GET /1aa.php HTTP/1.1" 302 274 "-" "-"
20.205.58.245 - - [29/Jan/2026:06:26:51 -0500] "GET /elp.php HTTP/1.1" 302 274 "-" "-"
20.205.58.245 - - [29/Jan/2026:06:26:51 -0500] "GET /wtz.php HTTP/1.1" 302 274 "-" "-"
20.205.58.245 - - [29/Jan/2026:06:26:52 -0500] "GET /galex.php HTTP/1.1" 302 274 "-" "-"
20.205.58.245 - - [29/Jan/2026:06:26:55 -0500] "GET /xb.php HTTP/1.1" 302 274 "-" "-"
20.205.58.245 - - [29/Jan/2026:06:26:56 -0500] "GET /ova.php HTTP/1.1" 302 274 "-" "-"
20.205.58.245 - - [29/Jan/2026:06:26:57 -0500] "GET /vx.php HTTP/1.1" 302 274 "-" "-"
20.205.58.245 - - [29/Jan/2026:06:26:58 -0500] "GET /rh.php HTTP/1.1" 302 274 "-" "-"
141.94.194.132 - - [29/Jan/2026:07:13:47 -0500] "GET /index.php/tag/sextube/feed HTTP/1.1" 302 390 "-" "Mozilla/5.0 (X11; Linux i686) AppleWebKit/537.36 (KHTML, like Gecko) Chrome/30.0.1599.66 Safari/537.36"
43.166.240.231 - - [29/Jan/2026:07:33:07 -0500] "GET / HTTP/1.1" 302 390 "-" "Mozilla/5.0 (iPhone; CPU iPhone OS 13_2_3 like Mac OS X) AppleWebKit/605.1.15 (KHTML, like Gecko) Version/13.0.3 Mobile/15E148 Safari/604.1"
114.119.138.172 - - [29/Jan/2026:07:41:42 -0500] "GET /index.php/creampie-tube/tube-twink.html HTTP/1.1" 302 390 "http://www.freeboytube.com/index.php/creampie-tube/hombres-gay-tube.html" "Mozilla/5.0 (Linux; Android 7.0;) AppleWebKit/537.36 (KHTML, like Gecko) Mobile Safari/537.36 (compatible; PetalBot;+https://webmaster.petalsearch.com/site/petalbot)"
66.249.73.73 - - [29/Jan/2026:07:46:06 -0500] "GET /robots.txt HTTP/1.1" 302 278 "-" "Mozilla/5.0 (compatible; Googlebot/2.1; +http://www.google.com/bot.html)"
43.130.102.7 - - [29/Jan/2026:07:57:53 -0500] "GET / HTTP/1.1" 302 390 "-" "Mozilla/5.0 (iPhone; CPU iPhone OS 13_2_3 like Mac OS X) AppleWebKit/605.1.15 (KHTML, like Gecko) Version/13.0.3 Mobile/15E148 Safari/604.1"
66.249.73.238 - - [29/Jan/2026:08:36:00 -0500] "GET /robots.txt HTTP/1.1" 302 274 "-" "Mozilla/5.0 (compatible; Googlebot/2.1; +http://www.google.com/bot.html)"
114.119.152.60 - - [29/Jan/2026:09:05:03 -0500] "GET /index.php/latin-boys/latin-boys-tube.html HTTP/1.1" 302 390 "http://www.freeboytube.com/index.php/latin-boys/gay-mexican-boy.html" "Mozilla/5.0 (Linux; Android 7.0;) AppleWebKit/537.36 (KHTML, like Gecko) Mobile Safari/537.36 (compatible; PetalBot;+https://webmaster.petalsearch.com/site/petalbot)"
67.205.135.139 - - [29/Jan/2026:09:10:03 -0500] "GET / HTTP/1.1" 302 390 "-" "Mozilla/5.0 (X11; Linux x86_64) AppleWebKit/537.36 (KHTML, like Gecko) Chrome/142.0.0.0 Safari/537.36"
114.119.136.5 - - [29/Jan/2026:10:28:22 -0500] "GET /index.php/gay-cumshots/boy-cum-tube.html HTTP/1.1" 302 390 "http://www.freeboytube.com/index.php/category/gay-cumshots" "Mozilla/5.0 (Linux; Android 7.0;) AppleWebKit/537.36 (KHTML, like Gecko) Mobile Safari/537.36 (compatible; PetalBot;+https://webmaster.petalsearch.com/site/petalbot)"
116.76.38.92 - - [29/Jan/2026:10:57:56 -0500] "GET /robots.txt HTTP/1.1" 302 278 "-" "Mozilla/5.0 (Windows NT 10.0; WOW64) AppleWebKit/537.36 (KHTML, like Gecko) Chrome/87.0.2716.108 Safari/537.36 QIHU 360SE"
14.215.163.132 - - [29/Jan/2026:11:29:51 -0500] "GET / HTTP/1.1" 302 390 "-" "Mozilla/5.0 (iPhone; CPU iPhone OS 13_2_3 like Mac OS X) AppleWebKit/605.1.15 (KHTML, like Gecko) Version/13.0.3 Mobile/15E148 Safari/604.1"
114.119.146.77 - - [29/Jan/2026:11:51:43 -0500] "GET /index.php/category/boy-tube-movies/page/2 HTTP/1.1" 302 390 "http://www.freeboytube.com/index.php/category/boy-tube-movies/page/3" "Mozilla/5.0 (Linux; Android 7.0;) AppleWebKit/537.36 (KHTML, like Gecko) Mobile Safari/537.36 (compatible; PetalBot;+https://webmaster.petalsearch.com/site/petalbot)"
141.94.194.132 - - [29/Jan/2026:12:25:24 -0500] "GET /index.php/boy-tube-movies/best-gay-tube.html/feed HTTP/1.1" 302 390 "-" "Mozilla/5.0 (X11; Linux i686) AppleWebKit/537.36 (KHTML, like Gecko) Chrome/30.0.1599.66 Safari/537.36"
38.240.58.88 - - [29/Jan/2026:13:01:03 -0500] "GET /vendor/phpunit/phpunit/phpunit.xsd HTTP/1.1" 302 274 "-" "Mozilla/5.0 (X11; Linux x86_64; rv:52.0) Gecko/20100101 Firefox/52.0"
43.153.10.13 - - [29/Jan/2026:13:03:40 -0500] "GET / HTTP/1.1" 302 390 "-" "Mozilla/5.0 (iPhone; CPU iPhone OS 13_2_3 like Mac OS X) AppleWebKit/605.1.15 (KHTML, like Gecko) Version/13.0.3 Mobile/15E148 Safari/604.1"
114.119.129.33 - - [29/Jan/2026:13:15:04 -0500] "GET /index.php/boy-tube-movies/gay-gangbang-tube.html HTTP/1.1" 302 390 "http://www.freeboytube.com/index.php/category/boy-tube-movies/page/3" "Mozilla/5.0 (Linux; Android 7.0;) AppleWebKit/537.36 (KHTML, like Gecko) Mobile Safari/537.36 (compatible; PetalBot;+https://webmaster.petalsearch.com/site/petalbot)"
195.158.8.123 - - [29/Jan/2026:13:15:15 -0500] "GET /index.php/boy-tube-movies/young-boy-tube.html HTTP/1.1" 302 390 "http://freeboytube.com/index.php/boy-tube-movies/young-boy-tube.html" "Mozilla/5.0 (Windows NT 10.0; Win64; x64) AppleWebKit/537.36 (KHTML, like Gecko) Chrome/131.0.0.0 Safari/537.36"
43.130.3.120 - - [29/Jan/2026:13:41:16 -0500] "GET / HTTP/1.1" 302 390 "-" "Mozilla/5.0 (iPhone; CPU iPhone OS 13_2_3 like Mac OS X) AppleWebKit/605.1.15 (KHTML, like Gecko) Version/13.0.3 Mobile/15E148 Safari/604.1"
205.169.39.25 - - [29/Jan/2026:13:42:53 -0500] "GET / HTTP/1.1" 302 390 "-" "Mozilla/5.0 (Windows NT 10.0) AppleWebKit/537.36 (KHTML, like Gecko) Chrome/106.0.0.0 Safari/537.36"
141.94.194.132 - - [29/Jan/2026:13:48:18 -0500] "GET /index.php/boy-tube-movies/twink-movies-tube.html/feed HTTP/1.1" 302 390 "-" "Mozilla/5.0 (X11; Linux i686) AppleWebKit/537.36 (KHTML, like Gecko) Chrome/30.0.1599.66 Safari/537.36"
141.94.194.132 - - [29/Jan/2026:14:11:26 -0500] "GET /index.php/twink-tube/cock-tube.html/feed HTTP/1.1" 302 390 "-" "Mozilla/5.0 (X11; Linux i686) AppleWebKit/537.36 (KHTML, like Gecko) Chrome/30.0.1599.66 Safari/537.36"
114.119.152.60 - - [29/Jan/2026:14:38:27 -0500] "GET /index.php/boy-tube-movies/gay-boy-tube-2.html HTTP/1.1" 302 390 "http://www.freeboytube.com/index.php/category/boy-tube-movies" "Mozilla/5.0 (Linux; Android 7.0;) AppleWebKit/537.36 (KHTML, like Gecko) Mobile Safari/537.36 (compatible; PetalBot;+https://webmaster.petalsearch.com/site/petalbot)"
128.0.132.117 - - [29/Jan/2026:15:52:24 -0500] "GET /index.php/boy-tube-movies/young-boy-tube.html HTTP/1.1" 302 390 "http://freeboytube.com/" "Mozilla/5.0 (X11; Linux i686) AppleWebKit/537.36 (KHTML, like Gecko) Chrome/114.0.0.0 Safari/537.36 Vivaldi/5.3.2679.68"
128.0.132.117 - - [29/Jan/2026:15:52:25 -0500] "GET / HTTP/1.1" 302 390 "-" "Mozilla/5.0 (X11; Linux i686) AppleWebKit/537.36 (KHTML, like Gecko) Chrome/114.0.0.0 Safari/537.36 Vivaldi/5.3.2679.68"
114.119.128.196 - - [29/Jan/2026:16:01:43 -0500] "GET /index.php/boy-tube-movies/boyz-tube.html HTTP/1.1" 302 390 "-" "Mozilla/5.0 (Linux; Android 7.0;) AppleWebKit/537.36 (KHTML, like Gecko) Mobile Safari/537.36 (compatible; PetalBot;+https://webmaster.petalsearch.com/site/petalbot)"
34.169.163.242 - - [29/Jan/2026:16:06:12 -0500] "HEAD / HTTP/1.1" 302 - "-" "Mozilla/5.0 (Macintosh; Intel Mac OS X 15_0) AppleWebKit/537.36 (KHTML, like Gecko) Chrome/125.0.6422.141 Safari/537.36"
34.169.163.242 - - [29/Jan/2026:16:06:12 -0500] "HEAD /backup/ HTTP/1.1" 302 - "-" "Mozilla/5.0 (Macintosh; Intel Mac OS X 13_5) AppleWebKit/605.1.15 (KHTML, like Gecko) Version/16.5 Safari/605.1.15"
34.169.163.242 - - [29/Jan/2026:16:06:12 -0500] "HEAD /blog/ HTTP/1.1" 302 - "-" "Mozilla/5.0 (Linux; Android 12; TECNO CK6n) AppleWebKit/537.36 (KHTML, like Gecko) Chrome/125.0.6422.50 Mobile Safari/537.36"
34.169.163.242 - - [29/Jan/2026:16:06:12 -0500] "HEAD /new/ HTTP/1.1" 302 - "-" "Mozilla/5.0 (Linux; Android 14; Xiaomi 14 Pro) AppleWebKit/537.36 (KHTML, like Gecko) Chrome/126.0.6478.33 Mobile Safari/537.36"
34.169.163.242 - - [29/Jan/2026:16:06:12 -0500] "HEAD /old/ HTTP/1.1" 302 - "-" "Mozilla/5.0 (Linux; Android 13; Infinix X688B) AppleWebKit/537.36 (KHTML, like Gecko) Chrome/124.0.6367.48 Mobile Safari/537.36"
34.169.163.242 - - [29/Jan/2026:16:06:12 -0500] "HEAD /wp/ HTTP/1.1" 302 - "-" "Mozilla/5.0 (X11; Fedora; Linux x86_64; rv:125.0) Gecko/20100101 Firefox/125.0"
34.169.163.242 - - [29/Jan/2026:16:06:12 -0500] "HEAD /wordpress/ HTTP/1.1" 302 - "-" "Mozilla/5.0 (Linux; Android 10; vivo 1904) AppleWebKit/537.36 (KHTML, like Gecko) Chrome/117.0.5938.60 Mobile Safari/537.36"
114.119.128.196 - - [29/Jan/2026:17:25:03 -0500] "GET /index.php/boy-tube-movies/free-boy-tube.html HTTP/1.1" 302 390 "http://www.freeboytube.com/index.php/category/boy-tube-movies" "Mozilla/5.0 (Linux; Android 7.0;) AppleWebKit/537.36 (KHTML, like Gecko) Mobile Safari/537.36 (compatible; PetalBot;+https://webmaster.petalsearch.com/site/petalbot)"
182.44.8.254 - - [29/Jan/2026:17:36:46 -0500] "GET / HTTP/1.1" 302 390 "-" "Mozilla/5.0 (iPhone; CPU iPhone OS 13_2_3 like Mac OS X) AppleWebKit/605.1.15 (KHTML, like Gecko) Version/13.0.3 Mobile/15E148 Safari/604.1"
141.94.194.132 - - [29/Jan/2026:18:14:51 -0500] "GET /index.php/boy-tube-movies/hot-boy-facial.html/feed HTTP/1.1" 302 390 "-" "Mozilla/5.0 (X11; Linux i686) AppleWebKit/537.36 (KHTML, like Gecko) Chrome/30.0.1599.66 Safari/537.36"
52.167.144.136 - - [29/Jan/2026:18:20:59 -0500] "GET /index.php/boy-tube-movies/kinky-boy-tube.html HTTP/1.1" 302 390 "-" "Mozilla/5.0 AppleWebKit/537.36 (KHTML, like Gecko; compatible; bingbot/2.0; +http://www.bing.com/bingbot.htm) Chrome/116.0.1938.76 Safari/537.36"
114.119.136.5 - - [29/Jan/2026:18:48:27 -0500] "GET /index.php/boy-tube-movies/boy-sex-tube-3.html HTTP/1.1" 302 390 "http://www.freeboytube.com/index.php/category/boy-tube-movies" "Mozilla/5.0 (Linux; Android 7.0;) AppleWebKit/537.36 (KHTML, like Gecko) Mobile Safari/537.36 (compatible; PetalBot;+https://webmaster.petalsearch.com/site/petalbot)"
141.94.194.132 - - [29/Jan/2026:19:01:22 -0500] "GET /index.php/creampie-tube/free-creampie-tube.html/feed HTTP/1.1" 302 390 "-" "Mozilla/5.0 (X11; Linux i686) AppleWebKit/537.36 (KHTML, like Gecko) Chrome/30.0.1599.66 Safari/537.36"
43.157.22.109 - - [29/Jan/2026:19:34:53 -0500] "GET / HTTP/1.1" 302 390 "-" "Mozilla/5.0 (iPhone; CPU iPhone OS 13_2_3 like Mac OS X) AppleWebKit/605.1.15 (KHTML, like Gecko) Version/13.0.3 Mobile/15E148 Safari/604.1"
43.166.1.243 - - [29/Jan/2026:20:11:43 -0500] "GET / HTTP/1.1" 302 390 "-" "Mozilla/5.0 (iPhone; CPU iPhone OS 13_2_3 like Mac OS X) AppleWebKit/605.1.15 (KHTML, like Gecko) Version/13.0.3 Mobile/15E148 Safari/604.1"
114.119.146.77 - - [29/Jan/2026:20:11:45 -0500] "GET /index.php/boy-tube-movies/lolita-boys.html HTTP/1.1" 302 390 "-" "Mozilla/5.0 (Linux; Android 7.0;) AppleWebKit/537.36 (KHTML, like Gecko) Mobile Safari/537.36 (compatible; PetalBot;+https://webmaster.petalsearch.com/site/petalbot)"
98.89.254.180 - - [29/Jan/2026:20:29:19 -0500] "GET /robots.txt HTTP/1.1" 302 278 "-" "Mozilla/5.0 (Macintosh; Intel Mac OS X 10_10_1) AppleWebKit/600.2.5 (KHTML, like Gecko) Version/8.0.2 Safari/600.2.5 (TestUserAgent)"
220.181.108.83 - - [29/Jan/2026:21:12:05 -0500] "GET /index.php/creampie-tube/272.html HTTP/1.1" 403 303 "-" "Mozilla/5.0 (compatible; Baiduspider/2.0; +http://www.baidu.com/search/spider.html)"
119.249.100.46 - - [29/Jan/2026:21:12:08 -0500] "GET /index.php/creampie-tube/272.html HTTP/1.1" 302 390 "-" "Mozilla/5.0 (Windows NT 10.0; WOW64) AppleWebKit/537.36 (KHTML, like Gecko) Chrome/48.0.2564.116 Safari/537.36"
114.119.136.5 - - [29/Jan/2026:21:35:05 -0500] "GET / HTTP/1.1" 302 390 "http://www.urlju.com/w.freeboytube.com" "Mozilla/5.0 (Linux; Android 7.0;) AppleWebKit/537.36 (KHTML, like Gecko) Mobile Safari/537.36 (compatible; PetalBot;+https://webmaster.petalsearch.com/site/petalbot)"
123.6.49.41 - - [29/Jan/2026:23:45:27 -0500] "GET / HTTP/1.1" 302 390 "-" "Mozilla/5.0 (Macintosh; Intel Mac OS X 10_15_7) AppleWebKit/537.36 (KHTML, like Gecko) Chrome/120.0.0.0 Safari/537.36 Edg/120.0.0.0"
123.6.49.42 - - [29/Jan/2026:23:45:41 -0500] "GET /robots.txt HTTP/1.1" 302 278 "-" "Mozilla/5.0 (Macintosh; Intel Mac OS X 10_7_0) AppleWebKit/535.11 (KHTML, like Gecko) Chrome/17.0.963.56 Safari/535.11"
14.215.163.132 - - [29/Jan/2026:23:50:27 -0500] "GET / HTTP/1.1" 302 390 "-" "Mozilla/5.0 (iPhone; CPU iPhone OS 13_2_3 like Mac OS X) AppleWebKit/605.1.15 (KHTML, like Gecko) Version/13.0.3 Mobile/15E148 Safari/604.1"
170.106.165.186 - - [30/Jan/2026:02:00:39 -0500] "GET / HTTP/1.1" 302 390 "-" "Mozilla/5.0 (iPhone; CPU iPhone OS 13_2_3 like Mac OS X) AppleWebKit/605.1.15 (KHTML, like Gecko) Version/13.0.3 Mobile/15E148 Safari/604.1"
43.135.172.89 - - [30/Jan/2026:02:36:40 -0500] "GET / HTTP/1.1" 302 390 "-" "Mozilla/5.0 (iPhone; CPU iPhone OS 13_2_3 like Mac OS X) AppleWebKit/605.1.15 (KHTML, like Gecko) Version/13.0.3 Mobile/15E148 Safari/604.1"
114.119.152.60 - - [30/Jan/2026:02:43:09 -0500] "GET /index.php/boy-tube-movies/boytube-penis.html HTTP/1.1" 302 390 "http://www.freeboytube.com/index.php/boy-tube-movies/gay-boytube-porn.html" "Mozilla/5.0 (Linux; Android 7.0;) AppleWebKit/537.36 (KHTML, like Gecko) Mobile Safari/537.36 (compatible; PetalBot;+https://webmaster.petalsearch.com/site/petalbot)"
20.203.132.68 - - [30/Jan/2026:03:41:28 -0500] "GET /wp-content/plugins/hellopress/wp_filemanager.php HTTP/1.1" 302 274 "-" "-"