94.26.106.114 - - [28/Jan/2026:15:46:53 -0500] "POST /wp-login.php HTTP/1.1" 301 - "http://FLUIDBONDING.COM/wp-login.php" "Mozilla/5.0 (Windows NT 10.0; Win64; x64) AppleWebKit/537.36 (KHTML, like Gecko) Chrome/120.0.0.0 Safari/537.36"
94.26.106.114 - - [28/Jan/2026:15:47:01 -0500] "POST /wp-login.php HTTP/1.1" 301 - "http://FLUIDBONDING.COM/wp-login.php" "Mozilla/5.0 (Macintosh; Intel Mac OS X 13_6_1) AppleWebKit/605.1.15 (KHTML, like Gecko) Version/16.6 Safari/605.1.15"
94.26.106.114 - - [28/Jan/2026:15:47:19 -0500] "POST /wp-login.php HTTP/1.1" 301 - "http://FLUIDBONDING.COM/wp-login.php" "Mozilla/5.0 (Macintosh; Intel Mac OS X 13_6_1) AppleWebKit/605.1.15 (KHTML, like Gecko) Version/17.0 Safari/605.1.15"
94.26.106.114 - - [28/Jan/2026:15:47:29 -0500] "POST /wp-login.php HTTP/1.1" 301 - "http://FLUIDBONDING.COM/wp-login.php" "Mozilla/5.0 (Macintosh; Intel Mac OS X 13_6_1) AppleWebKit/605.1.15 (KHTML, like Gecko) Version/17.2 Safari/605.1.15"
94.26.106.114 - - [28/Jan/2026:15:47:38 -0500] "POST /wp-login.php HTTP/1.1" 301 - "http://FLUIDBONDING.COM/wp-login.php" "Mozilla/5.0 (Macintosh; Intel Mac OS X 13_6_1; rv:120.0) Gecko/20100101 Firefox/120.0"
94.26.106.114 - - [28/Jan/2026:15:47:51 -0500] "POST /wp-login.php HTTP/1.1" 301 - "http://FLUIDBONDING.COM/wp-login.php" "Mozilla/5.0 (Macintosh; Intel Mac OS X 13_6_1) AppleWebKit/537.36 (KHTML, like Gecko) Chrome/121.0.0.0 Safari/537.36"
94.26.106.114 - - [28/Jan/2026:15:48:04 -0500] "POST /wp-login.php HTTP/1.1" 301 - "http://FLUIDBONDING.COM/wp-login.php" "Mozilla/5.0 (Macintosh; Intel Mac OS X 13_6_1; rv:121.0) Gecko/20100101 Firefox/121.0"
94.26.106.114 - - [28/Jan/2026:15:48:23 -0500] "POST /wp-login.php HTTP/1.1" 301 - "http://FLUIDBONDING.COM/wp-login.php" "Mozilla/5.0 (Windows NT 10.0; Win64; x64) AppleWebKit/537.36 (KHTML, like Gecko) Chrome/119.0.0.0 Safari/537.36"
94.26.106.114 - - [28/Jan/2026:15:48:34 -0500] "POST /wp-login.php HTTP/1.1" 301 - "http://FLUIDBONDING.COM/wp-login.php" "Mozilla/5.0 (X11; Ubuntu; Linux x86_64) AppleWebKit/537.36 (KHTML, like Gecko) Chrome/118.0.0.0 Safari/537.36"
94.26.106.114 - - [28/Jan/2026:15:48:48 -0500] "POST /wp-login.php HTTP/1.1" 301 - "http://FLUIDBONDING.COM/wp-login.php" "Mozilla/5.0 (Macintosh; Intel Mac OS X 10_15_7) AppleWebKit/537.36 (KHTML, like Gecko) Chrome/119.0.0.0 Safari/537.36"
94.26.106.114 - - [28/Jan/2026:15:49:00 -0500] "POST /wp-login.php HTTP/1.1" 301 - "http://FLUIDBONDING.COM/wp-login.php" "Mozilla/5.0 (Windows NT 10.0; Win64; x64) AppleWebKit/537.36 (KHTML, like Gecko) Chrome/119.0.0.0 Safari/537.36"
47.128.42.117 - - [28/Jan/2026:15:55:31 -0500] "GET / HTTP/1.1" 200 73246 "-" "Mozilla/5.0 (Linux; Android 5.0) AppleWebKit/537.36 (KHTML, like Gecko) Mobile Safari/537.36 (compatible; Bytespider; spider-feedback@bytedance.com)"
141.94.194.132 - - [28/Jan/2026:15:55:48 -0500] "GET /index.php/body-fluids/gay-sex-videos.html/feed HTTP/1.1" 200 3206 "-" "Mozilla/5.0 (X11; Linux i686) AppleWebKit/537.36 (KHTML, like Gecko) Chrome/30.0.1599.66 Safari/537.36"
47.128.111.131 - - [28/Jan/2026:15:55:47 -0500] "GET / HTTP/1.1" 200 73246 "-" "Mozilla/5.0 (Linux; Android 5.0) AppleWebKit/537.36 (KHTML, like Gecko) Mobile Safari/537.36 (compatible; TikTokSpider; ttspider-feedback@tiktok.com)"
141.94.194.132 - - [28/Jan/2026:15:55:57 -0500] "GET /index.php/tag/barebacked/feed HTTP/1.1" 200 5720 "-" "Mozilla/5.0 (X11; Linux i686) AppleWebKit/537.36 (KHTML, like Gecko) Chrome/30.0.1599.66 Safari/537.36"
141.94.194.132 - - [28/Jan/2026:16:01:24 -0500] "GET /index.php/body-fluids/gay-fuck-tube.html/feed HTTP/1.1" 200 811 "-" "Mozilla/5.0 (X11; Linux i686) AppleWebKit/537.36 (KHTML, like Gecko) Chrome/30.0.1599.66 Safari/537.36"
136.117.149.103 - - [28/Jan/2026:16:08:01 -0500] "HEAD /wordpress/ HTTP/1.1" 302 - "-" "Mozilla/5.0 (Linux; Android 13; Infinix X688B) AppleWebKit/537.36 (KHTML, like Gecko) Chrome/124.0.6367.48 Mobile Safari/537.36"
136.117.149.103 - - [28/Jan/2026:16:08:01 -0500] "HEAD /backup/ HTTP/1.1" 302 - "-" "Mozilla/5.0 (Linux; U; Android 10; en-US; CPH2015) AppleWebKit/537.36 (KHTML, like Gecko) UCBrowser/13.5.8.1311 Mobile Safari/537.36"
136.117.149.103 - - [28/Jan/2026:16:08:01 -0500] "HEAD /wp/ HTTP/1.1" 302 - "-" "Mozilla/5.0 (Windows NT 10.0; Win64; x64) AppleWebKit/537.36 (KHTML, like Gecko) Chrome/127.0.6534.42 Safari/537.36"
136.117.149.103 - - [28/Jan/2026:16:08:02 -0500] "HEAD /new/ HTTP/1.1" 302 - "-" "Mozilla/5.0 (iPhone; CPU iPhone OS 17_5 like Mac OS X) AppleWebKit/605.1.15 (KHTML, like Gecko) Version/17.5 Mobile/15E148 Safari/604.1"
136.117.149.103 - - [28/Jan/2026:16:08:02 -0500] "HEAD /blog/ HTTP/1.1" 302 - "-" "Mozilla/5.0 (Windows NT 11.0; Win64; x64) AppleWebKit/537.36 (KHTML, like Gecko) Chrome/128.0.6540.18 Safari/537.36"
136.117.149.103 - - [28/Jan/2026:16:08:02 -0500] "HEAD / HTTP/1.1" 301 - "-" "Mozilla/5.0 (Windows NT 11.0; Win64; x64) AppleWebKit/537.36 (KHTML, like Gecko) Chrome/128.0.6540.18 Safari/537.36"
74.206.190.119 - - [28/Jan/2026:16:08:02 -0500] "POST /wp-cron.php?doing_wp_cron=1769634482.7043390274047851562500 HTTP/1.1" 200 - "-" "WordPress/3.6.1; http://www.fluidbonding.com"
136.117.149.103 - - [28/Jan/2026:16:08:02 -0500] "HEAD / HTTP/1.1" 200 - "http://fluidbonding.com/" "Mozilla/5.0 (Windows NT 11.0; Win64; x64) AppleWebKit/537.36 (KHTML, like Gecko) Chrome/128.0.6540.18 Safari/537.36"
136.117.149.103 - - [28/Jan/2026:16:08:02 -0500] "HEAD /old/ HTTP/1.1" 302 - "-" "Mozilla/5.0 (iPad; CPU OS 17_4 like Mac OS X) AppleWebKit/605.1.15 (KHTML, like Gecko) Version/17.4 Mobile/15E148 Safari/604.1"
141.94.194.132 - - [28/Jan/2026:16:11:36 -0500] "GET /index.php/body-fluids/gay-facial-tube.html/feed HTTP/1.1" 200 1496 "-" "Mozilla/5.0 (X11; Linux i686) AppleWebKit/537.36 (KHTML, like Gecko) Chrome/30.0.1599.66 Safari/537.36"
141.94.194.132 - - [28/Jan/2026:16:14:39 -0500] "GET /index.php/body-fluids/tube-red-gay.html/feed HTTP/1.1" 200 1750 "-" "Mozilla/5.0 (X11; Linux i686) AppleWebKit/537.36 (KHTML, like Gecko) Chrome/30.0.1599.66 Safari/537.36"
101.33.81.73 - - [28/Jan/2026:16:53:44 -0500] "GET / HTTP/1.1" 200 73246 "-" "Mozilla/5.0 (iPhone; CPU iPhone OS 13_2_3 like Mac OS X) AppleWebKit/605.1.15 (KHTML, like Gecko) Version/13.0.3 Mobile/15E148 Safari/604.1"
74.206.190.119 - - [28/Jan/2026:17:28:34 -0500] "POST /wp-cron.php?doing_wp_cron=1769639314.5464720726013183593750 HTTP/1.1" 200 - "-" "WordPress/3.6.1; http://www.fluidbonding.com"
114.119.148.47 - - [28/Jan/2026:17:28:34 -0500] "GET /index.php/body-fluids/men-porno-tube.html HTTP/1.1" 200 11905 "http://www.fluidbonding.com/index.php/category/body-fluids/page/2" "Mozilla/5.0 (Linux; Android 7.0;) AppleWebKit/537.36 (KHTML, like Gecko) Mobile Safari/537.36 (compatible; PetalBot;+https://webmaster.petalsearch.com/site/petalbot)"
74.206.190.119 - - [28/Jan/2026:18:32:02 -0500] "POST /wp-cron.php?doing_wp_cron=1769643122.8565020561218261718750 HTTP/1.1" 200 - "-" "WordPress/3.6.1; http://www.fluidbonding.com"
141.94.194.132 - - [28/Jan/2026:18:32:02 -0500] "GET /index.php/tag/raw-papi/feed HTTP/1.1" 200 2515 "-" "Mozilla/5.0 (X11; Linux i686) AppleWebKit/537.36 (KHTML, like Gecko) Chrome/30.0.1599.66 Safari/537.36"
43.165.65.75 - - [28/Jan/2026:18:39:08 -0500] "GET / HTTP/1.1" 301 - "-" "Mozilla/5.0 (iPhone; CPU iPhone OS 13_2_3 like Mac OS X) AppleWebKit/605.1.15 (KHTML, like Gecko) Version/13.0.3 Mobile/15E148 Safari/604.1"
43.165.65.75 - - [28/Jan/2026:18:39:09 -0500] "GET / HTTP/1.1" 200 73246 "http://fluidbonding.com" "Mozilla/5.0 (iPhone; CPU iPhone OS 13_2_3 like Mac OS X) AppleWebKit/605.1.15 (KHTML, like Gecko) Version/13.0.3 Mobile/15E148 Safari/604.1"
141.94.194.132 - - [28/Jan/2026:18:40:24 -0500] "GET /index.php/body-fluids/gay-bukkake-tube.html/feed HTTP/1.1" 200 1322 "-" "Mozilla/5.0 (X11; Linux i686) AppleWebKit/537.36 (KHTML, like Gecko) Chrome/30.0.1599.66 Safari/537.36"
141.94.194.132 - - [28/Jan/2026:18:42:48 -0500] "GET /index.php/body-fluids/gay-sex-videos.html/feed HTTP/1.1" 200 3206 "-" "Mozilla/5.0 (X11; Linux i686) AppleWebKit/537.36 (KHTML, like Gecko) Chrome/30.0.1599.66 Safari/537.36"
141.94.194.132 - - [28/Jan/2026:18:45:39 -0500] "GET /index.php/body-fluids/tube-red-gay.html/feed HTTP/1.1" 200 1750 "-" "Mozilla/5.0 (X11; Linux i686) AppleWebKit/537.36 (KHTML, like Gecko) Chrome/30.0.1599.66 Safari/537.36"
141.94.194.132 - - [28/Jan/2026:18:50:37 -0500] "GET /index.php/body-fluids/gay-facial-tube.html/feed HTTP/1.1" 200 1496 "-" "Mozilla/5.0 (X11; Linux i686) AppleWebKit/537.36 (KHTML, like Gecko) Chrome/30.0.1599.66 Safari/537.36"
141.94.194.132 - - [28/Jan/2026:18:59:58 -0500] "GET /index.php/tag/barebacked/feed HTTP/1.1" 200 5720 "-" "Mozilla/5.0 (X11; Linux i686) AppleWebKit/537.36 (KHTML, like Gecko) Chrome/30.0.1599.66 Safari/537.36"
74.206.190.119 - - [28/Jan/2026:19:30:51 -0500] "POST /wp-cron.php?doing_wp_cron=1769646651.9858338832855224609375 HTTP/1.1" 200 - "-" "WordPress/3.6.1; http://www.fluidbonding.com"
141.94.194.132 - - [28/Jan/2026:19:30:51 -0500] "GET /index.php/body-fluids/74.html/feed HTTP/1.1" 200 789 "-" "Mozilla/5.0 (X11; Linux i686) AppleWebKit/537.36 (KHTML, like Gecko) Chrome/30.0.1599.66 Safari/537.36"
114.119.137.177 - - [28/Jan/2026:19:59:12 -0500] "GET /index.php/body-fluids/home-video-tube.html HTTP/1.1" 200 11799 "http://www.fluidbonding.com/index.php/category/body-fluids/page/2" "Mozilla/5.0 (Linux; Android 7.0;) AppleWebKit/537.36 (KHTML, like Gecko) Mobile Safari/537.36 (compatible; PetalBot;+https://webmaster.petalsearch.com/site/petalbot)"
74.206.190.119 - - [28/Jan/2026:20:30:20 -0500] "POST /wp-cron.php?doing_wp_cron=1769650220.6198470592498779296875 HTTP/1.1" 200 - "-" "WordPress/3.6.1; http://www.fluidbonding.com"
141.94.194.132 - - [28/Jan/2026:20:30:20 -0500] "GET /index.php/body-fluids/monster-gay-cock.html/feed HTTP/1.1" 200 820 "-" "Mozilla/5.0 (X11; Linux i686) AppleWebKit/537.36 (KHTML, like Gecko) Chrome/30.0.1599.66 Safari/537.36"
74.206.190.119 - - [28/Jan/2026:20:58:10 -0500] "POST /wp-cron.php?doing_wp_cron=1769651890.8354339599609375000000 HTTP/1.1" 200 - "-" "WordPress/3.6.1; http://www.fluidbonding.com"
141.94.194.132 - - [28/Jan/2026:20:58:10 -0500] "GET /index.php/body-fluids/sperm-swapping-tube.html/feed HTTP/1.1" 200 1307 "-" "Mozilla/5.0 (X11; Linux i686) AppleWebKit/537.36 (KHTML, like Gecko) Chrome/30.0.1599.66 Safari/537.36"
74.206.190.119 - - [28/Jan/2026:21:05:55 -0500] "POST /wp-cron.php?doing_wp_cron=1769652355.4131119251251220703125 HTTP/1.1" 200 - "-" "WordPress/3.6.1; http://www.fluidbonding.com"
141.94.194.132 - - [28/Jan/2026:21:05:55 -0500] "GET /index.php/tag/fluid-tube/feed HTTP/1.1" 200 2411 "-" "Mozilla/5.0 (X11; Linux i686) AppleWebKit/537.36 (KHTML, like Gecko) Chrome/30.0.1599.66 Safari/537.36"
141.94.194.132 - - [28/Jan/2026:21:20:40 -0500] "GET /index.php/body-fluids/tube-red-gay.html/feed HTTP/1.1" 200 1750 "-" "Mozilla/5.0 (X11; Linux i686) AppleWebKit/537.36 (KHTML, like Gecko) Chrome/30.0.1599.66 Safari/537.36"
141.94.194.132 - - [28/Jan/2026:21:56:03 -0500] "GET /index.php/tag/raw-papi/feed HTTP/1.1" 200 2515 "-" "Mozilla/5.0 (X11; Linux i686) AppleWebKit/537.36 (KHTML, like Gecko) Chrome/30.0.1599.66 Safari/537.36"
141.94.194.132 - - [28/Jan/2026:21:56:49 -0500] "GET /index.php/body-fluids/gay-sex-videos.html/feed HTTP/1.1" 200 3206 "-" "Mozilla/5.0 (X11; Linux i686) AppleWebKit/537.36 (KHTML, like Gecko) Chrome/30.0.1599.66 Safari/537.36"
141.94.194.132 - - [28/Jan/2026:21:58:37 -0500] "GET /index.php/body-fluids/gay-facial-tube.html/feed HTTP/1.1" 200 1496 "-" "Mozilla/5.0 (X11; Linux i686) AppleWebKit/537.36 (KHTML, like Gecko) Chrome/30.0.1599.66 Safari/537.36"
141.94.194.132 - - [28/Jan/2026:22:00:25 -0500] "GET /index.php/body-fluids/gay-bukkake-tube.html/feed HTTP/1.1" 200 1322 "-" "Mozilla/5.0 (X11; Linux i686) AppleWebKit/537.36 (KHTML, like Gecko) Chrome/30.0.1599.66 Safari/537.36"
74.206.190.119 - - [28/Jan/2026:22:11:59 -0500] "POST /wp-cron.php?doing_wp_cron=1769656319.2473421096801757812500 HTTP/1.1" 200 - "-" "WordPress/3.6.1; http://www.fluidbonding.com"
141.94.194.132 - - [28/Jan/2026:22:11:59 -0500] "GET /index.php/tag/barebacked/feed HTTP/1.1" 200 5720 "-" "Mozilla/5.0 (X11; Linux i686) AppleWebKit/537.36 (KHTML, like Gecko) Chrome/30.0.1599.66 Safari/537.36"
125.94.144.102 - - [28/Jan/2026:22:20:41 -0500] "GET / HTTP/1.1" 301 - "-" "Mozilla/5.0 (iPhone; CPU iPhone OS 13_2_3 like Mac OS X) AppleWebKit/605.1.15 (KHTML, like Gecko) Version/13.0.3 Mobile/15E148 Safari/604.1"
192.36.217.48 - - [28/Jan/2026:22:42:14 -0500] "GET / HTTP/1.1" 301 - "-" "Mozilla/5.0 (Android 14; Mobile; rv:123.0) Gecko/123.0 Firefox/123"
192.121.146.24 - - [28/Jan/2026:22:42:15 -0500] "GET / HTTP/1.1" 200 73246 "http://fluidbonding.com/" "Mozilla/5.0 (Android 14; Mobile; rv:123.0) Gecko/123.0 Firefox/123"
192.36.172.171 - - [28/Jan/2026:22:42:16 -0500] "GET /index.php/body-fluids/gay-bukkake-porntube.html HTTP/1.1" 200 11777 "-" "Mozilla/5.0 (Android 14; Mobile; rv:123.0) Gecko/123.0 Firefox/123"
192.36.119.194 - - [28/Jan/2026:22:42:17 -0500] "GET /index.php/body-fluids/free-gay-sex-movies.html HTTP/1.1" 200 11935 "-" "Mozilla/5.0 (Android 14; Mobile; rv:123.0) Gecko/123.0 Firefox/123"
192.36.173.21 - - [28/Jan/2026:22:42:17 -0500] "GET /index.php/body-fluids/red-tube-gay-porn.html HTTP/1.1" 200 11941 "-" "Mozilla/5.0 (Android 14; Mobile; rv:123.0) Gecko/123.0 Firefox/123"
134.199.198.41 - - [28/Jan/2026:23:23:29 -0500] "HEAD / HTTP/1.1" 301 - "-" "-"
74.206.190.119 - - [28/Jan/2026:23:23:29 -0500] "POST /wp-cron.php?doing_wp_cron=1769660609.3813169002532958984375 HTTP/1.1" 200 - "-" "WordPress/3.6.1; http://www.fluidbonding.com"
134.199.198.41 - - [28/Jan/2026:23:23:29 -0500] "HEAD / HTTP/1.1" 200 - "http://fluidbonding.com/" "-"
134.199.198.41 - - [28/Jan/2026:23:23:29 -0500] "POST /adfa HTTP/1.1" 302 276 "-" "-"
134.199.198.41 - - [28/Jan/2026:23:23:29 -0500] "POST /_next/action HTTP/1.1" 302 276 "-" "-"
134.199.198.41 - - [28/Jan/2026:23:23:29 -0500] "POST /api/action HTTP/1.1" 302 276 "-" "-"
134.199.198.41 - - [28/Jan/2026:23:23:29 -0500] "POST /%7CImageG HTTP/1.1" 302 276 "-" "-"
134.199.198.41 - - [28/Jan/2026:23:23:30 -0500] "POST / HTTP/1.1" 301 - "-" "-"
134.199.198.41 - - [28/Jan/2026:23:23:30 -0500] "GET / HTTP/1.1" 200 73246 "http://fluidbonding.com/" "-"
134.199.198.41 - - [28/Jan/2026:23:23:31 -0500] "POST / HTTP/1.1" 301 - "-" "Mozilla/5.0 (X11; Linux x86_64) AppleWebKit/537.36 (KHTML, like Gecko) Chrome/120.0.0.0 Safari/537.36"
134.199.198.41 - - [28/Jan/2026:23:23:31 -0500] "GET / HTTP/1.1" 200 73246 "http://fluidbonding.com/" "Mozilla/5.0 (X11; Linux x86_64) AppleWebKit/537.36 (KHTML, like Gecko) Chrome/120.0.0.0 Safari/537.36"
134.199.198.41 - - [28/Jan/2026:23:23:31 -0500] "GET / HTTP/1.1" 301 - "-" "Mozilla/5.0 (X11; Linux x86_64) AppleWebKit/537.36 (KHTML, like Gecko) Chrome/120.0.0.0 Safari/537.36"
134.199.198.41 - - [28/Jan/2026:23:23:32 -0500] "GET / HTTP/1.1" 200 73246 "http://fluidbonding.com/" "Mozilla/5.0 (X11; Linux x86_64) AppleWebKit/537.36 (KHTML, like Gecko) Chrome/120.0.0.0 Safari/537.36"
134.199.198.41 - - [28/Jan/2026:23:23:32 -0500] "GET / HTTP/1.1" 301 - "-" "Mozilla/5.0 (iPhone; CPU iPhone OS 17_1 like Mac OS X) AppleWebKit/605.1.15 (KHTML, like Gecko) Version/17.1 Mobile/15E148 Safari/604.1"
134.199.198.41 - - [28/Jan/2026:23:23:32 -0500] "GET / HTTP/1.1" 200 73246 "http://fluidbonding.com/" "Mozilla/5.0 (iPhone; CPU iPhone OS 17_1 like Mac OS X) AppleWebKit/605.1.15 (KHTML, like Gecko) Version/17.1 Mobile/15E148 Safari/604.1"
134.199.198.41 - - [28/Jan/2026:23:23:33 -0500] "GET /phpinfo HTTP/1.1" 302 276 "-" "Mozilla/5.0 (Windows NT 10.0; Win64; x64) AppleWebKit/537.36 (KHTML, like Gecko) Edge/120.0.0.0"
134.199.198.41 - - [28/Jan/2026:23:23:33 -0500] "GET /debug/default/view?panel=config HTTP/1.1" 302 276 "-" "Mozilla/5.0 (Windows NT 10.0; Win64; x64) AppleWebKit/537.36 (KHTML, like Gecko) Chrome/119.0.0.0 Safari/537.36"
134.199.198.41 - - [28/Jan/2026:23:23:33 -0500] "GET /_profiler/phpinfo HTTP/1.1" 302 276 "-" "Mozilla/5.0 (Windows NT 10.0; Win64; x64) AppleWebKit/537.36 (KHTML, like Gecko) Chrome/120.0.0.0 Safari/537.36"
134.199.198.41 - - [28/Jan/2026:23:23:33 -0500] "GET /_profiler/phpinfo.php HTTP/1.1" 302 276 "-" "Mozilla/5.0 (X11; Linux x86_64; rv:120.0) Gecko/20100101 Firefox/120.0"
134.199.198.41 - - [28/Jan/2026:23:23:33 -0500] "GET /_profiler/info.php HTTP/1.1" 302 276 "-" "Mozilla/5.0 (Windows NT 10.0; Win64; x64) AppleWebKit/537.36 (KHTML, like Gecko) Chrome/120.0.0.0 Safari/537.36"
134.199.198.41 - - [28/Jan/2026:23:23:33 -0500] "GET /_profiler/php_info.php HTTP/1.1" 302 276 "-" "Mozilla/5.0 (X11; Linux x86_64; rv:120.0) Gecko/20100101 Firefox/120.0"
134.199.198.41 - - [28/Jan/2026:23:23:33 -0500] "GET /_profiler/test.php HTTP/1.1" 302 276 "-" "Mozilla/5.0 (Windows NT 10.0; Win64; x64; rv:119.0) Gecko/20100101 Firefox/119.0"
134.199.198.41 - - [28/Jan/2026:23:23:33 -0500] "GET /_profiler/debug.php HTTP/1.1" 302 276 "-" "Mozilla/5.0 (Windows NT 10.0; Win64; x64) AppleWebKit/537.36 (KHTML, like Gecko) Edge/120.0.0.0"
134.199.198.41 - - [28/Jan/2026:23:23:34 -0500] "GET /_profiler/server-info.php HTTP/1.1" 302 276 "-" "Mozilla/5.0 (Linux; Android 14; SM-G991B) AppleWebKit/537.36 (KHTML, like Gecko) Chrome/120.0.0.0 Mobile Safari/537.36"
134.199.198.41 - - [28/Jan/2026:23:23:34 -0500] "GET /_profiler/system-info.php HTTP/1.1" 302 276 "-" "Mozilla/5.0 (Windows NT 10.0; Win64; x64) AppleWebKit/537.36 (KHTML, like Gecko) Edge/120.0.0.0"
134.199.198.41 - - [28/Jan/2026:23:23:34 -0500] "GET /phpinfo.php HTTP/1.1" 302 276 "-" "Mozilla/5.0 (iPhone; CPU iPhone OS 17_1 like Mac OS X) AppleWebKit/605.1.15 (KHTML, like Gecko) Version/17.1 Mobile/15E148 Safari/604.1"
134.199.198.41 - - [28/Jan/2026:23:23:34 -0500] "GET /info.php HTTP/1.1" 302 276 "-" "Mozilla/5.0 (Linux; Android 13; Pixel 7) AppleWebKit/537.36 (KHTML, like Gecko) Chrome/120.0.0.0 Mobile Safari/537.36"
134.199.198.41 - - [28/Jan/2026:23:23:34 -0500] "GET /php_info.php HTTP/1.1" 302 276 "-" "Mozilla/5.0 (iPhone; CPU iPhone OS 17_1 like Mac OS X) AppleWebKit/605.1.15 (KHTML, like Gecko) Version/17.1 Mobile/15E148 Safari/604.1"
134.199.198.41 - - [28/Jan/2026:23:23:34 -0500] "GET /test.php HTTP/1.1" 302 276 "-" "Mozilla/5.0 (Windows NT 10.0; Win64; x64) AppleWebKit/537.36 (KHTML, like Gecko) Chrome/119.0.0.0 Safari/537.36"
134.199.198.41 - - [28/Jan/2026:23:23:34 -0500] "GET /debug.php HTTP/1.1" 302 276 "-" "Mozilla/5.0 (Windows NT 10.0; Win64; x64; rv:120.0) Gecko/20100101 Firefox/120.0"
134.199.198.41 - - [28/Jan/2026:23:23:34 -0500] "GET /symfony/public HTTP/1.1" 302 276 "-" "Mozilla/5.0 (iPad; CPU OS 17_1 like Mac OS X) AppleWebKit/605.1.15 (KHTML, like Gecko) Version/17.1 Mobile/15E148 Safari/604.1"
134.199.198.41 - - [28/Jan/2026:23:23:34 -0500] "GET /server-info.php HTTP/1.1" 302 276 "-" "Mozilla/5.0 (Windows NT 10.0; Win64; x64; rv:119.0) Gecko/20100101 Firefox/119.0"
134.199.198.41 - - [28/Jan/2026:23:23:34 -0500] "GET /system-info.php HTTP/1.1" 302 276 "-" "Mozilla/5.0 (Windows NT 10.0; Win64; x64) AppleWebKit/537.36 (KHTML, like Gecko) Edge/120.0.0.0"
134.199.198.41 - - [28/Jan/2026:23:23:34 -0500] "GET /symfony/public/_profiler/phpinfo HTTP/1.1" 302 276 "-" "Mozilla/5.0 (Windows NT 10.0; Win64; x64; rv:119.0) Gecko/20100101 Firefox/119.0"
134.199.198.41 - - [28/Jan/2026:23:23:34 -0500] "GET /.env HTTP/1.1" 302 276 "-" "Mozilla/5.0 (Linux; Android 13; Pixel 7) AppleWebKit/537.36 (KHTML, like Gecko) Chrome/120.0.0.0 Mobile Safari/537.36"
134.199.198.41 - - [28/Jan/2026:23:23:34 -0500] "GET /register/ HTTP/1.1" 302 276 "-" "Mozilla/5.0 (iPhone; CPU iPhone OS 17_1 like Mac OS X) AppleWebKit/605.1.15 (KHTML, like Gecko) Version/17.1 Mobile/15E148 Safari/604.1"
134.199.198.41 - - [28/Jan/2026:23:23:34 -0500] "GET /contact/ HTTP/1.1" 302 276 "-" "Mozilla/5.0 (X11; Linux x86_64; rv:120.0) Gecko/20100101 Firefox/120.0"
134.199.198.41 - - [28/Jan/2026:23:23:34 -0500] "GET /.AWS_/credentials HTTP/1.1" 302 276 "-" "Mozilla/5.0 (Windows NT 10.0; Win64; x64; rv:119.0) Gecko/20100101 Firefox/119.0"
134.199.198.41 - - [28/Jan/2026:23:23:34 -0500] "GET /karma.conf.json HTTP/1.1" 302 276 "-" "Mozilla/5.0 (iPhone; CPU iPhone OS 17_1 like Mac OS X) AppleWebKit/605.1.15 (KHTML, like Gecko) Version/17.1 Mobile/15E148 Safari/604.1"
134.199.198.41 - - [28/Jan/2026:23:23:34 -0500] "GET /config/aws.yml HTTP/1.1" 302 276 "-" "Mozilla/5.0 (iPhone; CPU iPhone OS 17_1 like Mac OS X) AppleWebKit/605.1.15 (KHTML, like Gecko) Version/17.1 Mobile/15E148 Safari/604.1"
134.199.198.41 - - [28/Jan/2026:23:23:35 -0500] "GET /.env.bak HTTP/1.1" 302 276 "-" "Mozilla/5.0 (Windows NT 10.0; Win64; x64) AppleWebKit/537.36 (KHTML, like Gecko) Chrome/119.0.0.0 Safari/537.36"
134.199.198.41 - - [28/Jan/2026:23:23:35 -0500] "GET /index.php HTTP/1.1" 301 - "-" "Mozilla/5.0 (X11; Linux x86_64; rv:120.0) Gecko/20100101 Firefox/120.0"
134.199.198.41 - - [28/Jan/2026:23:23:35 -0500] "GET /index.php HTTP/1.1" 301 - "http://fluidbonding.com/index.php" "Mozilla/5.0 (X11; Linux x86_64; rv:120.0) Gecko/20100101 Firefox/120.0"
134.199.198.41 - - [28/Jan/2026:23:23:35 -0500] "GET / HTTP/1.1" 200 73246 "http://www.fluidbonding.com/index.php" "Mozilla/5.0 (X11; Linux x86_64; rv:120.0) Gecko/20100101 Firefox/120.0"
134.199.198.41 - - [28/Jan/2026:23:23:36 -0500] "GET /.aws/credentials HTTP/1.1" 302 276 "-" "Mozilla/5.0 (X11; Linux x86_64) AppleWebKit/537.36 (KHTML, like Gecko) Chrome/120.0.0.0 Safari/537.36"
134.199.198.41 - - [28/Jan/2026:23:23:36 -0500] "GET /db.sql HTTP/1.1" 302 276 "-" "Mozilla/5.0 (Linux; Android 14; SM-G991B) AppleWebKit/537.36 (KHTML, like Gecko) Chrome/120.0.0.0 Mobile Safari/537.36"
134.199.198.41 - - [28/Jan/2026:23:23:36 -0500] "GET /backup.sql HTTP/1.1" 302 276 "-" "Mozilla/5.0 (Windows NT 10.0; Win64; x64) AppleWebKit/537.36 (KHTML, like Gecko) Edge/120.0.0.0"
134.199.198.41 - - [28/Jan/2026:23:23:36 -0500] "GET /db.sqlite HTTP/1.1" 302 276 "-" "Mozilla/5.0 (iPad; CPU OS 17_1 like Mac OS X) AppleWebKit/605.1.15 (KHTML, like Gecko) Version/17.1 Mobile/15E148 Safari/604.1"
134.199.198.41 - - [28/Jan/2026:23:23:36 -0500] "GET /db.sqlite3 HTTP/1.1" 302 276 "-" "Mozilla/5.0 (X11; Linux x86_64; rv:120.0) Gecko/20100101 Firefox/120.0"
134.199.198.41 - - [28/Jan/2026:23:23:36 -0500] "GET /db1.sql HTTP/1.1" 302 276 "-" "Mozilla/5.0 (Macintosh; Intel Mac OS X 10_15_7) AppleWebKit/605.1.15 (KHTML, like Gecko) Version/17.1 Safari/605.1.15"
134.199.198.41 - - [28/Jan/2026:23:23:36 -0500] "GET /.git/config HTTP/1.1" 302 276 "-" "Mozilla/5.0 (Linux; Android 13; Pixel 7) AppleWebKit/537.36 (KHTML, like Gecko) Chrome/120.0.0.0 Mobile Safari/537.36"
134.199.198.41 - - [28/Jan/2026:23:23:36 -0500] "GET /aws/credentials.json HTTP/1.1" 302 276 "-" "Mozilla/5.0 (X11; Linux x86_64) AppleWebKit/537.36 (KHTML, like Gecko) Chrome/120.0.0.0 Safari/537.36"
134.199.198.41 - - [28/Jan/2026:23:23:36 -0500] "GET /wp-config.php.bak HTTP/1.1" 302 276 "-" "Mozilla/5.0 (Windows NT 10.0; Win64; x64) AppleWebKit/537.36 (KHTML, like Gecko) Chrome/119.0.0.0 Safari/537.36"
134.199.198.41 - - [28/Jan/2026:23:23:36 -0500] "GET /wp-config.php-backup HTTP/1.1" 302 276 "-" "Mozilla/5.0 (iPad; CPU OS 17_1 like Mac OS X) AppleWebKit/605.1.15 (KHTML, like Gecko) Version/17.1 Mobile/15E148 Safari/604.1"
134.199.198.41 - - [28/Jan/2026:23:23:36 -0500] "GET /debug/default/view?panel=config HTTP/1.1" 302 276 "-" "Mozilla/5.0 (Linux; Android 13; Pixel 7) AppleWebKit/537.36 (KHTML, like Gecko) Chrome/120.0.0.0 Mobile Safari/537.36"
134.199.198.41 - - [28/Jan/2026:23:23:36 -0500] "GET /%c0 HTTP/1.1" 302 276 "-" "Mozilla/5.0 (Macintosh; Intel Mac OS X 10_15_7) AppleWebKit/537.36 (KHTML, like Gecko) Chrome/120.0.0.0 Safari/537.36"
134.199.198.41 - - [28/Jan/2026:23:23:36 -0500] "GET /frontend/web/debug/default/view HTTP/1.1" 302 276 "-" "Mozilla/5.0 (iPad; CPU OS 17_1 like Mac OS X) AppleWebKit/605.1.15 (KHTML, like Gecko) Version/17.1 Mobile/15E148 Safari/604.1"
134.199.198.41 - - [28/Jan/2026:23:23:36 -0500] "GET /tool/view/phpinfo.view.php HTTP/1.1" 302 276 "-" "Mozilla/5.0 (Windows NT 10.0; Win64; x64) AppleWebKit/537.36 (KHTML, like Gecko) Edge/120.0.0.0"
134.199.198.41 - - [28/Jan/2026:23:23:36 -0500] "GET /aws.yml HTTP/1.1" 302 276 "-" "Mozilla/5.0 (Windows NT 10.0; Win64; x64) AppleWebKit/537.36 (KHTML, like Gecko) Edge/120.0.0.0"
43.157.22.57 - - [28/Jan/2026:23:32:20 -0500] "GET / HTTP/1.1" 200 73246 "-" "Mozilla/5.0 (iPhone; CPU iPhone OS 13_2_3 like Mac OS X) AppleWebKit/605.1.15 (KHTML, like Gecko) Version/13.0.3 Mobile/15E148 Safari/604.1"
141.94.194.132 - - [28/Jan/2026:23:52:41 -0500] "GET /index.php/body-fluids/tube-red-gay.html/feed HTTP/1.1" 200 1750 "-" "Mozilla/5.0 (X11; Linux i686) AppleWebKit/537.36 (KHTML, like Gecko) Chrome/30.0.1599.66 Safari/537.36"
114.119.148.47 - - [28/Jan/2026:23:55:44 -0500] "GET /index.php/page/3 HTTP/1.1" 200 72531 "http://www.fluidbonding.com/" "Mozilla/5.0 (Linux; Android 7.0;) AppleWebKit/537.36 (KHTML, like Gecko) Mobile Safari/537.36 (compatible; PetalBot;+https://webmaster.petalsearch.com/site/petalbot)"
114.119.132.153 - - [28/Jan/2026:23:57:09 -0500] "GET /index.php/body-fluids/gay-porno-tube.html HTTP/1.1" 200 11866 "http://www.fluidbonding.com/index.php/category/body-fluids/page/2" "Mozilla/5.0 (Linux; Android 7.0;) AppleWebKit/537.36 (KHTML, like Gecko) Mobile Safari/537.36 (compatible; PetalBot;+https://webmaster.petalsearch.com/site/petalbot)"
114.119.137.177 - - [28/Jan/2026:23:58:36 -0500] "GET /index.php/body-fluids/gay-facial-tube.html HTTP/1.1" 200 12560 "http://www.fluidbonding.com/index.php/category/body-fluids/" "Mozilla/5.0 (Linux; Android 7.0;) AppleWebKit/537.36 (KHTML, like Gecko) Mobile Safari/537.36 (compatible; PetalBot;+https://webmaster.petalsearch.com/site/petalbot)"
74.206.190.119 - - [29/Jan/2026:00:29:49 -0500] "POST /wp-cron.php?doing_wp_cron=1769664589.4367439746856689453125 HTTP/1.1" 200 - "-" "WordPress/3.6.1; http://www.fluidbonding.com"
141.94.194.132 - - [29/Jan/2026:00:29:49 -0500] "GET /index.php/body-fluids/gay-sex-videos.html/feed HTTP/1.1" 200 3206 "-" "Mozilla/5.0 (X11; Linux i686) AppleWebKit/537.36 (KHTML, like Gecko) Chrome/30.0.1599.66 Safari/537.36"
141.94.194.132 - - [29/Jan/2026:00:40:26 -0500] "GET /index.php/body-fluids/gay-bukkake-tube.html/feed HTTP/1.1" 200 1322 "-" "Mozilla/5.0 (X11; Linux i686) AppleWebKit/537.36 (KHTML, like Gecko) Chrome/30.0.1599.66 Safari/537.36"
46.8.23.142 - - [29/Jan/2026:00:56:03 -0500] "GET /hello-world/ HTTP/1.1" 302 276 "http://fluidbonding.com/hello-world/" "Mozilla/5.0 (Windows NT 10.0; Win64; x64) AppleWebKit/537.36 (KHTML, like Gecko) Chrome/130.0.0.0 Safari/537.36 CCleaner/130.0.0.0"
141.94.194.132 - - [29/Jan/2026:00:56:59 -0500] "GET /index.php/tag/barebacked/feed HTTP/1.1" 200 5720 "-" "Mozilla/5.0 (X11; Linux i686) AppleWebKit/537.36 (KHTML, like Gecko) Chrome/30.0.1599.66 Safari/537.36"
170.106.113.159 - - [29/Jan/2026:01:07:26 -0500] "GET / HTTP/1.1" 301 - "-" "Mozilla/5.0 (iPhone; CPU iPhone OS 13_2_3 like Mac OS X) AppleWebKit/605.1.15 (KHTML, like Gecko) Version/13.0.3 Mobile/15E148 Safari/604.1"
74.206.190.119 - - [29/Jan/2026:01:07:27 -0500] "POST /wp-cron.php?doing_wp_cron=1769666847.8323121070861816406250 HTTP/1.1" 200 - "-" "WordPress/3.6.1; http://www.fluidbonding.com"
170.106.113.159 - - [29/Jan/2026:01:07:27 -0500] "GET / HTTP/1.1" 200 73246 "http://fluidbonding.com" "Mozilla/5.0 (iPhone; CPU iPhone OS 13_2_3 like Mac OS X) AppleWebKit/605.1.15 (KHTML, like Gecko) Version/13.0.3 Mobile/15E148 Safari/604.1"
141.94.194.132 - - [29/Jan/2026:01:23:04 -0500] "GET /index.php/tag/raw-papi/feed HTTP/1.1" 200 2515 "-" "Mozilla/5.0 (X11; Linux i686) AppleWebKit/537.36 (KHTML, like Gecko) Chrome/30.0.1599.66 Safari/537.36"
141.94.194.132 - - [29/Jan/2026:01:24:37 -0500] "GET /index.php/body-fluids/gay-facial-tube.html/feed HTTP/1.1" 200 1496 "-" "Mozilla/5.0 (X11; Linux i686) AppleWebKit/537.36 (KHTML, like Gecko) Chrome/30.0.1599.66 Safari/537.36"
2.58.56.55 - - [29/Jan/2026:01:56:55 -0500] "GET /txets.php HTTP/1.1" 302 276 "-" "Mozilla/5.0 (Windows NT 10.0; Win64; x64) AppleWebKit/537.36 (KHTML, like Gecko) Chrome/91.0.4472.124 Safari/537.36"
2.58.56.55 - - [29/Jan/2026:01:56:55 -0500] "GET /wp-content/txets.php HTTP/1.1" 302 276 "-" "Mozilla/5.0 (Windows NT 10.0; Win64; x64) AppleWebKit/537.36 (KHTML, like Gecko) Chrome/91.0.4472.124 Safari/537.36"
2.58.56.55 - - [29/Jan/2026:01:56:55 -0500] "GET /wp-includes/widgets/txets.php HTTP/1.1" 302 276 "-" "Mozilla/5.0 (Windows NT 10.0; Win64; x64) AppleWebKit/537.36 (KHTML, like Gecko) Chrome/91.0.4472.124 Safari/537.36"
2.58.56.55 - - [29/Jan/2026:01:56:55 -0500] "GET /wp-includes/rest-api/txets.php HTTP/1.1" 302 276 "-" "Mozilla/5.0 (Windows NT 10.0; Win64; x64) AppleWebKit/537.36 (KHTML, like Gecko) Chrome/91.0.4472.124 Safari/537.36"
2.58.56.55 - - [29/Jan/2026:01:56:56 -0500] "GET /wp-includes/blocks/post-template/txets.php HTTP/1.1" 302 276 "-" "Mozilla/5.0 (Windows NT 10.0; Win64; x64) AppleWebKit/537.36 (KHTML, like Gecko) Chrome/91.0.4472.124 Safari/537.36"
2.58.56.55 - - [29/Jan/2026:01:56:56 -0500] "GET /wp-admin/txets.php HTTP/1.1" 302 276 "-" "Mozilla/5.0 (Windows NT 10.0; Win64; x64) AppleWebKit/537.36 (KHTML, like Gecko) Chrome/91.0.4472.124 Safari/537.36"
2.58.56.55 - - [29/Jan/2026:01:56:56 -0500] "GET /wp-includes/txets.php HTTP/1.1" 302 276 "-" "Mozilla/5.0 (Windows NT 10.0; Win64; x64) AppleWebKit/537.36 (KHTML, like Gecko) Chrome/91.0.4472.124 Safari/537.36"
2.58.56.55 - - [29/Jan/2026:01:56:56 -0500] "GET /schallfuns.php HTTP/1.1" 302 276 "-" "Mozilla/5.0 (Windows NT 10.0; Win64; x64) AppleWebKit/537.36 (KHTML, like Gecko) Chrome/91.0.4472.124 Safari/537.36"
2.58.56.55 - - [29/Jan/2026:01:56:56 -0500] "GET /postnews.php HTTP/1.1" 302 276 "-" "Mozilla/5.0 (Windows NT 10.0; Win64; x64) AppleWebKit/537.36 (KHTML, like Gecko) Chrome/91.0.4472.124 Safari/537.36"
74.206.190.119 - - [29/Jan/2026:02:59:41 -0500] "POST /wp-cron.php?doing_wp_cron=1769673581.5127339363098144531250 HTTP/1.1" 200 - "-" "WordPress/3.6.1; http://www.fluidbonding.com"
141.94.194.132 - - [29/Jan/2026:02:59:41 -0500] "GET /index.php/body-fluids/tube-red-gay.html/feed HTTP/1.1" 200 1750 "-" "Mozilla/5.0 (X11; Linux i686) AppleWebKit/537.36 (KHTML, like Gecko) Chrome/30.0.1599.66 Safari/537.36"
74.206.190.119 - - [29/Jan/2026:03:07:39 -0500] "POST /wp-cron.php?doing_wp_cron=1769674059.5316390991210937500000 HTTP/1.1" 200 - "-" "WordPress/3.6.1; http://www.fluidbonding.com"
4.210.23.181 - - [29/Jan/2026:03:07:39 -0500] "GET /index.php/feed HTTP/1.1" 200 14876 "-" "Mozilla/5.0 (Macintosh; Intel Mac OS X 10.15; rv:92.0) Gecko/20100101 Firefox/92.0"
141.94.194.132 - - [29/Jan/2026:03:47:27 -0500] "GET /index.php/body-fluids/gay-bukkake-tube.html/feed HTTP/1.1" 200 1322 "-" "Mozilla/5.0 (X11; Linux i686) AppleWebKit/537.36 (KHTML, like Gecko) Chrome/30.0.1599.66 Safari/537.36"