File: //home/httpd/logs/fluidbonding.com_access_log.4
141.94.194.132 - - [28/Jan/2026:04:40:38 -0500] "GET /index.php/body-fluids/tube-red-gay.html/feed HTTP/1.1" 200 1750 "-" "Mozilla/5.0 (X11; Linux i686) AppleWebKit/537.36 (KHTML, like Gecko) Chrome/30.0.1599.66 Safari/537.36"
4.194.179.26 - - [28/Jan/2026:04:48:27 -0500] "GET //wp-content/plugins/fix/up.php HTTP/1.1" 302 276 "-" "Mozilla/5.0 (Windows NT 10.0; Win64; x64) AppleWebKit/537.36 (KHTML, like Gecko) Chrome/85.0.4183.102 Safari/537.36"
141.94.194.132 - - [28/Jan/2026:04:59:39 -0500] "GET /index.php/body-fluids/cumshot-tube-movie.html/feed HTTP/1.1" 200 826 "-" "Mozilla/5.0 (X11; Linux i686) AppleWebKit/537.36 (KHTML, like Gecko) Chrome/30.0.1599.66 Safari/537.36"
40.83.96.65 - - [28/Jan/2026:05:35:09 -0500] "GET //wp-content/plugins/fix/up.php HTTP/1.1" 302 276 "-" "Mozilla/5.0 (Windows NT 10.0; Win64; x64) AppleWebKit/537.36 (KHTML, like Gecko) Chrome/85.0.4183.102 Safari/537.36"
43.128.67.187 - - [28/Jan/2026:05:39:13 -0500] "GET / HTTP/1.1" 301 - "-" "Mozilla/5.0 (iPhone; CPU iPhone OS 13_2_3 like Mac OS X) AppleWebKit/605.1.15 (KHTML, like Gecko) Version/13.0.3 Mobile/15E148 Safari/604.1"
74.206.190.119 - - [28/Jan/2026:05:39:15 -0500] "POST /wp-cron.php?doing_wp_cron=1769596755.0524420738220214843750 HTTP/1.1" 200 - "-" "WordPress/3.6.1; http://www.fluidbonding.com"
43.128.67.187 - - [28/Jan/2026:05:39:14 -0500] "GET / HTTP/1.1" 200 73246 "http://fluidbonding.com" "Mozilla/5.0 (iPhone; CPU iPhone OS 13_2_3 like Mac OS X) AppleWebKit/605.1.15 (KHTML, like Gecko) Version/13.0.3 Mobile/15E148 Safari/604.1"
47.128.35.225 - - [28/Jan/2026:05:53:48 -0500] "GET /robots.txt HTTP/1.1" 200 29 "-" "Mozilla/5.0 (Linux; Android 5.0) AppleWebKit/537.36 (KHTML, like Gecko) Mobile Safari/537.36 (compatible; Bytespider; spider-feedback@bytedance.com)"
74.206.190.119 - - [28/Jan/2026:06:11:01 -0500] "POST /wp-cron.php?doing_wp_cron=1769598661.2968649864196777343750 HTTP/1.1" 200 - "-" "WordPress/3.6.1; http://www.fluidbonding.com"
141.94.194.132 - - [28/Jan/2026:06:11:01 -0500] "GET /index.php/tag/raw-papi/feed HTTP/1.1" 200 2515 "-" "Mozilla/5.0 (X11; Linux i686) AppleWebKit/537.36 (KHTML, like Gecko) Chrome/30.0.1599.66 Safari/537.36"
141.94.194.132 - - [28/Jan/2026:06:34:33 -0500] "GET /index.php/body-fluids/gay-facial-tube.html/feed HTTP/1.1" 200 1496 "-" "Mozilla/5.0 (X11; Linux i686) AppleWebKit/537.36 (KHTML, like Gecko) Chrome/30.0.1599.66 Safari/537.36"
141.94.194.132 - - [28/Jan/2026:06:34:44 -0500] "GET /index.php/body-fluids/gay-sex-videos.html/feed HTTP/1.1" 200 3206 "-" "Mozilla/5.0 (X11; Linux i686) AppleWebKit/537.36 (KHTML, like Gecko) Chrome/30.0.1599.66 Safari/537.36"
74.206.190.119 - - [28/Jan/2026:07:11:39 -0500] "POST /wp-cron.php?doing_wp_cron=1769602299.0424609184265136718750 HTTP/1.1" 200 - "-" "WordPress/3.6.1; http://www.fluidbonding.com"
141.94.194.132 - - [28/Jan/2026:07:11:38 -0500] "GET /index.php/body-fluids/gay-facial-cum.html/feed HTTP/1.1" 200 2156 "-" "Mozilla/5.0 (X11; Linux i686) AppleWebKit/537.36 (KHTML, like Gecko) Chrome/30.0.1599.66 Safari/537.36"
141.94.194.132 - - [28/Jan/2026:07:12:38 -0500] "GET /index.php/body-fluids/tube-red-gay.html/feed HTTP/1.1" 200 1750 "-" "Mozilla/5.0 (X11; Linux i686) AppleWebKit/537.36 (KHTML, like Gecko) Chrome/30.0.1599.66 Safari/537.36"
141.94.194.132 - - [28/Jan/2026:07:31:55 -0500] "GET /index.php/tag/barebacked/feed HTTP/1.1" 200 5720 "-" "Mozilla/5.0 (X11; Linux i686) AppleWebKit/537.36 (KHTML, like Gecko) Chrome/30.0.1599.66 Safari/537.36"
74.206.190.119 - - [28/Jan/2026:08:15:41 -0500] "POST /wp-cron.php?doing_wp_cron=1769606141.2970900535583496093750 HTTP/1.1" 200 - "-" "WordPress/3.6.1; http://www.fluidbonding.com"
40.77.167.159 - - [28/Jan/2026:08:15:41 -0500] "GET / HTTP/1.1" 200 73246 "-" "Mozilla/5.0 AppleWebKit/537.36 (KHTML, like Gecko; compatible; bingbot/2.0; +http://www.bing.com/bingbot.htm) Chrome/116.0.1938.76 Safari/537.36"
66.249.65.160 - - [28/Jan/2026:09:01:03 -0500] "GET /robots.txt HTTP/1.1" 200 29 "-" "Mozilla/5.0 (compatible; Googlebot/2.1; +http://www.google.com/bot.html)"
74.206.190.119 - - [28/Jan/2026:09:01:04 -0500] "POST /wp-cron.php?doing_wp_cron=1769608864.2196149826049804687500 HTTP/1.1" 200 - "-" "WordPress/3.6.1; http://www.fluidbonding.com"
66.249.65.162 - - [28/Jan/2026:09:01:04 -0500] "GET /index.php/uncategorized/gay-anal-sex-2.html HTTP/1.1" 301 - "-" "Mozilla/5.0 (Linux; Android 6.0.1; Nexus 5X Build/MMB29P) AppleWebKit/537.36 (KHTML, like Gecko) Chrome/143.0.7499.192 Mobile Safari/537.36 (compatible; Googlebot/2.1; +http://www.google.com/bot.html)"
66.249.65.160 - - [28/Jan/2026:09:01:04 -0500] "GET /index.php/body-fluids/gay-anal-sex-2.html HTTP/1.1" 200 11809 "-" "Mozilla/5.0 (Linux; Android 6.0.1; Nexus 5X Build/MMB29P) AppleWebKit/537.36 (KHTML, like Gecko) Chrome/143.0.7499.192 Mobile Safari/537.36 (compatible; Googlebot/2.1; +http://www.google.com/bot.html)"
74.206.190.119 - - [28/Jan/2026:09:09:02 -0500] "POST /wp-cron.php?doing_wp_cron=1769609342.0085430145263671875000 HTTP/1.1" 200 - "-" "WordPress/3.6.1; http://www.fluidbonding.com"
141.94.194.132 - - [28/Jan/2026:09:09:01 -0500] "GET /index.php/tag/raw-papi/feed HTTP/1.1" 200 2515 "-" "Mozilla/5.0 (X11; Linux i686) AppleWebKit/537.36 (KHTML, like Gecko) Chrome/30.0.1599.66 Safari/537.36"
141.94.194.132 - - [28/Jan/2026:09:10:42 -0500] "GET /index.php/body-fluids/home-video-tube.html/feed HTTP/1.1" 200 817 "-" "Mozilla/5.0 (X11; Linux i686) AppleWebKit/537.36 (KHTML, like Gecko) Chrome/30.0.1599.66 Safari/537.36"
141.94.194.132 - - [28/Jan/2026:09:38:45 -0500] "GET /index.php/body-fluids/gay-sex-videos.html/feed HTTP/1.1" 200 3206 "-" "Mozilla/5.0 (X11; Linux i686) AppleWebKit/537.36 (KHTML, like Gecko) Chrome/30.0.1599.66 Safari/537.36"
182.44.67.97 - - [28/Jan/2026:09:42:00 -0500] "GET / HTTP/1.1" 301 - "-" "Mozilla/5.0 (iPhone; CPU iPhone OS 13_2_3 like Mac OS X) AppleWebKit/605.1.15 (KHTML, like Gecko) Version/13.0.3 Mobile/15E148 Safari/604.1"
182.44.67.97 - - [28/Jan/2026:09:42:01 -0500] "GET / HTTP/1.1" 200 73246 "http://fluidbonding.com" "Mozilla/5.0 (iPhone; CPU iPhone OS 13_2_3 like Mac OS X) AppleWebKit/605.1.15 (KHTML, like Gecko) Version/13.0.3 Mobile/15E148 Safari/604.1"
141.94.194.132 - - [28/Jan/2026:09:42:34 -0500] "GET /index.php/body-fluids/gay-facial-tube.html/feed HTTP/1.1" 200 1496 "-" "Mozilla/5.0 (X11; Linux i686) AppleWebKit/537.36 (KHTML, like Gecko) Chrome/30.0.1599.66 Safari/537.36"
43.135.186.135 - - [28/Jan/2026:09:59:04 -0500] "GET / HTTP/1.1" 200 73246 "-" "Mozilla/5.0 (iPhone; CPU iPhone OS 13_2_3 like Mac OS X) AppleWebKit/605.1.15 (KHTML, like Gecko) Version/13.0.3 Mobile/15E148 Safari/604.1"
74.206.190.119 - - [28/Jan/2026:10:15:25 -0500] "POST /wp-cron.php?doing_wp_cron=1769613325.8901538848876953125000 HTTP/1.1" 200 - "-" "WordPress/3.6.1; http://www.fluidbonding.com"
114.119.141.103 - - [28/Jan/2026:10:15:25 -0500] "GET /index.php/body-fluids/sperm-tube.html HTTP/1.1" 200 11673 "http://www.fluidbonding.com/index.php/category/body-fluids/page/4" "Mozilla/5.0 (Linux; Android 7.0;) AppleWebKit/537.36 (KHTML, like Gecko) Mobile Safari/537.36 (compatible; PetalBot;+https://webmaster.petalsearch.com/site/petalbot)"
141.94.194.132 - - [28/Jan/2026:10:15:39 -0500] "GET /index.php/body-fluids/tube-red-gay.html/feed HTTP/1.1" 200 1750 "-" "Mozilla/5.0 (X11; Linux i686) AppleWebKit/537.36 (KHTML, like Gecko) Chrome/30.0.1599.66 Safari/537.36"
155.94.150.29 - - [28/Jan/2026:10:28:00 -0500] "GET /wp-login.php HTTP/1.1" 301 - "" "Mozilla/5.0 (Macintosh; Intel Mac OS X 13_6_1) AppleWebKit/605.1.15 (KHTML, like Gecko) Version/16.6 Safari/605.1.15"
155.94.150.29 - - [28/Jan/2026:10:28:00 -0500] "GET /wp-login.php HTTP/1.1" 200 2338 "" "Mozilla/5.0 (Macintosh; Intel Mac OS X 13_6_1) AppleWebKit/605.1.15 (KHTML, like Gecko) Version/16.6 Safari/605.1.15"
155.94.150.29 - - [28/Jan/2026:10:28:02 -0500] "POST /wp-login.php HTTP/1.1" 301 - "http://fluidbonding.com/wp-login.php" "Mozilla/5.0 (Macintosh; Intel Mac OS X 13_6_1) AppleWebKit/605.1.15 (KHTML, like Gecko) Version/17.2 Safari/605.1.15"
155.94.150.29 - - [28/Jan/2026:10:28:03 -0500] "POST /wp-login.php HTTP/1.1" 301 - "http://fluidbonding.com/wp-login.php" "Mozilla/5.0 (Windows NT 10.0; Win64; x64; rv:120.0) Gecko/20100101 Firefox/120.0"
155.94.150.29 - - [28/Jan/2026:10:28:04 -0500] "POST /wp-login.php HTTP/1.1" 301 - "http://fluidbonding.com/wp-login.php" "Mozilla/5.0 (Windows NT 10.0; Win64; x64; rv:121.0) Gecko/20100101 Firefox/121.0"
155.94.150.29 - - [28/Jan/2026:10:28:05 -0500] "POST /wp-login.php HTTP/1.1" 301 - "http://fluidbonding.com/wp-login.php" "Mozilla/5.0 (Macintosh; Intel Mac OS X 13_6_1) AppleWebKit/537.36 (KHTML, like Gecko) Chrome/119.0.0.0 Safari/537.36"
155.94.150.29 - - [28/Jan/2026:10:28:05 -0500] "POST /wp-login.php HTTP/1.1" 301 - "http://fluidbonding.com/wp-login.php" "Mozilla/5.0 (Macintosh; Intel Mac OS X 13_6_1) AppleWebKit/605.1.15 (KHTML, like Gecko) Version/17.1 Safari/605.1.15"
155.94.150.29 - - [28/Jan/2026:10:28:06 -0500] "POST /wp-login.php HTTP/1.1" 301 - "http://fluidbonding.com/wp-login.php" "Mozilla/5.0 (Windows NT 10.0; Win64; x64; rv:120.0) Gecko/20100101 Firefox/120.0"
155.94.150.29 - - [28/Jan/2026:10:28:07 -0500] "POST /wp-login.php HTTP/1.1" 301 - "http://fluidbonding.com/wp-login.php" "Mozilla/5.0 (X11; Ubuntu; Linux x86_64) AppleWebKit/537.36 (KHTML, like Gecko) Chrome/118.0.0.0 Safari/537.36"
155.94.150.29 - - [28/Jan/2026:10:28:08 -0500] "POST /wp-login.php HTTP/1.1" 301 - "http://fluidbonding.com/wp-login.php" "Mozilla/5.0 (Macintosh; Intel Mac OS X 13_6_1) AppleWebKit/605.1.15 (KHTML, like Gecko) Version/17.1 Safari/605.1.15"
155.94.150.29 - - [28/Jan/2026:10:28:09 -0500] "POST /wp-login.php HTTP/1.1" 301 - "http://fluidbonding.com/wp-login.php" "Mozilla/5.0 (Windows NT 10.0; Win64; x64; rv:118.0) Gecko/20100101 Firefox/118.0"
155.94.150.29 - - [28/Jan/2026:10:28:10 -0500] "POST /wp-login.php HTTP/1.1" 301 - "http://fluidbonding.com/wp-login.php" "Mozilla/5.0 (Macintosh; Intel Mac OS X 13_6_1) AppleWebKit/605.1.15 (KHTML, like Gecko) Version/17.2 Safari/605.1.15"
155.94.150.29 - - [28/Jan/2026:10:28:10 -0500] "POST /wp-login.php HTTP/1.1" 301 - "http://fluidbonding.com/wp-login.php" "Mozilla/5.0 (Macintosh; Intel Mac OS X 13_6_1) AppleWebKit/537.36 (KHTML, like Gecko) Chrome/120.0.0.0 Safari/537.36"
155.94.150.29 - - [28/Jan/2026:10:28:10 -0500] "POST /wp-login.php HTTP/1.1" 301 - "http://fluidbonding.com/wp-login.php" "Mozilla/5.0 (Windows NT 11.0; Win64; x64; rv:121.0) Gecko/20100101 Firefox/121.0"
155.94.150.29 - - [28/Jan/2026:10:28:11 -0500] "POST /wp-login.php HTTP/1.1" 301 - "http://fluidbonding.com/wp-login.php" "Mozilla/5.0 (Windows NT 10.0; Win64; x64) AppleWebKit/537.36 (KHTML, like Gecko) Chrome/121.0.0.0 Safari/537.36"
155.94.150.29 - - [28/Jan/2026:10:28:11 -0500] "POST /wp-login.php HTTP/1.1" 301 - "http://fluidbonding.com/wp-login.php" "Mozilla/5.0 (X11; Ubuntu; Linux x86_64) AppleWebKit/537.36 (KHTML, like Gecko) Chrome/118.0.0.0 Safari/537.36"
155.94.150.29 - - [28/Jan/2026:10:28:12 -0500] "POST /wp-login.php HTTP/1.1" 301 - "http://fluidbonding.com/wp-login.php" "Mozilla/5.0 (Macintosh; Intel Mac OS X 10_15_7) AppleWebKit/605.1.15 (KHTML, like Gecko) Version/17.1 Safari/605.1.15"
155.94.150.29 - - [28/Jan/2026:10:28:12 -0500] "POST /wp-login.php HTTP/1.1" 301 - "http://fluidbonding.com/wp-login.php" "Mozilla/5.0 (Windows NT 11.0; Win64; x64; rv:121.0) Gecko/20100101 Firefox/121.0"
155.94.150.29 - - [28/Jan/2026:10:28:13 -0500] "POST /wp-login.php HTTP/1.1" 301 - "http://fluidbonding.com/wp-login.php" "Mozilla/5.0 (Windows NT 11.0; Win64; x64) AppleWebKit/537.36 (KHTML, like Gecko) Chrome/119.0.0.0 Safari/537.36"
155.94.150.29 - - [28/Jan/2026:10:28:13 -0500] "POST /wp-login.php HTTP/1.1" 301 - "http://fluidbonding.com/wp-login.php" "Mozilla/5.0 (Windows NT 10.0; Win64; x64; rv:118.0) Gecko/20100101 Firefox/118.0"
155.94.150.29 - - [28/Jan/2026:10:28:14 -0500] "POST /wp-login.php HTTP/1.1" 301 - "http://fluidbonding.com/wp-login.php" "Mozilla/5.0 (Windows NT 10.0; Win64; x64; rv:118.0) Gecko/20100101 Firefox/118.0"
155.94.150.29 - - [28/Jan/2026:10:28:14 -0500] "POST /wp-login.php HTTP/1.1" 301 - "http://fluidbonding.com/wp-login.php" "Mozilla/5.0 (Macintosh; Intel Mac OS X 10_15_7) AppleWebKit/537.36 (KHTML, like Gecko) Chrome/121.0.0.0 Safari/537.36"
155.94.150.29 - - [28/Jan/2026:10:28:15 -0500] "POST /wp-login.php HTTP/1.1" 301 - "http://fluidbonding.com/wp-login.php" "Mozilla/5.0 (Windows NT 11.0; Win64; x64; rv:121.0) Gecko/20100101 Firefox/121.0"
155.94.150.29 - - [28/Jan/2026:10:28:15 -0500] "POST /wp-login.php HTTP/1.1" 301 - "http://fluidbonding.com/wp-login.php" "Mozilla/5.0 (X11; Ubuntu; Linux x86_64) AppleWebKit/537.36 (KHTML, like Gecko) Chrome/120.0.0.0 Safari/537.36"
155.94.150.29 - - [28/Jan/2026:10:28:16 -0500] "POST /wp-login.php HTTP/1.1" 301 - "http://fluidbonding.com/wp-login.php" "Mozilla/5.0 (Macintosh; Intel Mac OS X 10_15_7) AppleWebKit/537.36 (KHTML, like Gecko) Chrome/119.0.0.0 Safari/537.36"
155.94.150.29 - - [28/Jan/2026:10:28:16 -0500] "POST /wp-login.php HTTP/1.1" 301 - "http://fluidbonding.com/wp-login.php" "Mozilla/5.0 (Macintosh; Intel Mac OS X 10_15_7) AppleWebKit/605.1.15 (KHTML, like Gecko) Version/17.2 Safari/605.1.15"
155.94.150.29 - - [28/Jan/2026:10:28:16 -0500] "POST /wp-login.php HTTP/1.1" 301 - "http://fluidbonding.com/wp-login.php" "Mozilla/5.0 (Macintosh; Intel Mac OS X 13_6_1) AppleWebKit/537.36 (KHTML, like Gecko) Chrome/120.0.0.0 Safari/537.36"
155.94.150.29 - - [28/Jan/2026:10:28:17 -0500] "POST /wp-login.php HTTP/1.1" 301 - "http://fluidbonding.com/wp-login.php" "Mozilla/5.0 (Windows NT 11.0; Win64; x64) AppleWebKit/537.36 (KHTML, like Gecko) Chrome/119.0.0.0 Safari/537.36"
155.94.150.29 - - [28/Jan/2026:10:28:17 -0500] "POST /wp-login.php HTTP/1.1" 301 - "http://fluidbonding.com/wp-login.php" "Mozilla/5.0 (Macintosh; Intel Mac OS X 10_15_7) AppleWebKit/605.1.15 (KHTML, like Gecko) Version/17.1 Safari/605.1.15"
155.94.150.29 - - [28/Jan/2026:10:28:18 -0500] "POST /wp-login.php HTTP/1.1" 301 - "http://fluidbonding.com/wp-login.php" "Mozilla/5.0 (Macintosh; Intel Mac OS X 10_15_7; rv:121.0) Gecko/20100101 Firefox/121.0"
155.94.150.29 - - [28/Jan/2026:10:28:18 -0500] "POST /wp-login.php HTTP/1.1" 301 - "http://fluidbonding.com/wp-login.php" "Mozilla/5.0 (Windows NT 11.0; Win64; x64) AppleWebKit/537.36 (KHTML, like Gecko) Chrome/121.0.0.0 Safari/537.36"
155.94.150.29 - - [28/Jan/2026:10:28:19 -0500] "POST /wp-login.php HTTP/1.1" 301 - "http://fluidbonding.com/wp-login.php" "Mozilla/5.0 (Windows NT 11.0; Win64; x64) AppleWebKit/537.36 (KHTML, like Gecko) Chrome/120.0.0.0 Safari/537.36"
155.94.150.29 - - [28/Jan/2026:10:28:19 -0500] "POST /wp-login.php HTTP/1.1" 301 - "http://fluidbonding.com/wp-login.php" "Mozilla/5.0 (Macintosh; Intel Mac OS X 13_6_1) AppleWebKit/537.36 (KHTML, like Gecko) Chrome/121.0.0.0 Safari/537.36"
155.94.150.29 - - [28/Jan/2026:10:28:20 -0500] "POST /wp-login.php HTTP/1.1" 301 - "http://fluidbonding.com/wp-login.php" "Mozilla/5.0 (Windows NT 11.0; Win64; x64) AppleWebKit/537.36 (KHTML, like Gecko) Chrome/118.0.0.0 Safari/537.36"
155.94.150.29 - - [28/Jan/2026:10:28:20 -0500] "POST /wp-login.php HTTP/1.1" 301 - "http://fluidbonding.com/wp-login.php" "Mozilla/5.0 (Macintosh; Intel Mac OS X 13_6_1; rv:119.0) Gecko/20100101 Firefox/119.0"
155.94.150.29 - - [28/Jan/2026:10:28:21 -0500] "POST /wp-login.php HTTP/1.1" 301 - "http://fluidbonding.com/wp-login.php" "Mozilla/5.0 (X11; Ubuntu; Linux x86_64) AppleWebKit/537.36 (KHTML, like Gecko) Chrome/121.0.0.0 Safari/537.36"
155.94.150.29 - - [28/Jan/2026:10:28:21 -0500] "POST /wp-login.php HTTP/1.1" 301 - "http://fluidbonding.com/wp-login.php" "Mozilla/5.0 (Macintosh; Intel Mac OS X 13_6_1) AppleWebKit/605.1.15 (KHTML, like Gecko) Version/17.0 Safari/605.1.15"
155.94.150.29 - - [28/Jan/2026:10:28:22 -0500] "POST /wp-login.php HTTP/1.1" 301 - "http://fluidbonding.com/wp-login.php" "Mozilla/5.0 (X11; Ubuntu; Linux x86_64) AppleWebKit/537.36 (KHTML, like Gecko) Chrome/118.0.0.0 Safari/537.36"
155.94.150.29 - - [28/Jan/2026:10:28:22 -0500] "POST /wp-login.php HTTP/1.1" 301 - "http://fluidbonding.com/wp-login.php" "Mozilla/5.0 (Macintosh; Intel Mac OS X 13_6_1; rv:121.0) Gecko/20100101 Firefox/121.0"
155.94.150.29 - - [28/Jan/2026:10:28:22 -0500] "POST /wp-login.php HTTP/1.1" 301 - "http://fluidbonding.com/wp-login.php" "Mozilla/5.0 (Macintosh; Intel Mac OS X 13_6_1) AppleWebKit/605.1.15 (KHTML, like Gecko) Version/17.1 Safari/605.1.15"
155.94.150.29 - - [28/Jan/2026:10:28:23 -0500] "POST /wp-login.php HTTP/1.1" 301 - "http://fluidbonding.com/wp-login.php" "Mozilla/5.0 (Windows NT 11.0; Win64; x64) AppleWebKit/537.36 (KHTML, like Gecko) Chrome/120.0.0.0 Safari/537.36"
155.94.150.29 - - [28/Jan/2026:10:28:23 -0500] "POST /wp-login.php HTTP/1.1" 301 - "http://fluidbonding.com/wp-login.php" "Mozilla/5.0 (Macintosh; Intel Mac OS X 13_6_1; rv:121.0) Gecko/20100101 Firefox/121.0"
155.94.150.29 - - [28/Jan/2026:10:28:24 -0500] "POST /wp-login.php HTTP/1.1" 301 - "http://fluidbonding.com/wp-login.php" "Mozilla/5.0 (Macintosh; Intel Mac OS X 13_6_1) AppleWebKit/537.36 (KHTML, like Gecko) Chrome/119.0.0.0 Safari/537.36"
155.94.150.29 - - [28/Jan/2026:10:28:24 -0500] "POST /wp-login.php HTTP/1.1" 301 - "http://fluidbonding.com/wp-login.php" "Mozilla/5.0 (Windows NT 10.0; Win64; x64) AppleWebKit/537.36 (KHTML, like Gecko) Chrome/119.0.0.0 Safari/537.36"
155.94.150.29 - - [28/Jan/2026:10:28:25 -0500] "POST /wp-login.php HTTP/1.1" 301 - "http://fluidbonding.com/wp-login.php" "Mozilla/5.0 (X11; Ubuntu; Linux x86_64) AppleWebKit/537.36 (KHTML, like Gecko) Chrome/118.0.0.0 Safari/537.36"
155.94.150.29 - - [28/Jan/2026:10:28:25 -0500] "POST /wp-login.php HTTP/1.1" 301 - "http://fluidbonding.com/wp-login.php" "Mozilla/5.0 (Macintosh; Intel Mac OS X 13_6_1) AppleWebKit/605.1.15 (KHTML, like Gecko) Version/17.1 Safari/605.1.15"
155.94.150.29 - - [28/Jan/2026:10:28:26 -0500] "POST /wp-login.php HTTP/1.1" 301 - "http://fluidbonding.com/wp-login.php" "Mozilla/5.0 (Macintosh; Intel Mac OS X 10_15_7) AppleWebKit/605.1.15 (KHTML, like Gecko) Version/17.2 Safari/605.1.15"
155.94.150.29 - - [28/Jan/2026:10:28:26 -0500] "POST /wp-login.php HTTP/1.1" 301 - "http://fluidbonding.com/wp-login.php" "Mozilla/5.0 (Windows NT 11.0; Win64; x64; rv:119.0) Gecko/20100101 Firefox/119.0"
155.94.150.29 - - [28/Jan/2026:10:28:27 -0500] "POST /wp-login.php HTTP/1.1" 301 - "http://fluidbonding.com/wp-login.php" "Mozilla/5.0 (Macintosh; Intel Mac OS X 10_15_7) AppleWebKit/605.1.15 (KHTML, like Gecko) Version/17.2 Safari/605.1.15"
155.94.150.29 - - [28/Jan/2026:10:28:27 -0500] "POST /wp-login.php HTTP/1.1" 301 - "http://fluidbonding.com/wp-login.php" "Mozilla/5.0 (X11; Ubuntu; Linux x86_64) AppleWebKit/537.36 (KHTML, like Gecko) Chrome/120.0.0.0 Safari/537.36"
155.94.150.29 - - [28/Jan/2026:10:28:28 -0500] "POST /wp-login.php HTTP/1.1" 301 - "http://fluidbonding.com/wp-login.php" "Mozilla/5.0 (Macintosh; Intel Mac OS X 13_6_1) AppleWebKit/537.36 (KHTML, like Gecko) Chrome/120.0.0.0 Safari/537.36"
155.94.150.29 - - [28/Jan/2026:10:28:28 -0500] "POST /wp-login.php HTTP/1.1" 301 - "http://fluidbonding.com/wp-login.php" "Mozilla/5.0 (Windows NT 10.0; Win64; x64) AppleWebKit/537.36 (KHTML, like Gecko) Chrome/119.0.0.0 Safari/537.36"
155.94.150.29 - - [28/Jan/2026:10:28:29 -0500] "POST /wp-login.php HTTP/1.1" 301 - "http://fluidbonding.com/wp-login.php" "Mozilla/5.0 (X11; Linux x86_64) AppleWebKit/537.36 (KHTML, like Gecko) Chrome/120.0.0.0 Safari/537.36"
155.94.150.29 - - [28/Jan/2026:10:28:29 -0500] "POST /wp-login.php HTTP/1.1" 301 - "http://fluidbonding.com/wp-login.php" "Mozilla/5.0 (Macintosh; Intel Mac OS X 10_15_7) AppleWebKit/605.1.15 (KHTML, like Gecko) Version/16.6 Safari/605.1.15"
155.94.150.29 - - [28/Jan/2026:10:28:30 -0500] "POST /wp-login.php HTTP/1.1" 301 - "http://fluidbonding.com/wp-login.php" "Mozilla/5.0 (Macintosh; Intel Mac OS X 13_6_1) AppleWebKit/605.1.15 (KHTML, like Gecko) Version/17.1 Safari/605.1.15"
155.94.150.29 - - [28/Jan/2026:10:28:30 -0500] "POST /wp-login.php HTTP/1.1" 301 - "http://fluidbonding.com/wp-login.php" "Mozilla/5.0 (Macintosh; Intel Mac OS X 10_15_7) AppleWebKit/537.36 (KHTML, like Gecko) Chrome/121.0.0.0 Safari/537.36"
155.94.150.29 - - [28/Jan/2026:10:28:31 -0500] "POST /wp-login.php HTTP/1.1" 301 - "http://fluidbonding.com/wp-login.php" "Mozilla/5.0 (Windows NT 11.0; Win64; x64) AppleWebKit/537.36 (KHTML, like Gecko) Chrome/119.0.0.0 Safari/537.36"
155.94.150.29 - - [28/Jan/2026:10:28:31 -0500] "POST /wp-login.php HTTP/1.1" 301 - "http://fluidbonding.com/wp-login.php" "Mozilla/5.0 (Windows NT 11.0; Win64; x64) AppleWebKit/537.36 (KHTML, like Gecko) Chrome/121.0.0.0 Safari/537.36"
155.94.150.29 - - [28/Jan/2026:10:28:31 -0500] "POST /wp-login.php HTTP/1.1" 301 - "http://fluidbonding.com/wp-login.php" "Mozilla/5.0 (X11; Linux x86_64) AppleWebKit/537.36 (KHTML, like Gecko) Chrome/120.0.0.0 Safari/537.36"
155.94.150.29 - - [28/Jan/2026:10:28:32 -0500] "POST /wp-login.php HTTP/1.1" 301 - "http://fluidbonding.com/wp-login.php" "Mozilla/5.0 (Macintosh; Intel Mac OS X 10_15_7) AppleWebKit/605.1.15 (KHTML, like Gecko) Version/16.6 Safari/605.1.15"
155.94.150.29 - - [28/Jan/2026:10:28:32 -0500] "POST /wp-login.php HTTP/1.1" 301 - "http://fluidbonding.com/wp-login.php" "Mozilla/5.0 (Windows NT 10.0; Win64; x64; rv:121.0) Gecko/20100101 Firefox/121.0"
155.94.150.29 - - [28/Jan/2026:10:28:33 -0500] "POST /wp-login.php HTTP/1.1" 301 - "http://fluidbonding.com/wp-login.php" "Mozilla/5.0 (Macintosh; Intel Mac OS X 10_15_7; rv:119.0) Gecko/20100101 Firefox/119.0"
155.94.150.29 - - [28/Jan/2026:10:28:33 -0500] "POST /wp-login.php HTTP/1.1" 301 - "http://fluidbonding.com/wp-login.php" "Mozilla/5.0 (Windows NT 11.0; Win64; x64; rv:120.0) Gecko/20100101 Firefox/120.0"
155.94.150.29 - - [28/Jan/2026:10:28:34 -0500] "POST /wp-login.php HTTP/1.1" 301 - "http://fluidbonding.com/wp-login.php" "Mozilla/5.0 (Macintosh; Intel Mac OS X 13_6_1) AppleWebKit/605.1.15 (KHTML, like Gecko) Version/16.6 Safari/605.1.15"
155.94.150.29 - - [28/Jan/2026:10:28:34 -0500] "POST /wp-login.php HTTP/1.1" 301 - "http://fluidbonding.com/wp-login.php" "Mozilla/5.0 (Windows NT 10.0; Win64; x64; rv:119.0) Gecko/20100101 Firefox/119.0"
155.94.150.29 - - [28/Jan/2026:10:28:35 -0500] "POST /wp-login.php HTTP/1.1" 301 - "http://fluidbonding.com/wp-login.php" "Mozilla/5.0 (Macintosh; Intel Mac OS X 10_15_7) AppleWebKit/537.36 (KHTML, like Gecko) Chrome/121.0.0.0 Safari/537.36"
155.94.150.29 - - [28/Jan/2026:10:28:35 -0500] "POST /wp-login.php HTTP/1.1" 301 - "http://fluidbonding.com/wp-login.php" "Mozilla/5.0 (Macintosh; Intel Mac OS X 13_6_1) AppleWebKit/537.36 (KHTML, like Gecko) Chrome/120.0.0.0 Safari/537.36"
155.94.150.29 - - [28/Jan/2026:10:28:36 -0500] "POST /wp-login.php HTTP/1.1" 301 - "http://fluidbonding.com/wp-login.php" "Mozilla/5.0 (Windows NT 11.0; Win64; x64) AppleWebKit/537.36 (KHTML, like Gecko) Chrome/120.0.0.0 Safari/537.36"
155.94.150.29 - - [28/Jan/2026:10:28:36 -0500] "POST /wp-login.php HTTP/1.1" 301 - "http://fluidbonding.com/wp-login.php" "Mozilla/5.0 (Windows NT 11.0; Win64; x64; rv:121.0) Gecko/20100101 Firefox/121.0"
155.94.150.29 - - [28/Jan/2026:10:28:37 -0500] "POST /wp-login.php HTTP/1.1" 301 - "http://fluidbonding.com/wp-login.php" "Mozilla/5.0 (Macintosh; Intel Mac OS X 10_15_7; rv:120.0) Gecko/20100101 Firefox/120.0"
155.94.150.29 - - [28/Jan/2026:10:28:37 -0500] "POST /wp-login.php HTTP/1.1" 301 - "http://fluidbonding.com/wp-login.php" "Mozilla/5.0 (Macintosh; Intel Mac OS X 13_6_1; rv:120.0) Gecko/20100101 Firefox/120.0"
155.94.150.29 - - [28/Jan/2026:10:28:38 -0500] "POST /wp-login.php HTTP/1.1" 301 - "http://fluidbonding.com/wp-login.php" "Mozilla/5.0 (Macintosh; Intel Mac OS X 10_15_7) AppleWebKit/537.36 (KHTML, like Gecko) Chrome/119.0.0.0 Safari/537.36"
155.94.150.29 - - [28/Jan/2026:10:28:38 -0500] "POST /wp-login.php HTTP/1.1" 301 - "http://fluidbonding.com/wp-login.php" "Mozilla/5.0 (Windows NT 10.0; Win64; x64) AppleWebKit/537.36 (KHTML, like Gecko) Chrome/119.0.0.0 Safari/537.36"
155.94.150.29 - - [28/Jan/2026:10:28:39 -0500] "POST /wp-login.php HTTP/1.1" 301 - "http://fluidbonding.com/wp-login.php" "Mozilla/5.0 (X11; Ubuntu; Linux x86_64) AppleWebKit/537.36 (KHTML, like Gecko) Chrome/121.0.0.0 Safari/537.36"
155.94.150.29 - - [28/Jan/2026:10:28:39 -0500] "POST /wp-login.php HTTP/1.1" 301 - "http://fluidbonding.com/wp-login.php" "Mozilla/5.0 (Macintosh; Intel Mac OS X 10_15_7) AppleWebKit/605.1.15 (KHTML, like Gecko) Version/16.6 Safari/605.1.15"
155.94.150.29 - - [28/Jan/2026:10:28:40 -0500] "POST /wp-login.php HTTP/1.1" 301 - "http://fluidbonding.com/wp-login.php" "Mozilla/5.0 (Macintosh; Intel Mac OS X 13_6_1) AppleWebKit/605.1.15 (KHTML, like Gecko) Version/17.0 Safari/605.1.15"
155.94.150.29 - - [28/Jan/2026:10:28:40 -0500] "POST /wp-login.php HTTP/1.1" 301 - "http://fluidbonding.com/wp-login.php" "Mozilla/5.0 (Macintosh; Intel Mac OS X 13_6_1) AppleWebKit/605.1.15 (KHTML, like Gecko) Version/17.2 Safari/605.1.15"
155.94.150.29 - - [28/Jan/2026:10:28:40 -0500] "POST /wp-login.php HTTP/1.1" 301 - "http://fluidbonding.com/wp-login.php" "Mozilla/5.0 (Windows NT 11.0; Win64; x64; rv:118.0) Gecko/20100101 Firefox/118.0"
155.94.150.29 - - [28/Jan/2026:10:28:41 -0500] "POST /wp-login.php HTTP/1.1" 301 - "http://fluidbonding.com/wp-login.php" "Mozilla/5.0 (Macintosh; Intel Mac OS X 10_15_7) AppleWebKit/605.1.15 (KHTML, like Gecko) Version/17.0 Safari/605.1.15"
155.94.150.29 - - [28/Jan/2026:10:28:41 -0500] "POST /wp-login.php HTTP/1.1" 301 - "http://fluidbonding.com/wp-login.php" "Mozilla/5.0 (X11; Linux x86_64) AppleWebKit/537.36 (KHTML, like Gecko) Chrome/120.0.0.0 Safari/537.36"
155.94.150.29 - - [28/Jan/2026:10:28:42 -0500] "POST /wp-login.php HTTP/1.1" 301 - "http://fluidbonding.com/wp-login.php" "Mozilla/5.0 (Macintosh; Intel Mac OS X 10_15_7; rv:118.0) Gecko/20100101 Firefox/118.0"
155.94.150.29 - - [28/Jan/2026:10:28:42 -0500] "POST /wp-login.php HTTP/1.1" 301 - "http://fluidbonding.com/wp-login.php" "Mozilla/5.0 (X11; Linux x86_64) AppleWebKit/537.36 (KHTML, like Gecko) Chrome/119.0.0.0 Safari/537.36"
155.94.150.29 - - [28/Jan/2026:10:28:43 -0500] "POST /wp-login.php HTTP/1.1" 301 - "http://fluidbonding.com/wp-login.php" "Mozilla/5.0 (Macintosh; Intel Mac OS X 10_15_7; rv:121.0) Gecko/20100101 Firefox/121.0"
155.94.150.29 - - [28/Jan/2026:10:28:43 -0500] "POST /wp-login.php HTTP/1.1" 301 - "http://fluidbonding.com/wp-login.php" "Mozilla/5.0 (Windows NT 11.0; Win64; x64; rv:118.0) Gecko/20100101 Firefox/118.0"
5.133.192.203 - - [28/Jan/2026:10:29:47 -0500] "GET /robots.txt HTTP/1.1" 200 29 "-" "Mozilla/5.0 (Windows NT 10.0; Win64; x64) AppleWebKit/537.36 (KHTML, like Gecko) Chrome/120.0.0.0 Safari/537.36 Viewer/99.9.8853.8"
5.133.192.184 - - [28/Jan/2026:10:29:48 -0500] "GET / HTTP/1.1" 301 - "-" "Mozilla/5.0 (Windows NT 10.0; Win64; x64) AppleWebKit/537.36 (KHTML, like Gecko) Chrome/120.0.0.0 Safari/537.36 Viewer/99.9.8853.8"
185.12.149.40 - - [28/Jan/2026:10:29:48 -0500] "GET / HTTP/1.1" 200 73246 "http://fluidbonding.com/" "Mozilla/5.0 (Windows NT 10.0; Win64; x64) AppleWebKit/537.36 (KHTML, like Gecko) Chrome/120.0.0.0 Safari/537.36 Viewer/99.9.8853.8"
141.94.194.132 - - [28/Jan/2026:10:39:56 -0500] "GET /index.php/tag/barebacked/feed HTTP/1.1" 200 5720 "-" "Mozilla/5.0 (X11; Linux i686) AppleWebKit/537.36 (KHTML, like Gecko) Chrome/30.0.1599.66 Safari/537.36"
188.143.244.147 - - [28/Jan/2026:10:56:08 -0500] "GET /index.php/body-fluids/ HTTP/1.1" 301 - "-" "Mozilla/5.0 X11; Ubuntu; Linux x86_64; rv:126.0 Gecko/20100101 Firefox/126.0"
74.206.190.119 - - [28/Jan/2026:11:06:35 -0500] "POST /wp-cron.php?doing_wp_cron=1769616395.3158550262451171875000 HTTP/1.1" 200 - "-" "WordPress/3.6.1; http://www.fluidbonding.com"
141.94.194.132 - - [28/Jan/2026:11:06:35 -0500] "GET /index.php/body-fluids/forced-to-cum.html/feed HTTP/1.1" 200 811 "-" "Mozilla/5.0 (X11; Linux i686) AppleWebKit/537.36 (KHTML, like Gecko) Chrome/30.0.1599.66 Safari/537.36"
43.157.38.131 - - [28/Jan/2026:11:35:15 -0500] "GET / HTTP/1.1" 301 - "-" "Mozilla/5.0 (iPhone; CPU iPhone OS 13_2_3 like Mac OS X) AppleWebKit/605.1.15 (KHTML, like Gecko) Version/13.0.3 Mobile/15E148 Safari/604.1"
43.157.38.131 - - [28/Jan/2026:11:35:17 -0500] "GET / HTTP/1.1" 200 73246 "http://fluidbonding.com" "Mozilla/5.0 (iPhone; CPU iPhone OS 13_2_3 like Mac OS X) AppleWebKit/605.1.15 (KHTML, like Gecko) Version/13.0.3 Mobile/15E148 Safari/604.1"
114.119.132.153 - - [28/Jan/2026:11:44:39 -0500] "GET /index.php/body-fluids/red-gay-tube.html HTTP/1.1" 200 12525 "http://www.fluidbonding.com/index.php/category/body-fluids/" "Mozilla/5.0 (Linux; Android 7.0;) AppleWebKit/537.36 (KHTML, like Gecko) Mobile Safari/537.36 (compatible; PetalBot;+https://webmaster.petalsearch.com/site/petalbot)"
43.155.140.157 - - [28/Jan/2026:11:57:55 -0500] "GET /index.php/body-fluids/hot-body-tube.html HTTP/1.1" 200 11879 "-" "Mozilla/5.0 (iPhone; CPU iPhone OS 13_2_3 like Mac OS X) AppleWebKit/605.1.15 (KHTML, like Gecko) Version/13.0.3 Mobile/15E148 Safari/604.1"
74.206.190.119 - - [28/Jan/2026:12:04:44 -0500] "POST /wp-cron.php?doing_wp_cron=1769619884.1556260585784912109375 HTTP/1.1" 200 - "-" "WordPress/3.6.1; http://www.fluidbonding.com"
114.119.159.64 - - [28/Jan/2026:12:04:44 -0500] "GET /index.php/body-fluids/gay-porno-tube.html HTTP/1.1" 200 11866 "http://www.fluidbonding.com/index.php/category/body-fluids/page/2" "Mozilla/5.0 (Linux; Android 7.0;) AppleWebKit/537.36 (KHTML, like Gecko) Mobile Safari/537.36 (compatible; PetalBot;+https://webmaster.petalsearch.com/site/petalbot)"
4.210.23.181 - - [28/Jan/2026:12:07:17 -0500] "GET /index.php/feed HTTP/1.1" 200 14876 "-" "Mozilla/5.0 (Macintosh; Intel Mac OS X 10.15; rv:92.0) Gecko/20100101 Firefox/92.0"
49.51.233.46 - - [28/Jan/2026:12:12:05 -0500] "GET /?p=182 HTTP/1.1" 301 - "-" "Mozilla/5.0 (iPhone; CPU iPhone OS 13_2_3 like Mac OS X) AppleWebKit/605.1.15 (KHTML, like Gecko) Version/13.0.3 Mobile/15E148 Safari/604.1"
49.51.233.46 - - [28/Jan/2026:12:12:06 -0500] "GET /index.php/body-fluids/hot-body-tube.html HTTP/1.1" 200 11879 "http://www.fluidbonding.com/?p=182" "Mozilla/5.0 (iPhone; CPU iPhone OS 13_2_3 like Mac OS X) AppleWebKit/605.1.15 (KHTML, like Gecko) Version/13.0.3 Mobile/15E148 Safari/604.1"
43.133.69.37 - - [28/Jan/2026:12:22:24 -0500] "GET /index.php/body-fluids/hot-body-tube.html HTTP/1.1" 200 11879 "-" "Mozilla/5.0 (iPhone; CPU iPhone OS 13_2_3 like Mac OS X) AppleWebKit/605.1.15 (KHTML, like Gecko) Version/13.0.3 Mobile/15E148 Safari/604.1"
114.119.148.47 - - [28/Jan/2026:12:26:43 -0500] "GET /index.php/body-fluids/gay-bukkake-porn.html HTTP/1.1" 200 11893 "http://www.fluidbonding.com/index.php/category/body-fluids/" "Mozilla/5.0 (Linux; Android 7.0;) AppleWebKit/537.36 (KHTML, like Gecko) Mobile Safari/537.36 (compatible; PetalBot;+https://webmaster.petalsearch.com/site/petalbot)"
141.94.194.132 - - [28/Jan/2026:12:32:46 -0500] "GET /index.php/body-fluids/gay-sex-videos.html/feed HTTP/1.1" 200 3206 "-" "Mozilla/5.0 (X11; Linux i686) AppleWebKit/537.36 (KHTML, like Gecko) Chrome/30.0.1599.66 Safari/537.36"
141.94.194.132 - - [28/Jan/2026:12:32:56 -0500] "GET /index.php/body-fluids/gay-tube-sex.html/feed HTTP/1.1" 200 808 "-" "Mozilla/5.0 (X11; Linux i686) AppleWebKit/537.36 (KHTML, like Gecko) Chrome/30.0.1599.66 Safari/537.36"
141.94.194.132 - - [28/Jan/2026:12:34:01 -0500] "GET /index.php/tag/raw-papi/feed HTTP/1.1" 200 2515 "-" "Mozilla/5.0 (X11; Linux i686) AppleWebKit/537.36 (KHTML, like Gecko) Chrome/30.0.1599.66 Safari/537.36"
141.94.194.132 - - [28/Jan/2026:12:57:35 -0500] "GET /index.php/body-fluids/gay-facial-tube.html/feed HTTP/1.1" 200 1496 "-" "Mozilla/5.0 (X11; Linux i686) AppleWebKit/537.36 (KHTML, like Gecko) Chrome/30.0.1599.66 Safari/537.36"
141.94.194.132 - - [28/Jan/2026:12:57:39 -0500] "GET /index.php/body-fluids/tube-red-gay.html/feed HTTP/1.1" 200 1750 "-" "Mozilla/5.0 (X11; Linux i686) AppleWebKit/537.36 (KHTML, like Gecko) Chrome/30.0.1599.66 Safari/537.36"
74.206.190.119 - - [28/Jan/2026:13:16:57 -0500] "POST /wp-cron.php?doing_wp_cron=1769624217.4498538970947265625000 HTTP/1.1" 200 - "-" "WordPress/3.6.1; http://www.fluidbonding.com"
141.94.194.132 - - [28/Jan/2026:13:16:57 -0500] "GET /index.php/tag/barebacked/feed HTTP/1.1" 200 5720 "-" "Mozilla/5.0 (X11; Linux i686) AppleWebKit/537.36 (KHTML, like Gecko) Chrome/30.0.1599.66 Safari/537.36"
185.196.10.225 - - [28/Jan/2026:14:35:05 -0500] "GET /.env HTTP/1.1" 302 276 "-" "Mozilla/5.0 (Windows NT 10.0; Win64; x64) AppleWebKit/537.36 (KHTML, like Gecko) Chrome/120.0.0.0 Safari/537.36"
74.206.190.119 - - [28/Jan/2026:15:11:37 -0500] "POST /wp-cron.php?doing_wp_cron=1769631097.3013610839843750000000 HTTP/1.1" 200 - "-" "WordPress/3.6.1; http://www.fluidbonding.com"
141.94.194.132 - - [28/Jan/2026:15:11:37 -0500] "GET /index.php/body-fluids/body-tube-2.html/feed HTTP/1.1" 200 803 "-" "Mozilla/5.0 (X11; Linux i686) AppleWebKit/537.36 (KHTML, like Gecko) Chrome/30.0.1599.66 Safari/537.36"
141.94.194.132 - - [28/Jan/2026:15:19:02 -0500] "GET /index.php/tag/raw-papi/feed HTTP/1.1" 200 2515 "-" "Mozilla/5.0 (X11; Linux i686) AppleWebKit/537.36 (KHTML, like Gecko) Chrome/30.0.1599.66 Safari/537.36"
94.26.106.114 - - [28/Jan/2026:15:24:15 -0500] "GET /wp-login.php HTTP/1.1" 301 - "https://www.facebook.com/" "Mozilla/5.0 (Macintosh; Intel Mac OS X 13_6_1) AppleWebKit/537.36 (KHTML, like Gecko) Chrome/120.0.0.0 Safari/537.36"
94.26.106.114 - - [28/Jan/2026:15:24:18 -0500] "GET /wp-login.php HTTP/1.1" 200 2338 "https://www.facebook.com/" "Mozilla/5.0 (Macintosh; Intel Mac OS X 13_6_1) AppleWebKit/537.36 (KHTML, like Gecko) Chrome/120.0.0.0 Safari/537.36"
94.26.106.114 - - [28/Jan/2026:15:27:46 -0500] "POST /wp-login.php HTTP/1.1" 301 - "http://FLUIDBONDING.COM/wp-login.php" "Mozilla/5.0 (Windows NT 11.0; Win64; x64) AppleWebKit/537.36 (KHTML, like Gecko) Chrome/119.0.0.0 Safari/537.36"
94.26.106.114 - - [28/Jan/2026:15:28:12 -0500] "POST /wp-login.php HTTP/1.1" 301 - "http://FLUIDBONDING.COM/wp-login.php" "Mozilla/5.0 (X11; Ubuntu; Linux x86_64) AppleWebKit/537.36 (KHTML, like Gecko) Chrome/120.0.0.0 Safari/537.36"
94.26.106.114 - - [28/Jan/2026:15:28:30 -0500] "POST /wp-login.php HTTP/1.1" 301 - "http://FLUIDBONDING.COM/wp-login.php" "Mozilla/5.0 (Windows NT 11.0; Win64; x64) AppleWebKit/537.36 (KHTML, like Gecko) Chrome/118.0.0.0 Safari/537.36"
94.26.106.114 - - [28/Jan/2026:15:28:48 -0500] "POST /wp-login.php HTTP/1.1" 301 - "http://FLUIDBONDING.COM/wp-login.php" "Mozilla/5.0 (Macintosh; Intel Mac OS X 13_6_1) AppleWebKit/605.1.15 (KHTML, like Gecko) Version/16.6 Safari/605.1.15"
94.26.106.114 - - [28/Jan/2026:15:29:05 -0500] "POST /wp-login.php HTTP/1.1" 301 - "http://FLUIDBONDING.COM/wp-login.php" "Mozilla/5.0 (Macintosh; Intel Mac OS X 13_6_1) AppleWebKit/605.1.15 (KHTML, like Gecko) Version/17.0 Safari/605.1.15"
94.26.106.114 - - [28/Jan/2026:15:29:25 -0500] "POST /wp-login.php HTTP/1.1" 301 - "http://FLUIDBONDING.COM/wp-login.php" "Mozilla/5.0 (Macintosh; Intel Mac OS X 13_6_1) AppleWebKit/537.36 (KHTML, like Gecko) Chrome/120.0.0.0 Safari/537.36"
94.26.106.114 - - [28/Jan/2026:15:29:38 -0500] "POST /wp-login.php HTTP/1.1" 301 - "http://FLUIDBONDING.COM/wp-login.php" "Mozilla/5.0 (Macintosh; Intel Mac OS X 10_15_7) AppleWebKit/537.36 (KHTML, like Gecko) Chrome/119.0.0.0 Safari/537.36"
94.26.106.114 - - [28/Jan/2026:15:29:47 -0500] "POST /wp-login.php HTTP/1.1" 301 - "http://FLUIDBONDING.COM/wp-login.php" "Mozilla/5.0 (Windows NT 10.0; Win64; x64) AppleWebKit/537.36 (KHTML, like Gecko) Chrome/119.0.0.0 Safari/537.36"
94.26.106.114 - - [28/Jan/2026:15:30:14 -0500] "POST /wp-login.php HTTP/1.1" 301 - "http://FLUIDBONDING.COM/wp-login.php" "Mozilla/5.0 (Macintosh; Intel Mac OS X 13_6_1) AppleWebKit/605.1.15 (KHTML, like Gecko) Version/17.2 Safari/605.1.15"
94.26.106.114 - - [28/Jan/2026:15:30:29 -0500] "POST /wp-login.php HTTP/1.1" 301 - "http://FLUIDBONDING.COM/wp-login.php" "Mozilla/5.0 (X11; Ubuntu; Linux x86_64) AppleWebKit/537.36 (KHTML, like Gecko) Chrome/120.0.0.0 Safari/537.36"
94.26.106.114 - - [28/Jan/2026:15:30:36 -0500] "POST /wp-login.php HTTP/1.1" 301 - "http://FLUIDBONDING.COM/wp-login.php" "Mozilla/5.0 (Macintosh; Intel Mac OS X 10_15_7; rv:121.0) Gecko/20100101 Firefox/121.0"
94.26.106.114 - - [28/Jan/2026:15:30:49 -0500] "POST /wp-login.php HTTP/1.1" 301 - "http://FLUIDBONDING.COM/wp-login.php" "Mozilla/5.0 (Windows NT 10.0; Win64; x64) AppleWebKit/537.36 (KHTML, like Gecko) Chrome/120.0.0.0 Safari/537.36"
94.26.106.114 - - [28/Jan/2026:15:31:01 -0500] "POST /wp-login.php HTTP/1.1" 301 - "http://FLUIDBONDING.COM/wp-login.php" "Mozilla/5.0 (Windows NT 10.0; Win64; x64) AppleWebKit/537.36 (KHTML, like Gecko) Chrome/121.0.0.0 Safari/537.36"
94.26.106.114 - - [28/Jan/2026:15:31:17 -0500] "POST /wp-login.php HTTP/1.1" 301 - "http://FLUIDBONDING.COM/wp-login.php" "Mozilla/5.0 (Macintosh; Intel Mac OS X 13_6_1) AppleWebKit/605.1.15 (KHTML, like Gecko) Version/16.6 Safari/605.1.15"
94.26.106.114 - - [28/Jan/2026:15:31:35 -0500] "POST /wp-login.php HTTP/1.1" 301 - "http://FLUIDBONDING.COM/wp-login.php" "Mozilla/5.0 (X11; Linux x86_64) AppleWebKit/537.36 (KHTML, like Gecko) Chrome/118.0.0.0 Safari/537.36"
94.26.106.114 - - [28/Jan/2026:15:31:51 -0500] "POST /wp-login.php HTTP/1.1" 301 - "http://FLUIDBONDING.COM/wp-login.php" "Mozilla/5.0 (Macintosh; Intel Mac OS X 13_6_1) AppleWebKit/605.1.15 (KHTML, like Gecko) Version/16.6 Safari/605.1.15"
94.26.106.114 - - [28/Jan/2026:15:32:13 -0500] "POST /wp-login.php HTTP/1.1" 301 - "http://FLUIDBONDING.COM/wp-login.php" "Mozilla/5.0 (X11; Linux x86_64) AppleWebKit/537.36 (KHTML, like Gecko) Chrome/121.0.0.0 Safari/537.36"
94.26.106.114 - - [28/Jan/2026:15:32:28 -0500] "POST /wp-login.php HTTP/1.1" 301 - "http://FLUIDBONDING.COM/wp-login.php" "Mozilla/5.0 (Macintosh; Intel Mac OS X 13_6_1; rv:118.0) Gecko/20100101 Firefox/118.0"
94.26.106.114 - - [28/Jan/2026:15:32:42 -0500] "POST /wp-login.php HTTP/1.1" 301 - "http://FLUIDBONDING.COM/wp-login.php" "Mozilla/5.0 (Macintosh; Intel Mac OS X 13_6_1; rv:120.0) Gecko/20100101 Firefox/120.0"
94.26.106.114 - - [28/Jan/2026:15:32:55 -0500] "POST /wp-login.php HTTP/1.1" 301 - "http://FLUIDBONDING.COM/wp-login.php" "Mozilla/5.0 (Macintosh; Intel Mac OS X 10_15_7) AppleWebKit/537.36 (KHTML, like Gecko) Chrome/118.0.0.0 Safari/537.36"
94.26.106.114 - - [28/Jan/2026:15:33:21 -0500] "POST /wp-login.php HTTP/1.1" 301 - "http://FLUIDBONDING.COM/wp-login.php" "Mozilla/5.0 (X11; Linux x86_64) AppleWebKit/537.36 (KHTML, like Gecko) Chrome/120.0.0.0 Safari/537.36"
94.26.106.114 - - [28/Jan/2026:15:33:36 -0500] "POST /wp-login.php HTTP/1.1" 301 - "http://FLUIDBONDING.COM/wp-login.php" "Mozilla/5.0 (X11; Ubuntu; Linux x86_64) AppleWebKit/537.36 (KHTML, like Gecko) Chrome/118.0.0.0 Safari/537.36"
94.26.106.114 - - [28/Jan/2026:15:33:44 -0500] "POST /wp-login.php HTTP/1.1" 301 - "http://FLUIDBONDING.COM/wp-login.php" "Mozilla/5.0 (Windows NT 11.0; Win64; x64; rv:119.0) Gecko/20100101 Firefox/119.0"
94.26.106.114 - - [28/Jan/2026:15:33:56 -0500] "POST /wp-login.php HTTP/1.1" 301 - "http://FLUIDBONDING.COM/wp-login.php" "Mozilla/5.0 (Windows NT 11.0; Win64; x64) AppleWebKit/537.36 (KHTML, like Gecko) Chrome/121.0.0.0 Safari/537.36"
94.26.106.114 - - [28/Jan/2026:15:34:20 -0500] "POST /wp-login.php HTTP/1.1" 301 - "http://FLUIDBONDING.COM/wp-login.php" "Mozilla/5.0 (Windows NT 11.0; Win64; x64; rv:120.0) Gecko/20100101 Firefox/120.0"
94.26.106.114 - - [28/Jan/2026:15:34:33 -0500] "POST /wp-login.php HTTP/1.1" 301 - "http://FLUIDBONDING.COM/wp-login.php" "Mozilla/5.0 (Macintosh; Intel Mac OS X 10_15_7) AppleWebKit/537.36 (KHTML, like Gecko) Chrome/119.0.0.0 Safari/537.36"
94.26.106.114 - - [28/Jan/2026:15:34:49 -0500] "POST /wp-login.php HTTP/1.1" 301 - "http://FLUIDBONDING.COM/wp-login.php" "Mozilla/5.0 (Windows NT 10.0; Win64; x64; rv:118.0) Gecko/20100101 Firefox/118.0"
94.26.106.114 - - [28/Jan/2026:15:35:05 -0500] "POST /wp-login.php HTTP/1.1" 301 - "http://FLUIDBONDING.COM/wp-login.php" "Mozilla/5.0 (Windows NT 10.0; Win64; x64) AppleWebKit/537.36 (KHTML, like Gecko) Chrome/120.0.0.0 Safari/537.36"
94.26.106.114 - - [28/Jan/2026:15:35:28 -0500] "POST /wp-login.php HTTP/1.1" 301 - "http://FLUIDBONDING.COM/wp-login.php" "Mozilla/5.0 (Macintosh; Intel Mac OS X 10_15_7) AppleWebKit/537.36 (KHTML, like Gecko) Chrome/119.0.0.0 Safari/537.36"
94.26.106.114 - - [28/Jan/2026:15:35:45 -0500] "POST /wp-login.php HTTP/1.1" 301 - "http://FLUIDBONDING.COM/wp-login.php" "Mozilla/5.0 (Windows NT 10.0; Win64; x64) AppleWebKit/537.36 (KHTML, like Gecko) Chrome/118.0.0.0 Safari/537.36"
94.26.106.114 - - [28/Jan/2026:15:36:02 -0500] "POST /wp-login.php HTTP/1.1" 301 - "http://FLUIDBONDING.COM/wp-login.php" "Mozilla/5.0 (Windows NT 11.0; Win64; x64; rv:120.0) Gecko/20100101 Firefox/120.0"
94.26.106.114 - - [28/Jan/2026:15:36:26 -0500] "POST /wp-login.php HTTP/1.1" 301 - "http://FLUIDBONDING.COM/wp-login.php" "Mozilla/5.0 (Macintosh; Intel Mac OS X 13_6_1) AppleWebKit/605.1.15 (KHTML, like Gecko) Version/16.6 Safari/605.1.15"
94.26.106.114 - - [28/Jan/2026:15:36:39 -0500] "POST /wp-login.php HTTP/1.1" 301 - "http://FLUIDBONDING.COM/wp-login.php" "Mozilla/5.0 (Windows NT 10.0; Win64; x64) AppleWebKit/537.36 (KHTML, like Gecko) Chrome/120.0.0.0 Safari/537.36"
94.26.106.114 - - [28/Jan/2026:15:36:53 -0500] "POST /wp-login.php HTTP/1.1" 301 - "http://FLUIDBONDING.COM/wp-login.php" "Mozilla/5.0 (Macintosh; Intel Mac OS X 13_6_1; rv:121.0) Gecko/20100101 Firefox/121.0"
94.26.106.114 - - [28/Jan/2026:15:37:06 -0500] "POST /wp-login.php HTTP/1.1" 301 - "http://FLUIDBONDING.COM/wp-login.php" "Mozilla/5.0 (Macintosh; Intel Mac OS X 13_6_1) AppleWebKit/537.36 (KHTML, like Gecko) Chrome/118.0.0.0 Safari/537.36"
94.26.106.114 - - [28/Jan/2026:15:37:23 -0500] "POST /wp-login.php HTTP/1.1" 301 - "http://FLUIDBONDING.COM/wp-login.php" "Mozilla/5.0 (Windows NT 10.0; Win64; x64) AppleWebKit/537.36 (KHTML, like Gecko) Chrome/121.0.0.0 Safari/537.36"
94.26.106.114 - - [28/Jan/2026:15:37:40 -0500] "POST /wp-login.php HTTP/1.1" 301 - "http://FLUIDBONDING.COM/wp-login.php" "Mozilla/5.0 (Macintosh; Intel Mac OS X 10_15_7) AppleWebKit/605.1.15 (KHTML, like Gecko) Version/17.2 Safari/605.1.15"
94.26.106.114 - - [28/Jan/2026:15:37:56 -0500] "POST /wp-login.php HTTP/1.1" 301 - "http://FLUIDBONDING.COM/wp-login.php" "Mozilla/5.0 (X11; Linux x86_64) AppleWebKit/537.36 (KHTML, like Gecko) Chrome/120.0.0.0 Safari/537.36"
94.26.106.114 - - [28/Jan/2026:15:38:15 -0500] "POST /wp-login.php HTTP/1.1" 301 - "http://FLUIDBONDING.COM/wp-login.php" "Mozilla/5.0 (Windows NT 10.0; Win64; x64) AppleWebKit/537.36 (KHTML, like Gecko) Chrome/119.0.0.0 Safari/537.36"
94.26.106.114 - - [28/Jan/2026:15:38:31 -0500] "POST /wp-login.php HTTP/1.1" 301 - "http://FLUIDBONDING.COM/wp-login.php" "Mozilla/5.0 (Macintosh; Intel Mac OS X 13_6_1) AppleWebKit/537.36 (KHTML, like Gecko) Chrome/121.0.0.0 Safari/537.36"
94.26.106.114 - - [28/Jan/2026:15:38:49 -0500] "POST /wp-login.php HTTP/1.1" 301 - "http://FLUIDBONDING.COM/wp-login.php" "Mozilla/5.0 (Macintosh; Intel Mac OS X 13_6_1) AppleWebKit/537.36 (KHTML, like Gecko) Chrome/121.0.0.0 Safari/537.36"
94.26.106.114 - - [28/Jan/2026:15:39:32 -0500] "POST /wp-login.php HTTP/1.1" 301 - "http://FLUIDBONDING.COM/wp-login.php" "Mozilla/5.0 (Macintosh; Intel Mac OS X 10_15_7) AppleWebKit/605.1.15 (KHTML, like Gecko) Version/17.0 Safari/605.1.15"
94.26.106.114 - - [28/Jan/2026:15:39:52 -0500] "POST /wp-login.php HTTP/1.1" 301 - "http://FLUIDBONDING.COM/wp-login.php" "Mozilla/5.0 (Windows NT 10.0; Win64; x64) AppleWebKit/537.36 (KHTML, like Gecko) Chrome/121.0.0.0 Safari/537.36"
94.26.106.114 - - [28/Jan/2026:15:40:14 -0500] "POST /wp-login.php HTTP/1.1" 301 - "http://FLUIDBONDING.COM/wp-login.php" "Mozilla/5.0 (Macintosh; Intel Mac OS X 10_15_7) AppleWebKit/537.36 (KHTML, like Gecko) Chrome/118.0.0.0 Safari/537.36"
141.94.194.132 - - [28/Jan/2026:15:40:23 -0500] "GET /index.php/body-fluids/gay-bukkake-tube.html/feed HTTP/1.1" 200 1322 "-" "Mozilla/5.0 (X11; Linux i686) AppleWebKit/537.36 (KHTML, like Gecko) Chrome/30.0.1599.66 Safari/537.36"
94.26.106.114 - - [28/Jan/2026:15:40:29 -0500] "POST /wp-login.php HTTP/1.1" 301 - "http://FLUIDBONDING.COM/wp-login.php" "Mozilla/5.0 (Macintosh; Intel Mac OS X 10_15_7) AppleWebKit/537.36 (KHTML, like Gecko) Chrome/120.0.0.0 Safari/537.36"
94.26.106.114 - - [28/Jan/2026:15:40:47 -0500] "POST /wp-login.php HTTP/1.1" 301 - "http://FLUIDBONDING.COM/wp-login.php" "Mozilla/5.0 (Macintosh; Intel Mac OS X 13_6_1) AppleWebKit/605.1.15 (KHTML, like Gecko) Version/17.0 Safari/605.1.15"
94.26.106.114 - - [28/Jan/2026:15:41:05 -0500] "POST /wp-login.php HTTP/1.1" 301 - "http://FLUIDBONDING.COM/wp-login.php" "Mozilla/5.0 (X11; Linux x86_64) AppleWebKit/537.36 (KHTML, like Gecko) Chrome/120.0.0.0 Safari/537.36"
94.26.106.114 - - [28/Jan/2026:15:41:28 -0500] "POST /wp-login.php HTTP/1.1" 301 - "http://FLUIDBONDING.COM/wp-login.php" "Mozilla/5.0 (Macintosh; Intel Mac OS X 10_15_7) AppleWebKit/605.1.15 (KHTML, like Gecko) Version/17.2 Safari/605.1.15"
94.26.106.114 - - [28/Jan/2026:15:41:40 -0500] "POST /wp-login.php HTTP/1.1" 301 - "http://FLUIDBONDING.COM/wp-login.php" "Mozilla/5.0 (Macintosh; Intel Mac OS X 10_15_7) AppleWebKit/605.1.15 (KHTML, like Gecko) Version/17.2 Safari/605.1.15"
94.26.106.114 - - [28/Jan/2026:15:41:56 -0500] "POST /wp-login.php HTTP/1.1" 301 - "http://FLUIDBONDING.COM/wp-login.php" "Mozilla/5.0 (Macintosh; Intel Mac OS X 13_6_1) AppleWebKit/537.36 (KHTML, like Gecko) Chrome/120.0.0.0 Safari/537.36"
94.26.106.114 - - [28/Jan/2026:15:42:14 -0500] "POST /wp-login.php HTTP/1.1" 301 - "http://FLUIDBONDING.COM/wp-login.php" "Mozilla/5.0 (Macintosh; Intel Mac OS X 10_15_7; rv:120.0) Gecko/20100101 Firefox/120.0"
94.26.106.114 - - [28/Jan/2026:15:42:31 -0500] "POST /wp-login.php HTTP/1.1" 301 - "http://FLUIDBONDING.COM/wp-login.php" "Mozilla/5.0 (Macintosh; Intel Mac OS X 10_15_7) AppleWebKit/537.36 (KHTML, like Gecko) Chrome/119.0.0.0 Safari/537.36"
94.26.106.114 - - [28/Jan/2026:15:42:56 -0500] "POST /wp-login.php HTTP/1.1" 301 - "http://FLUIDBONDING.COM/wp-login.php" "Mozilla/5.0 (Windows NT 11.0; Win64; x64) AppleWebKit/537.36 (KHTML, like Gecko) Chrome/118.0.0.0 Safari/537.36"
94.26.106.114 - - [28/Jan/2026:15:43:14 -0500] "POST /wp-login.php HTTP/1.1" 301 - "http://FLUIDBONDING.COM/wp-login.php" "Mozilla/5.0 (Macintosh; Intel Mac OS X 10_15_7; rv:119.0) Gecko/20100101 Firefox/119.0"
94.26.106.114 - - [28/Jan/2026:15:43:27 -0500] "POST /wp-login.php HTTP/1.1" 301 - "http://FLUIDBONDING.COM/wp-login.php" "Mozilla/5.0 (Macintosh; Intel Mac OS X 10_15_7) AppleWebKit/605.1.15 (KHTML, like Gecko) Version/17.0 Safari/605.1.15"
94.26.106.114 - - [28/Jan/2026:15:43:37 -0500] "POST /wp-login.php HTTP/1.1" 301 - "http://FLUIDBONDING.COM/wp-login.php" "Mozilla/5.0 (Macintosh; Intel Mac OS X 13_6_1; rv:120.0) Gecko/20100101 Firefox/120.0"
94.26.106.114 - - [28/Jan/2026:15:43:51 -0500] "POST /wp-login.php HTTP/1.1" 301 - "http://FLUIDBONDING.COM/wp-login.php" "Mozilla/5.0 (Windows NT 10.0; Win64; x64) AppleWebKit/537.36 (KHTML, like Gecko) Chrome/121.0.0.0 Safari/537.36"
94.26.106.114 - - [28/Jan/2026:15:44:04 -0500] "POST /wp-login.php HTTP/1.1" 301 - "http://FLUIDBONDING.COM/wp-login.php" "Mozilla/5.0 (Macintosh; Intel Mac OS X 13_6_1) AppleWebKit/537.36 (KHTML, like Gecko) Chrome/121.0.0.0 Safari/537.36"
94.26.106.114 - - [28/Jan/2026:15:44:29 -0500] "POST /wp-login.php HTTP/1.1" 301 - "http://FLUIDBONDING.COM/wp-login.php" "Mozilla/5.0 (Macintosh; Intel Mac OS X 13_6_1; rv:121.0) Gecko/20100101 Firefox/121.0"
94.26.106.114 - - [28/Jan/2026:15:44:42 -0500] "POST /wp-login.php HTTP/1.1" 301 - "http://FLUIDBONDING.COM/wp-login.php" "Mozilla/5.0 (Windows NT 11.0; Win64; x64; rv:118.0) Gecko/20100101 Firefox/118.0"
94.26.106.114 - - [28/Jan/2026:15:44:57 -0500] "POST /wp-login.php HTTP/1.1" 301 - "http://FLUIDBONDING.COM/wp-login.php" "Mozilla/5.0 (Macintosh; Intel Mac OS X 10_15_7; rv:119.0) Gecko/20100101 Firefox/119.0"
94.26.106.114 - - [28/Jan/2026:15:45:13 -0500] "POST /wp-login.php HTTP/1.1" 301 - "http://FLUIDBONDING.COM/wp-login.php" "Mozilla/5.0 (Windows NT 10.0; Win64; x64; rv:118.0) Gecko/20100101 Firefox/118.0"
94.26.106.114 - - [28/Jan/2026:15:45:25 -0500] "POST /wp-login.php HTTP/1.1" 301 - "http://FLUIDBONDING.COM/wp-login.php" "Mozilla/5.0 (X11; Ubuntu; Linux x86_64) AppleWebKit/537.36 (KHTML, like Gecko) Chrome/120.0.0.0 Safari/537.36"
94.26.106.114 - - [28/Jan/2026:15:45:34 -0500] "POST /wp-login.php HTTP/1.1" 301 - "http://FLUIDBONDING.COM/wp-login.php" "Mozilla/5.0 (Macintosh; Intel Mac OS X 10_15_7; rv:119.0) Gecko/20100101 Firefox/119.0"
94.26.106.114 - - [28/Jan/2026:15:45:43 -0500] "POST /wp-login.php HTTP/1.1" 301 - "http://FLUIDBONDING.COM/wp-login.php" "Mozilla/5.0 (X11; Linux x86_64) AppleWebKit/537.36 (KHTML, like Gecko) Chrome/119.0.0.0 Safari/537.36"
94.26.106.114 - - [28/Jan/2026:15:45:56 -0500] "POST /wp-login.php HTTP/1.1" 301 - "http://FLUIDBONDING.COM/wp-login.php" "Mozilla/5.0 (Windows NT 10.0; Win64; x64; rv:120.0) Gecko/20100101 Firefox/120.0"
94.26.106.114 - - [28/Jan/2026:15:46:15 -0500] "POST /wp-login.php HTTP/1.1" 301 - "http://FLUIDBONDING.COM/wp-login.php" "Mozilla/5.0 (Macintosh; Intel Mac OS X 13_6_1) AppleWebKit/605.1.15 (KHTML, like Gecko) Version/17.2 Safari/605.1.15"
94.26.106.114 - - [28/Jan/2026:15:46:28 -0500] "POST /wp-login.php HTTP/1.1" 301 - "http://FLUIDBONDING.COM/wp-login.php" "Mozilla/5.0 (Macintosh; Intel Mac OS X 13_6_1) AppleWebKit/605.1.15 (KHTML, like Gecko) Version/17.0 Safari/605.1.15"
94.26.106.114 - - [28/Jan/2026:15:46:41 -0500] "POST /wp-login.php HTTP/1.1" 301 - "http://FLUIDBONDING.COM/wp-login.php" "Mozilla/5.0 (Macintosh; Intel Mac OS X 10_15_7) AppleWebKit/605.1.15 (KHTML, like Gecko) Version/17.0 Safari/605.1.15"
