File: //home/httpd/logs/fluidbonding.com_access_log.4
74.206.190.119 - - [03/Feb/2026:04:49:06 -0500] "POST /wp-cron.php?doing_wp_cron=1770112146.9123809337615966796875 HTTP/1.1" 200 - "-" "WordPress/3.6.1; http://www.fluidbonding.com"
141.94.194.132 - - [03/Feb/2026:04:49:06 -0500] "GET /index.php/tag/barebacked/feed HTTP/1.1" 200 5720 "-" "Mozilla/5.0 (X11; Linux i686) AppleWebKit/537.36 (KHTML, like Gecko) Chrome/30.0.1599.66 Safari/537.36"
141.94.194.132 - - [03/Feb/2026:04:53:54 -0500] "GET /index.php/body-fluids/sperm-swapping-tube.html/feed HTTP/1.1" 200 1307 "-" "Mozilla/5.0 (X11; Linux i686) AppleWebKit/537.36 (KHTML, like Gecko) Chrome/30.0.1599.66 Safari/537.36"
141.94.194.132 - - [03/Feb/2026:04:54:24 -0500] "GET /index.php/body-fluids/red-gay-tube.html/feed HTTP/1.1" 200 1356 "-" "Mozilla/5.0 (X11; Linux i686) AppleWebKit/537.36 (KHTML, like Gecko) Chrome/30.0.1599.66 Safari/537.36"
74.206.190.119 - - [03/Feb/2026:05:25:55 -0500] "POST /wp-cron.php?doing_wp_cron=1770114355.1384260654449462890625 HTTP/1.1" 200 - "-" "WordPress/3.6.1; http://www.fluidbonding.com"
114.119.159.86 - - [03/Feb/2026:05:25:55 -0500] "GET /index.php/body-fluids/sex-tubes-gay.html HTTP/1.1" 200 11846 "http://www.fluidbonding.com/index.php/page/3" "Mozilla/5.0 (Linux; Android 7.0;) AppleWebKit/537.36 (KHTML, like Gecko) Mobile Safari/537.36 (compatible; PetalBot;+https://webmaster.petalsearch.com/site/petalbot)"
114.119.159.64 - - [03/Feb/2026:05:27:19 -0500] "GET /index.php/body-fluids/gay-facial-tube.html HTTP/1.1" 200 12560 "http://www.fluidbonding.com/index.php/category/body-fluids/" "Mozilla/5.0 (Linux; Android 7.0;) AppleWebKit/537.36 (KHTML, like Gecko) Mobile Safari/537.36 (compatible; PetalBot;+https://webmaster.petalsearch.com/site/petalbot)"
45.138.16.192 - - [03/Feb/2026:05:28:50 -0500] "HEAD / HTTP/1.1" 200 - "-" "python-requests/2.32.4"
45.138.16.192 - - [03/Feb/2026:05:28:51 -0500] "GET /wp-admin/ HTTP/1.1" 302 - "-" "Mozilla/5.0 (Linux; Android 14; SM-G998B) AppleWebKit/537.36 (KHTML, like Gecko) Chrome/121.0.0.0 Mobile Safari/537.36"
45.138.16.192 - - [03/Feb/2026:05:28:51 -0500] "GET /wp-login.php?redirect_to=http%3A%2F%2Fwww.fluidbonding.com%2Fwp-admin%2F&reauth=1 HTTP/1.1" 200 2446 "-" "Mozilla/5.0 (Linux; Android 14; SM-G998B) AppleWebKit/537.36 (KHTML, like Gecko) Chrome/121.0.0.0 Mobile Safari/537.36"
45.138.16.192 - - [03/Feb/2026:05:28:51 -0500] "GET /xmlrpc.php HTTP/1.1" 302 280 "-" "Mozilla/5.0 (Windows NT 10.0; Win64; x64) AppleWebKit/537.36 (KHTML, like Gecko) Edge/119.0.2151.97"
49.51.47.100 - - [03/Feb/2026:05:48:32 -0500] "GET / HTTP/1.1" 200 73246 "-" "Mozilla/5.0 (iPhone; CPU iPhone OS 13_2_3 like Mac OS X) AppleWebKit/605.1.15 (KHTML, like Gecko) Version/13.0.3 Mobile/15E148 Safari/604.1"
141.94.194.132 - - [03/Feb/2026:05:52:29 -0500] "GET /index.php/feed HTTP/1.1" 200 14876 "-" "Mozilla/5.0 (X11; Linux i686) AppleWebKit/537.36 (KHTML, like Gecko) Chrome/30.0.1599.66 Safari/537.36"
161.118.251.160 - - [03/Feb/2026:06:10:10 -0500] "HEAD /_ignition/execute-solution HTTP/1.1" 302 - "-" "python-requests/2.32.5"
74.206.190.119 - - [03/Feb/2026:06:10:12 -0500] "POST /wp-cron.php?doing_wp_cron=1770117012.4174098968505859375000 HTTP/1.1" 200 - "-" "WordPress/3.6.1; http://www.fluidbonding.com"
114.119.148.47 - - [03/Feb/2026:06:10:12 -0500] "GET /index.php/body-fluids/hot-body-tube.html HTTP/1.1" 200 11879 "http://www.fluidbonding.com/index.php/category/body-fluids/" "Mozilla/5.0 (Linux; Android 7.0;) AppleWebKit/537.36 (KHTML, like Gecko) Mobile Safari/537.36 (compatible; PetalBot;+https://webmaster.petalsearch.com/site/petalbot)"
141.94.194.132 - - [03/Feb/2026:06:45:24 -0500] "GET /index.php/body-fluids/red-tube-top.html/feed HTTP/1.1" 200 808 "-" "Mozilla/5.0 (X11; Linux i686) AppleWebKit/537.36 (KHTML, like Gecko) Chrome/30.0.1599.66 Safari/537.36"
81.29.142.100 - - [03/Feb/2026:06:46:58 -0500] "GET / HTTP/1.1" 200 73246 "-" "Mozilla/5.0 (Windows NT 10.0; Win64; x64) AppleWebKit/537.36 (KHTML, like Gecko) Chrome/89.0.4389.86 YaBrowser/21.3.0.663 Yowser/2.5 Safari/537.36"
74.206.190.119 - - [03/Feb/2026:07:18:33 -0500] "POST /wp-cron.php?doing_wp_cron=1770121113.6618719100952148437500 HTTP/1.1" 200 - "-" "WordPress/3.6.1; http://www.fluidbonding.com"
114.119.148.233 - - [03/Feb/2026:07:18:33 -0500] "GET / HTTP/1.1" 200 73246 "http://www.fluidbonding.com/index.php/body-fluids/sexy-body-tube.html" "Mozilla/5.0 (Linux; Android 7.0;) AppleWebKit/537.36 (KHTML, like Gecko) Mobile Safari/537.36 (compatible; PetalBot;+https://webmaster.petalsearch.com/site/petalbot)"
43.153.62.161 - - [03/Feb/2026:07:22:02 -0500] "GET / HTTP/1.1" 301 - "-" "Mozilla/5.0 (iPhone; CPU iPhone OS 13_2_3 like Mac OS X) AppleWebKit/605.1.15 (KHTML, like Gecko) Version/13.0.3 Mobile/15E148 Safari/604.1"
43.153.62.161 - - [03/Feb/2026:07:22:03 -0500] "GET / HTTP/1.1" 200 73246 "http://fluidbonding.com" "Mozilla/5.0 (iPhone; CPU iPhone OS 13_2_3 like Mac OS X) AppleWebKit/605.1.15 (KHTML, like Gecko) Version/13.0.3 Mobile/15E148 Safari/604.1"
193.183.64.238 - - [03/Feb/2026:07:40:43 -0500] "GET / HTTP/1.1" 301 - "-" "Mozilla/5.0 (Macintosh; Intel Mac OS X 10_15_7) AppleWebKit/605.1.15 (KHTML, like Gecko) Version/17.3.1 Safari/605.1.1"
185.116.241.164 - - [03/Feb/2026:07:40:44 -0500] "GET / HTTP/1.1" 200 73246 "http://fluidbonding.com/" "Mozilla/5.0 (Macintosh; Intel Mac OS X 10_15_7) AppleWebKit/605.1.15 (KHTML, like Gecko) Version/17.3.1 Safari/605.1.1"
193.183.109.102 - - [03/Feb/2026:07:40:45 -0500] "GET /index.php/body-fluids/gay-bukkake-porntube.html HTTP/1.1" 200 11777 "-" "Mozilla/5.0 (Macintosh; Intel Mac OS X 10_15_7) AppleWebKit/605.1.15 (KHTML, like Gecko) Version/17.3.1 Safari/605.1.1"
46.246.68.146 - - [03/Feb/2026:07:40:46 -0500] "GET /index.php/body-fluids/free-gay-sex-movies.html HTTP/1.1" 200 11935 "-" "Mozilla/5.0 (Macintosh; Intel Mac OS X 10_15_7) AppleWebKit/605.1.15 (KHTML, like Gecko) Version/17.3.1 Safari/605.1.1"
185.143.5.228 - - [03/Feb/2026:07:40:47 -0500] "GET /index.php/body-fluids/red-tube-gay-porn.html HTTP/1.1" 200 11941 "-" "Mozilla/5.0 (Macintosh; Intel Mac OS X 10_15_7) AppleWebKit/605.1.15 (KHTML, like Gecko) Version/17.3.1 Safari/605.1.1"
141.94.194.132 - - [03/Feb/2026:07:56:26 -0500] "GET /index.php/body-fluids/red-gay-tube.html/feed HTTP/1.1" 200 1356 "-" "Mozilla/5.0 (X11; Linux i686) AppleWebKit/537.36 (KHTML, like Gecko) Chrome/30.0.1599.66 Safari/537.36"
20.255.100.208 - - [03/Feb/2026:08:00:30 -0500] "GET /wp-content/plugins/hellopress/wp_filemanager.php HTTP/1.1" 302 276 "-" "-"
20.255.100.208 - - [03/Feb/2026:08:00:41 -0500] "GET /bk.php HTTP/1.1" 302 276 "-" "-"
74.206.190.119 - - [03/Feb/2026:08:14:56 -0500] "POST /wp-cron.php?doing_wp_cron=1770124496.1987979412078857421875 HTTP/1.1" 200 - "-" "WordPress/3.6.1; http://www.fluidbonding.com"
141.94.194.132 - - [03/Feb/2026:08:14:56 -0500] "GET /index.php/body-fluids/sperm-swapping-tube.html/feed HTTP/1.1" 200 1307 "-" "Mozilla/5.0 (X11; Linux i686) AppleWebKit/537.36 (KHTML, like Gecko) Chrome/30.0.1599.66 Safari/537.36"
45.138.16.221 - - [03/Feb/2026:08:52:58 -0500] "GET /ss.php?f_c=1 HTTP/1.1" 302 276 "-" "Mozilla/5.0 (Linux; Android 7.0; SM-G892A Build/NRD90M; wv) AppleWebKit/537.36 (KHTML, like Gecko) Version/4.0 Chrome/60.0.3112.107 Mobile Safari/537.36"
74.206.190.119 - - [03/Feb/2026:09:10:30 -0500] "POST /wp-cron.php?doing_wp_cron=1770127830.2449140548706054687500 HTTP/1.1" 200 - "-" "WordPress/3.6.1; http://www.fluidbonding.com"
141.94.194.132 - - [03/Feb/2026:09:10:30 -0500] "GET /index.php/feed HTTP/1.1" 200 14876 "-" "Mozilla/5.0 (X11; Linux i686) AppleWebKit/537.36 (KHTML, like Gecko) Chrome/30.0.1599.66 Safari/537.36"
114.119.148.47 - - [03/Feb/2026:09:37:42 -0500] "GET /index.php/body-fluids/men-porno-tube.html HTTP/1.1" 200 11905 "http://www.fluidbonding.com/index.php/page/2" "Mozilla/5.0 (Linux; Android 7.0;) AppleWebKit/537.36 (KHTML, like Gecko) Mobile Safari/537.36 (compatible; PetalBot;+https://webmaster.petalsearch.com/site/petalbot)"
196.207.222.219 - - [03/Feb/2026:09:51:44 -0500] "GET /index.php/category/body-fluids/page/2 HTTP/1.1" 200 73391 "-" "Mozilla/5.0 (X11; U; FreeBSD x86_64; en-US) AppleWebKit/534.16 (KHTML, like Gecko) Chrome/10.0.648.204 Safari/534.16"
74.206.190.119 - - [03/Feb/2026:10:15:56 -0500] "POST /wp-cron.php?doing_wp_cron=1770131756.7168951034545898437500 HTTP/1.1" 200 - "-" "WordPress/3.6.1; http://www.fluidbonding.com"
141.94.194.132 - - [03/Feb/2026:10:15:56 -0500] "GET /index.php/body-fluids/gay-sex-videos.html/feed HTTP/1.1" 200 3206 "-" "Mozilla/5.0 (X11; Linux i686) AppleWebKit/537.36 (KHTML, like Gecko) Chrome/30.0.1599.66 Safari/537.36"
221.229.106.25 - - [03/Feb/2026:10:42:31 -0500] "GET / HTTP/1.1" 301 - "-" "Mozilla/5.0 (iPhone; CPU iPhone OS 13_2_3 like Mac OS X) AppleWebKit/605.1.15 (KHTML, like Gecko) Version/13.0.3 Mobile/15E148 Safari/604.1"
74.206.190.119 - - [03/Feb/2026:11:12:55 -0500] "POST /wp-cron.php?doing_wp_cron=1770135175.6829929351806640625000 HTTP/1.1" 200 - "-" "WordPress/3.6.1; http://www.fluidbonding.com"
141.94.194.132 - - [03/Feb/2026:11:12:55 -0500] "GET /index.php/uncategorized/gay-anal-sex.html/feed HTTP/1.1" 200 812 "-" "Mozilla/5.0 (X11; Linux i686) AppleWebKit/537.36 (KHTML, like Gecko) Chrome/30.0.1599.66 Safari/537.36"
141.94.194.132 - - [03/Feb/2026:11:16:56 -0500] "GET /index.php/body-fluids/sperm-swapping-tube.html/feed HTTP/1.1" 200 1307 "-" "Mozilla/5.0 (X11; Linux i686) AppleWebKit/537.36 (KHTML, like Gecko) Chrome/30.0.1599.66 Safari/537.36"
141.94.194.132 - - [03/Feb/2026:11:18:26 -0500] "GET /index.php/body-fluids/red-gay-tube.html/feed HTTP/1.1" 200 1356 "-" "Mozilla/5.0 (X11; Linux i686) AppleWebKit/537.36 (KHTML, like Gecko) Chrome/30.0.1599.66 Safari/537.36"
114.119.148.47 - - [03/Feb/2026:11:20:33 -0500] "GET /index.php/body-fluids/cum-shot-tube.html HTTP/1.1" 200 11854 "http://www.fluidbonding.com/index.php/page/2" "Mozilla/5.0 (Linux; Android 7.0;) AppleWebKit/537.36 (KHTML, like Gecko) Mobile Safari/537.36 (compatible; PetalBot;+https://webmaster.petalsearch.com/site/petalbot)"
141.94.194.132 - - [03/Feb/2026:11:32:31 -0500] "GET /index.php/uncategorized/gay-video-tube.html/feed HTTP/1.1" 200 818 "-" "Mozilla/5.0 (X11; Linux i686) AppleWebKit/537.36 (KHTML, like Gecko) Chrome/30.0.1599.66 Safari/537.36"
43.159.128.155 - - [03/Feb/2026:11:51:14 -0500] "GET / HTTP/1.1" 200 73246 "-" "Mozilla/5.0 (iPhone; CPU iPhone OS 13_2_3 like Mac OS X) AppleWebKit/605.1.15 (KHTML, like Gecko) Version/13.0.3 Mobile/15E148 Safari/604.1"
141.94.194.132 - - [03/Feb/2026:11:59:01 -0500] "GET /index.php/body-fluids/sex-tubes-gay.html/feed HTTP/1.1" 200 811 "-" "Mozilla/5.0 (X11; Linux i686) AppleWebKit/537.36 (KHTML, like Gecko) Chrome/30.0.1599.66 Safari/537.36"
141.94.194.132 - - [03/Feb/2026:12:03:31 -0500] "GET /index.php/feed HTTP/1.1" 200 14876 "-" "Mozilla/5.0 (X11; Linux i686) AppleWebKit/537.36 (KHTML, like Gecko) Chrome/30.0.1599.66 Safari/537.36"
74.206.190.119 - - [03/Feb/2026:12:07:12 -0500] "POST /wp-cron.php?doing_wp_cron=1770138432.5652439594268798828125 HTTP/1.1" 200 - "-" "WordPress/3.6.1; http://www.fluidbonding.com"
114.119.148.47 - - [03/Feb/2026:12:07:12 -0500] "GET /index.php/page/2 HTTP/1.1" 200 72944 "http://www.fluidbonding.com/index.php/page/4" "Mozilla/5.0 (Linux; Android 7.0;) AppleWebKit/537.36 (KHTML, like Gecko) Mobile Safari/537.36 (compatible; PetalBot;+https://webmaster.petalsearch.com/site/petalbot)"
141.94.194.132 - - [03/Feb/2026:12:25:58 -0500] "GET /index.php/body-fluids/gay-facial-cum.html/feed HTTP/1.1" 200 2156 "-" "Mozilla/5.0 (X11; Linux i686) AppleWebKit/537.36 (KHTML, like Gecko) Chrome/30.0.1599.66 Safari/537.36"
34.11.212.230 - - [03/Feb/2026:12:31:20 -0500] "HEAD / HTTP/1.1" 301 - "-" "Mozilla/5.0 (Windows NT 10.0; Win64; x64) AppleWebKit/537.36 (KHTML, like Gecko) Chrome/127.0.6534.42 Safari/537.36"
34.11.212.230 - - [03/Feb/2026:12:31:20 -0500] "HEAD / HTTP/1.1" 200 - "http://fluidbonding.com/" "Mozilla/5.0 (Windows NT 10.0; Win64; x64) AppleWebKit/537.36 (KHTML, like Gecko) Chrome/127.0.6534.42 Safari/537.36"
34.11.212.230 - - [03/Feb/2026:12:31:21 -0500] "HEAD /new/ HTTP/1.1" 302 - "-" "Mozilla/5.0 (Linux; Android 13; Infinix X688B) AppleWebKit/537.36 (KHTML, like Gecko) Chrome/124.0.6367.48 Mobile Safari/537.36"
34.11.212.230 - - [03/Feb/2026:12:31:21 -0500] "HEAD /old/ HTTP/1.1" 302 - "-" "Mozilla/5.0 (Windows NT 10.0; WOW64) AppleWebKit/537.36 (KHTML, like Gecko) Chrome/118.0.5993.90 Safari/537.36"
34.11.212.230 - - [03/Feb/2026:12:31:21 -0500] "HEAD /blog/ HTTP/1.1" 302 - "-" "Mozilla/5.0 (Linux; Android 14; OnePlus 12) AppleWebKit/537.36 (KHTML, like Gecko) Chrome/125.0.6422.102 Mobile Safari/537.36"
34.11.212.230 - - [03/Feb/2026:12:31:21 -0500] "HEAD /wp/ HTTP/1.1" 302 - "-" "Mozilla/5.0 (Windows NT 11.0; Win64; x64) AppleWebKit/537.36 (KHTML, like Gecko) Chrome/128.0.6540.18 Safari/537.36"
34.11.212.230 - - [03/Feb/2026:12:31:21 -0500] "HEAD /wordpress/ HTTP/1.1" 302 - "-" "Mozilla/5.0 (Linux; Android 12; Redmi Note 11) AppleWebKit/537.36 (KHTML, like Gecko) Chrome/123.0.6312.112 Mobile Safari/537.36"
34.11.212.230 - - [03/Feb/2026:12:31:21 -0500] "HEAD /backup/ HTTP/1.1" 302 - "-" "Mozilla/5.0 (Linux; Android 10; vivo 1904) AppleWebKit/537.36 (KHTML, like Gecko) Chrome/117.0.5938.60 Mobile Safari/537.36"
159.65.24.22 - - [03/Feb/2026:13:29:14 -0500] "GET / HTTP/1.1" 301 - "-" "Mozilla/5.0 (Windows NT 10.0; Win64; x64) AppleWebKit/537.36 (KHTML, like Gecko) Chrome/124.0.0.0 Safari/537.36"
74.206.190.119 - - [03/Feb/2026:13:29:15 -0500] "POST /wp-cron.php?doing_wp_cron=1770143355.2011499404907226562500 HTTP/1.1" 200 - "-" "WordPress/3.6.1; http://www.fluidbonding.com"
159.65.24.22 - - [03/Feb/2026:13:29:15 -0500] "GET / HTTP/1.1" 200 73246 "-" "Mozilla/5.0 (Windows NT 10.0; Win64; x64) AppleWebKit/537.36 (KHTML, like Gecko) Chrome/124.0.0.0 Safari/537.36"
159.65.24.22 - - [03/Feb/2026:13:29:16 -0500] "GET /index.php/body-fluids/bareback-gaysex.html HTTP/1.1" 200 12098 "-" "Mozilla/5.0 (Windows NT 10.0; Win64; x64) AppleWebKit/537.36 (KHTML, like Gecko) Chrome/124.0.0.0 Safari/537.36"
159.65.24.22 - - [03/Feb/2026:13:29:17 -0500] "GET /index.php/category/body-fluids HTTP/1.1" 200 73658 "-" "Mozilla/5.0 (Windows NT 10.0; Win64; x64) AppleWebKit/537.36 (KHTML, like Gecko) Chrome/124.0.0.0 Safari/537.36"
159.65.24.22 - - [03/Feb/2026:13:29:18 -0500] "GET /index.php/body-fluids/gay-bukkake-porntube.html HTTP/1.1" 200 11777 "-" "Mozilla/5.0 (Windows NT 10.0; Win64; x64) AppleWebKit/537.36 (KHTML, like Gecko) Chrome/124.0.0.0 Safari/537.36"
159.65.24.22 - - [03/Feb/2026:13:29:19 -0500] "GET /index.php/category/uncategorized HTTP/1.1" 200 14348 "-" "Mozilla/5.0 (Windows NT 10.0; Win64; x64) AppleWebKit/537.36 (KHTML, like Gecko) Chrome/124.0.0.0 Safari/537.36"
159.65.24.22 - - [03/Feb/2026:13:29:20 -0500] "GET /index.php/body-fluids/red-tube-gay-porn.html HTTP/1.1" 200 11941 "-" "Mozilla/5.0 (Windows NT 10.0; Win64; x64) AppleWebKit/537.36 (KHTML, like Gecko) Chrome/124.0.0.0 Safari/537.36"
159.65.24.22 - - [03/Feb/2026:13:29:21 -0500] "GET /index.php/body-fluids/gay-facial-cum.html HTTP/1.1" 200 13007 "-" "Mozilla/5.0 (Windows NT 10.0; Win64; x64) AppleWebKit/537.36 (KHTML, like Gecko) Chrome/124.0.0.0 Safari/537.36"
141.94.194.132 - - [03/Feb/2026:13:30:04 -0500] "GET /index.php/body-fluids/gay-bukkake-porntube.html/feed HTTP/1.1" 200 832 "-" "Mozilla/5.0 (X11; Linux i686) AppleWebKit/537.36 (KHTML, like Gecko) Chrome/30.0.1599.66 Safari/537.36"
43.130.67.33 - - [03/Feb/2026:13:35:02 -0500] "GET / HTTP/1.1" 301 - "-" "Mozilla/5.0 (iPhone; CPU iPhone OS 13_2_3 like Mac OS X) AppleWebKit/605.1.15 (KHTML, like Gecko) Version/13.0.3 Mobile/15E148 Safari/604.1"
43.130.67.33 - - [03/Feb/2026:13:35:03 -0500] "GET / HTTP/1.1" 200 73246 "http://fluidbonding.com" "Mozilla/5.0 (iPhone; CPU iPhone OS 13_2_3 like Mac OS X) AppleWebKit/605.1.15 (KHTML, like Gecko) Version/13.0.3 Mobile/15E148 Safari/604.1"
141.94.194.132 - - [03/Feb/2026:13:57:26 -0500] "GET /index.php/body-fluids/red-gay-tube.html/feed HTTP/1.1" 200 1356 "-" "Mozilla/5.0 (X11; Linux i686) AppleWebKit/537.36 (KHTML, like Gecko) Chrome/30.0.1599.66 Safari/537.36"
74.206.190.119 - - [03/Feb/2026:14:16:58 -0500] "POST /wp-cron.php?doing_wp_cron=1770146218.2387299537658691406250 HTTP/1.1" 200 - "-" "WordPress/3.6.1; http://www.fluidbonding.com"
141.94.194.132 - - [03/Feb/2026:14:16:58 -0500] "GET /index.php/body-fluids/sperm-swapping-tube.html/feed HTTP/1.1" 200 1307 "-" "Mozilla/5.0 (X11; Linux i686) AppleWebKit/537.36 (KHTML, like Gecko) Chrome/30.0.1599.66 Safari/537.36"
141.94.194.132 - - [03/Feb/2026:14:51:32 -0500] "GET /index.php/feed HTTP/1.1" 200 14876 "-" "Mozilla/5.0 (X11; Linux i686) AppleWebKit/537.36 (KHTML, like Gecko) Chrome/30.0.1599.66 Safari/537.36"
141.94.194.132 - - [03/Feb/2026:15:00:49 -0500] "GET /index.php/body-fluids/tube-red-gay.html/feed HTTP/1.1" 200 1750 "-" "Mozilla/5.0 (X11; Linux i686) AppleWebKit/537.36 (KHTML, like Gecko) Chrome/30.0.1599.66 Safari/537.36"
74.206.190.119 - - [03/Feb/2026:15:44:15 -0500] "POST /wp-cron.php?doing_wp_cron=1770151455.5261440277099609375000 HTTP/1.1" 200 - "-" "WordPress/3.6.1; http://www.fluidbonding.com"
47.128.41.37 - - [03/Feb/2026:15:44:15 -0500] "GET / HTTP/1.1" 200 73246 "-" "Mozilla/5.0 (Linux; Android 5.0) AppleWebKit/537.36 (KHTML, like Gecko) Mobile Safari/537.36 (compatible; Bytespider; spider-feedback@bytedance.com)"
47.128.58.143 - - [03/Feb/2026:15:44:21 -0500] "GET /robots.txt HTTP/1.1" 200 29 "-" "Mozilla/5.0 (Linux; Android 5.0) AppleWebKit/537.36 (KHTML, like Gecko) Mobile Safari/537.36 (compatible; Bytespider; spider-feedback@bytedance.com)"
47.128.111.108 - - [03/Feb/2026:15:44:43 -0500] "GET / HTTP/1.1" 200 73246 "-" "Mozilla/5.0 (Linux; Android 5.0) AppleWebKit/537.36 (KHTML, like Gecko) Mobile Safari/537.36 (compatible; TikTokSpider; ttspider-feedback@tiktok.com)"
47.128.121.102 - - [03/Feb/2026:15:44:48 -0500] "GET /robots.txt HTTP/1.1" 200 29 "-" "-"
40.77.167.187 - - [03/Feb/2026:15:56:20 -0500] "GET /robots.txt HTTP/1.1" 200 29 "-" "Mozilla/5.0 AppleWebKit/537.36 (KHTML, like Gecko; compatible; bingbot/2.0; +http://www.bing.com/bingbot.htm) Chrome/116.0.1938.76 Safari/537.36"
40.77.167.71 - - [03/Feb/2026:15:56:24 -0500] "GET /index.php/page/2?s=0 HTTP/1.1" 200 72969 "-" "Mozilla/5.0 AppleWebKit/537.36 (KHTML, like Gecko; compatible; bingbot/2.0; +http://www.bing.com/bingbot.htm) Chrome/116.0.1938.76 Safari/537.36"
74.206.190.119 - - [03/Feb/2026:16:40:33 -0500] "POST /wp-cron.php?doing_wp_cron=1770154833.7816610336303710937500 HTTP/1.1" 200 - "-" "WordPress/3.6.1; http://www.fluidbonding.com"
141.94.194.132 - - [03/Feb/2026:16:40:27 -0500] "GET /index.php/body-fluids/red-gay-tube.html/feed HTTP/1.1" 200 1356 "-" "Mozilla/5.0 (X11; Linux i686) AppleWebKit/537.36 (KHTML, like Gecko) Chrome/30.0.1599.66 Safari/537.36"
141.94.194.132 - - [03/Feb/2026:16:49:57 -0500] "GET /index.php/tag/fluid-tube/feed HTTP/1.1" 200 2411 "-" "Mozilla/5.0 (X11; Linux i686) AppleWebKit/537.36 (KHTML, like Gecko) Chrome/30.0.1599.66 Safari/537.36"
141.94.194.132 - - [03/Feb/2026:16:59:58 -0500] "GET /index.php/body-fluids/sperm-swapping-tube.html/feed HTTP/1.1" 200 1307 "-" "Mozilla/5.0 (X11; Linux i686) AppleWebKit/537.36 (KHTML, like Gecko) Chrome/30.0.1599.66 Safari/537.36"
74.206.190.119 - - [03/Feb/2026:17:21:15 -0500] "POST /wp-cron.php?doing_wp_cron=1770157275.0811209678649902343750 HTTP/1.1" 200 - "-" "WordPress/3.6.1; http://www.fluidbonding.com"
141.94.194.132 - - [03/Feb/2026:17:21:13 -0500] "GET /index.php/tag/raw-papi/feed HTTP/1.1" 200 2515 "-" "Mozilla/5.0 (X11; Linux i686) AppleWebKit/537.36 (KHTML, like Gecko) Chrome/30.0.1599.66 Safari/537.36"
74.206.190.119 - - [03/Feb/2026:18:12:34 -0500] "POST /wp-cron.php?doing_wp_cron=1770160354.0437390804290771484375 HTTP/1.1" 200 - "-" "WordPress/3.6.1; http://www.fluidbonding.com"
141.94.194.132 - - [03/Feb/2026:18:12:33 -0500] "GET /index.php/feed HTTP/1.1" 200 14876 "-" "Mozilla/5.0 (X11; Linux i686) AppleWebKit/537.36 (KHTML, like Gecko) Chrome/30.0.1599.66 Safari/537.36"
20.123.115.147 - - [03/Feb/2026:18:15:56 -0500] "GET /index.php/feed HTTP/1.1" 200 14876 "-" "Mozilla/5.0 (Macintosh; Intel Mac OS X 10.15; rv:92.0) Gecko/20100101 Firefox/92.0"
170.106.147.63 - - [03/Feb/2026:18:22:11 -0500] "GET / HTTP/1.1" 200 73246 "-" "Mozilla/5.0 (iPhone; CPU iPhone OS 13_2_3 like Mac OS X) AppleWebKit/605.1.15 (KHTML, like Gecko) Version/13.0.3 Mobile/15E148 Safari/604.1"
114.119.159.86 - - [03/Feb/2026:18:31:49 -0500] "GET /index.php/body-fluids/gaytube-porn.html HTTP/1.1" 200 11817 "http://www.fluidbonding.com/index.php/page/2" "Mozilla/5.0 (Linux; Android 7.0;) AppleWebKit/537.36 (KHTML, like Gecko) Mobile Safari/537.36 (compatible; PetalBot;+https://webmaster.petalsearch.com/site/petalbot)"
141.94.194.132 - - [03/Feb/2026:18:38:13 -0500] "GET /index.php/body-fluids/cum-bath.html/feed HTTP/1.1" 200 796 "-" "Mozilla/5.0 (X11; Linux i686) AppleWebKit/537.36 (KHTML, like Gecko) Chrome/30.0.1599.66 Safari/537.36"
141.94.194.132 - - [03/Feb/2026:18:48:47 -0500] "GET /index.php/body-fluids/gay-facial-tube.html/feed HTTP/1.1" 200 1496 "-" "Mozilla/5.0 (X11; Linux i686) AppleWebKit/537.36 (KHTML, like Gecko) Chrome/30.0.1599.66 Safari/537.36"
74.206.190.119 - - [03/Feb/2026:19:18:36 -0500] "POST /wp-cron.php?doing_wp_cron=1770164315.9970850944519042968750 HTTP/1.1" 200 - "-" "WordPress/3.6.1; http://www.fluidbonding.com"
141.94.194.132 - - [03/Feb/2026:19:18:35 -0500] "GET /index.php/body-fluids/red-gay-tube.html/feed HTTP/1.1" 200 1356 "-" "Mozilla/5.0 (X11; Linux i686) AppleWebKit/537.36 (KHTML, like Gecko) Chrome/30.0.1599.66 Safari/537.36"
101.32.208.70 - - [03/Feb/2026:20:03:23 -0500] "GET / HTTP/1.1" 301 - "-" "Mozilla/5.0 (iPhone; CPU iPhone OS 13_2_3 like Mac OS X) AppleWebKit/605.1.15 (KHTML, like Gecko) Version/13.0.3 Mobile/15E148 Safari/604.1"
101.32.208.70 - - [03/Feb/2026:20:03:25 -0500] "GET / HTTP/1.1" 200 73246 "http://fluidbonding.com" "Mozilla/5.0 (iPhone; CPU iPhone OS 13_2_3 like Mac OS X) AppleWebKit/605.1.15 (KHTML, like Gecko) Version/13.0.3 Mobile/15E148 Safari/604.1"
74.206.190.119 - - [03/Feb/2026:20:38:30 -0500] "POST /wp-cron.php?doing_wp_cron=1770169110.3061931133270263671875 HTTP/1.1" 200 - "-" "WordPress/3.6.1; http://www.fluidbonding.com"
103.134.217.194 - - [03/Feb/2026:20:38:30 -0500] "GET /index.php/category/body-fluids/page/3 HTTP/1.1" 200 72908 "-" "Mozilla/5.0 (Windows NT 5.1) AppleWebKit/535.1 (KHTML, like Gecko) Chrome/14.0.809.0 Safari/535.1"
74.206.190.119 - - [03/Feb/2026:21:17:47 -0500] "POST /wp-cron.php?doing_wp_cron=1770171467.8582348823547363281250 HTTP/1.1" 200 - "-" "WordPress/3.6.1; http://www.fluidbonding.com"
141.94.194.132 - - [03/Feb/2026:21:17:47 -0500] "GET /index.php/body-fluids/gay-bukkake-tube.html/feed HTTP/1.1" 200 1322 "-" "Mozilla/5.0 (X11; Linux i686) AppleWebKit/537.36 (KHTML, like Gecko) Chrome/30.0.1599.66 Safari/537.36"
141.94.194.132 - - [03/Feb/2026:21:35:34 -0500] "GET /index.php/feed HTTP/1.1" 200 14876 "-" "Mozilla/5.0 (X11; Linux i686) AppleWebKit/537.36 (KHTML, like Gecko) Chrome/30.0.1599.66 Safari/537.36"
47.128.36.35 - - [03/Feb/2026:21:40:20 -0500] "GET /robots.txt HTTP/1.1" 200 29 "-" "Mozilla/5.0 (Linux; Android 5.0) AppleWebKit/537.36 (KHTML, like Gecko) Mobile Safari/537.36 (compatible; Bytespider; spider-feedback@bytedance.com)"
141.94.194.132 - - [03/Feb/2026:21:50:36 -0500] "GET /index.php/body-fluids/red-gay-tube.html/feed HTTP/1.1" 200 1356 "-" "Mozilla/5.0 (X11; Linux i686) AppleWebKit/537.36 (KHTML, like Gecko) Chrome/30.0.1599.66 Safari/537.36"
23.129.64.154 - - [03/Feb/2026:21:56:14 -0500] "GET / HTTP/1.1" 301 - "-" "Mozilla/5.0 (Macintosh; Intel Mac OS X 12_5) AppleWebKit/537.36 (KHTML, like Gecko) Chrome/114.0.0.0 Safari/537.36"
42.83.147.54 - - [03/Feb/2026:22:40:15 -0500] "GET / HTTP/1.1" 301 - "-" "Mozilla/5.0 (Windows NT 6.1; Win64; x64) AppleWebKit/537.36 (KHTML, like Gecko)Chrome/74.0.3729.169 Safari/537.36"
74.206.190.119 - - [03/Feb/2026:22:40:19 -0500] "POST /wp-cron.php?doing_wp_cron=1770176419.7269530296325683593750 HTTP/1.1" 200 - "-" "WordPress/3.6.1; http://www.fluidbonding.com"
42.83.147.54 - - [03/Feb/2026:22:40:19 -0500] "GET / HTTP/1.1" 200 73246 "-" "Mozilla/5.0 (Windows NT 6.1; Win64; x64) AppleWebKit/537.36 (KHTML, like Gecko)Chrome/74.0.3729.169 Safari/537.36"
74.206.190.119 - - [03/Feb/2026:23:20:03 -0500] "POST /wp-cron.php?doing_wp_cron=1770178803.7777268886566162109375 HTTP/1.1" 200 - "-" "WordPress/3.6.1; http://www.fluidbonding.com"
141.94.194.132 - - [03/Feb/2026:23:20:02 -0500] "GET /index.php/body-fluids/ass-sex-tube.html/feed HTTP/1.1" 200 808 "-" "Mozilla/5.0 (X11; Linux i686) AppleWebKit/537.36 (KHTML, like Gecko) Chrome/30.0.1599.66 Safari/537.36"
120.71.59.24 - - [03/Feb/2026:23:56:35 -0500] "GET / HTTP/1.1" 301 - "-" "Mozilla/5.0 (iPhone; CPU iPhone OS 13_2_3 like Mac OS X) AppleWebKit/605.1.15 (KHTML, like Gecko) Version/13.0.3 Mobile/15E148 Safari/604.1"
120.71.59.24 - - [03/Feb/2026:23:56:37 -0500] "GET / HTTP/1.1" 200 73246 "http://fluidbonding.com" "Mozilla/5.0 (iPhone; CPU iPhone OS 13_2_3 like Mac OS X) AppleWebKit/605.1.15 (KHTML, like Gecko) Version/13.0.3 Mobile/15E148 Safari/604.1"
74.206.190.119 - - [04/Feb/2026:00:18:35 -0500] "POST /wp-cron.php?doing_wp_cron=1770182315.6524999141693115234375 HTTP/1.1" 200 - "-" "WordPress/3.6.1; http://www.fluidbonding.com"
141.94.194.132 - - [04/Feb/2026:00:18:35 -0500] "GET /index.php/feed HTTP/1.1" 200 14876 "-" "Mozilla/5.0 (X11; Linux i686) AppleWebKit/537.36 (KHTML, like Gecko) Chrome/30.0.1599.66 Safari/537.36"
43.156.109.53 - - [04/Feb/2026:00:40:08 -0500] "GET / HTTP/1.1" 200 73246 "-" "Mozilla/5.0 (iPhone; CPU iPhone OS 13_2_3 like Mac OS X) AppleWebKit/605.1.15 (KHTML, like Gecko) Version/13.0.3 Mobile/15E148 Safari/604.1"
74.206.190.119 - - [04/Feb/2026:01:09:37 -0500] "POST /wp-cron.php?doing_wp_cron=1770185377.6206750869750976562500 HTTP/1.1" 200 - "-" "WordPress/3.6.1; http://www.fluidbonding.com"
141.94.194.132 - - [04/Feb/2026:01:09:37 -0500] "GET /index.php/body-fluids/red-gay-tube.html/feed HTTP/1.1" 200 1356 "-" "Mozilla/5.0 (X11; Linux i686) AppleWebKit/537.36 (KHTML, like Gecko) Chrome/30.0.1599.66 Safari/537.36"
141.94.194.132 - - [04/Feb/2026:01:23:43 -0500] "GET /index.php/category/uncategorized/feed HTTP/1.1" 200 4192 "-" "Mozilla/5.0 (X11; Linux i686) AppleWebKit/537.36 (KHTML, like Gecko) Chrome/30.0.1599.66 Safari/537.36"
51.68.111.216 - - [04/Feb/2026:01:58:16 -0500] "GET /robots.txt HTTP/1.1" 302 276 "-" "Mozilla/5.0 (compatible; MJ12bot/v2.0.4; http://mj12bot.com/)"
51.68.111.216 - - [04/Feb/2026:01:58:16 -0500] "GET / HTTP/1.1" 302 276 "-" "Mozilla/5.0 (compatible; MJ12bot/v2.0.4; http://mj12bot.com/)"
43.153.102.138 - - [04/Feb/2026:02:09:07 -0500] "GET / HTTP/1.1" 301 - "-" "Mozilla/5.0 (iPhone; CPU iPhone OS 13_2_3 like Mac OS X) AppleWebKit/605.1.15 (KHTML, like Gecko) Version/13.0.3 Mobile/15E148 Safari/604.1"
74.206.190.119 - - [04/Feb/2026:02:09:09 -0500] "POST /wp-cron.php?doing_wp_cron=1770188949.0700109004974365234375 HTTP/1.1" 200 - "-" "WordPress/3.6.1; http://www.fluidbonding.com"
43.153.102.138 - - [04/Feb/2026:02:09:08 -0500] "GET / HTTP/1.1" 200 73246 "http://fluidbonding.com" "Mozilla/5.0 (iPhone; CPU iPhone OS 13_2_3 like Mac OS X) AppleWebKit/605.1.15 (KHTML, like Gecko) Version/13.0.3 Mobile/15E148 Safari/604.1"
192.159.99.169 - - [04/Feb/2026:02:42:17 -0500] "GET / HTTP/1.1" 301 - "-" "-"
192.159.99.169 - - [04/Feb/2026:02:42:19 -0500] "GET / HTTP/1.1" 200 73246 "-" "-"
192.159.99.169 - - [04/Feb/2026:02:42:26 -0500] "GET /wp-admin/install.php HTTP/1.1" 200 831 "-" "-"
192.159.99.169 - - [04/Feb/2026:02:42:28 -0500] "GET /wp-admin/setup-config.php HTTP/1.1" 500 4274 "-" "-"
115.45.43.81 - - [04/Feb/2026:02:52:51 -0500] "GET /robots.txt HTTP/1.1" 200 29 "-" "Mozilla/5.0 (Windows NT 10.0; WOW64) AppleWebKit/537.36 (KHTML, like Gecko) Chrome/84.0.3061.105 Safari/537.36 QIHU 360EE"
74.206.190.119 - - [04/Feb/2026:03:12:19 -0500] "POST /wp-cron.php?doing_wp_cron=1770192739.5385510921478271484375 HTTP/1.1" 200 - "-" "WordPress/3.6.1; http://www.fluidbonding.com"
114.119.159.86 - - [04/Feb/2026:03:12:19 -0500] "GET /index.php/body-fluids/bareback-gay-tube.html HTTP/1.1" 200 11839 "http://www.fluidbonding.com/index.php/page/3" "Mozilla/5.0 (Linux; Android 7.0;) AppleWebKit/537.36 (KHTML, like Gecko) Mobile Safari/537.36 (compatible; PetalBot;+https://webmaster.petalsearch.com/site/petalbot)"
141.94.194.132 - - [04/Feb/2026:03:12:36 -0500] "GET /index.php/feed HTTP/1.1" 200 14876 "-" "Mozilla/5.0 (X11; Linux i686) AppleWebKit/537.36 (KHTML, like Gecko) Chrome/30.0.1599.66 Safari/537.36"