File: //home/httpd/logs/fluidbonding.com_access_log.2
74.206.190.119 - - [01/Feb/2026:04:17:53 -0500] "POST /wp-cron.php?doing_wp_cron=1769937473.1035609245300292968750 HTTP/1.1" 200 - "-" "WordPress/3.6.1; http://www.fluidbonding.com"
141.94.194.132 - - [01/Feb/2026:04:17:52 -0500] "GET /index.php/body-fluids/gay-facial-cum.html/feed HTTP/1.1" 200 2156 "-" "Mozilla/5.0 (X11; Linux i686) AppleWebKit/537.36 (KHTML, like Gecko) Chrome/30.0.1599.66 Safari/537.36"
27.46.125.85 - - [01/Feb/2026:04:19:11 -0500] "GET /robots.txt HTTP/1.1" 200 29 "-" "Mozilla/5.0 (Windows NT 10.0; Win64; x64) AppleWebKit/537.36 (KHTML, like Gecko) Chrome/56.0.4486.39 Safari/537.36"
101.32.52.164 - - [01/Feb/2026:04:51:32 -0500] "GET / HTTP/1.1" 301 - "-" "Mozilla/5.0 (iPhone; CPU iPhone OS 13_2_3 like Mac OS X) AppleWebKit/605.1.15 (KHTML, like Gecko) Version/13.0.3 Mobile/15E148 Safari/604.1"
101.32.52.164 - - [01/Feb/2026:04:51:33 -0500] "GET / HTTP/1.1" 200 73246 "http://fluidbonding.com" "Mozilla/5.0 (iPhone; CPU iPhone OS 13_2_3 like Mac OS X) AppleWebKit/605.1.15 (KHTML, like Gecko) Version/13.0.3 Mobile/15E148 Safari/604.1"
113.188.96.2 - - [01/Feb/2026:05:03:16 -0500] "GET /index.php/category/uncategorized HTTP/1.1" 200 14348 "-" "Mozilla/5.0 (X11; U; Linux x86_64; en-US) AppleWebKit/532.2 (KHTML, like Gecko) Chrome/4.0.222.4 Safari/532.2"
74.206.190.119 - - [01/Feb/2026:05:04:46 -0500] "POST /wp-cron.php?doing_wp_cron=1769940286.7448360919952392578125 HTTP/1.1" 200 - "-" "WordPress/3.6.1; http://www.fluidbonding.com"
141.94.194.132 - - [01/Feb/2026:05:04:46 -0500] "GET /index.php/body-fluids/gay-blue-tube.html/feed HTTP/1.1" 200 1403 "-" "Mozilla/5.0 (X11; Linux i686) AppleWebKit/537.36 (KHTML, like Gecko) Chrome/30.0.1599.66 Safari/537.36"
111.225.149.94 - - [01/Feb/2026:05:46:17 -0500] "GET / HTTP/1.1" 200 73246 "-" "Mozilla/5.0 (Linux; Android 5.0) AppleWebKit/537.36 (KHTML, like Gecko) Mobile Safari/537.36 (compatible; Bytespider; https://zhanzhang.toutiao.com/)"
74.206.190.119 - - [01/Feb/2026:06:07:09 -0500] "POST /wp-cron.php?doing_wp_cron=1769944029.5938370227813720703125 HTTP/1.1" 200 - "-" "WordPress/3.6.1; http://www.fluidbonding.com"
4.210.23.181 - - [01/Feb/2026:06:07:09 -0500] "GET /index.php/feed HTTP/1.1" 200 14876 "-" "Mozilla/5.0 (Macintosh; Intel Mac OS X 10.15; rv:92.0) Gecko/20100101 Firefox/92.0"
141.94.194.132 - - [01/Feb/2026:06:25:15 -0500] "GET /index.php/body-fluids/sperm-swapping-tube.html/feed HTTP/1.1" 200 1307 "-" "Mozilla/5.0 (X11; Linux i686) AppleWebKit/537.36 (KHTML, like Gecko) Chrome/30.0.1599.66 Safari/537.36"
141.94.194.132 - - [01/Feb/2026:06:27:27 -0500] "GET /index.php/category/uncategorized/feed HTTP/1.1" 200 4192 "-" "Mozilla/5.0 (X11; Linux i686) AppleWebKit/537.36 (KHTML, like Gecko) Chrome/30.0.1599.66 Safari/537.36"
74.206.190.119 - - [01/Feb/2026:07:43:53 -0500] "POST /wp-cron.php?doing_wp_cron=1769949833.4991910457611083984375 HTTP/1.1" 200 - "-" "WordPress/3.6.1; http://www.fluidbonding.com"
141.94.194.132 - - [01/Feb/2026:07:43:53 -0500] "GET /index.php/body-fluids/gay-facial-cum.html/feed HTTP/1.1" 200 2156 "-" "Mozilla/5.0 (X11; Linux i686) AppleWebKit/537.36 (KHTML, like Gecko) Chrome/30.0.1599.66 Safari/537.36"
74.206.190.119 - - [01/Feb/2026:08:05:47 -0500] "POST /wp-cron.php?doing_wp_cron=1769951147.7850790023803710937500 HTTP/1.1" 200 - "-" "WordPress/3.6.1; http://www.fluidbonding.com"
141.94.194.132 - - [01/Feb/2026:08:05:47 -0500] "GET /index.php/body-fluids/gay-blue-tube.html/feed HTTP/1.1" 200 1403 "-" "Mozilla/5.0 (X11; Linux i686) AppleWebKit/537.36 (KHTML, like Gecko) Chrome/30.0.1599.66 Safari/537.36"
195.178.110.108 - - [01/Feb/2026:08:14:49 -0500] "GET /.git/config HTTP/1.1" 302 276 "-" "Mozilla/5.0 (Windows NT 10.0; rv:91.0) Gecko/20100101 Firefox/91.0"
195.178.110.108 - - [01/Feb/2026:08:14:50 -0500] "GET / HTTP/1.1" 301 - "-" "-"
204.10.194.20 - - [01/Feb/2026:08:16:35 -0500] "GET /admin.php?520 HTTP/1.1" 302 276 "-" "Mozlila/5.0 (Linux; Android 7.0; SM-G892A Bulid/NRD90M; wv) AppleWebKit/537.36 (KHTML, like Gecko) Version/4.0 Chrome/60.0.3112.107 Moblie Safari/537.36"
204.10.194.20 - - [01/Feb/2026:08:16:39 -0500] "GET /about.php?520 HTTP/1.1" 302 276 "-" "Mozlila/5.0 (Linux; Android 7.0; SM-G892A Bulid/NRD90M; wv) AppleWebKit/537.36 (KHTML, like Gecko) Version/4.0 Chrome/60.0.3112.107 Moblie Safari/537.36"
47.128.58.191 - - [01/Feb/2026:09:12:09 -0500] "GET /robots.txt HTTP/1.1" 200 29 "-" "Mozilla/5.0 (Linux; Android 5.0) AppleWebKit/537.36 (KHTML, like Gecko) Mobile Safari/537.36 (compatible; Bytespider; spider-feedback@bytedance.com)"
74.206.190.119 - - [01/Feb/2026:09:17:17 -0500] "POST /wp-cron.php?doing_wp_cron=1769955437.1747529506683349609375 HTTP/1.1" 200 - "-" "WordPress/3.6.1; http://www.fluidbonding.com"
141.94.194.132 - - [01/Feb/2026:09:17:17 -0500] "GET /index.php/body-fluids/sperm-swapping-tube.html/feed HTTP/1.1" 200 1307 "-" "Mozilla/5.0 (X11; Linux i686) AppleWebKit/537.36 (KHTML, like Gecko) Chrome/30.0.1599.66 Safari/537.36"
141.94.194.132 - - [01/Feb/2026:09:30:28 -0500] "GET /index.php/category/uncategorized/feed HTTP/1.1" 200 4192 "-" "Mozilla/5.0 (X11; Linux i686) AppleWebKit/537.36 (KHTML, like Gecko) Chrome/30.0.1599.66 Safari/537.36"
104.28.214.115 - - [01/Feb/2026:09:31:11 -0500] "GET /style.php HTTP/1.1" 302 276 "-" "Go-http-client/1.1"
104.28.214.115 - - [01/Feb/2026:09:31:14 -0500] "GET /wp-content/style.php HTTP/1.1" 302 276 "-" "Go-http-client/1.1"
104.28.214.115 - - [01/Feb/2026:09:31:15 -0500] "GET /wp-content/themes/style.php HTTP/1.1" 302 276 "-" "Go-http-client/1.1"
104.28.214.115 - - [01/Feb/2026:09:31:15 -0500] "GET /wp-admin/style.php HTTP/1.1" 302 276 "-" "Go-http-client/1.1"
104.28.214.115 - - [01/Feb/2026:09:31:15 -0500] "GET /wp-includes/style.php HTTP/1.1" 302 276 "-" "Go-http-client/1.1"
104.28.214.115 - - [01/Feb/2026:09:31:15 -0500] "GET /chosen.php?p= HTTP/1.1" 302 276 "-" "Go-http-client/1.1"
104.28.214.115 - - [01/Feb/2026:09:31:15 -0500] "GET /file.php HTTP/1.1" 302 276 "-" "Go-http-client/1.1"
104.28.214.115 - - [01/Feb/2026:09:31:16 -0500] "GET /flower.php HTTP/1.1" 302 276 "-" "Go-http-client/1.1"
104.28.214.115 - - [01/Feb/2026:09:31:16 -0500] "GET /gifclass.php HTTP/1.1" 302 276 "-" "Go-http-client/1.1"
104.28.214.115 - - [01/Feb/2026:09:31:16 -0500] "GET /bless.php HTTP/1.1" 302 276 "-" "Go-http-client/1.1"
104.28.214.115 - - [01/Feb/2026:09:31:16 -0500] "GET /class-t.api.php HTTP/1.1" 302 276 "-" "Go-http-client/1.1"
104.28.214.115 - - [01/Feb/2026:09:31:16 -0500] "GET /blurbs.php HTTP/1.1" 302 276 "-" "Go-http-client/1.1"
104.28.214.115 - - [01/Feb/2026:09:31:16 -0500] "GET /akcc.php HTTP/1.1" 302 276 "-" "Go-http-client/1.1"
104.28.214.115 - - [01/Feb/2026:09:31:16 -0500] "GET /abcd.php HTTP/1.1" 302 276 "-" "Go-http-client/1.1"
104.28.214.115 - - [01/Feb/2026:09:31:16 -0500] "GET /shelp.php HTTP/1.1" 302 276 "-" "Go-http-client/1.1"
104.28.214.115 - - [01/Feb/2026:09:31:17 -0500] "GET /cord.php HTTP/1.1" 302 276 "-" "Go-http-client/1.1"
104.28.214.115 - - [01/Feb/2026:09:31:17 -0500] "GET /dex.php HTTP/1.1" 302 276 "-" "Go-http-client/1.1"
104.28.214.115 - - [01/Feb/2026:09:31:17 -0500] "GET /wp-admin/admin-ajax.php HTTP/1.1" 301 - "-" "Go-http-client/1.1"
104.28.214.115 - - [01/Feb/2026:09:31:24 -0500] "GET /wp-admin/admin-ajax.php HTTP/1.1" 200 1 "http://fluidbonding.com/wp-admin/admin-ajax.php" "Go-http-client/1.1"
141.94.194.132 - - [01/Feb/2026:09:31:40 -0500] "GET /index.php/body-fluids/hot-body-tube.html/feed HTTP/1.1" 200 811 "-" "Mozilla/5.0 (X11; Linux i686) AppleWebKit/537.36 (KHTML, like Gecko) Chrome/30.0.1599.66 Safari/537.36"
43.159.140.236 - - [01/Feb/2026:09:37:23 -0500] "GET / HTTP/1.1" 200 73246 "-" "Mozilla/5.0 (iPhone; CPU iPhone OS 13_2_3 like Mac OS X) AppleWebKit/605.1.15 (KHTML, like Gecko) Version/13.0.3 Mobile/15E148 Safari/604.1"
35.240.140.110 - - [01/Feb/2026:09:47:12 -0500] "GET /index.php/tag/barebacked HTTP/1.1" 200 17929 "-" "Mozilla/5.0 (Macintosh; U; PPC Mac OS X; en) AppleWebKit/125.5.6 (KHTML, like Gecko) Safari/125.12"
74.206.190.119 - - [01/Feb/2026:10:21:43 -0500] "POST /wp-cron.php?doing_wp_cron=1769959303.1154780387878417968750 HTTP/1.1" 200 - "-" "WordPress/3.6.1; http://www.fluidbonding.com"
159.65.236.44 - - [01/Feb/2026:10:21:42 -0500] "GET / HTTP/1.1" 200 73246 "-" "Mozilla/5.0 (X11; Linux x86_64) AppleWebKit/537.36 (KHTML, like Gecko) Chrome/142.0.0.0 Safari/537.36"
141.94.194.132 - - [01/Feb/2026:10:28:11 -0500] "GET /index.php/body-fluids/gay-sex-tubes.html/feed HTTP/1.1" 200 1285 "-" "Mozilla/5.0 (X11; Linux i686) AppleWebKit/537.36 (KHTML, like Gecko) Chrome/30.0.1599.66 Safari/537.36"
141.94.194.132 - - [01/Feb/2026:10:36:54 -0500] "GET /index.php/body-fluids/gay-facial-cum.html/feed HTTP/1.1" 200 2156 "-" "Mozilla/5.0 (X11; Linux i686) AppleWebKit/537.36 (KHTML, like Gecko) Chrome/30.0.1599.66 Safari/537.36"
122.51.236.174 - - [01/Feb/2026:10:40:29 -0500] "GET / HTTP/1.1" 200 73246 "-" "Mozilla/5.0 (iPhone; CPU iPhone OS 13_2_3 like Mac OS X) AppleWebKit/605.1.15 (KHTML, like Gecko) Version/13.0.3 Mobile/15E148 Safari/604.1"
43.153.104.196 - - [01/Feb/2026:11:11:53 -0500] "GET / HTTP/1.1" 301 - "-" "Mozilla/5.0 (iPhone; CPU iPhone OS 13_2_3 like Mac OS X) AppleWebKit/605.1.15 (KHTML, like Gecko) Version/13.0.3 Mobile/15E148 Safari/604.1"
74.206.190.119 - - [01/Feb/2026:11:11:55 -0500] "POST /wp-cron.php?doing_wp_cron=1769962315.1467509269714355468750 HTTP/1.1" 200 - "-" "WordPress/3.6.1; http://www.fluidbonding.com"
43.153.104.196 - - [01/Feb/2026:11:11:55 -0500] "GET / HTTP/1.1" 200 73246 "http://fluidbonding.com" "Mozilla/5.0 (iPhone; CPU iPhone OS 13_2_3 like Mac OS X) AppleWebKit/605.1.15 (KHTML, like Gecko) Version/13.0.3 Mobile/15E148 Safari/604.1"
141.94.194.132 - - [01/Feb/2026:11:27:24 -0500] "GET /index.php/body-fluids/cumshot-tube-2.html/feed HTTP/1.1" 200 812 "-" "Mozilla/5.0 (X11; Linux i686) AppleWebKit/537.36 (KHTML, like Gecko) Chrome/30.0.1599.66 Safari/537.36"
141.94.194.132 - - [01/Feb/2026:11:33:48 -0500] "GET /index.php/body-fluids/gay-blue-tube.html/feed HTTP/1.1" 200 1403 "-" "Mozilla/5.0 (X11; Linux i686) AppleWebKit/537.36 (KHTML, like Gecko) Chrome/30.0.1599.66 Safari/537.36"
141.94.194.132 - - [01/Feb/2026:12:01:07 -0500] "GET /index.php/body-fluids/red-gay-tube.html/feed HTTP/1.1" 200 1356 "-" "Mozilla/5.0 (X11; Linux i686) AppleWebKit/537.36 (KHTML, like Gecko) Chrome/30.0.1599.66 Safari/537.36"
74.206.190.119 - - [01/Feb/2026:12:07:19 -0500] "POST /wp-cron.php?doing_wp_cron=1769965638.9987900257110595703125 HTTP/1.1" 200 - "-" "WordPress/3.6.1; http://www.fluidbonding.com"
141.94.194.132 - - [01/Feb/2026:12:07:18 -0500] "GET /index.php/body-fluids/sperm-swapping-tube.html/feed HTTP/1.1" 200 1307 "-" "Mozilla/5.0 (X11; Linux i686) AppleWebKit/537.36 (KHTML, like Gecko) Chrome/30.0.1599.66 Safari/537.36"
141.94.194.132 - - [01/Feb/2026:12:37:29 -0500] "GET /index.php/category/uncategorized/feed HTTP/1.1" 200 4192 "-" "Mozilla/5.0 (X11; Linux i686) AppleWebKit/537.36 (KHTML, like Gecko) Chrome/30.0.1599.66 Safari/537.36"
74.206.190.119 - - [01/Feb/2026:13:18:18 -0500] "POST /wp-cron.php?doing_wp_cron=1769969898.1148359775543212890625 HTTP/1.1" 200 - "-" "WordPress/3.6.1; http://www.fluidbonding.com"
141.94.194.132 - - [01/Feb/2026:13:18:18 -0500] "GET /index.php/feed HTTP/1.1" 200 14876 "-" "Mozilla/5.0 (X11; Linux i686) AppleWebKit/537.36 (KHTML, like Gecko) Chrome/30.0.1599.66 Safari/537.36"
141.94.194.132 - - [01/Feb/2026:13:32:55 -0500] "GET /index.php/body-fluids/gay-facial-cum.html/feed HTTP/1.1" 200 2156 "-" "Mozilla/5.0 (X11; Linux i686) AppleWebKit/537.36 (KHTML, like Gecko) Chrome/30.0.1599.66 Safari/537.36"
34.83.157.219 - - [01/Feb/2026:13:40:31 -0500] "HEAD /new/ HTTP/1.1" 302 - "-" "Mozilla/5.0 (Macintosh; Intel Mac OS X 14_5) AppleWebKit/605.1.15 (KHTML, like Gecko) Version/17.5 Safari/605.1.15"
34.83.157.219 - - [01/Feb/2026:13:40:32 -0500] "HEAD /old/ HTTP/1.1" 302 - "-" "Mozilla/5.0 (X11; Fedora; Linux x86_64; rv:125.0) Gecko/20100101 Firefox/125.0"
34.83.157.219 - - [01/Feb/2026:13:40:32 -0500] "HEAD /blog/ HTTP/1.1" 302 - "-" "Mozilla/5.0 (Linux; Android 13; Infinix X688B) AppleWebKit/537.36 (KHTML, like Gecko) Chrome/124.0.6367.48 Mobile Safari/537.36"
34.83.157.219 - - [01/Feb/2026:13:40:32 -0500] "HEAD /backup/ HTTP/1.1" 302 - "-" "Mozilla/5.0 (Linux; Android 12; TECNO CK6n) AppleWebKit/537.36 (KHTML, like Gecko) Chrome/125.0.6422.50 Mobile Safari/537.36"
34.83.157.219 - - [01/Feb/2026:13:40:32 -0500] "HEAD /wordpress/ HTTP/1.1" 302 - "-" "Mozilla/5.0 (Linux; Android 13; Pixel 7a) AppleWebKit/537.36 (KHTML, like Gecko) Chrome/124.0.6367.82 Mobile Safari/537.36"
34.83.157.219 - - [01/Feb/2026:13:40:32 -0500] "HEAD /wp/ HTTP/1.1" 302 - "-" "Mozilla/5.0 (Macintosh; Intel Mac OS X 13_5) AppleWebKit/605.1.15 (KHTML, like Gecko) Version/16.5 Safari/605.1.15"
34.83.157.219 - - [01/Feb/2026:13:40:32 -0500] "HEAD / HTTP/1.1" 301 - "-" "Mozilla/5.0 (Linux; Android 12; TECNO CK6n) AppleWebKit/537.36 (KHTML, like Gecko) Chrome/125.0.6422.50 Mobile Safari/537.36"
34.83.157.219 - - [01/Feb/2026:13:40:33 -0500] "HEAD / HTTP/1.1" 200 - "http://fluidbonding.com/" "Mozilla/5.0 (Linux; Android 12; TECNO CK6n) AppleWebKit/537.36 (KHTML, like Gecko) Chrome/125.0.6422.50 Mobile Safari/537.36"
114.119.139.61 - - [01/Feb/2026:13:54:04 -0500] "GET /robots.txt HTTP/1.1" 200 29 "-" "Mozilla/5.0 (compatible;PetalBot;+https://webmaster.petalsearch.com/site/petalbot)"
74.206.190.119 - - [01/Feb/2026:14:49:49 -0500] "POST /wp-cron.php?doing_wp_cron=1769975389.9356420040130615234375 HTTP/1.1" 200 - "-" "WordPress/3.6.1; http://www.fluidbonding.com"
141.94.194.132 - - [01/Feb/2026:14:49:49 -0500] "GET /index.php/body-fluids/gay-blue-tube.html/feed HTTP/1.1" 200 1403 "-" "Mozilla/5.0 (X11; Linux i686) AppleWebKit/537.36 (KHTML, like Gecko) Chrome/30.0.1599.66 Safari/537.36"
141.94.194.132 - - [01/Feb/2026:14:56:43 -0500] "GET /index.php/body-fluids/sperm-swapping-tube.html/feed HTTP/1.1" 200 1307 "-" "Mozilla/5.0 (X11; Linux i686) AppleWebKit/537.36 (KHTML, like Gecko) Chrome/30.0.1599.66 Safari/537.36"
104.46.229.159 - - [01/Feb/2026:15:04:12 -0500] "GET /wp-content/plugins/hellopress/wp_filemanager.php HTTP/1.1" 302 276 "-" "-"
104.46.229.159 - - [01/Feb/2026:15:04:13 -0500] "GET /rip.php HTTP/1.1" 302 276 "-" "-"
74.206.190.119 - - [01/Feb/2026:15:10:08 -0500] "POST /wp-cron.php?doing_wp_cron=1769976608.2183370590209960937500 HTTP/1.1" 200 - "-" "WordPress/3.6.1; http://www.fluidbonding.com"
141.94.194.132 - - [01/Feb/2026:15:10:08 -0500] "GET /index.php/body-fluids/red-gay-tube.html/feed HTTP/1.1" 200 1356 "-" "Mozilla/5.0 (X11; Linux i686) AppleWebKit/537.36 (KHTML, like Gecko) Chrome/30.0.1599.66 Safari/537.36"
47.128.56.178 - - [01/Feb/2026:15:48:28 -0500] "GET / HTTP/1.1" 200 73246 "-" "Mozilla/5.0 (Linux; Android 5.0) AppleWebKit/537.36 (KHTML, like Gecko) Mobile Safari/537.36 (compatible; Bytespider; spider-feedback@bytedance.com)"
47.128.121.167 - - [01/Feb/2026:15:49:06 -0500] "GET / HTTP/1.1" 200 73246 "-" "Mozilla/5.0 (Linux; Android 5.0) AppleWebKit/537.36 (KHTML, like Gecko) Mobile Safari/537.36 (compatible; TikTokSpider; ttspider-feedback@tiktok.com)"
47.128.16.158 - - [01/Feb/2026:15:50:43 -0500] "GET /robots.txt HTTP/1.1" 200 29 "-" "-"
141.94.194.132 - - [01/Feb/2026:15:55:28 -0500] "GET /index.php/category/uncategorized/feed HTTP/1.1" 200 4192 "-" "Mozilla/5.0 (X11; Linux i686) AppleWebKit/537.36 (KHTML, like Gecko) Chrome/30.0.1599.66 Safari/537.36"
74.206.190.119 - - [01/Feb/2026:16:12:49 -0500] "POST /wp-cron.php?doing_wp_cron=1769980369.8235759735107421875000 HTTP/1.1" 200 - "-" "WordPress/3.6.1; http://www.fluidbonding.com"
43.130.174.37 - - [01/Feb/2026:16:12:49 -0500] "GET / HTTP/1.1" 200 73246 "-" "Mozilla/5.0 (iPhone; CPU iPhone OS 13_2_3 like Mac OS X) AppleWebKit/605.1.15 (KHTML, like Gecko) Version/13.0.3 Mobile/15E148 Safari/604.1"
141.94.194.132 - - [01/Feb/2026:16:18:17 -0500] "GET /index.php/feed HTTP/1.1" 200 14876 "-" "Mozilla/5.0 (X11; Linux i686) AppleWebKit/537.36 (KHTML, like Gecko) Chrome/30.0.1599.66 Safari/537.36"
141.94.194.132 - - [01/Feb/2026:16:33:56 -0500] "GET /index.php/body-fluids/gay-facial-cum.html/feed HTTP/1.1" 200 2156 "-" "Mozilla/5.0 (X11; Linux i686) AppleWebKit/537.36 (KHTML, like Gecko) Chrome/30.0.1599.66 Safari/537.36"
207.46.13.127 - - [01/Feb/2026:16:40:46 -0500] "GET /index.php/page/4 HTTP/1.1" 200 64990 "-" "Mozilla/5.0 AppleWebKit/537.36 (KHTML, like Gecko; compatible; bingbot/2.0; +http://www.bing.com/bingbot.htm) Chrome/116.0.1938.76 Safari/537.36"
43.157.168.43 - - [01/Feb/2026:17:48:26 -0500] "GET / HTTP/1.1" 301 - "-" "Mozilla/5.0 (iPhone; CPU iPhone OS 13_2_3 like Mac OS X) AppleWebKit/605.1.15 (KHTML, like Gecko) Version/13.0.3 Mobile/15E148 Safari/604.1"
74.206.190.119 - - [01/Feb/2026:17:48:27 -0500] "POST /wp-cron.php?doing_wp_cron=1769986107.3091559410095214843750 HTTP/1.1" 200 - "-" "WordPress/3.6.1; http://www.fluidbonding.com"
43.157.168.43 - - [01/Feb/2026:17:48:27 -0500] "GET / HTTP/1.1" 200 73246 "http://fluidbonding.com" "Mozilla/5.0 (iPhone; CPU iPhone OS 13_2_3 like Mac OS X) AppleWebKit/605.1.15 (KHTML, like Gecko) Version/13.0.3 Mobile/15E148 Safari/604.1"
141.94.194.132 - - [01/Feb/2026:17:53:44 -0500] "GET /index.php/body-fluids/sperm-swapping-tube.html/feed HTTP/1.1" 200 1307 "-" "Mozilla/5.0 (X11; Linux i686) AppleWebKit/537.36 (KHTML, like Gecko) Chrome/30.0.1599.66 Safari/537.36"
141.94.194.132 - - [01/Feb/2026:17:58:08 -0500] "GET /index.php/body-fluids/red-gay-tube.html/feed HTTP/1.1" 200 1356 "-" "Mozilla/5.0 (X11; Linux i686) AppleWebKit/537.36 (KHTML, like Gecko) Chrome/30.0.1599.66 Safari/537.36"
74.206.190.119 - - [01/Feb/2026:18:22:06 -0500] "POST /wp-cron.php?doing_wp_cron=1769988126.1408131122589111328125 HTTP/1.1" 200 - "-" "WordPress/3.6.1; http://www.fluidbonding.com"
141.94.194.132 - - [01/Feb/2026:18:22:06 -0500] "GET /index.php/tag/barebacked/feed HTTP/1.1" 200 5720 "-" "Mozilla/5.0 (X11; Linux i686) AppleWebKit/537.36 (KHTML, like Gecko) Chrome/30.0.1599.66 Safari/537.36"
104.168.98.195 - - [01/Feb/2026:18:22:34 -0500] "GET / HTTP/1.1" 301 - "-" "Mozilla/5.0 (Macintosh; Intel Mac OS X 15_7_3) AppleWebKit/605.1.15 (KHTML, like Gecko) Version/26.0 Safari/605.1.15"
79.127.254.133 - - [01/Feb/2026:18:28:19 -0500] "GET / HTTP/1.1" 301 - "-" "Mozilla/5.0 (Macintosh; Intel Mac OS X 10_15_7) AppleWebKit/537.36 (KHTML, like Gecko) Chrome/120.0.0.0 Safari/537.36"
202.76.182.199 - - [01/Feb/2026:18:36:02 -0500] "GET /index.php/category/body-fluids/page/7 HTTP/1.1" 404 5989 "-" "Mozilla/5.0 (X11; U; Linux x86_64; en-US) AppleWebKit/534.1 (KHTML, like Gecko) Chrome/6.0.427.0 Safari/534.1"
141.94.194.132 - - [01/Feb/2026:18:36:29 -0500] "GET /index.php/category/uncategorized/feed HTTP/1.1" 200 4192 "-" "Mozilla/5.0 (X11; Linux i686) AppleWebKit/537.36 (KHTML, like Gecko) Chrome/30.0.1599.66 Safari/537.36"
74.206.190.119 - - [01/Feb/2026:19:25:57 -0500] "POST /wp-cron.php?doing_wp_cron=1769991957.7874720096588134765625 HTTP/1.1" 200 - "-" "WordPress/3.6.1; http://www.fluidbonding.com"
141.94.194.132 - - [01/Feb/2026:19:25:57 -0500] "GET /index.php/body-fluids/gay-facial-cum.html/feed HTTP/1.1" 200 2156 "-" "Mozilla/5.0 (X11; Linux i686) AppleWebKit/537.36 (KHTML, like Gecko) Chrome/30.0.1599.66 Safari/537.36"
141.94.194.132 - - [01/Feb/2026:19:37:18 -0500] "GET /index.php/feed HTTP/1.1" 200 14876 "-" "Mozilla/5.0 (X11; Linux i686) AppleWebKit/537.36 (KHTML, like Gecko) Chrome/30.0.1599.66 Safari/537.36"
74.206.190.119 - - [01/Feb/2026:20:32:45 -0500] "POST /wp-cron.php?doing_wp_cron=1769995965.5430629253387451171875 HTTP/1.1" 200 - "-" "WordPress/3.6.1; http://www.fluidbonding.com"
141.94.194.132 - - [01/Feb/2026:20:32:45 -0500] "GET /index.php/body-fluids/sperm-swapping-tube.html/feed HTTP/1.1" 200 1307 "-" "Mozilla/5.0 (X11; Linux i686) AppleWebKit/537.36 (KHTML, like Gecko) Chrome/30.0.1599.66 Safari/537.36"
141.94.194.132 - - [01/Feb/2026:20:33:08 -0500] "GET /index.php/body-fluids/red-gay-tube.html/feed HTTP/1.1" 200 1356 "-" "Mozilla/5.0 (X11; Linux i686) AppleWebKit/537.36 (KHTML, like Gecko) Chrome/30.0.1599.66 Safari/537.36"
74.206.190.119 - - [01/Feb/2026:21:02:43 -0500] "POST /wp-cron.php?doing_wp_cron=1769997762.9942049980163574218750 HTTP/1.1" 200 - "-" "WordPress/3.6.1; http://www.fluidbonding.com"
20.123.115.147 - - [01/Feb/2026:21:02:42 -0500] "GET /index.php/feed HTTP/1.1" 200 14876 "-" "Mozilla/5.0 (Macintosh; Intel Mac OS X 10.15; rv:92.0) Gecko/20100101 Firefox/92.0"
74.206.190.119 - - [01/Feb/2026:21:19:56 -0500] "POST /wp-cron.php?doing_wp_cron=1769998796.0074479579925537109375 HTTP/1.1" 200 - "-" "WordPress/3.6.1; http://www.fluidbonding.com"
141.94.194.132 - - [01/Feb/2026:21:19:55 -0500] "GET /index.php/body-fluids/gay-sex-videos.html/feed HTTP/1.1" 200 3206 "-" "Mozilla/5.0 (X11; Linux i686) AppleWebKit/537.36 (KHTML, like Gecko) Chrome/30.0.1599.66 Safari/537.36"
141.94.194.132 - - [01/Feb/2026:21:57:30 -0500] "GET /index.php/category/uncategorized/feed HTTP/1.1" 200 4192 "-" "Mozilla/5.0 (X11; Linux i686) AppleWebKit/537.36 (KHTML, like Gecko) Chrome/30.0.1599.66 Safari/537.36"
74.206.190.119 - - [01/Feb/2026:22:17:50 -0500] "POST /wp-cron.php?doing_wp_cron=1770002270.0652248859405517578125 HTTP/1.1" 200 - "-" "WordPress/3.6.1; http://www.fluidbonding.com"
207.46.13.153 - - [01/Feb/2026:22:17:49 -0500] "GET /index.php/body-fluids/gaytube-porn.html HTTP/1.1" 200 11817 "-" "Mozilla/5.0 AppleWebKit/537.36 (KHTML, like Gecko; compatible; bingbot/2.0; +http://www.bing.com/bingbot.htm) Chrome/116.0.1938.76 Safari/537.36"
141.94.194.132 - - [01/Feb/2026:22:22:58 -0500] "GET /index.php/body-fluids/gay-facial-cum.html/feed HTTP/1.1" 200 2156 "-" "Mozilla/5.0 (X11; Linux i686) AppleWebKit/537.36 (KHTML, like Gecko) Chrome/30.0.1599.66 Safari/537.36"
141.94.194.132 - - [01/Feb/2026:22:26:19 -0500] "GET /index.php/feed HTTP/1.1" 200 14876 "-" "Mozilla/5.0 (X11; Linux i686) AppleWebKit/537.36 (KHTML, like Gecko) Chrome/30.0.1599.66 Safari/537.36"
43.130.102.7 - - [01/Feb/2026:22:42:37 -0500] "GET / HTTP/1.1" 200 73246 "-" "Mozilla/5.0 (iPhone; CPU iPhone OS 13_2_3 like Mac OS X) AppleWebKit/605.1.15 (KHTML, like Gecko) Version/13.0.3 Mobile/15E148 Safari/604.1"
47.128.47.73 - - [01/Feb/2026:22:47:21 -0500] "GET /robots.txt HTTP/1.1" 200 29 "-" "Mozilla/5.0 (Linux; Android 5.0) AppleWebKit/537.36 (KHTML, like Gecko) Mobile Safari/537.36 (compatible; Bytespider; spider-feedback@bytedance.com)"
74.206.190.119 - - [01/Feb/2026:23:25:23 -0500] "POST /wp-cron.php?doing_wp_cron=1770006323.5918619632720947265625 HTTP/1.1" 200 - "-" "WordPress/3.6.1; http://www.fluidbonding.com"
141.94.194.132 - - [01/Feb/2026:23:25:23 -0500] "GET /index.php/body-fluids/you-tube-gays.html/feed HTTP/1.1" 200 811 "-" "Mozilla/5.0 (X11; Linux i686) AppleWebKit/537.36 (KHTML, like Gecko) Chrome/30.0.1599.66 Safari/537.36"
141.94.194.132 - - [01/Feb/2026:23:51:46 -0500] "GET /index.php/body-fluids/sperm-swapping-tube.html/feed HTTP/1.1" 200 1307 "-" "Mozilla/5.0 (X11; Linux i686) AppleWebKit/537.36 (KHTML, like Gecko) Chrome/30.0.1599.66 Safari/537.36"
66.249.65.160 - - [01/Feb/2026:23:56:53 -0500] "GET /robots.txt HTTP/1.1" 200 29 "-" "Mozilla/5.0 (compatible; Googlebot/2.1; +http://www.google.com/bot.html)"
141.94.194.132 - - [02/Feb/2026:00:01:09 -0500] "GET /index.php/body-fluids/red-gay-tube.html/feed HTTP/1.1" 200 1356 "-" "Mozilla/5.0 (X11; Linux i686) AppleWebKit/537.36 (KHTML, like Gecko) Chrome/30.0.1599.66 Safari/537.36"
74.206.190.119 - - [02/Feb/2026:00:14:53 -0500] "POST /wp-cron.php?doing_wp_cron=1770009293.3874540328979492187500 HTTP/1.1" 200 - "-" "WordPress/3.6.1; http://www.fluidbonding.com"
207.46.13.127 - - [02/Feb/2026:00:14:53 -0500] "GET /index.php/body-fluids/red-gay-tube.html HTTP/1.1" 200 12525 "-" "Mozilla/5.0 AppleWebKit/537.36 (KHTML, like Gecko; compatible; bingbot/2.0; +http://www.bing.com/bingbot.htm) Chrome/116.0.1938.76 Safari/537.36"
49.51.166.228 - - [02/Feb/2026:00:15:33 -0500] "GET / HTTP/1.1" 301 - "-" "Mozilla/5.0 (iPhone; CPU iPhone OS 13_2_3 like Mac OS X) AppleWebKit/605.1.15 (KHTML, like Gecko) Version/13.0.3 Mobile/15E148 Safari/604.1"
49.51.166.228 - - [02/Feb/2026:00:15:34 -0500] "GET / HTTP/1.1" 200 73246 "http://fluidbonding.com" "Mozilla/5.0 (iPhone; CPU iPhone OS 13_2_3 like Mac OS X) AppleWebKit/605.1.15 (KHTML, like Gecko) Version/13.0.3 Mobile/15E148 Safari/604.1"
172.190.142.176 - - [02/Feb/2026:00:43:45 -0500] "GET /wp-content/plugins/hellopress/wp_filemanager.php HTTP/1.1" 302 276 "-" "-"
172.190.142.176 - - [02/Feb/2026:00:43:46 -0500] "GET /166.php HTTP/1.1" 302 276 "-" "-"
172.190.142.176 - - [02/Feb/2026:00:43:46 -0500] "GET /2026.php HTTP/1.1" 302 276 "-" "-"
172.190.142.176 - - [02/Feb/2026:00:43:46 -0500] "GET /muzu.php HTTP/1.1" 302 276 "-" "-"
172.190.142.176 - - [02/Feb/2026:00:43:46 -0500] "GET /reze.php HTTP/1.1" 302 276 "-" "-"
172.190.142.176 - - [02/Feb/2026:00:43:46 -0500] "GET /jsond.php HTTP/1.1" 302 276 "-" "-"
172.190.142.176 - - [02/Feb/2026:00:43:46 -0500] "GET /x7.php HTTP/1.1" 302 276 "-" "-"
172.190.142.176 - - [02/Feb/2026:00:43:46 -0500] "GET /bgymj.php HTTP/1.1" 302 276 "-" "-"
172.190.142.176 - - [02/Feb/2026:00:43:46 -0500] "GET //lala.php HTTP/1.1" 302 276 "-" "-"
172.190.142.176 - - [02/Feb/2026:00:43:46 -0500] "GET /8xyz.php HTTP/1.1" 302 276 "-" "-"
172.190.142.176 - - [02/Feb/2026:00:43:46 -0500] "GET /wsd.php HTTP/1.1" 302 276 "-" "-"
172.190.142.176 - - [02/Feb/2026:00:43:46 -0500] "GET /Update/f35.php HTTP/1.1" 302 276 "-" "-"
172.190.142.176 - - [02/Feb/2026:00:43:46 -0500] "GET /la.php HTTP/1.1" 302 276 "-" "-"
172.190.142.176 - - [02/Feb/2026:00:43:47 -0500] "GET /Wp-good.php HTTP/1.1" 302 276 "-" "-"
172.190.142.176 - - [02/Feb/2026:00:43:47 -0500] "GET /tphp.php HTTP/1.1" 302 276 "-" "-"
172.190.142.176 - - [02/Feb/2026:00:43:47 -0500] "GET /a1.php HTTP/1.1" 302 276 "-" "-"
172.190.142.176 - - [02/Feb/2026:00:43:47 -0500] "GET /nyan.php HTTP/1.1" 302 276 "-" "-"
172.190.142.176 - - [02/Feb/2026:00:43:47 -0500] "GET //autoload_classmap.php HTTP/1.1" 302 276 "-" "-"
172.190.142.176 - - [02/Feb/2026:00:43:47 -0500] "GET //alfa.php HTTP/1.1" 302 276 "-" "-"
172.190.142.176 - - [02/Feb/2026:00:43:48 -0500] "GET //wp-includes/assets/index.php HTTP/1.1" 302 276 "-" "-"
172.190.142.176 - - [02/Feb/2026:00:43:48 -0500] "GET /luxe.php HTTP/1.1" 302 276 "-" "-"
172.190.142.176 - - [02/Feb/2026:00:43:48 -0500] "GET /update/wpupex.php/ HTTP/1.1" 302 276 "-" "-"
172.190.142.176 - - [02/Feb/2026:00:43:48 -0500] "GET /rezor.php HTTP/1.1" 302 276 "-" "-"
172.190.142.176 - - [02/Feb/2026:00:43:48 -0500] "GET //doc.php HTTP/1.1" 302 276 "-" "-"
172.190.142.176 - - [02/Feb/2026:00:43:48 -0500] "GET //wp-admin/user/index.php HTTP/1.1" 301 - "-" "-"
172.190.142.176 - - [02/Feb/2026:00:43:49 -0500] "GET //wp-admin/user/index.php HTTP/1.1" 302 - "-" "-"
172.190.142.176 - - [02/Feb/2026:00:43:50 -0500] "GET /wp-login.php?redirect_to=http%3A%2F%2Fwww.fluidbonding.com%2F%2Fwp-admin%2Fuser%2Findex.php&reauth=1 HTTP/1.1" 200 2353 "-" "-"
172.190.142.176 - - [02/Feb/2026:00:43:50 -0500] "GET //wp-includes/css/about.php HTTP/1.1" 302 276 "-" "-"
172.190.142.176 - - [02/Feb/2026:00:43:50 -0500] "GET //install.php HTTP/1.1" 302 276 "-" "-"
172.190.142.176 - - [02/Feb/2026:00:43:50 -0500] "GET /~norapump/hah.php HTTP/1.1" 302 276 "-" "-"
172.190.142.176 - - [02/Feb/2026:00:43:50 -0500] "GET /sto.php HTTP/1.1" 302 276 "-" "-"
172.190.142.176 - - [02/Feb/2026:00:43:50 -0500] "GET //x.php HTTP/1.1" 302 276 "-" "-"
172.190.142.176 - - [02/Feb/2026:00:43:50 -0500] "GET //test.php HTTP/1.1" 302 276 "-" "-"
172.190.142.176 - - [02/Feb/2026:00:43:50 -0500] "GET /wp-includes/blocks/ HTTP/1.1" 302 276 "-" "-"
172.190.142.176 - - [02/Feb/2026:00:43:50 -0500] "GET /n3.php HTTP/1.1" 302 276 "-" "-"
172.190.142.176 - - [02/Feb/2026:00:43:50 -0500] "GET /wp-admin/install.php HTTP/1.1" 200 831 "-" "-"
172.190.142.176 - - [02/Feb/2026:00:43:51 -0500] "GET /o.php HTTP/1.1" 302 276 "-" "-"
172.190.142.176 - - [02/Feb/2026:00:43:51 -0500] "GET //wp-includes/ID3/index.php HTTP/1.1" 302 276 "-" "-"
172.190.142.176 - - [02/Feb/2026:00:43:51 -0500] "GET /class-t.api.php HTTP/1.1" 302 276 "-" "-"
172.190.142.176 - - [02/Feb/2026:00:43:51 -0500] "GET /.trash7309/f/ HTTP/1.1" 302 276 "-" "-"
172.190.142.176 - - [02/Feb/2026:00:43:51 -0500] "GET //wp.php HTTP/1.1" 302 276 "-" "-"
172.190.142.176 - - [02/Feb/2026:00:43:51 -0500] "GET //wp-includes/customize/index.php HTTP/1.1" 302 276 "-" "-"
172.190.142.176 - - [02/Feb/2026:00:43:51 -0500] "GET //wp-content/themes/seotheme/mar.php HTTP/1.1" 302 276 "-" "-"
172.190.142.176 - - [02/Feb/2026:00:43:51 -0500] "GET //h.php HTTP/1.1" 302 276 "-" "-"
172.190.142.176 - - [02/Feb/2026:00:43:51 -0500] "GET //skin/install/default/security.php HTTP/1.1" 302 276 "-" "-"
172.190.142.176 - - [02/Feb/2026:00:43:51 -0500] "GET /wrt.php HTTP/1.1" 302 276 "-" "-"
172.190.142.176 - - [02/Feb/2026:00:43:51 -0500] "GET //wp-content/plugins/Core-EconX/up.php HTTP/1.1" 302 276 "-" "-"
172.190.142.176 - - [02/Feb/2026:00:43:51 -0500] "GET /wp-includes/css/ HTTP/1.1" 302 276 "-" "-"
172.190.142.176 - - [02/Feb/2026:00:43:51 -0500] "GET /images/c99.php HTTP/1.1" 302 276 "-" "-"
172.190.142.176 - - [02/Feb/2026:00:43:51 -0500] "GET /png.php HTTP/1.1" 302 276 "-" "-"
172.190.142.176 - - [02/Feb/2026:00:43:52 -0500] "GET //wp-includes/ID3/index.php HTTP/1.1" 302 276 "-" "-"
172.190.142.176 - - [02/Feb/2026:00:43:52 -0500] "GET //zwso.php HTTP/1.1" 302 276 "-" "-"
172.190.142.176 - - [02/Feb/2026:00:43:52 -0500] "GET //wp-content/languages/index.php HTTP/1.1" 302 276 "-" "-"
172.190.142.176 - - [02/Feb/2026:00:43:52 -0500] "GET //wp-content/ HTTP/1.1" 200 - "-" "-"
172.190.142.176 - - [02/Feb/2026:00:43:52 -0500] "GET /wp/wp-includes//index.php HTTP/1.1" 302 276 "-" "-"
172.190.142.176 - - [02/Feb/2026:00:43:52 -0500] "GET /ton.php HTTP/1.1" 302 276 "-" "-"
172.190.142.176 - - [02/Feb/2026:00:43:52 -0500] "GET //wso.php HTTP/1.1" 302 276 "-" "-"
172.190.142.176 - - [02/Feb/2026:00:43:52 -0500] "GET /images/fk2e3/ HTTP/1.1" 302 276 "-" "-"
172.190.142.176 - - [02/Feb/2026:00:43:52 -0500] "GET /a2.php HTTP/1.1" 302 276 "-" "-"
172.190.142.176 - - [02/Feb/2026:00:43:52 -0500] "GET /shell.php HTTP/1.1" 302 276 "-" "-"
172.190.142.176 - - [02/Feb/2026:00:43:52 -0500] "GET /wp-includes/IXR/moon.php HTTP/1.1" 302 276 "-" "-"
172.190.142.176 - - [02/Feb/2026:00:43:52 -0500] "GET /sxo.php HTTP/1.1" 302 276 "-" "-"
172.190.142.176 - - [02/Feb/2026:00:43:52 -0500] "GET /wp-admin/ HTTP/1.1" 301 - "-" "-"
172.190.142.176 - - [02/Feb/2026:00:43:52 -0500] "GET /wp-admin/ HTTP/1.1" 302 - "-" "-"
172.190.142.176 - - [02/Feb/2026:00:43:53 -0500] "GET /wp-login.php?redirect_to=http%3A%2F%2Fwww.fluidbonding.com%2Fwp-admin%2F&reauth=1 HTTP/1.1" 200 2338 "-" "-"
172.190.142.176 - - [02/Feb/2026:00:43:53 -0500] "GET //wp-content/ HTTP/1.1" 200 - "-" "-"
172.190.142.176 - - [02/Feb/2026:00:43:53 -0500] "GET /mans.php HTTP/1.1" 302 276 "-" "-"
172.190.142.176 - - [02/Feb/2026:00:43:53 -0500] "GET //dropdown.php HTTP/1.1" 302 276 "-" "-"
172.190.142.176 - - [02/Feb/2026:00:43:53 -0500] "GET /WordPress/x/ HTTP/1.1" 302 276 "-" "-"
172.190.142.176 - - [02/Feb/2026:00:43:53 -0500] "GET /ze.php HTTP/1.1" 302 276 "-" "-"
172.190.142.176 - - [02/Feb/2026:00:43:53 -0500] "GET //geck.php HTTP/1.1" 302 276 "-" "-"
172.190.142.176 - - [02/Feb/2026:00:43:53 -0500] "GET /menu.php HTTP/1.1" 302 276 "-" "-"
172.190.142.176 - - [02/Feb/2026:00:43:54 -0500] "GET //admin/function.php HTTP/1.1" 302 276 "-" "-"
172.190.142.176 - - [02/Feb/2026:00:43:54 -0500] "GET //index/function.php HTTP/1.1" 302 276 "-" "-"
172.190.142.176 - - [02/Feb/2026:00:43:54 -0500] "GET /flower.php HTTP/1.1" 302 276 "-" "-"
172.190.142.176 - - [02/Feb/2026:00:43:54 -0500] "GET /ftp.php HTTP/1.1" 302 276 "-" "-"
172.190.142.176 - - [02/Feb/2026:00:43:54 -0500] "GET /mds.php HTTP/1.1" 302 276 "-" "-"
172.190.142.176 - - [02/Feb/2026:00:43:54 -0500] "GET /ahax.php HTTP/1.1" 302 276 "-" "-"
172.190.142.176 - - [02/Feb/2026:00:43:54 -0500] "GET //wp-admin/class-db.php HTTP/1.1" 302 276 "-" "-"
172.190.142.176 - - [02/Feb/2026:00:43:54 -0500] "GET /cool.php HTTP/1.1" 302 276 "-" "-"
172.190.142.176 - - [02/Feb/2026:00:43:55 -0500] "GET /gm.php HTTP/1.1" 302 276 "-" "-"
172.190.142.176 - - [02/Feb/2026:00:43:55 -0500] "GET //simple.php HTTP/1.1" 302 276 "-" "-"
172.190.142.176 - - [02/Feb/2026:00:43:55 -0500] "GET //elp.php HTTP/1.1" 302 276 "-" "-"
172.190.142.176 - - [02/Feb/2026:00:43:55 -0500] "GET /bolt.php HTTP/1.1" 302 276 "-" "-"
172.190.142.176 - - [02/Feb/2026:00:43:55 -0500] "GET //wp-content/uploads/index.php HTTP/1.1" 302 276 "-" "-"
172.190.142.176 - - [02/Feb/2026:00:43:55 -0500] "GET //inputs.php HTTP/1.1" 302 276 "-" "-"
172.190.142.176 - - [02/Feb/2026:00:43:55 -0500] "GET /.trash7309/fafa/ HTTP/1.1" 302 276 "-" "-"
172.190.142.176 - - [02/Feb/2026:00:43:55 -0500] "GET /system.php HTTP/1.1" 302 276 "-" "-"
172.190.142.176 - - [02/Feb/2026:00:43:56 -0500] "GET /wp-admin/maint/ HTTP/1.1" 302 276 "-" "-"
172.190.142.176 - - [02/Feb/2026:00:43:56 -0500] "GET /wp-admin/network/ HTTP/1.1" 301 - "-" "-"
172.190.142.176 - - [02/Feb/2026:00:43:56 -0500] "GET /wp-admin/network/ HTTP/1.1" 302 - "-" "-"
172.190.142.176 - - [02/Feb/2026:00:43:56 -0500] "GET /wp-login.php?redirect_to=http%3A%2F%2Fwww.fluidbonding.com%2Fwp-admin%2Fnetwork%2F&reauth=1 HTTP/1.1" 200 2346 "-" "-"
172.190.142.176 - - [02/Feb/2026:00:43:56 -0500] "GET /museu/yhweq.php HTTP/1.1" 302 276 "-" "-"
172.190.142.176 - - [02/Feb/2026:00:43:56 -0500] "GET /an.php HTTP/1.1" 302 276 "-" "-"
172.190.142.176 - - [02/Feb/2026:00:43:56 -0500] "GET //w.php HTTP/1.1" 302 276 "-" "-"
172.190.142.176 - - [02/Feb/2026:00:43:56 -0500] "GET /gmo.php HTTP/1.1" 302 276 "-" "-"
172.190.142.176 - - [02/Feb/2026:00:43:57 -0500] "GET /gib.php HTTP/1.1" 302 276 "-" "-"
172.190.142.176 - - [02/Feb/2026:00:43:57 -0500] "GET /wp-miiss.php.php HTTP/1.1" 302 276 "-" "-"
172.190.142.176 - - [02/Feb/2026:00:43:57 -0500] "GET /ho/wpup.php HTTP/1.1" 302 276 "-" "-"
172.190.142.176 - - [02/Feb/2026:00:43:57 -0500] "GET //moon.php HTTP/1.1" 302 276 "-" "-"
172.190.142.176 - - [02/Feb/2026:00:43:57 -0500] "GET /filesss.php HTTP/1.1" 302 276 "-" "-"
172.190.142.176 - - [02/Feb/2026:00:43:57 -0500] "GET /hey.php HTTP/1.1" 302 276 "-" "-"
172.190.142.176 - - [02/Feb/2026:00:43:57 -0500] "GET //wp-content/themes/seotheme/mar.php HTTP/1.1" 302 276 "-" "-"
172.190.142.176 - - [02/Feb/2026:00:43:57 -0500] "GET //1337.php HTTP/1.1" 302 276 "-" "-"
172.190.142.176 - - [02/Feb/2026:00:43:57 -0500] "GET //buy.php HTTP/1.1" 302 276 "-" "-"
172.190.142.176 - - [02/Feb/2026:00:43:57 -0500] "GET /apsarasarts/okk.php HTTP/1.1" 302 276 "-" "-"
172.190.142.176 - - [02/Feb/2026:00:43:58 -0500] "GET /m.php HTTP/1.1" 302 276 "-" "-"
172.190.142.176 - - [02/Feb/2026:00:43:58 -0500] "GET /wp-is.php HTTP/1.1" 302 276 "-" "-"
172.190.142.176 - - [02/Feb/2026:00:43:58 -0500] "GET /jmfi2.php HTTP/1.1" 302 276 "-" "-"
172.190.142.176 - - [02/Feb/2026:00:43:58 -0500] "GET //about/function.php HTTP/1.1" 302 276 "-" "-"
172.190.142.176 - - [02/Feb/2026:00:43:58 -0500] "GET /bnn_.php HTTP/1.1" 302 276 "-" "-"
172.190.142.176 - - [02/Feb/2026:00:43:58 -0500] "GET //wp-content/json.php HTTP/1.1" 302 276 "-" "-"
172.190.142.176 - - [02/Feb/2026:00:43:58 -0500] "GET /hzz.php HTTP/1.1" 302 276 "-" "-"
172.190.142.176 - - [02/Feb/2026:00:43:58 -0500] "GET //shell20211028.php HTTP/1.1" 302 276 "-" "-"
172.190.142.176 - - [02/Feb/2026:00:43:59 -0500] "GET //content.php HTTP/1.1" 302 276 "-" "-"
172.190.142.176 - - [02/Feb/2026:00:43:59 -0500] "GET /wp-content/ HTTP/1.1" 200 - "-" "-"
172.190.142.176 - - [02/Feb/2026:00:43:59 -0500] "GET /ps.php HTTP/1.1" 302 276 "-" "-"
172.190.142.176 - - [02/Feb/2026:00:43:59 -0500] "GET //wp-content/themes/about.php HTTP/1.1" 302 276 "-" "-"
172.190.142.176 - - [02/Feb/2026:00:43:59 -0500] "GET /.trash7309/dd/ HTTP/1.1" 302 276 "-" "-"
172.190.142.176 - - [02/Feb/2026:00:43:59 -0500] "GET /cache.php HTTP/1.1" 302 276 "-" "-"
172.190.142.176 - - [02/Feb/2026:00:43:59 -0500] "GET /ss.php HTTP/1.1" 302 276 "-" "-"
172.190.142.176 - - [02/Feb/2026:00:43:59 -0500] "GET /p.php HTTP/1.1" 302 276 "-" "-"
172.190.142.176 - - [02/Feb/2026:00:44:00 -0500] "GET //wp-content/plugins/achdxhv/languages/admin.php HTTP/1.1" 302 276 "-" "-"
172.190.142.176 - - [02/Feb/2026:00:44:00 -0500] "GET //user.php HTTP/1.1" 302 276 "-" "-"
172.190.142.176 - - [02/Feb/2026:00:44:00 -0500] "GET /wp-includes/block-patterns/ HTTP/1.1" 302 276 "-" "-"
172.190.142.176 - - [02/Feb/2026:00:44:00 -0500] "GET //index/function.php HTTP/1.1" 302 276 "-" "-"
172.190.142.176 - - [02/Feb/2026:00:44:00 -0500] "GET /wp.php HTTP/1.1" 302 276 "-" "-"
172.190.142.176 - - [02/Feb/2026:00:44:00 -0500] "GET /rip.php HTTP/1.1" 302 276 "-" "-"
172.190.142.176 - - [02/Feb/2026:00:44:00 -0500] "GET /wp4.php HTTP/1.1" 302 276 "-" "-"
172.190.142.176 - - [02/Feb/2026:00:44:01 -0500] "GET //403.php HTTP/1.1" 302 276 "-" "-"
172.190.142.176 - - [02/Feb/2026:00:44:01 -0500] "GET //wp-admin/maint/index.php HTTP/1.1" 302 276 "-" "-"
172.190.142.176 - - [02/Feb/2026:00:44:01 -0500] "GET /asd67.php HTTP/1.1" 302 276 "-" "-"
172.190.142.176 - - [02/Feb/2026:00:44:01 -0500] "GET //sad/about.php HTTP/1.1" 302 276 "-" "-"
172.190.142.176 - - [02/Feb/2026:00:44:02 -0500] "GET /oivcl.php HTTP/1.1" 302 276 "-" "-"
172.190.142.176 - - [02/Feb/2026:00:44:02 -0500] "GET //about.php HTTP/1.1" 302 276 "-" "-"
172.190.142.176 - - [02/Feb/2026:00:44:02 -0500] "GET //wp-content/themes/deeto/login.php HTTP/1.1" 302 276 "-" "-"
172.190.142.176 - - [02/Feb/2026:00:44:02 -0500] "GET /v2.php HTTP/1.1" 302 276 "-" "-"
172.190.142.176 - - [02/Feb/2026:00:44:02 -0500] "GET //wp-content/themes/hideo/network.php HTTP/1.1" 302 276 "-" "-"
172.190.142.176 - - [02/Feb/2026:00:44:02 -0500] "GET /x/ HTTP/1.1" 302 276 "-" "-"
172.190.142.176 - - [02/Feb/2026:00:44:02 -0500] "GET //.cache/x.php HTTP/1.1" 302 276 "-" "-"
172.190.142.176 - - [02/Feb/2026:00:44:03 -0500] "GET /dr.php HTTP/1.1" 302 276 "-" "-"
172.190.142.176 - - [02/Feb/2026:00:44:03 -0500] "GET /raw.php HTTP/1.1" 302 276 "-" "-"
172.190.142.176 - - [02/Feb/2026:00:44:03 -0500] "GET //wp-includes/css/about.php HTTP/1.1" 302 276 "-" "-"
172.190.142.176 - - [02/Feb/2026:00:44:03 -0500] "GET //wp-content/index.php HTTP/1.1" 200 - "-" "-"
172.190.142.176 - - [02/Feb/2026:00:44:03 -0500] "GET /ioxi-o2.php HTTP/1.1" 302 276 "-" "-"
172.190.142.176 - - [02/Feb/2026:00:44:03 -0500] "GET /dropdown.php HTTP/1.1" 302 276 "-" "-"
172.190.142.176 - - [02/Feb/2026:00:44:03 -0500] "GET /dlu.php HTTP/1.1" 302 276 "-" "-"
172.190.142.176 - - [02/Feb/2026:00:44:03 -0500] "GET //wp-content/about.php HTTP/1.1" 302 276 "-" "-"
172.190.142.176 - - [02/Feb/2026:00:44:03 -0500] "GET /db.php HTTP/1.1" 302 276 "-" "-"
172.190.142.176 - - [02/Feb/2026:00:44:03 -0500] "GET /packed.php HTTP/1.1" 302 276 "-" "-"
172.190.142.176 - - [02/Feb/2026:00:44:03 -0500] "GET /wp-configs.php HTTP/1.1" 302 276 "-" "-"
172.190.142.176 - - [02/Feb/2026:00:44:03 -0500] "GET //404.php HTTP/1.1" 302 276 "-" "-"
172.190.142.176 - - [02/Feb/2026:00:44:04 -0500] "GET /des.php HTTP/1.1" 302 276 "-" "-"
172.190.142.176 - - [02/Feb/2026:00:44:04 -0500] "GET /.well-known/content.php HTTP/1.1" 302 276 "-" "-"
172.190.142.176 - - [02/Feb/2026:00:44:04 -0500] "GET //lufix.php HTTP/1.1" 302 276 "-" "-"
141.94.194.132 - - [02/Feb/2026:00:48:31 -0500] "GET /index.php/category/uncategorized/feed HTTP/1.1" 200 4192 "-" "Mozilla/5.0 (X11; Linux i686) AppleWebKit/537.36 (KHTML, like Gecko) Chrome/30.0.1599.66 Safari/537.36"
141.94.194.132 - - [02/Feb/2026:01:01:20 -0500] "GET /index.php/feed HTTP/1.1" 200 14876 "-" "Mozilla/5.0 (X11; Linux i686) AppleWebKit/537.36 (KHTML, like Gecko) Chrome/30.0.1599.66 Safari/537.36"
74.206.190.119 - - [02/Feb/2026:01:29:56 -0500] "POST /wp-cron.php?doing_wp_cron=1770013796.0889670848846435546875 HTTP/1.1" 200 - "-" "WordPress/3.6.1; http://www.fluidbonding.com"
66.249.65.162 - - [02/Feb/2026:01:29:55 -0500] "GET /index.php/uncategorized/red-gaytube.html HTTP/1.1" 301 - "-" "Mozilla/5.0 (Linux; Android 6.0.1; Nexus 5X Build/MMB29P) AppleWebKit/537.36 (KHTML, like Gecko) Chrome/143.0.7499.192 Mobile Safari/537.36 (compatible; Googlebot/2.1; +http://www.google.com/bot.html)"
66.249.65.161 - - [02/Feb/2026:01:29:56 -0500] "GET /index.php/body-fluids/red-gaytube.html HTTP/1.1" 200 11752 "-" "Mozilla/5.0 (Linux; Android 6.0.1; Nexus 5X Build/MMB29P) AppleWebKit/537.36 (KHTML, like Gecko) Chrome/143.0.7499.192 Mobile Safari/537.36 (compatible; Googlebot/2.1; +http://www.google.com/bot.html)"
66.249.65.162 - - [02/Feb/2026:01:30:03 -0500] "GET /wp-content/plugins/wp-postratings/postratings-js.php?ver=1.30 HTTP/1.1" 200 4813 "http://www.fluidbonding.com/index.php/body-fluids/red-gaytube.html" "Mozilla/5.0 (Linux; Android 6.0.1; Nexus 5X Build/MMB29P) AppleWebKit/537.36 (KHTML, like Gecko) Chrome/143.0.7499.192 Mobile Safari/537.36 (compatible; Googlebot/2.1; +http://www.google.com/bot.html)"
74.206.190.119 - - [02/Feb/2026:02:12:58 -0500] "POST /wp-cron.php?doing_wp_cron=1770016378.8557429313659667968750 HTTP/1.1" 200 - "-" "WordPress/3.6.1; http://www.fluidbonding.com"
181.53.12.11 - - [02/Feb/2026:02:12:58 -0500] "GET /index.php/category/body-fluids/page/2 HTTP/1.1" 200 73391 "-" "Mozilla/5.0 (Windows; U; Windows NT 5.1; en-US) AppleWebKit/532.2 (KHTML, like Gecko) Chrome/4.0.221.6 Safari/532.2"
141.94.194.132 - - [02/Feb/2026:02:27:48 -0500] "GET /index.php/body-fluids/sperm-swapping-tube.html/feed HTTP/1.1" 200 1307 "-" "Mozilla/5.0 (X11; Linux i686) AppleWebKit/537.36 (KHTML, like Gecko) Chrome/30.0.1599.66 Safari/537.36"
66.249.65.160 - - [02/Feb/2026:02:44:55 -0500] "GET /www.fluidbonding.com/ HTTP/1.1" 302 280 "-" "Mozilla/5.0 (Linux; Android 6.0.1; Nexus 5X Build/MMB29P) AppleWebKit/537.36 (KHTML, like Gecko) Chrome/143.0.7499.192 Mobile Safari/537.36 (compatible; Googlebot/2.1; +http://www.google.com/bot.html)"
141.94.194.132 - - [02/Feb/2026:03:00:10 -0500] "GET /index.php/body-fluids/red-gay-tube.html/feed HTTP/1.1" 200 1356 "-" "Mozilla/5.0 (X11; Linux i686) AppleWebKit/537.36 (KHTML, like Gecko) Chrome/30.0.1599.66 Safari/537.36"
74.206.190.119 - - [02/Feb/2026:03:20:35 -0500] "POST /wp-cron.php?doing_wp_cron=1770020435.9270200729370117187500 HTTP/1.1" 200 - "-" "WordPress/3.6.1; http://www.fluidbonding.com"
141.94.194.132 - - [02/Feb/2026:03:20:32 -0500] "GET /index.php/category/uncategorized/feed HTTP/1.1" 200 4192 "-" "Mozilla/5.0 (X11; Linux i686) AppleWebKit/537.36 (KHTML, like Gecko) Chrome/30.0.1599.66 Safari/537.36"
114.119.134.67 - - [02/Feb/2026:03:30:23 -0500] "GET /robots.txt HTTP/1.1" 200 29 "-" "Mozilla/5.0 (compatible;PetalBot;+https://webmaster.petalsearch.com/site/petalbot)"
141.94.194.132 - - [02/Feb/2026:03:59:21 -0500] "GET /index.php/feed HTTP/1.1" 200 14876 "-" "Mozilla/5.0 (X11; Linux i686) AppleWebKit/537.36 (KHTML, like Gecko) Chrome/30.0.1599.66 Safari/537.36"
207.180.220.222 - - [02/Feb/2026:04:04:39 -0500] "GET /wp-login.php HTTP/1.1" 301 - "https://www.reddit.com/" "Mozilla/5.0 (X11; Linux x86_64) AppleWebKit/537.36 (KHTML, like Gecko) Chrome/122.0.6261.57 Safari/537.36"
74.206.190.119 - - [02/Feb/2026:04:04:39 -0500] "POST /wp-cron.php?doing_wp_cron=1770023079.6715059280395507812500 HTTP/1.1" 200 - "-" "WordPress/3.6.1; http://www.fluidbonding.com"
207.180.220.222 - - [02/Feb/2026:04:04:39 -0500] "GET /wp-login.php HTTP/1.1" 200 2338 "https://www.reddit.com/" "Mozilla/5.0 (X11; Linux x86_64) AppleWebKit/537.36 (KHTML, like Gecko) Chrome/122.0.6261.57 Safari/537.36"
207.180.220.222 - - [02/Feb/2026:04:04:40 -0500] "POST /wp-login.php HTTP/1.1" 301 - "http://fluidbonding.com/wp-login.php" "Mozilla/5.0 (Macintosh; Intel Mac OS X 13_6_2) AppleWebKit/537.36 (KHTML, like Gecko) Chrome/121.0.6167.85 Safari/537.36"
207.180.220.222 - - [02/Feb/2026:04:04:40 -0500] "GET /wp-login.php HTTP/1.1" 200 2338 "http://fluidbonding.com/wp-login.php" "Mozilla/5.0 (Macintosh; Intel Mac OS X 13_6_2) AppleWebKit/537.36 (KHTML, like Gecko) Chrome/121.0.6167.85 Safari/537.36"
207.180.220.222 - - [02/Feb/2026:04:04:42 -0500] "POST /wp-login.php HTTP/1.1" 301 - "http://fluidbonding.com/wp-login.php" "Mozilla/5.0 (Macintosh; Intel Mac OS X 13_6_2) AppleWebKit/537.36 (KHTML, like Gecko) Chrome/121.0.6167.85 Safari/537.36"
207.180.220.222 - - [02/Feb/2026:04:04:42 -0500] "GET /wp-login.php HTTP/1.1" 200 2338 "http://fluidbonding.com/wp-login.php" "Mozilla/5.0 (Macintosh; Intel Mac OS X 13_6_2) AppleWebKit/537.36 (KHTML, like Gecko) Chrome/121.0.6167.85 Safari/537.36"
207.180.220.222 - - [02/Feb/2026:04:04:44 -0500] "POST /wp-login.php HTTP/1.1" 301 - "http://fluidbonding.com/wp-login.php" "Mozilla/5.0 (Windows NT 10.0; Win64; x64) Gecko/20100101 Firefox/118.0.2"
207.180.220.222 - - [02/Feb/2026:04:04:44 -0500] "GET /wp-login.php HTTP/1.1" 200 2338 "http://fluidbonding.com/wp-login.php" "Mozilla/5.0 (Windows NT 10.0; Win64; x64) Gecko/20100101 Firefox/118.0.2"
207.180.220.222 - - [02/Feb/2026:04:04:45 -0500] "POST /wp-login.php HTTP/1.1" 301 - "http://fluidbonding.com/wp-login.php" "Mozilla/5.0 (Windows NT 10.0; Win64; x64) AppleWebKit/537.36 (KHTML, like Gecko) Chrome/120.0.0.0 Safari/537.36 Edg/120.0.2210.133"
207.180.220.222 - - [02/Feb/2026:04:04:45 -0500] "GET /wp-login.php HTTP/1.1" 200 2338 "http://fluidbonding.com/wp-login.php" "Mozilla/5.0 (Windows NT 10.0; Win64; x64) AppleWebKit/537.36 (KHTML, like Gecko) Chrome/120.0.0.0 Safari/537.36 Edg/120.0.2210.133"
207.180.220.222 - - [02/Feb/2026:04:04:47 -0500] "POST /wp-login.php HTTP/1.1" 301 - "http://fluidbonding.com/wp-login.php" "Mozilla/5.0 (X11; Ubuntu; Linux x86_64) AppleWebKit/537.36 (KHTML, like Gecko) Chrome/119.0.6045.159 Safari/537.36"
207.180.220.222 - - [02/Feb/2026:04:04:47 -0500] "GET /wp-login.php HTTP/1.1" 200 2338 "http://fluidbonding.com/wp-login.php" "Mozilla/5.0 (X11; Ubuntu; Linux x86_64) AppleWebKit/537.36 (KHTML, like Gecko) Chrome/119.0.6045.159 Safari/537.36"
207.180.220.222 - - [02/Feb/2026:04:04:49 -0500] "POST /wp-login.php HTTP/1.1" 301 - "http://fluidbonding.com/wp-login.php" "Mozilla/5.0 (Windows NT 10.0; Win64; x64) AppleWebKit/537.36 (KHTML, like Gecko) Chrome/121.0.0.0 Safari/537.36 Edg/121.0.2277.83"
207.180.220.222 - - [02/Feb/2026:04:04:49 -0500] "GET /wp-login.php HTTP/1.1" 200 2338 "http://fluidbonding.com/wp-login.php" "Mozilla/5.0 (Windows NT 10.0; Win64; x64) AppleWebKit/537.36 (KHTML, like Gecko) Chrome/121.0.0.0 Safari/537.36 Edg/121.0.2277.83"
207.180.220.222 - - [02/Feb/2026:04:04:50 -0500] "POST /wp-login.php HTTP/1.1" 301 - "http://fluidbonding.com/wp-login.php" "Mozilla/5.0 (X11; Linux x86_64) AppleWebKit/537.36 (KHTML, like Gecko) Chrome/122.0.6261.57 Safari/537.36"
207.180.220.222 - - [02/Feb/2026:04:04:51 -0500] "GET /wp-login.php HTTP/1.1" 200 2338 "http://fluidbonding.com/wp-login.php" "Mozilla/5.0 (X11; Linux x86_64) AppleWebKit/537.36 (KHTML, like Gecko) Chrome/122.0.6261.57 Safari/537.36"
207.180.220.222 - - [02/Feb/2026:04:04:52 -0500] "POST /wp-login.php HTTP/1.1" 301 - "http://fluidbonding.com/wp-login.php" "Mozilla/5.0 (Windows NT 10.0; Win64; x64) AppleWebKit/537.36 (KHTML, like Gecko) Chrome/119.0.0.0 Safari/537.36 Edg/119.0.2151.97"
207.180.220.222 - - [02/Feb/2026:04:04:52 -0500] "GET /wp-login.php HTTP/1.1" 200 2338 "http://fluidbonding.com/wp-login.php" "Mozilla/5.0 (Windows NT 10.0; Win64; x64) AppleWebKit/537.36 (KHTML, like Gecko) Chrome/119.0.0.0 Safari/537.36 Edg/119.0.2151.97"
207.180.220.222 - - [02/Feb/2026:04:04:54 -0500] "POST /wp-login.php HTTP/1.1" 301 - "http://fluidbonding.com/wp-login.php" "Mozilla/5.0 (Macintosh; Intel Mac OS X 10_15_7) AppleWebKit/537.36 (KHTML, like Gecko) Chrome/119.0.6045.159 Safari/537.36"
207.180.220.222 - - [02/Feb/2026:04:04:54 -0500] "GET /wp-login.php HTTP/1.1" 200 2338 "http://fluidbonding.com/wp-login.php" "Mozilla/5.0 (Macintosh; Intel Mac OS X 10_15_7) AppleWebKit/537.36 (KHTML, like Gecko) Chrome/119.0.6045.159 Safari/537.36"
207.180.220.222 - - [02/Feb/2026:04:04:55 -0500] "POST /wp-login.php HTTP/1.1" 301 - "http://fluidbonding.com/wp-login.php" "Mozilla/5.0 (Windows NT 10.0; Win64; x64) AppleWebKit/537.36 (KHTML, like Gecko) Chrome/120.0.0.0 Safari/537.36 Edg/120.0.2210.133"
207.180.220.222 - - [02/Feb/2026:04:04:55 -0500] "GET /wp-login.php HTTP/1.1" 200 2338 "http://fluidbonding.com/wp-login.php" "Mozilla/5.0 (Windows NT 10.0; Win64; x64) AppleWebKit/537.36 (KHTML, like Gecko) Chrome/120.0.0.0 Safari/537.36 Edg/120.0.2210.133"
207.180.220.222 - - [02/Feb/2026:04:04:57 -0500] "POST /wp-login.php HTTP/1.1" 301 - "http://fluidbonding.com/wp-login.php" "Mozilla/5.0 (Macintosh; Intel Mac OS X 10.15) Gecko/20100101 Firefox/119.0.1"
207.180.220.222 - - [02/Feb/2026:04:04:57 -0500] "GET /wp-login.php HTTP/1.1" 200 2338 "http://fluidbonding.com/wp-login.php" "Mozilla/5.0 (Macintosh; Intel Mac OS X 10.15) Gecko/20100101 Firefox/119.0.1"
207.180.220.222 - - [02/Feb/2026:04:04:59 -0500] "POST /wp-login.php HTTP/1.1" 301 - "http://fluidbonding.com/wp-login.php" "Mozilla/5.0 (Windows NT 10.0; Win64; x64) AppleWebKit/537.36 (KHTML, like Gecko) Chrome/119.0.0.0 Safari/537.36 Edg/119.0.2151.97"
207.180.220.222 - - [02/Feb/2026:04:04:59 -0500] "GET /wp-login.php HTTP/1.1" 200 2338 "http://fluidbonding.com/wp-login.php" "Mozilla/5.0 (Windows NT 10.0; Win64; x64) AppleWebKit/537.36 (KHTML, like Gecko) Chrome/119.0.0.0 Safari/537.36 Edg/119.0.2151.97"
207.180.220.222 - - [02/Feb/2026:04:05:01 -0500] "POST /wp-login.php HTTP/1.1" 301 - "http://fluidbonding.com/wp-login.php" "Mozilla/5.0 (X11; Ubuntu; Linux x86_64; rv:121.0) Gecko/20100101 Firefox/121.0"
207.180.220.222 - - [02/Feb/2026:04:05:01 -0500] "GET /wp-login.php HTTP/1.1" 200 2338 "http://fluidbonding.com/wp-login.php" "Mozilla/5.0 (X11; Ubuntu; Linux x86_64; rv:121.0) Gecko/20100101 Firefox/121.0"
