File: //home/httpd/logs/fluidbonding.com_access_log.1
141.94.194.132 - - [29/Jan/2026:03:49:50 -0500] "GET /index.php/body-fluids/gay-sex-videos.html/feed HTTP/1.1" 200 3206 "-" "Mozilla/5.0 (X11; Linux i686) AppleWebKit/537.36 (KHTML, like Gecko) Chrome/30.0.1599.66 Safari/537.36"
74.206.190.119 - - [29/Jan/2026:04:12:39 -0500] "POST /wp-cron.php?doing_wp_cron=1769677959.1709930896759033203125 HTTP/1.1" 200 - "-" "WordPress/3.6.1; http://www.fluidbonding.com"
141.94.194.132 - - [29/Jan/2026:04:12:39 -0500] "GET /index.php/body-fluids/gay-facial-tube.html/feed HTTP/1.1" 200 1496 "-" "Mozilla/5.0 (X11; Linux i686) AppleWebKit/537.36 (KHTML, like Gecko) Chrome/30.0.1599.66 Safari/537.36"
141.94.194.132 - - [29/Jan/2026:04:20:00 -0500] "GET /index.php/tag/barebacked/feed HTTP/1.1" 200 5720 "-" "Mozilla/5.0 (X11; Linux i686) AppleWebKit/537.36 (KHTML, like Gecko) Chrome/30.0.1599.66 Safari/537.36"
141.94.194.132 - - [29/Jan/2026:04:35:01 -0500] "GET /index.php/body-fluids/gay-cumshot-movie.html/feed HTTP/1.1" 200 823 "-" "Mozilla/5.0 (X11; Linux i686) AppleWebKit/537.36 (KHTML, like Gecko) Chrome/30.0.1599.66 Safari/537.36"
122.51.236.174 - - [29/Jan/2026:04:44:11 -0500] "GET / HTTP/1.1" 200 73246 "-" "Mozilla/5.0 (iPhone; CPU iPhone OS 13_2_3 like Mac OS X) AppleWebKit/605.1.15 (KHTML, like Gecko) Version/13.0.3 Mobile/15E148 Safari/604.1"
141.94.194.132 - - [29/Jan/2026:04:45:04 -0500] "GET /index.php/tag/raw-papi/feed HTTP/1.1" 200 2515 "-" "Mozilla/5.0 (X11; Linux i686) AppleWebKit/537.36 (KHTML, like Gecko) Chrome/30.0.1599.66 Safari/537.36"
107.173.171.201 - - [29/Jan/2026:04:45:32 -0500] "GET / HTTP/1.1" 200 73246 "-" "Mozilla/5.0 (Macintosh; Intel Mac OS X 15_7_3) AppleWebKit/605.1.15 (KHTML, like Gecko) Version/26.0 Safari/605.1.15"
141.94.194.132 - - [29/Jan/2026:05:00:56 -0500] "GET /index.php/body-fluids/teen-gay-sex.html/feed HTTP/1.1" 200 808 "-" "Mozilla/5.0 (X11; Linux i686) AppleWebKit/537.36 (KHTML, like Gecko) Chrome/30.0.1599.66 Safari/537.36"
74.206.190.119 - - [29/Jan/2026:05:40:04 -0500] "POST /wp-cron.php?doing_wp_cron=1769683204.1607680320739746093750 HTTP/1.1" 200 - "-" "WordPress/3.6.1; http://www.fluidbonding.com"
43.173.1.69 - - [29/Jan/2026:05:40:03 -0500] "GET / HTTP/1.1" 200 73246 "-" "Mozilla/5.0 (iPhone; CPU iPhone OS 13_2_3 like Mac OS X) AppleWebKit/605.1.15 (KHTML, like Gecko) Version/13.0.3 Mobile/15E148 Safari/604.1"
141.94.194.132 - - [29/Jan/2026:05:43:42 -0500] "GET /index.php/body-fluids/tube-red-gay.html/feed HTTP/1.1" 200 1750 "-" "Mozilla/5.0 (X11; Linux i686) AppleWebKit/537.36 (KHTML, like Gecko) Chrome/30.0.1599.66 Safari/537.36"
207.46.13.230 - - [29/Jan/2026:05:50:28 -0500] "GET /robots.txt HTTP/1.1" 200 29 "-" "Mozilla/5.0 AppleWebKit/537.36 (KHTML, like Gecko; compatible; bingbot/2.0; +http://www.bing.com/bingbot.htm) Chrome/116.0.1938.76 Safari/537.36"
52.167.144.209 - - [29/Jan/2026:05:50:34 -0500] "GET /index.php/body-fluids/sex-tubes-gay.html HTTP/1.1" 200 11846 "-" "Mozilla/5.0 AppleWebKit/537.36 (KHTML, like Gecko; compatible; bingbot/2.0; +http://www.bing.com/bingbot.htm) Chrome/116.0.1938.76 Safari/537.36"
116.76.39.195 - - [29/Jan/2026:06:12:20 -0500] "GET /robots.txt HTTP/1.1" 200 29 "-" "Mozilla/5.0 (Windows NT 10.0; Win64; x64) AppleWebKit/537.36 (KHTML, like Gecko) Chrome/89.0.3472.27 Safari/537.36 Edge/18.18362"
74.206.190.119 - - [29/Jan/2026:06:19:28 -0500] "POST /wp-cron.php?doing_wp_cron=1769685568.9629659652709960937500 HTTP/1.1" 200 - "-" "WordPress/3.6.1; http://www.fluidbonding.com"
141.94.194.132 - - [29/Jan/2026:06:19:28 -0500] "GET /index.php/body-fluids/gay-bukkake-tube.html/feed HTTP/1.1" 200 1322 "-" "Mozilla/5.0 (X11; Linux i686) AppleWebKit/537.36 (KHTML, like Gecko) Chrome/30.0.1599.66 Safari/537.36"
141.94.194.132 - - [29/Jan/2026:06:28:50 -0500] "GET /index.php/body-fluids/gay-sex-videos.html/feed HTTP/1.1" 200 3206 "-" "Mozilla/5.0 (X11; Linux i686) AppleWebKit/537.36 (KHTML, like Gecko) Chrome/30.0.1599.66 Safari/537.36"
141.94.194.132 - - [29/Jan/2026:06:41:10 -0500] "GET /index.php/body-fluids/gay-sex-tubes.html/feed HTTP/1.1" 200 1285 "-" "Mozilla/5.0 (X11; Linux i686) AppleWebKit/537.36 (KHTML, like Gecko) Chrome/30.0.1599.66 Safari/537.36"
162.62.213.187 - - [29/Jan/2026:07:07:01 -0500] "GET / HTTP/1.1" 301 - "-" "Mozilla/5.0 (iPhone; CPU iPhone OS 13_2_3 like Mac OS X) AppleWebKit/605.1.15 (KHTML, like Gecko) Version/13.0.3 Mobile/15E148 Safari/604.1"
74.206.190.119 - - [29/Jan/2026:07:07:02 -0500] "POST /wp-cron.php?doing_wp_cron=1769688422.2873790264129638671875 HTTP/1.1" 200 - "-" "WordPress/3.6.1; http://www.fluidbonding.com"
162.62.213.187 - - [29/Jan/2026:07:07:02 -0500] "GET / HTTP/1.1" 200 73246 "http://fluidbonding.com" "Mozilla/5.0 (iPhone; CPU iPhone OS 13_2_3 like Mac OS X) AppleWebKit/605.1.15 (KHTML, like Gecko) Version/13.0.3 Mobile/15E148 Safari/604.1"
141.94.194.132 - - [29/Jan/2026:07:26:39 -0500] "GET /index.php/body-fluids/gay-facial-tube.html/feed HTTP/1.1" 200 1496 "-" "Mozilla/5.0 (X11; Linux i686) AppleWebKit/537.36 (KHTML, like Gecko) Chrome/30.0.1599.66 Safari/537.36"
46.105.48.30 - - [29/Jan/2026:07:39:04 -0500] "GET /robots.txt HTTP/1.1" 302 276 "-" "Mozilla/5.0 (compatible; MJ12bot/v2.0.4; http://mj12bot.com/)"
46.105.48.30 - - [29/Jan/2026:07:39:05 -0500] "GET / HTTP/1.1" 302 276 "-" "Mozilla/5.0 (compatible; MJ12bot/v2.0.4; http://mj12bot.com/)"
141.94.194.132 - - [29/Jan/2026:07:47:01 -0500] "GET /index.php/tag/barebacked/feed HTTP/1.1" 200 5720 "-" "Mozilla/5.0 (X11; Linux i686) AppleWebKit/537.36 (KHTML, like Gecko) Chrome/30.0.1599.66 Safari/537.36"
141.94.194.132 - - [29/Jan/2026:07:48:05 -0500] "GET /index.php/tag/raw-papi/feed HTTP/1.1" 200 2515 "-" "Mozilla/5.0 (X11; Linux i686) AppleWebKit/537.36 (KHTML, like Gecko) Chrome/30.0.1599.66 Safari/537.36"
114.119.148.233 - - [29/Jan/2026:07:53:02 -0500] "GET /index.php/page/2 HTTP/1.1" 200 72944 "http://www.fluidbonding.com/index.php/page/3" "Mozilla/5.0 (Linux; Android 7.0;) AppleWebKit/537.36 (KHTML, like Gecko) Mobile Safari/537.36 (compatible; PetalBot;+https://webmaster.petalsearch.com/site/petalbot)"
74.206.190.119 - - [29/Jan/2026:08:20:48 -0500] "POST /wp-cron.php?doing_wp_cron=1769692848.2354390621185302734375 HTTP/1.1" 200 - "-" "WordPress/3.6.1; http://www.fluidbonding.com"
114.119.148.47 - - [29/Jan/2026:08:20:47 -0500] "GET /index.php/body-fluids/cumshot-tube.html HTTP/1.1" 200 11783 "http://www.fluidbonding.com/index.php/category/body-fluids/page/4" "Mozilla/5.0 (Linux; Android 7.0;) AppleWebKit/537.36 (KHTML, like Gecko) Mobile Safari/537.36 (compatible; PetalBot;+https://webmaster.petalsearch.com/site/petalbot)"
155.94.150.238 - - [29/Jan/2026:08:36:19 -0500] "GET /wp-content/plugins/shell/about.php HTTP/1.1" 302 280 "www.google.com" "Mozlila/5.0 (Linux; Android 7.0; SM-G892A Bulid/NRD90M; wv) AppleWebKit/537.36 (KHTML, like Gecko) Version/4.0 Chrome/60.0.3112.107 Moblie Safari/537.36"
155.94.150.238 - - [29/Jan/2026:08:36:36 -0500] "GET /wp-content/plugins/fix/up.php HTTP/1.1" 302 280 "www.google.com" "Mozlila/5.0 (Linux; Android 7.0; SM-G892A Bulid/NRD90M; wv) AppleWebKit/537.36 (KHTML, like Gecko) Version/4.0 Chrome/60.0.3112.107 Moblie Safari/537.36"
114.119.148.233 - - [29/Jan/2026:08:38:41 -0500] "GET /index.php/body-fluids/you-tube-gays.html HTTP/1.1" 200 11818 "http://www.fluidbonding.com/index.php/page/3" "Mozilla/5.0 (Linux; Android 7.0;) AppleWebKit/537.36 (KHTML, like Gecko) Mobile Safari/537.36 (compatible; PetalBot;+https://webmaster.petalsearch.com/site/petalbot)"
141.94.194.132 - - [29/Jan/2026:08:39:15 -0500] "GET /index.php/category/uncategorized/feed HTTP/1.1" 200 4192 "-" "Mozilla/5.0 (X11; Linux i686) AppleWebKit/537.36 (KHTML, like Gecko) Chrome/30.0.1599.66 Safari/537.36"
74.206.190.119 - - [29/Jan/2026:09:08:43 -0500] "POST /wp-cron.php?doing_wp_cron=1769695723.5199220180511474609375 HTTP/1.1" 200 - "-" "WordPress/3.6.1; http://www.fluidbonding.com"
141.94.194.132 - - [29/Jan/2026:09:08:43 -0500] "GET /index.php/body-fluids/tube-red-gay.html/feed HTTP/1.1" 200 1750 "-" "Mozilla/5.0 (X11; Linux i686) AppleWebKit/537.36 (KHTML, like Gecko) Chrome/30.0.1599.66 Safari/537.36"
45.138.16.159 - - [29/Jan/2026:09:09:08 -0500] "GET /ss.php?f_c=1 HTTP/1.1" 302 280 "-" "Mozilla/5.0 (Linux; Android 7.0; SM-G892A Build/NRD90M; wv) AppleWebKit/537.36 (KHTML, like Gecko) Version/4.0 Chrome/60.0.3112.107 Mobile Safari/537.36"
114.119.148.47 - - [29/Jan/2026:09:10:39 -0500] "GET /index.php/category/body-fluids/page/2 HTTP/1.1" 200 73391 "http://www.fluidbonding.com/index.php/category/body-fluids/page/4" "Mozilla/5.0 (Linux; Android 7.0;) AppleWebKit/537.36 (KHTML, like Gecko) Mobile Safari/537.36 (compatible; PetalBot;+https://webmaster.petalsearch.com/site/petalbot)"
141.94.194.132 - - [29/Jan/2026:09:16:51 -0500] "GET /index.php/body-fluids/gay-sex-videos.html/feed HTTP/1.1" 200 3206 "-" "Mozilla/5.0 (X11; Linux i686) AppleWebKit/537.36 (KHTML, like Gecko) Chrome/30.0.1599.66 Safari/537.36"
141.94.194.132 - - [29/Jan/2026:09:24:29 -0500] "GET /index.php/body-fluids/gay-bukkake-tube.html/feed HTTP/1.1" 200 1322 "-" "Mozilla/5.0 (X11; Linux i686) AppleWebKit/537.36 (KHTML, like Gecko) Chrome/30.0.1599.66 Safari/537.36"
34.132.58.241 - - [29/Jan/2026:09:49:53 -0500] "GET / HTTP/1.1" 301 - "-" "Mozilla/5.0 (Windows NT 6.2) AppleWebKit/537.36 (KHTML, like Gecko) Chrome/28.0.1467.0 Safari/537.36"
34.132.58.241 - - [29/Jan/2026:09:49:54 -0500] "GET / HTTP/1.1" 200 73246 "-" "Mozilla/5.0 (Windows NT 6.2) AppleWebKit/537.36 (KHTML, like Gecko) Chrome/28.0.1467.0 Safari/537.36"
74.206.190.119 - - [29/Jan/2026:10:34:03 -0500] "POST /wp-cron.php?doing_wp_cron=1769700843.2758529186248779296875 HTTP/1.1" 200 - "-" "WordPress/3.6.1; http://www.fluidbonding.com"
141.94.194.132 - - [29/Jan/2026:10:34:03 -0500] "GET /index.php/tag/barebacked/feed HTTP/1.1" 200 5720 "-" "Mozilla/5.0 (X11; Linux i686) AppleWebKit/537.36 (KHTML, like Gecko) Chrome/30.0.1599.66 Safari/537.36"
141.94.194.132 - - [29/Jan/2026:10:43:07 -0500] "GET /index.php/body-fluids/red-gay-tube.html/feed HTTP/1.1" 200 1356 "-" "Mozilla/5.0 (X11; Linux i686) AppleWebKit/537.36 (KHTML, like Gecko) Chrome/30.0.1599.66 Safari/537.36"
141.94.194.132 - - [29/Jan/2026:10:49:40 -0500] "GET /index.php/body-fluids/gay-facial-tube.html/feed HTTP/1.1" 200 1496 "-" "Mozilla/5.0 (X11; Linux i686) AppleWebKit/537.36 (KHTML, like Gecko) Chrome/30.0.1599.66 Safari/537.36"
74.206.190.119 - - [29/Jan/2026:11:06:07 -0500] "POST /wp-cron.php?doing_wp_cron=1769702767.1350870132446289062500 HTTP/1.1" 200 - "-" "WordPress/3.6.1; http://www.fluidbonding.com"
141.94.194.132 - - [29/Jan/2026:11:06:07 -0500] "GET /index.php/tag/raw-papi/feed HTTP/1.1" 200 2515 "-" "Mozilla/5.0 (X11; Linux i686) AppleWebKit/537.36 (KHTML, like Gecko) Chrome/30.0.1599.66 Safari/537.36"
43.138.68.113 - - [29/Jan/2026:11:27:20 -0500] "GET / HTTP/1.1" 301 - "-" "Mozilla/5.0 (iPhone; CPU iPhone OS 13_2_3 like Mac OS X) AppleWebKit/605.1.15 (KHTML, like Gecko) Version/13.0.3 Mobile/15E148 Safari/604.1"
43.138.68.113 - - [29/Jan/2026:11:27:22 -0500] "GET / HTTP/1.1" 200 73246 "http://fluidbonding.com" "Mozilla/5.0 (iPhone; CPU iPhone OS 13_2_3 like Mac OS X) AppleWebKit/605.1.15 (KHTML, like Gecko) Version/13.0.3 Mobile/15E148 Safari/604.1"
43.130.131.18 - - [29/Jan/2026:11:34:57 -0500] "GET / HTTP/1.1" 200 73246 "-" "Mozilla/5.0 (iPhone; CPU iPhone OS 13_2_3 like Mac OS X) AppleWebKit/605.1.15 (KHTML, like Gecko) Version/13.0.3 Mobile/15E148 Safari/604.1"
141.94.194.132 - - [29/Jan/2026:11:39:44 -0500] "GET /index.php/body-fluids/tube-red-gay.html/feed HTTP/1.1" 200 1750 "-" "Mozilla/5.0 (X11; Linux i686) AppleWebKit/537.36 (KHTML, like Gecko) Chrome/30.0.1599.66 Safari/537.36"
141.94.194.132 - - [29/Jan/2026:11:43:30 -0500] "GET /index.php/body-fluids/gay-blue-tube.html/feed HTTP/1.1" 200 1403 "-" "Mozilla/5.0 (X11; Linux i686) AppleWebKit/537.36 (KHTML, like Gecko) Chrome/30.0.1599.66 Safari/537.36"
62.60.130.210 - - [29/Jan/2026:11:51:13 -0500] "GET /wp-login.php HTTP/1.1" 301 - "-" "Mozilla/5.0 (Windows NT 10.0; Win64; x64) AppleWebKit/537.36 (KHTML, like Gecko) Chrome/122.0.6261.57 Safari/537.36"
62.60.130.210 - - [29/Jan/2026:11:51:14 -0500] "GET /wp-login.php HTTP/1.1" 200 2338 "-" "Mozilla/5.0 (Windows NT 10.0; Win64; x64) AppleWebKit/537.36 (KHTML, like Gecko) Chrome/122.0.6261.57 Safari/537.36"
62.60.130.210 - - [29/Jan/2026:11:51:15 -0500] "POST /wp-login.php HTTP/1.1" 301 - "http://fluidbonding.com/wp-login.php" "Mozilla/5.0 (Windows NT 11.0; Win64; x64) AppleWebKit/537.36 (KHTML, like Gecko) Chrome/118.0.5993.88 Safari/537.36"
62.60.130.210 - - [29/Jan/2026:11:51:16 -0500] "GET /wp-login.php HTTP/1.1" 200 2338 "http://fluidbonding.com/wp-login.php" "Mozilla/5.0 (Windows NT 11.0; Win64; x64) AppleWebKit/537.36 (KHTML, like Gecko) Chrome/118.0.5993.88 Safari/537.36"
62.60.130.210 - - [29/Jan/2026:11:51:20 -0500] "POST /wp-login.php HTTP/1.1" 301 - "http://fluidbonding.com/wp-login.php" "Mozilla/5.0 (Windows NT 11.0; Win64; x64) AppleWebKit/537.36 (KHTML, like Gecko) Chrome/122.0.6261.57 Safari/537.36"
62.60.130.210 - - [29/Jan/2026:11:51:20 -0500] "GET /wp-login.php HTTP/1.1" 200 2338 "http://fluidbonding.com/wp-login.php" "Mozilla/5.0 (Windows NT 11.0; Win64; x64) AppleWebKit/537.36 (KHTML, like Gecko) Chrome/122.0.6261.57 Safari/537.36"
62.60.130.210 - - [29/Jan/2026:11:51:23 -0500] "POST /wp-login.php HTTP/1.1" 301 - "http://fluidbonding.com/wp-login.php" "Mozilla/5.0 (Windows NT 11.0; Win64; x64) AppleWebKit/537.36 (KHTML, like Gecko) Chrome/119.0.6045.159 Safari/537.36"
62.60.130.210 - - [29/Jan/2026:11:51:23 -0500] "GET /wp-login.php HTTP/1.1" 200 2338 "http://fluidbonding.com/wp-login.php" "Mozilla/5.0 (Windows NT 11.0; Win64; x64) AppleWebKit/537.36 (KHTML, like Gecko) Chrome/119.0.6045.159 Safari/537.36"
62.60.130.210 - - [29/Jan/2026:11:51:27 -0500] "POST /wp-login.php HTTP/1.1" 301 - "http://fluidbonding.com/wp-login.php" "Mozilla/5.0 (Windows NT 11.0; Win64; x64) AppleWebKit/537.36 (KHTML, like Gecko) Chrome/120.0.6099.130 Safari/537.36"
62.60.130.210 - - [29/Jan/2026:11:51:28 -0500] "GET /wp-login.php HTTP/1.1" 200 2338 "http://fluidbonding.com/wp-login.php" "Mozilla/5.0 (Windows NT 11.0; Win64; x64) AppleWebKit/537.36 (KHTML, like Gecko) Chrome/120.0.6099.130 Safari/537.36"
62.60.130.210 - - [29/Jan/2026:11:51:32 -0500] "POST /wp-login.php HTTP/1.1" 301 - "http://fluidbonding.com/wp-login.php" "Mozilla/5.0 (Windows NT 10.0; Win64; x64) AppleWebKit/537.36 (KHTML, like Gecko) Chrome/120.0.0.0 Safari/537.36 Edg/120.0.2210.133"
62.60.130.210 - - [29/Jan/2026:11:51:32 -0500] "GET /wp-login.php HTTP/1.1" 200 2338 "http://fluidbonding.com/wp-login.php" "Mozilla/5.0 (Windows NT 10.0; Win64; x64) AppleWebKit/537.36 (KHTML, like Gecko) Chrome/120.0.0.0 Safari/537.36 Edg/120.0.2210.133"
62.60.130.210 - - [29/Jan/2026:11:51:36 -0500] "POST /wp-login.php HTTP/1.1" 301 - "http://fluidbonding.com/wp-login.php" "Mozilla/5.0 (Macintosh; Intel Mac OS X 13_6_1) AppleWebKit/605.1.15 (KHTML, like Gecko) Version/17.1 Safari/605.1.15"
62.60.130.210 - - [29/Jan/2026:11:51:36 -0500] "GET /wp-login.php HTTP/1.1" 200 2338 "http://fluidbonding.com/wp-login.php" "Mozilla/5.0 (Macintosh; Intel Mac OS X 13_6_1) AppleWebKit/605.1.15 (KHTML, like Gecko) Version/17.1 Safari/605.1.15"
62.60.130.210 - - [29/Jan/2026:11:51:40 -0500] "POST /wp-login.php HTTP/1.1" 301 - "http://fluidbonding.com/wp-login.php" "Mozilla/5.0 (Macintosh; Intel Mac OS X 10_15_7) AppleWebKit/537.36 (KHTML, like Gecko) Chrome/121.0.6167.85 Safari/537.36"
62.60.130.210 - - [29/Jan/2026:11:51:41 -0500] "GET /wp-login.php HTTP/1.1" 200 2338 "http://fluidbonding.com/wp-login.php" "Mozilla/5.0 (Macintosh; Intel Mac OS X 10_15_7) AppleWebKit/537.36 (KHTML, like Gecko) Chrome/121.0.6167.85 Safari/537.36"
62.60.130.210 - - [29/Jan/2026:11:51:45 -0500] "POST /wp-login.php HTTP/1.1" 301 - "http://fluidbonding.com/wp-login.php" "Mozilla/5.0 (X11; Linux x86_64) AppleWebKit/537.36 (KHTML, like Gecko) Chrome/120.0.6099.130 Safari/537.36"
62.60.130.210 - - [29/Jan/2026:11:51:45 -0500] "GET /wp-login.php HTTP/1.1" 200 2338 "http://fluidbonding.com/wp-login.php" "Mozilla/5.0 (X11; Linux x86_64) AppleWebKit/537.36 (KHTML, like Gecko) Chrome/120.0.6099.130 Safari/537.36"
62.60.130.210 - - [29/Jan/2026:11:51:49 -0500] "POST /wp-login.php HTTP/1.1" 301 - "http://fluidbonding.com/wp-login.php" "Mozilla/5.0 (X11; Ubuntu; Linux x86_64) AppleWebKit/537.36 (KHTML, like Gecko) Chrome/119.0.6045.159 Safari/537.36"
62.60.130.210 - - [29/Jan/2026:11:51:49 -0500] "GET /wp-login.php HTTP/1.1" 200 2338 "http://fluidbonding.com/wp-login.php" "Mozilla/5.0 (X11; Ubuntu; Linux x86_64) AppleWebKit/537.36 (KHTML, like Gecko) Chrome/119.0.6045.159 Safari/537.36"
62.60.130.210 - - [29/Jan/2026:11:51:53 -0500] "POST /wp-login.php HTTP/1.1" 301 - "http://fluidbonding.com/wp-login.php" "Mozilla/5.0 (Windows NT 10.0; Win64; x64) AppleWebKit/537.36 (KHTML, like Gecko) Chrome/119.0.0.0 Safari/537.36 Edg/119.0.2151.97"
62.60.130.210 - - [29/Jan/2026:11:51:54 -0500] "GET /wp-login.php HTTP/1.1" 200 2338 "http://fluidbonding.com/wp-login.php" "Mozilla/5.0 (Windows NT 10.0; Win64; x64) AppleWebKit/537.36 (KHTML, like Gecko) Chrome/119.0.0.0 Safari/537.36 Edg/119.0.2151.97"
62.60.130.210 - - [29/Jan/2026:11:51:58 -0500] "POST /wp-login.php HTTP/1.1" 301 - "http://fluidbonding.com/wp-login.php" "Mozilla/5.0 (Windows NT 10.0; Win64; x64) AppleWebKit/537.36 (KHTML, like Gecko) Chrome/120.0.0.0 Safari/537.36 Edg/120.0.2210.133"
62.60.130.210 - - [29/Jan/2026:11:51:58 -0500] "GET /wp-login.php HTTP/1.1" 200 2338 "http://fluidbonding.com/wp-login.php" "Mozilla/5.0 (Windows NT 10.0; Win64; x64) AppleWebKit/537.36 (KHTML, like Gecko) Chrome/120.0.0.0 Safari/537.36 Edg/120.0.2210.133"
62.60.130.210 - - [29/Jan/2026:11:52:03 -0500] "POST /wp-login.php HTTP/1.1" 301 - "http://fluidbonding.com/wp-login.php" "Mozilla/5.0 (Windows NT 11.0; Win64; x64) AppleWebKit/537.36 (KHTML, like Gecko) Chrome/119.0.6045.159 Safari/537.36"
62.60.130.210 - - [29/Jan/2026:11:52:03 -0500] "GET /wp-login.php HTTP/1.1" 200 2338 "http://fluidbonding.com/wp-login.php" "Mozilla/5.0 (Windows NT 11.0; Win64; x64) AppleWebKit/537.36 (KHTML, like Gecko) Chrome/119.0.6045.159 Safari/537.36"
62.60.130.210 - - [29/Jan/2026:11:52:09 -0500] "POST /wp-login.php HTTP/1.1" 301 - "http://fluidbonding.com/wp-login.php" "Mozilla/5.0 (Windows NT 10.0; Win64; x64) AppleWebKit/537.36 (KHTML, like Gecko) Chrome/120.0.6099.130 Safari/537.36"
62.60.130.210 - - [29/Jan/2026:11:52:09 -0500] "GET /wp-login.php HTTP/1.1" 200 2338 "http://fluidbonding.com/wp-login.php" "Mozilla/5.0 (Windows NT 10.0; Win64; x64) AppleWebKit/537.36 (KHTML, like Gecko) Chrome/120.0.6099.130 Safari/537.36"
62.60.130.210 - - [29/Jan/2026:11:52:14 -0500] "POST /wp-login.php HTTP/1.1" 301 - "http://fluidbonding.com/wp-login.php" "Mozilla/5.0 (Windows NT 11.0; Win64; x64) AppleWebKit/537.36 (KHTML, like Gecko) Chrome/118.0.5993.88 Safari/537.36"
62.60.130.210 - - [29/Jan/2026:11:52:14 -0500] "GET /wp-login.php HTTP/1.1" 200 2338 "http://fluidbonding.com/wp-login.php" "Mozilla/5.0 (Windows NT 11.0; Win64; x64) AppleWebKit/537.36 (KHTML, like Gecko) Chrome/118.0.5993.88 Safari/537.36"
62.60.130.210 - - [29/Jan/2026:11:52:18 -0500] "POST /wp-login.php HTTP/1.1" 301 - "http://fluidbonding.com/wp-login.php" "Mozilla/5.0 (Macintosh; Intel Mac OS X 11_7_2) AppleWebKit/605.1.15 (KHTML, like Gecko) Version/17.0 Safari/605.1.15"
62.60.130.210 - - [29/Jan/2026:11:52:18 -0500] "GET /wp-login.php HTTP/1.1" 200 2338 "http://fluidbonding.com/wp-login.php" "Mozilla/5.0 (Macintosh; Intel Mac OS X 11_7_2) AppleWebKit/605.1.15 (KHTML, like Gecko) Version/17.0 Safari/605.1.15"
62.60.130.210 - - [29/Jan/2026:11:52:23 -0500] "POST /wp-login.php HTTP/1.1" 301 - "http://fluidbonding.com/wp-login.php" "Mozilla/5.0 (Macintosh; Intel Mac OS X 10.15) Gecko/20100101 Firefox/118.0.2"
62.60.130.210 - - [29/Jan/2026:11:52:23 -0500] "GET /wp-login.php HTTP/1.1" 200 2338 "http://fluidbonding.com/wp-login.php" "Mozilla/5.0 (Macintosh; Intel Mac OS X 10.15) Gecko/20100101 Firefox/118.0.2"
62.60.130.210 - - [29/Jan/2026:11:52:27 -0500] "POST /wp-login.php HTTP/1.1" 301 - "http://fluidbonding.com/wp-login.php" "Mozilla/5.0 (Windows NT 10.0; Win64; x64) AppleWebKit/537.36 (KHTML, like Gecko) Chrome/122.0.6261.57 Safari/537.36"
62.60.130.210 - - [29/Jan/2026:11:52:27 -0500] "GET /wp-login.php HTTP/1.1" 200 2338 "http://fluidbonding.com/wp-login.php" "Mozilla/5.0 (Windows NT 10.0; Win64; x64) AppleWebKit/537.36 (KHTML, like Gecko) Chrome/122.0.6261.57 Safari/537.36"
62.60.130.210 - - [29/Jan/2026:11:52:31 -0500] "POST /wp-login.php HTTP/1.1" 301 - "http://fluidbonding.com/wp-login.php" "Mozilla/5.0 (Windows NT 11.0; Win64; x64) AppleWebKit/537.36 (KHTML, like Gecko) Chrome/121.0.6167.85 Safari/537.36"
62.60.130.210 - - [29/Jan/2026:11:52:32 -0500] "GET /wp-login.php HTTP/1.1" 200 2338 "http://fluidbonding.com/wp-login.php" "Mozilla/5.0 (Windows NT 11.0; Win64; x64) AppleWebKit/537.36 (KHTML, like Gecko) Chrome/121.0.6167.85 Safari/537.36"
62.60.130.210 - - [29/Jan/2026:11:52:36 -0500] "POST /wp-login.php HTTP/1.1" 301 - "http://fluidbonding.com/wp-login.php" "Mozilla/5.0 (Windows NT 10.0; Win64; x64) AppleWebKit/537.36 (KHTML, like Gecko) Chrome/119.0.0.0 Safari/537.36 Edg/119.0.2151.97"
62.60.130.210 - - [29/Jan/2026:11:52:36 -0500] "GET /wp-login.php HTTP/1.1" 200 2338 "http://fluidbonding.com/wp-login.php" "Mozilla/5.0 (Windows NT 10.0; Win64; x64) AppleWebKit/537.36 (KHTML, like Gecko) Chrome/119.0.0.0 Safari/537.36 Edg/119.0.2151.97"
62.60.130.210 - - [29/Jan/2026:11:52:41 -0500] "POST /wp-login.php HTTP/1.1" 301 - "http://fluidbonding.com/wp-login.php" "Mozilla/5.0 (Windows NT 10.0; Win64; x64) AppleWebKit/537.36 (KHTML, like Gecko) Chrome/119.0.0.0 Safari/537.36 Edg/119.0.2151.97"
62.60.130.210 - - [29/Jan/2026:11:52:42 -0500] "GET /wp-login.php HTTP/1.1" 200 2338 "http://fluidbonding.com/wp-login.php" "Mozilla/5.0 (Windows NT 10.0; Win64; x64) AppleWebKit/537.36 (KHTML, like Gecko) Chrome/119.0.0.0 Safari/537.36 Edg/119.0.2151.97"
62.60.130.210 - - [29/Jan/2026:11:52:46 -0500] "POST /wp-login.php HTTP/1.1" 301 - "http://fluidbonding.com/wp-login.php" "Mozilla/5.0 (Windows NT 11.0; Win64; x64) AppleWebKit/537.36 (KHTML, like Gecko) Chrome/121.0.6167.85 Safari/537.36"
62.60.130.210 - - [29/Jan/2026:11:52:47 -0500] "GET /wp-login.php HTTP/1.1" 200 2338 "http://fluidbonding.com/wp-login.php" "Mozilla/5.0 (Windows NT 11.0; Win64; x64) AppleWebKit/537.36 (KHTML, like Gecko) Chrome/121.0.6167.85 Safari/537.36"
62.60.130.210 - - [29/Jan/2026:11:52:50 -0500] "POST /wp-login.php HTTP/1.1" 301 - "http://fluidbonding.com/wp-login.php" "Mozilla/5.0 (Macintosh; Intel Mac OS X 13_6_2) AppleWebKit/537.36 (KHTML, like Gecko) Chrome/121.0.6167.85 Safari/537.36"
62.60.130.210 - - [29/Jan/2026:11:52:51 -0500] "GET /wp-login.php HTTP/1.1" 200 2338 "http://fluidbonding.com/wp-login.php" "Mozilla/5.0 (Macintosh; Intel Mac OS X 13_6_2) AppleWebKit/537.36 (KHTML, like Gecko) Chrome/121.0.6167.85 Safari/537.36"
62.60.130.210 - - [29/Jan/2026:11:52:56 -0500] "POST /wp-login.php HTTP/1.1" 301 - "http://fluidbonding.com/wp-login.php" "Mozilla/5.0 (Windows NT 10.0; Win64; x64) AppleWebKit/537.36 (KHTML, like Gecko) Chrome/119.0.0.0 Safari/537.36 Edg/119.0.2151.97"
62.60.130.210 - - [29/Jan/2026:11:52:56 -0500] "GET /wp-login.php HTTP/1.1" 200 2338 "http://fluidbonding.com/wp-login.php" "Mozilla/5.0 (Windows NT 10.0; Win64; x64) AppleWebKit/537.36 (KHTML, like Gecko) Chrome/119.0.0.0 Safari/537.36 Edg/119.0.2151.97"
62.60.130.210 - - [29/Jan/2026:11:53:00 -0500] "POST /wp-login.php HTTP/1.1" 301 - "http://fluidbonding.com/wp-login.php" "Mozilla/5.0 (Macintosh; Intel Mac OS X 10_15_7) AppleWebKit/537.36 (KHTML, like Gecko) Chrome/122.0.6261.57 Safari/537.36"
62.60.130.210 - - [29/Jan/2026:11:53:00 -0500] "GET /wp-login.php HTTP/1.1" 200 2338 "http://fluidbonding.com/wp-login.php" "Mozilla/5.0 (Macintosh; Intel Mac OS X 10_15_7) AppleWebKit/537.36 (KHTML, like Gecko) Chrome/122.0.6261.57 Safari/537.36"
62.60.130.210 - - [29/Jan/2026:11:53:05 -0500] "POST /wp-login.php HTTP/1.1" 301 - "http://fluidbonding.com/wp-login.php" "Mozilla/5.0 (Windows NT 11.0; Win64; x64) AppleWebKit/537.36 (KHTML, like Gecko) Chrome/119.0.6045.159 Safari/537.36"
62.60.130.210 - - [29/Jan/2026:11:53:05 -0500] "GET /wp-login.php HTTP/1.1" 200 2338 "http://fluidbonding.com/wp-login.php" "Mozilla/5.0 (Windows NT 11.0; Win64; x64) AppleWebKit/537.36 (KHTML, like Gecko) Chrome/119.0.6045.159 Safari/537.36"
62.60.130.210 - - [29/Jan/2026:11:53:09 -0500] "POST /wp-login.php HTTP/1.1" 301 - "http://fluidbonding.com/wp-login.php" "Mozilla/5.0 (Windows NT 11.0; Win64; x64) AppleWebKit/537.36 (KHTML, like Gecko) Chrome/122.0.6261.57 Safari/537.36"
62.60.130.210 - - [29/Jan/2026:11:53:09 -0500] "GET /wp-login.php HTTP/1.1" 200 2338 "http://fluidbonding.com/wp-login.php" "Mozilla/5.0 (Windows NT 11.0; Win64; x64) AppleWebKit/537.36 (KHTML, like Gecko) Chrome/122.0.6261.57 Safari/537.36"
62.60.130.210 - - [29/Jan/2026:11:53:13 -0500] "POST /wp-login.php HTTP/1.1" 301 - "http://fluidbonding.com/wp-login.php" "Mozilla/5.0 (Macintosh; Intel Mac OS X 10.15) Gecko/20100101 Firefox/119.0.1"
62.60.130.210 - - [29/Jan/2026:11:53:13 -0500] "GET /wp-login.php HTTP/1.1" 200 2338 "http://fluidbonding.com/wp-login.php" "Mozilla/5.0 (Macintosh; Intel Mac OS X 10.15) Gecko/20100101 Firefox/119.0.1"
62.60.130.210 - - [29/Jan/2026:11:53:17 -0500] "POST /wp-login.php HTTP/1.1" 301 - "http://fluidbonding.com/wp-login.php" "Mozilla/5.0 (Macintosh; Intel Mac OS X 13_6_2) AppleWebKit/537.36 (KHTML, like Gecko) Chrome/121.0.6167.85 Safari/537.36"
62.60.130.210 - - [29/Jan/2026:11:53:17 -0500] "GET /wp-login.php HTTP/1.1" 200 2338 "http://fluidbonding.com/wp-login.php" "Mozilla/5.0 (Macintosh; Intel Mac OS X 13_6_2) AppleWebKit/537.36 (KHTML, like Gecko) Chrome/121.0.6167.85 Safari/537.36"
62.60.130.210 - - [29/Jan/2026:11:53:21 -0500] "POST /wp-login.php HTTP/1.1" 301 - "http://fluidbonding.com/wp-login.php" "Mozilla/5.0 (Macintosh; Intel Mac OS X 11_7_2) AppleWebKit/605.1.15 (KHTML, like Gecko) Version/17.2.1 Safari/605.1.15"
62.60.130.210 - - [29/Jan/2026:11:53:22 -0500] "GET /wp-login.php HTTP/1.1" 200 2338 "http://fluidbonding.com/wp-login.php" "Mozilla/5.0 (Macintosh; Intel Mac OS X 11_7_2) AppleWebKit/605.1.15 (KHTML, like Gecko) Version/17.2.1 Safari/605.1.15"
62.60.130.210 - - [29/Jan/2026:11:53:27 -0500] "POST /wp-login.php HTTP/1.1" 301 - "http://fluidbonding.com/wp-login.php" "Mozilla/5.0 (X11; Ubuntu; Linux x86_64; rv:122.0) Gecko/20100101 Firefox/122.0"
62.60.130.210 - - [29/Jan/2026:11:53:27 -0500] "GET /wp-login.php HTTP/1.1" 200 2338 "http://fluidbonding.com/wp-login.php" "Mozilla/5.0 (X11; Ubuntu; Linux x86_64; rv:122.0) Gecko/20100101 Firefox/122.0"
62.60.130.210 - - [29/Jan/2026:11:53:32 -0500] "POST /wp-login.php HTTP/1.1" 301 - "http://fluidbonding.com/wp-login.php" "Mozilla/5.0 (Macintosh; Intel Mac OS X 10.15) Gecko/20100101 Firefox/122.0"
62.60.130.210 - - [29/Jan/2026:11:53:32 -0500] "GET /wp-login.php HTTP/1.1" 200 2338 "http://fluidbonding.com/wp-login.php" "Mozilla/5.0 (Macintosh; Intel Mac OS X 10.15) Gecko/20100101 Firefox/122.0"
62.60.130.210 - - [29/Jan/2026:11:53:35 -0500] "POST /wp-login.php HTTP/1.1" 301 - "http://fluidbonding.com/wp-login.php" "Mozilla/5.0 (Windows NT 10.0; Win64; x64) AppleWebKit/537.36 (KHTML, like Gecko) Chrome/119.0.0.0 Safari/537.36 Edg/119.0.2151.97"
62.60.130.210 - - [29/Jan/2026:11:53:36 -0500] "GET /wp-login.php HTTP/1.1" 200 2338 "http://fluidbonding.com/wp-login.php" "Mozilla/5.0 (Windows NT 10.0; Win64; x64) AppleWebKit/537.36 (KHTML, like Gecko) Chrome/119.0.0.0 Safari/537.36 Edg/119.0.2151.97"
62.60.130.210 - - [29/Jan/2026:11:53:40 -0500] "POST /wp-login.php HTTP/1.1" 301 - "http://fluidbonding.com/wp-login.php" "Mozilla/5.0 (Windows NT 10.0; Win64; x64) AppleWebKit/537.36 (KHTML, like Gecko) Chrome/119.0.0.0 Safari/537.36 Edg/119.0.2151.97"
62.60.130.210 - - [29/Jan/2026:11:53:40 -0500] "GET /wp-login.php HTTP/1.1" 200 2338 "http://fluidbonding.com/wp-login.php" "Mozilla/5.0 (Windows NT 10.0; Win64; x64) AppleWebKit/537.36 (KHTML, like Gecko) Chrome/119.0.0.0 Safari/537.36 Edg/119.0.2151.97"
62.60.130.210 - - [29/Jan/2026:11:53:44 -0500] "POST /wp-login.php HTTP/1.1" 301 - "http://fluidbonding.com/wp-login.php" "Mozilla/5.0 (X11; Ubuntu; Linux x86_64) AppleWebKit/537.36 (KHTML, like Gecko) Chrome/119.0.6045.159 Safari/537.36"
62.60.130.210 - - [29/Jan/2026:11:53:44 -0500] "GET /wp-login.php HTTP/1.1" 200 2338 "http://fluidbonding.com/wp-login.php" "Mozilla/5.0 (X11; Ubuntu; Linux x86_64) AppleWebKit/537.36 (KHTML, like Gecko) Chrome/119.0.6045.159 Safari/537.36"
62.60.130.210 - - [29/Jan/2026:11:53:48 -0500] "POST /wp-login.php HTTP/1.1" 301 - "http://fluidbonding.com/wp-login.php" "Mozilla/5.0 (Windows NT 11.0; Win64; x64) AppleWebKit/537.36 (KHTML, like Gecko) Chrome/121.0.6167.85 Safari/537.36"
62.60.130.210 - - [29/Jan/2026:11:53:48 -0500] "GET /wp-login.php HTTP/1.1" 200 2338 "http://fluidbonding.com/wp-login.php" "Mozilla/5.0 (Windows NT 11.0; Win64; x64) AppleWebKit/537.36 (KHTML, like Gecko) Chrome/121.0.6167.85 Safari/537.36"
62.60.130.210 - - [29/Jan/2026:11:53:53 -0500] "POST /wp-login.php HTTP/1.1" 301 - "http://fluidbonding.com/wp-login.php" "Mozilla/5.0 (Macintosh; Intel Mac OS X 10_15_7) AppleWebKit/605.1.15 (KHTML, like Gecko) Version/17.2.1 Safari/605.1.15"
62.60.130.210 - - [29/Jan/2026:11:53:53 -0500] "GET /wp-login.php HTTP/1.1" 200 2338 "http://fluidbonding.com/wp-login.php" "Mozilla/5.0 (Macintosh; Intel Mac OS X 10_15_7) AppleWebKit/605.1.15 (KHTML, like Gecko) Version/17.2.1 Safari/605.1.15"
20.196.201.42 - - [29/Jan/2026:11:58:49 -0500] "GET /wp-content/plugins/hellopress/wp_filemanager.php HTTP/1.1" 302 280 "-" "-"
20.196.201.42 - - [29/Jan/2026:11:58:51 -0500] "GET /rip.php HTTP/1.1" 302 280 "-" "-"
141.94.194.132 - - [29/Jan/2026:11:58:52 -0500] "GET /index.php/body-fluids/gay-sex-videos.html/feed HTTP/1.1" 200 3206 "-" "Mozilla/5.0 (X11; Linux i686) AppleWebKit/537.36 (KHTML, like Gecko) Chrome/30.0.1599.66 Safari/537.36"
74.206.190.119 - - [29/Jan/2026:12:07:43 -0500] "POST /wp-cron.php?doing_wp_cron=1769706463.8198709487915039062500 HTTP/1.1" 200 - "-" "WordPress/3.6.1; http://www.fluidbonding.com"
43.153.58.28 - - [29/Jan/2026:12:07:43 -0500] "GET /index.php/body-fluids/gay-facial-cum.html HTTP/1.1" 200 13007 "-" "Mozilla/5.0 (iPhone; CPU iPhone OS 13_2_3 like Mac OS X) AppleWebKit/605.1.15 (KHTML, like Gecko) Version/13.0.3 Mobile/15E148 Safari/604.1"
158.69.164.162 - - [29/Jan/2026:12:10:28 -0500] "GET / HTTP/1.1" 200 73246 "-" "Mozilla/5.0 (compatible; Dataprovider.com)"
158.69.164.162 - - [29/Jan/2026:12:10:29 -0500] "GET /robots.txt HTTP/1.1" 200 29 "-" "Mozilla/5.0 (compatible; Dataprovider.com)"
158.69.164.162 - - [29/Jan/2026:12:10:31 -0500] "GET / HTTP/1.1" 200 73246 "-" "Mozilla/5.0 (compatible; Dataprovider.com)"
158.69.164.162 - - [29/Jan/2026:12:10:32 -0500] "GET /index.php/category/body-fluids HTTP/1.1" 200 73658 "-" "Mozilla/5.0 (compatible; Dataprovider.com)"
158.69.164.162 - - [29/Jan/2026:12:10:33 -0500] "GET /index.php/category/uncategorized HTTP/1.1" 200 14348 "-" "Mozilla/5.0 (compatible; Dataprovider.com)"
158.69.164.162 - - [29/Jan/2026:12:10:34 -0500] "GET /index.php/body-fluids/bareback-gaysex.html HTTP/1.1" 200 12098 "-" "Mozilla/5.0 (compatible; Dataprovider.com)"
158.69.164.162 - - [29/Jan/2026:12:10:35 -0500] "GET /index.php/body-fluids/gay-bukkake-porntube.html HTTP/1.1" 200 11777 "-" "Mozilla/5.0 (compatible; Dataprovider.com)"
158.69.164.162 - - [29/Jan/2026:12:10:36 -0500] "GET /index.php/body-fluids/red-tube-gay-porn.html HTTP/1.1" 200 11941 "-" "Mozilla/5.0 (compatible; Dataprovider.com)"
158.69.164.162 - - [29/Jan/2026:12:10:37 -0500] "GET /index.php/body-fluids/gay-facial-cum.html HTTP/1.1" 200 13007 "-" "Mozilla/5.0 (compatible; Dataprovider.com)"
158.69.164.162 - - [29/Jan/2026:12:10:38 -0500] "GET /index.php/body-fluids/red-gaytube.html HTTP/1.1" 200 11752 "-" "Mozilla/5.0 (compatible; Dataprovider.com)"
158.69.164.162 - - [29/Jan/2026:12:10:39 -0500] "GET /index.php/body-fluids/hot-gay-sex.html HTTP/1.1" 200 11826 "-" "Mozilla/5.0 (compatible; Dataprovider.com)"
158.69.164.162 - - [29/Jan/2026:12:10:40 -0500] "GET /llms.txt HTTP/1.1" 302 280 "-" "Mozilla/5.0 (compatible; Dataprovider.com)"
158.69.164.162 - - [29/Jan/2026:12:10:41 -0500] "GET / HTTP/1.1" 200 73246 "-" "Mozilla/5.0 (Linux; Android 10; SM-G981B) AppleWebKit/537.36 (KHTML, like Gecko) Chrome/80.0.3987.162 Mobile Safari/537.36"
158.69.164.162 - - [29/Jan/2026:12:10:42 -0500] "GET /humans.txt HTTP/1.1" 302 280 "-" "Mozilla/5.0 (compatible; Dataprovider.com)"
158.69.164.162 - - [29/Jan/2026:12:10:42 -0500] "GET /ads.txt HTTP/1.1" 302 280 "-" "Mozilla/5.0 (compatible; Dataprovider.com)"
158.69.164.162 - - [29/Jan/2026:12:10:42 -0500] "GET /security.txt HTTP/1.1" 302 280 "-" "Mozilla/5.0 (compatible; Dataprovider.com)"
158.69.164.162 - - [29/Jan/2026:12:10:43 -0500] "GET /.well-known/security.txt HTTP/1.1" 302 280 "-" "Mozilla/5.0 (compatible; Dataprovider.com)"
158.69.164.174 - - [29/Jan/2026:12:14:11 -0500] "GET / HTTP/1.1" 200 73246 "-" "Mozilla/5.0 (compatible; Dataprovider.com)"
158.69.164.174 - - [29/Jan/2026:12:14:12 -0500] "GET /wp-content/plugins/wp-postratings/postratings-js.php?ver=1.30 HTTP/1.1" 200 4813 "http://www.fluidbonding.com/" "Mozilla/5.0 (compatible; Dataprovider.com)"
43.154.250.181 - - [29/Jan/2026:12:20:00 -0500] "GET /index.php/body-fluids/gay-sex-videos.html HTTP/1.1" 200 12702 "-" "Mozilla/5.0 (iPhone; CPU iPhone OS 13_2_3 like Mac OS X) AppleWebKit/605.1.15 (KHTML, like Gecko) Version/13.0.3 Mobile/15E148 Safari/604.1"
43.153.47.201 - - [29/Jan/2026:12:28:12 -0500] "GET /index.php/body-fluids/red-gaytube.html HTTP/1.1" 200 11752 "-" "Mozilla/5.0 (iPhone; CPU iPhone OS 13_2_3 like Mac OS X) AppleWebKit/605.1.15 (KHTML, like Gecko) Version/13.0.3 Mobile/15E148 Safari/604.1"
141.94.194.132 - - [29/Jan/2026:12:31:30 -0500] "GET /index.php/body-fluids/gay-bukkake-tube.html/feed HTTP/1.1" 200 1322 "-" "Mozilla/5.0 (X11; Linux i686) AppleWebKit/537.36 (KHTML, like Gecko) Chrome/30.0.1599.66 Safari/537.36"
43.133.187.11 - - [29/Jan/2026:12:38:21 -0500] "GET /index.php/body-fluids/gay-facial-tube.html HTTP/1.1" 200 12560 "-" "Mozilla/5.0 (iPhone; CPU iPhone OS 13_2_3 like Mac OS X) AppleWebKit/605.1.15 (KHTML, like Gecko) Version/13.0.3 Mobile/15E148 Safari/604.1"
43.130.16.140 - - [29/Jan/2026:12:49:08 -0500] "GET /index.php/body-fluids/gay-facial-cum.html HTTP/1.1" 200 13007 "-" "Mozilla/5.0 (iPhone; CPU iPhone OS 13_2_3 like Mac OS X) AppleWebKit/605.1.15 (KHTML, like Gecko) Version/13.0.3 Mobile/15E148 Safari/604.1"
170.106.11.6 - - [29/Jan/2026:12:59:02 -0500] "GET /index.php/body-fluids/gay-facial-cum.html/feed HTTP/1.1" 200 2156 "-" "Mozilla/5.0 (iPhone; CPU iPhone OS 13_2_3 like Mac OS X) AppleWebKit/605.1.15 (KHTML, like Gecko) Version/13.0.3 Mobile/15E148 Safari/604.1"
38.240.58.88 - - [29/Jan/2026:13:01:04 -0500] "GET /vendor/phpunit/phpunit/phpunit.xsd HTTP/1.1" 302 276 "-" "Mozilla/5.0 (X11; Linux x86_64; rv:52.0) Gecko/20100101 Firefox/52.0"
74.206.190.119 - - [29/Jan/2026:13:09:17 -0500] "POST /wp-cron.php?doing_wp_cron=1769710157.8650770187377929687500 HTTP/1.1" 200 - "-" "WordPress/3.6.1; http://www.fluidbonding.com"
43.156.109.53 - - [29/Jan/2026:13:09:17 -0500] "GET /?p=213 HTTP/1.1" 301 - "-" "Mozilla/5.0 (iPhone; CPU iPhone OS 13_2_3 like Mac OS X) AppleWebKit/605.1.15 (KHTML, like Gecko) Version/13.0.3 Mobile/15E148 Safari/604.1"
43.156.109.53 - - [29/Jan/2026:13:09:21 -0500] "GET /index.php/body-fluids/gay-facial-cum.html HTTP/1.1" 200 13007 "http://www.fluidbonding.com/?p=213" "Mozilla/5.0 (iPhone; CPU iPhone OS 13_2_3 like Mac OS X) AppleWebKit/605.1.15 (KHTML, like Gecko) Version/13.0.3 Mobile/15E148 Safari/604.1"
124.156.225.181 - - [29/Jan/2026:13:13:12 -0500] "GET / HTTP/1.1" 301 - "-" "Mozilla/5.0 (iPhone; CPU iPhone OS 13_2_3 like Mac OS X) AppleWebKit/605.1.15 (KHTML, like Gecko) Version/13.0.3 Mobile/15E148 Safari/604.1"
124.156.225.181 - - [29/Jan/2026:13:13:14 -0500] "GET / HTTP/1.1" 200 73246 "http://fluidbonding.com" "Mozilla/5.0 (iPhone; CPU iPhone OS 13_2_3 like Mac OS X) AppleWebKit/605.1.15 (KHTML, like Gecko) Version/13.0.3 Mobile/15E148 Safari/604.1"
114.119.137.177 - - [29/Jan/2026:13:16:04 -0500] "GET /index.php/body-fluids/messy-cumshot-tube.html HTTP/1.1" 200 11869 "http://www.fluidbonding.com/index.php/category/body-fluids/page/4" "Mozilla/5.0 (Linux; Android 7.0;) AppleWebKit/537.36 (KHTML, like Gecko) Mobile Safari/537.36 (compatible; PetalBot;+https://webmaster.petalsearch.com/site/petalbot)"
43.159.141.150 - - [29/Jan/2026:13:18:34 -0500] "GET /index.php/body-fluids/gay-sex-videos.html/feed HTTP/1.1" 200 3206 "-" "Mozilla/5.0 (iPhone; CPU iPhone OS 13_2_3 like Mac OS X) AppleWebKit/605.1.15 (KHTML, like Gecko) Version/13.0.3 Mobile/15E148 Safari/604.1"
84.239.47.139 - - [29/Jan/2026:13:27:37 -0500] "GET /robots.txt HTTP/1.1" 406 331 "-" "panscient.com"
84.239.47.139 - - [29/Jan/2026:13:27:37 -0500] "GET / HTTP/1.1" 406 321 "-" "panscient.com"
84.239.47.139 - - [29/Jan/2026:13:27:40 -0500] "GET / HTTP/1.1" 406 321 "-" "panscient.com"
84.239.47.139 - - [29/Jan/2026:13:27:41 -0500] "GET / HTTP/1.1" 406 321 "-" "panscient.com"
84.239.47.139 - - [29/Jan/2026:13:27:45 -0500] "GET / HTTP/1.1" 406 321 "-" "panscient.com"
43.166.129.247 - - [29/Jan/2026:13:29:05 -0500] "GET /index.php/body-fluids/red-gaytube.html HTTP/1.1" 200 11752 "-" "Mozilla/5.0 (iPhone; CPU iPhone OS 13_2_3 like Mac OS X) AppleWebKit/605.1.15 (KHTML, like Gecko) Version/13.0.3 Mobile/15E148 Safari/604.1"
141.94.194.132 - - [29/Jan/2026:13:33:41 -0500] "GET /index.php/body-fluids/gay-facial-tube.html/feed HTTP/1.1" 200 1496 "-" "Mozilla/5.0 (X11; Linux i686) AppleWebKit/537.36 (KHTML, like Gecko) Chrome/30.0.1599.66 Safari/537.36"
43.131.39.179 - - [29/Jan/2026:13:39:15 -0500] "GET /index.php/body-fluids/gay-facial-tube.html HTTP/1.1" 200 12560 "-" "Mozilla/5.0 (iPhone; CPU iPhone OS 13_2_3 like Mac OS X) AppleWebKit/605.1.15 (KHTML, like Gecko) Version/13.0.3 Mobile/15E148 Safari/604.1"
101.33.55.204 - - [29/Jan/2026:13:48:38 -0500] "GET /index.php/body-fluids/gay-facial-cum.html HTTP/1.1" 200 13007 "-" "Mozilla/5.0 (iPhone; CPU iPhone OS 13_2_3 like Mac OS X) AppleWebKit/605.1.15 (KHTML, like Gecko) Version/13.0.3 Mobile/15E148 Safari/604.1"
141.94.194.132 - - [29/Jan/2026:13:49:03 -0500] "GET /index.php/tag/barebacked/feed HTTP/1.1" 200 5720 "-" "Mozilla/5.0 (X11; Linux i686) AppleWebKit/537.36 (KHTML, like Gecko) Chrome/30.0.1599.66 Safari/537.36"
43.153.47.201 - - [29/Jan/2026:13:57:45 -0500] "GET /index.php/body-fluids/gay-facial-cum.html/comment-page-1 HTTP/1.1" 200 13031 "-" "Mozilla/5.0 (iPhone; CPU iPhone OS 13_2_3 like Mac OS X) AppleWebKit/605.1.15 (KHTML, like Gecko) Version/13.0.3 Mobile/15E148 Safari/604.1"
141.94.194.132 - - [29/Jan/2026:13:59:07 -0500] "GET /index.php/tag/raw-papi/feed HTTP/1.1" 200 2515 "-" "Mozilla/5.0 (X11; Linux i686) AppleWebKit/537.36 (KHTML, like Gecko) Chrome/30.0.1599.66 Safari/537.36"
74.206.190.119 - - [29/Jan/2026:14:09:45 -0500] "POST /wp-cron.php?doing_wp_cron=1769713785.1858930587768554687500 HTTP/1.1" 200 - "-" "WordPress/3.6.1; http://www.fluidbonding.com"
119.28.89.249 - - [29/Jan/2026:14:09:45 -0500] "GET /index.php/page/2 HTTP/1.1" 200 72944 "-" "Mozilla/5.0 (iPhone; CPU iPhone OS 13_2_3 like Mac OS X) AppleWebKit/605.1.15 (KHTML, like Gecko) Version/13.0.3 Mobile/15E148 Safari/604.1"
170.106.187.106 - - [29/Jan/2026:14:19:56 -0500] "GET /?p=168 HTTP/1.1" 301 - "-" "Mozilla/5.0 (iPhone; CPU iPhone OS 13_2_3 like Mac OS X) AppleWebKit/605.1.15 (KHTML, like Gecko) Version/13.0.3 Mobile/15E148 Safari/604.1"
170.106.187.106 - - [29/Jan/2026:14:19:58 -0500] "GET /index.php/body-fluids/gay-sex-videos.html HTTP/1.1" 200 12702 "http://www.fluidbonding.com/?p=168" "Mozilla/5.0 (iPhone; CPU iPhone OS 13_2_3 like Mac OS X) AppleWebKit/605.1.15 (KHTML, like Gecko) Version/13.0.3 Mobile/15E148 Safari/604.1"
43.157.38.131 - - [29/Jan/2026:14:29:12 -0500] "GET /?p=210 HTTP/1.1" 301 - "-" "Mozilla/5.0 (iPhone; CPU iPhone OS 13_2_3 like Mac OS X) AppleWebKit/605.1.15 (KHTML, like Gecko) Version/13.0.3 Mobile/15E148 Safari/604.1"
43.157.38.131 - - [29/Jan/2026:14:29:13 -0500] "GET /index.php/body-fluids/red-gaytube.html HTTP/1.1" 200 11752 "http://www.fluidbonding.com/?p=210" "Mozilla/5.0 (iPhone; CPU iPhone OS 13_2_3 like Mac OS X) AppleWebKit/605.1.15 (KHTML, like Gecko) Version/13.0.3 Mobile/15E148 Safari/604.1"
89.110.107.19 - - [29/Jan/2026:14:34:37 -0500] "GET / HTTP/1.1" 301 - "-" "Mozilla/5.0 (Windows NT 10.0; Win64; x64) Chrome/120.0.0.0 Safari/537.36"
89.110.107.19 - - [29/Jan/2026:14:34:38 -0500] "GET / HTTP/1.1" 200 73246 "-" "Mozilla/5.0 (Windows NT 10.0; Win64; x64) Chrome/120.0.0.0 Safari/537.36"
43.135.36.201 - - [29/Jan/2026:14:38:24 -0500] "GET /index.php/body-fluids/gay-facial-tube.html HTTP/1.1" 200 12560 "-" "Mozilla/5.0 (iPhone; CPU iPhone OS 13_2_3 like Mac OS X) AppleWebKit/605.1.15 (KHTML, like Gecko) Version/13.0.3 Mobile/15E148 Safari/604.1"
141.94.194.132 - - [29/Jan/2026:14:38:45 -0500] "GET /index.php/body-fluids/tube-red-gay.html/feed HTTP/1.1" 200 1750 "-" "Mozilla/5.0 (X11; Linux i686) AppleWebKit/537.36 (KHTML, like Gecko) Chrome/30.0.1599.66 Safari/537.36"
141.94.194.132 - - [29/Jan/2026:14:43:53 -0500] "GET /index.php/body-fluids/gay-sex-videos.html/feed HTTP/1.1" 200 3206 "-" "Mozilla/5.0 (X11; Linux i686) AppleWebKit/537.36 (KHTML, like Gecko) Chrome/30.0.1599.66 Safari/537.36"
43.153.123.4 - - [29/Jan/2026:14:58:45 -0500] "GET /index.php/body-fluids/gay-hairy-cock-tube.html HTTP/1.1" 200 11842 "-" "Mozilla/5.0 (iPhone; CPU iPhone OS 13_2_3 like Mac OS X) AppleWebKit/605.1.15 (KHTML, like Gecko) Version/13.0.3 Mobile/15E148 Safari/604.1"
74.206.190.119 - - [29/Jan/2026:15:06:31 -0500] "POST /wp-cron.php?doing_wp_cron=1769717191.3889319896697998046875 HTTP/1.1" 200 - "-" "WordPress/3.6.1; http://www.fluidbonding.com"
37.77.150.124 - - [29/Jan/2026:15:06:31 -0500] "GET /wp-login.php?wp_lang=en_US HTTP/1.1" 200 2338 "http://www.fluidbonding.com/wp-login.php" "Mozilla/5.0 (Windows NT 10.0; Win64; x64) AppleWebKit/537.36 (KHTML, like Gecko) Chrome/138.0.0.0 Safari/537.36"
37.77.150.124 - - [29/Jan/2026:15:06:36 -0500] "POST /wp-login.php?wp_lang=en_US HTTP/1.1" 200 3238 "http://www.fluidbonding.com/wp-login.php" "Mozilla/5.0 (Windows NT 10.0; Win64; x64) AppleWebKit/537.36 (KHTML, like Gecko) Chrome/138.0.0.0 Safari/537.36"
43.133.139.6 - - [29/Jan/2026:15:08:59 -0500] "GET /index.php/body-fluids/gaytube-movie.html HTTP/1.1" 200 11784 "-" "Mozilla/5.0 (iPhone; CPU iPhone OS 13_2_3 like Mac OS X) AppleWebKit/605.1.15 (KHTML, like Gecko) Version/13.0.3 Mobile/15E148 Safari/604.1"
141.94.194.132 - - [29/Jan/2026:15:11:31 -0500] "GET /index.php/body-fluids/gay-blue-tube.html/feed HTTP/1.1" 200 1403 "-" "Mozilla/5.0 (X11; Linux i686) AppleWebKit/537.36 (KHTML, like Gecko) Chrome/30.0.1599.66 Safari/537.36"
141.94.194.132 - - [29/Jan/2026:15:11:32 -0500] "GET /index.php/body-fluids/gay-bukkake-tube.html/feed HTTP/1.1" 200 1322 "-" "Mozilla/5.0 (X11; Linux i686) AppleWebKit/537.36 (KHTML, like Gecko) Chrome/30.0.1599.66 Safari/537.36"
43.135.140.225 - - [29/Jan/2026:15:19:05 -0500] "GET /index.php/body-fluids/gay-hairy-cock-tube.html HTTP/1.1" 200 11842 "-" "Mozilla/5.0 (iPhone; CPU iPhone OS 13_2_3 like Mac OS X) AppleWebKit/605.1.15 (KHTML, like Gecko) Version/13.0.3 Mobile/15E148 Safari/604.1"
114.119.157.3 - - [29/Jan/2026:15:20:38 -0500] "GET /robots.txt HTTP/1.1" 200 29 "-" "Mozilla/5.0 (compatible;PetalBot;+https://webmaster.petalsearch.com/site/petalbot)"
43.166.255.122 - - [29/Jan/2026:15:30:16 -0500] "GET /index.php/body-fluids/monster-gay-cock.html HTTP/1.1" 200 11867 "-" "Mozilla/5.0 (iPhone; CPU iPhone OS 13_2_3 like Mac OS X) AppleWebKit/605.1.15 (KHTML, like Gecko) Version/13.0.3 Mobile/15E148 Safari/604.1"
43.156.204.134 - - [29/Jan/2026:15:38:32 -0500] "GET /?p=159 HTTP/1.1" 301 - "-" "Mozilla/5.0 (iPhone; CPU iPhone OS 13_2_3 like Mac OS X) AppleWebKit/605.1.15 (KHTML, like Gecko) Version/13.0.3 Mobile/15E148 Safari/604.1"
43.156.204.134 - - [29/Jan/2026:15:38:35 -0500] "GET /index.php/body-fluids/gay-hairy-cock-tube.html HTTP/1.1" 200 11842 "http://www.fluidbonding.com/?p=159" "Mozilla/5.0 (iPhone; CPU iPhone OS 13_2_3 like Mac OS X) AppleWebKit/605.1.15 (KHTML, like Gecko) Version/13.0.3 Mobile/15E148 Safari/604.1"
170.106.72.93 - - [29/Jan/2026:15:48:48 -0500] "GET /index.php/body-fluids/gay-cum-inside.html HTTP/1.1" 200 11799 "-" "Mozilla/5.0 (iPhone; CPU iPhone OS 13_2_3 like Mac OS X) AppleWebKit/605.1.15 (KHTML, like Gecko) Version/13.0.3 Mobile/15E148 Safari/604.1"
43.153.74.75 - - [29/Jan/2026:15:58:48 -0500] "GET /index.php/body-fluids/gaytube-porn.html HTTP/1.1" 200 11817 "-" "Mozilla/5.0 (iPhone; CPU iPhone OS 13_2_3 like Mac OS X) AppleWebKit/605.1.15 (KHTML, like Gecko) Version/13.0.3 Mobile/15E148 Safari/604.1"
74.206.190.119 - - [29/Jan/2026:16:08:16 -0500] "POST /wp-cron.php?doing_wp_cron=1769720896.3808569908142089843750 HTTP/1.1" 200 - "-" "WordPress/3.6.1; http://www.fluidbonding.com"
43.157.150.69 - - [29/Jan/2026:16:08:16 -0500] "GET /?p=153 HTTP/1.1" 301 - "-" "Mozilla/5.0 (iPhone; CPU iPhone OS 13_2_3 like Mac OS X) AppleWebKit/605.1.15 (KHTML, like Gecko) Version/13.0.3 Mobile/15E148 Safari/604.1"
43.157.150.69 - - [29/Jan/2026:16:08:18 -0500] "GET /index.php/body-fluids/gaytube-movie.html HTTP/1.1" 200 11784 "http://www.fluidbonding.com/?p=153" "Mozilla/5.0 (iPhone; CPU iPhone OS 13_2_3 like Mac OS X) AppleWebKit/605.1.15 (KHTML, like Gecko) Version/13.0.3 Mobile/15E148 Safari/604.1"
141.94.194.132 - - [29/Jan/2026:16:13:04 -0500] "GET /index.php/body-fluids/gaytube-porn.html/feed HTTP/1.1" 200 808 "-" "Mozilla/5.0 (X11; Linux i686) AppleWebKit/537.36 (KHTML, like Gecko) Chrome/30.0.1599.66 Safari/537.36"
114.119.138.239 - - [29/Jan/2026:16:14:13 -0500] "GET /index.php/body-fluids/gay-rocket-tube.html HTTP/1.1" 200 11891 "http://www.fluidbonding.com/index.php/page/3" "Mozilla/5.0 (Linux; Android 7.0;) AppleWebKit/537.36 (KHTML, like Gecko) Mobile Safari/537.36 (compatible; PetalBot;+https://webmaster.petalsearch.com/site/petalbot)"
114.119.148.47 - - [29/Jan/2026:16:15:24 -0500] "GET /index.php/body-fluids/body-tube.html HTTP/1.1" 200 11681 "http://www.fluidbonding.com/index.php/category/body-fluids/page/4" "Mozilla/5.0 (Linux; Android 7.0;) AppleWebKit/537.36 (KHTML, like Gecko) Mobile Safari/537.36 (compatible; PetalBot;+https://webmaster.petalsearch.com/site/petalbot)"
34.169.163.242 - - [29/Jan/2026:16:20:06 -0500] "HEAD / HTTP/1.1" 301 - "-" "Mozilla/5.0 (Linux; Android 14; Samsung SM-A546B) AppleWebKit/537.36 (KHTML, like Gecko) Chrome/126.0.6478.14 Mobile Safari/537.36"
34.169.163.242 - - [29/Jan/2026:16:20:07 -0500] "HEAD / HTTP/1.1" 200 - "http://fluidbonding.com/" "Mozilla/5.0 (Linux; Android 14; Samsung SM-A546B) AppleWebKit/537.36 (KHTML, like Gecko) Chrome/126.0.6478.14 Mobile Safari/537.36"
34.169.163.242 - - [29/Jan/2026:16:20:07 -0500] "HEAD /backup/ HTTP/1.1" 302 - "-" "Mozilla/5.0 (Linux; Android 10; vivo 1904) AppleWebKit/537.36 (KHTML, like Gecko) Chrome/117.0.5938.60 Mobile Safari/537.36"
34.169.163.242 - - [29/Jan/2026:16:20:07 -0500] "HEAD /blog/ HTTP/1.1" 302 - "-" "Mozilla/5.0 (Windows NT 10.0; Win64; x64) AppleWebKit/537.36 (KHTML, like Gecko) Chrome/125.0.6422.112 Safari/537.36 Brave/1.63.120"
34.169.163.242 - - [29/Jan/2026:16:20:07 -0500] "HEAD /new/ HTTP/1.1" 302 - "-" "Mozilla/5.0 (iPhone; CPU iPhone OS 16_7 like Mac OS X) AppleWebKit/605.1.15 (KHTML, like Gecko) Version/16.7 Mobile/15E148 Safari/604.1"
34.169.163.242 - - [29/Jan/2026:16:20:07 -0500] "HEAD /old/ HTTP/1.1" 302 - "-" "Mozilla/5.0 (Macintosh; Intel Mac OS X 13_5) AppleWebKit/605.1.15 (KHTML, like Gecko) Version/16.5 Safari/605.1.15"
34.169.163.242 - - [29/Jan/2026:16:20:07 -0500] "HEAD /wp/ HTTP/1.1" 302 - "-" "Mozilla/5.0 (Windows NT 10.0; Win64; x64) AppleWebKit/537.36 (KHTML, like Gecko) Chrome/126.0.6478.70 Safari/537.36 Vivaldi/6.7.3200.25"
34.169.163.242 - - [29/Jan/2026:16:20:08 -0500] "HEAD /wordpress/ HTTP/1.1" 302 - "-" "Mozilla/5.0 (Linux; Android 14; Xiaomi 14 Pro) AppleWebKit/537.36 (KHTML, like Gecko) Chrome/126.0.6478.33 Mobile Safari/537.36"
78.153.140.171 - - [29/Jan/2026:16:23:59 -0500] "GET /.env HTTP/1.1" 302 276 "-" "Mozilla/5.0 (Windows NT 5.1) AppleWebKit/537.36 (KHTML, like Gecko) MxBrowser/4.5.10.7000 Chrome/30.0.1551.0 Safari/537.36"
78.153.140.171 - - [29/Jan/2026:16:23:59 -0500] "GET /.env HTTP/1.1" 302 280 "-" "Mozilla/5.0 (Windows NT 6.1; WOW64) AppleWebKit/537.36 (KHTML, like Gecko) Chrome/43.0.2357.81 Safari/537.36 OPR/30.0.1835.59 (Edition Campaign 16)"
78.153.140.171 - - [29/Jan/2026:16:24:00 -0500] "GET / HTTP/1.1" 301 - "-" "Mozilla/5.0 (Windows; U; Windows NT 6.0; ja; rv:1.8.1.20) Gecko/20081217 Firefox/2.0.0.20 (.NET CLR 3.5.30729)"
78.153.140.171 - - [29/Jan/2026:16:24:00 -0500] "GET / HTTP/1.1" 200 73246 "-" "Mozilla/5.0 (Windows NT 6.3; WOW64) AppleWebKit/537.36 (KHTML, like Gecko) Chrome/51.0.2704.106 Safari/537.36 OPR/38.0.2220.41"
78.153.140.171 - - [29/Jan/2026:16:24:01 -0500] "GET /api/.env HTTP/1.1" 302 280 "-" "Mozilla/5.0 (Linux; U; Android 4.3; es-us; HUAWEI Y530-U051 Build/HuaweiY530-U051) AppleWebKit/534.30 (KHTML, like Gecko) Version/4.0 Mobile Safari/534.30"
78.153.140.171 - - [29/Jan/2026:16:24:02 -0500] "GET /api/.env HTTP/1.1" 302 276 "-" "Mozilla/5.0 (Linux; Android 5.1.1; SAMSUNG SM-G531H Build/LMY48B) AppleWebKit/537.36 (KHTML, like Gecko) SamsungBrowser/3.3 Chrome/38.0.2125.102 Mobile Safari/537.36"
78.153.140.171 - - [29/Jan/2026:16:24:02 -0500] "GET /app_dev.php/_profiler/phpinfo HTTP/1.1" 302 280 "-" "Opera/9.60 (X11; Linux x86_64; U)"
