File: //home/httpd/logs/flamingtube.com_access_log.4
46.62.211.128 - - [26/Jan/2026:04:08:38 -0500] "GET / HTTP/1.1" 301 - "-" "Mozilla/5.0 (Windows NT 10.0; Win64; x64) AppleWebKit/537.36 (KHTML, like Gecko) Chrome/91.0.4472.124 Safari/537.36"
74.206.190.118 - - [26/Jan/2026:04:08:39 -0500] "POST /wp-cron.php?doing_wp_cron=1769418519.5787889957427978515625 HTTP/1.1" 200 - "-" "WordPress/3.6.1; http://www.flamingtube.com"
46.62.211.128 - - [26/Jan/2026:04:08:39 -0500] "GET / HTTP/1.1" 200 84036 "http://flamingtube.com" "Mozilla/5.0 (Windows NT 10.0; Win64; x64) AppleWebKit/537.36 (KHTML, like Gecko) Chrome/91.0.4472.124 Safari/537.36"
46.62.211.128 - - [26/Jan/2026:04:08:40 -0500] "GET /wp-json/wc/v3 HTTP/1.1" 302 275 "-" "Mozilla/5.0 (Windows NT 10.0; Win64; x64) AppleWebKit/537.36 (KHTML, like Gecko) Chrome/91.0.4472.124 Safari/537.36"
46.62.211.128 - - [26/Jan/2026:04:08:41 -0500] "GET /magento_version HTTP/1.1" 302 275 "-" "Mozilla/5.0 (Windows NT 10.0; Win64; x64) AppleWebKit/537.36 (KHTML, like Gecko) Chrome/91.0.4472.124 Safari/537.36"
46.62.211.128 - - [26/Jan/2026:04:08:41 -0500] "GET /index.php?route=checkout/cart HTTP/1.1" 301 - "-" "Mozilla/5.0 (Windows NT 10.0; Win64; x64) AppleWebKit/537.36 (KHTML, like Gecko) Chrome/91.0.4472.124 Safari/537.36"
46.62.211.128 - - [26/Jan/2026:04:08:41 -0500] "GET /index.php?route=checkout/cart HTTP/1.1" 301 - "http://flamingtube.com/index.php?route=checkout/cart" "Mozilla/5.0 (Windows NT 10.0; Win64; x64) AppleWebKit/537.36 (KHTML, like Gecko) Chrome/91.0.4472.124 Safari/537.36"
46.62.211.128 - - [26/Jan/2026:04:08:42 -0500] "GET /?route=checkout/cart HTTP/1.1" 200 84102 "http://www.flamingtube.com/index.php?route=checkout/cart" "Mozilla/5.0 (Windows NT 10.0; Win64; x64) AppleWebKit/537.36 (KHTML, like Gecko) Chrome/91.0.4472.124 Safari/537.36"
46.62.211.128 - - [26/Jan/2026:04:08:42 -0500] "GET /wp-login.php?action=register HTTP/1.1" 301 - "-" "Mozilla/5.0 (Windows NT 10.0; Win64; x64) AppleWebKit/537.36 (KHTML, like Gecko) Chrome/91.0.4472.124 Safari/537.36"
46.62.211.128 - - [26/Jan/2026:04:08:43 -0500] "GET /wp-login.php?action=register HTTP/1.1" 302 - "http://flamingtube.com/wp-login.php?action=register" "Mozilla/5.0 (Windows NT 10.0; Win64; x64) AppleWebKit/537.36 (KHTML, like Gecko) Chrome/91.0.4472.124 Safari/537.36"
46.62.211.128 - - [26/Jan/2026:04:08:43 -0500] "GET /wp-login.php?registration=disabled HTTP/1.1" 200 2355 "http://www.flamingtube.com/wp-login.php?action=register" "Mozilla/5.0 (Windows NT 10.0; Win64; x64) AppleWebKit/537.36 (KHTML, like Gecko) Chrome/91.0.4472.124 Safari/537.36"
74.206.190.118 - - [26/Jan/2026:05:26:50 -0500] "POST /wp-cron.php?doing_wp_cron=1769423210.7854020595550537109375 HTTP/1.1" 200 - "-" "WordPress/3.6.1; http://www.flamingtube.com"
170.106.152.218 - - [26/Jan/2026:05:26:50 -0500] "GET / HTTP/1.1" 200 84036 "-" "Mozilla/5.0 (iPhone; CPU iPhone OS 13_2_3 like Mac OS X) AppleWebKit/605.1.15 (KHTML, like Gecko) Version/13.0.3 Mobile/15E148 Safari/604.1"
74.206.190.118 - - [26/Jan/2026:06:40:35 -0500] "POST /wp-cron.php?doing_wp_cron=1769427635.7308208942413330078125 HTTP/1.1" 200 - "-" "WordPress/3.6.1; http://www.flamingtube.com"
114.119.151.14 - - [26/Jan/2026:06:40:35 -0500] "GET /index.php/gaytube/man-butter-cum.html HTTP/1.1" 200 12631 "http://www.flamingtube.com/index.php/page/2" "Mozilla/5.0 (Linux; Android 7.0;) AppleWebKit/537.36 (KHTML, like Gecko) Mobile Safari/537.36 (compatible; PetalBot;+https://webmaster.petalsearch.com/site/petalbot)"
74.206.190.118 - - [26/Jan/2026:07:06:41 -0500] "POST /wp-cron.php?doing_wp_cron=1769429201.1951889991760253906250 HTTP/1.1" 200 - "-" "WordPress/3.6.1; http://www.flamingtube.com"
37.59.21.100 - - [26/Jan/2026:07:06:41 -0500] "GET /index.php/feed HTTP/1.1" 200 15652 "-" "Mozilla/5.0 (X11; Linux i686) AppleWebKit/537.36 (KHTML, like Gecko) Chrome/30.0.1599.66 Safari/537.36"
43.157.174.69 - - [26/Jan/2026:07:06:58 -0500] "GET / HTTP/1.1" 301 - "-" "Mozilla/5.0 (iPhone; CPU iPhone OS 13_2_3 like Mac OS X) AppleWebKit/605.1.15 (KHTML, like Gecko) Version/13.0.3 Mobile/15E148 Safari/604.1"
43.157.174.69 - - [26/Jan/2026:07:06:59 -0500] "GET / HTTP/1.1" 200 84036 "http://flamingtube.com" "Mozilla/5.0 (iPhone; CPU iPhone OS 13_2_3 like Mac OS X) AppleWebKit/605.1.15 (KHTML, like Gecko) Version/13.0.3 Mobile/15E148 Safari/604.1"
119.96.24.54 - - [26/Jan/2026:07:10:24 -0500] "GET / HTTP/1.1" 200 84036 "-" "Mozilla/5.0 (iPhone; CPU iPhone OS 13_2_3 like Mac OS X) AppleWebKit/605.1.15 (KHTML, like Gecko) Version/13.0.3 Mobile/15E148 Safari/604.1"
46.8.222.147 - - [26/Jan/2026:08:20:14 -0500] "GET / HTTP/1.1" 301 - "http://flamingtube.com/" "Mozilla/5.0 (Windows NT 10.0; Win64; x64) AppleWebKit/537.36 (KHTML, like Gecko) Chrome/131.0.0.0 Safari/537.36 Avast/131.0.0.0"
74.206.190.118 - - [26/Jan/2026:08:20:18 -0500] "POST /wp-cron.php?doing_wp_cron=1769433618.5946431159973144531250 HTTP/1.1" 200 - "-" "WordPress/3.6.1; http://www.flamingtube.com"
46.8.222.147 - - [26/Jan/2026:08:20:17 -0500] "GET / HTTP/1.1" 200 84036 "http://www.flamingtube.com/" "Mozilla/5.0 (Windows NT 10.0; Win64; x64) AppleWebKit/537.36 (KHTML, like Gecko) Chrome/131.0.0.0 Safari/537.36 Avast/131.0.0.0"
185.241.208.123 - - [26/Jan/2026:09:03:32 -0500] "GET /ss.php?f_c=1 HTTP/1.1" 302 275 "-" "Mozilla/5.0 (Linux; Android 7.0; SM-G892A Build/NRD90M; wv) AppleWebKit/537.36 (KHTML, like Gecko) Version/4.0 Chrome/60.0.3112.107 Mobile Safari/537.36"
74.206.190.118 - - [26/Jan/2026:10:21:28 -0500] "POST /wp-cron.php?doing_wp_cron=1769440888.2738919258117675781250 HTTP/1.1" 200 - "-" "WordPress/3.6.1; http://www.flamingtube.com"
114.119.136.68 - - [26/Jan/2026:10:21:28 -0500] "GET /index.php/gay-cumshot/fucking-gay-tube.html HTTP/1.1" 200 12534 "http://www.flamingtube.com/index.php/category/gay-cumshot/" "Mozilla/5.0 (Linux; Android 7.0;) AppleWebKit/537.36 (KHTML, like Gecko) Mobile Safari/537.36 (compatible; PetalBot;+https://webmaster.petalsearch.com/site/petalbot)"
114.119.154.253 - - [26/Jan/2026:10:22:53 -0500] "GET /index.php/gay-cumshot/cumshot-gay-tube.html HTTP/1.1" 200 12586 "http://www.flamingtube.com/index.php/category/gay-cumshot/" "Mozilla/5.0 (Linux; Android 7.0;) AppleWebKit/537.36 (KHTML, like Gecko) Mobile Safari/537.36 (compatible; PetalBot;+https://webmaster.petalsearch.com/site/petalbot)"
37.59.21.100 - - [26/Jan/2026:10:31:41 -0500] "GET /index.php/feed HTTP/1.1" 200 15652 "-" "Mozilla/5.0 (X11; Linux i686) AppleWebKit/537.36 (KHTML, like Gecko) Chrome/30.0.1599.66 Safari/537.36"
45.148.10.247 - - [26/Jan/2026:10:50:56 -0500] "GET /.git/config HTTP/1.1" 302 275 "-" "Mozilla/5.0 (Windows NT 10.0; rv:91.0) Gecko/20100101 Firefox/91.0"
45.148.10.247 - - [26/Jan/2026:10:50:57 -0500] "GET / HTTP/1.1" 301 - "-" "-"
74.206.190.118 - - [26/Jan/2026:11:34:20 -0500] "POST /wp-cron.php?doing_wp_cron=1769445260.3187630176544189453125 HTTP/1.1" 200 - "-" "WordPress/3.6.1; http://www.flamingtube.com"
43.130.78.203 - - [26/Jan/2026:11:34:20 -0500] "GET / HTTP/1.1" 200 84036 "-" "Mozilla/5.0 (iPhone; CPU iPhone OS 13_2_3 like Mac OS X) AppleWebKit/605.1.15 (KHTML, like Gecko) Version/13.0.3 Mobile/15E148 Safari/604.1"
87.121.84.30 - - [26/Jan/2026:11:52:28 -0500] "GET /admin/assets/jquery-file-upload/server/php/index.php?file=tf2rghf.jpg HTTP/1.1" 302 275 "-" "ALittle Client"
74.206.190.118 - - [26/Jan/2026:11:58:41 -0500] "POST /wp-cron.php?doing_wp_cron=1769446721.2865049839019775390625 HTTP/1.1" 200 - "-" "WordPress/3.6.1; http://www.flamingtube.com"
23.95.96.140 - - [26/Jan/2026:11:58:41 -0500] "GET / HTTP/1.1" 200 84036 "-" "Mozilla/5.0 (Macintosh; Intel Mac OS X 15_7_3) AppleWebKit/605.1.15 (KHTML, like Gecko) Version/26.0 Safari/605.1.15"
64.89.160.178 - - [26/Jan/2026:12:35:57 -0500] "GET //wp-content/plugins/fix/up.php HTTP/1.1" 302 275 "-" "Mozilla/5.0 (Windows NT 10.0; Win64; x64) AppleWebKit/537.36 (KHTML, like Gecko) Chrome/85.0.4183.102 Safari/537.36"
43.165.190.5 - - [26/Jan/2026:13:13:45 -0500] "GET / HTTP/1.1" 301 - "-" "Mozilla/5.0 (iPhone; CPU iPhone OS 13_2_3 like Mac OS X) AppleWebKit/605.1.15 (KHTML, like Gecko) Version/13.0.3 Mobile/15E148 Safari/604.1"
74.206.190.118 - - [26/Jan/2026:13:13:46 -0500] "POST /wp-cron.php?doing_wp_cron=1769451226.4710519313812255859375 HTTP/1.1" 200 - "-" "WordPress/3.6.1; http://www.flamingtube.com"
43.165.190.5 - - [26/Jan/2026:13:13:46 -0500] "GET / HTTP/1.1" 200 84036 "http://flamingtube.com" "Mozilla/5.0 (iPhone; CPU iPhone OS 13_2_3 like Mac OS X) AppleWebKit/605.1.15 (KHTML, like Gecko) Version/13.0.3 Mobile/15E148 Safari/604.1"
34.105.110.44 - - [26/Jan/2026:13:25:36 -0500] "HEAD /old/ HTTP/1.1" 302 - "-" "Mozilla/5.0 (Windows NT 10.0; WOW64) AppleWebKit/537.36 (KHTML, like Gecko) Chrome/118.0.5993.90 Safari/537.36"
34.105.110.44 - - [26/Jan/2026:13:25:36 -0500] "HEAD / HTTP/1.1" 301 - "-" "Mozilla/5.0 (Macintosh; Intel Mac OS X 14_5) AppleWebKit/605.1.15 (KHTML, like Gecko) Version/17.5 Safari/605.1.15"
34.105.110.44 - - [26/Jan/2026:13:25:37 -0500] "HEAD / HTTP/1.1" 200 - "http://flamingtube.com/" "Mozilla/5.0 (Macintosh; Intel Mac OS X 14_5) AppleWebKit/605.1.15 (KHTML, like Gecko) Version/17.5 Safari/605.1.15"
34.105.110.44 - - [26/Jan/2026:13:25:37 -0500] "HEAD /wordpress/ HTTP/1.1" 302 - "-" "Mozilla/5.0 (X11; Linux x86_64) AppleWebKit/537.36 (KHTML, like Gecko) Chrome/125.0.6422.76 Safari/537.36"
34.105.110.44 - - [26/Jan/2026:13:25:37 -0500] "HEAD /backup/ HTTP/1.1" 302 - "-" "Mozilla/5.0 (Linux; Android 12; Redmi Note 11) AppleWebKit/537.36 (KHTML, like Gecko) Chrome/123.0.6312.112 Mobile Safari/537.36"
34.105.110.44 - - [26/Jan/2026:13:25:37 -0500] "HEAD /wp/ HTTP/1.1" 302 - "-" "Mozilla/5.0 (iPhone; CPU iPhone OS 16_7 like Mac OS X) AppleWebKit/605.1.15 (KHTML, like Gecko) Version/16.7 Mobile/15E148 Safari/604.1"
34.105.110.44 - - [26/Jan/2026:13:25:37 -0500] "HEAD /blog/ HTTP/1.1" 302 - "-" "Mozilla/5.0 (X11; Linux x86_64; rv:127.0) Gecko/20100101 Firefox/127.0"
34.105.110.44 - - [26/Jan/2026:13:25:37 -0500] "HEAD /new/ HTTP/1.1" 302 - "-" "Mozilla/5.0 (Linux; Android 14; OnePlus 12) AppleWebKit/537.36 (KHTML, like Gecko) Chrome/125.0.6422.102 Mobile Safari/537.36"
207.46.13.128 - - [26/Jan/2026:13:32:06 -0500] "GET /sitemap.txt HTTP/1.1" 302 279 "-" "Mozilla/5.0 AppleWebKit/537.36 (KHTML, like Gecko; compatible; bingbot/2.0; +http://www.bing.com/bingbot.htm) Chrome/116.0.1938.76 Safari/537.36"
49.233.45.47 - - [26/Jan/2026:13:33:46 -0500] "GET / HTTP/1.1" 301 - "-" "Mozilla/5.0 (iPhone; CPU iPhone OS 13_2_3 like Mac OS X) AppleWebKit/605.1.15 (KHTML, like Gecko) Version/13.0.3 Mobile/15E148 Safari/604.1"
49.233.45.47 - - [26/Jan/2026:13:33:49 -0500] "GET / HTTP/1.1" 200 84036 "http://flamingtube.com" "Mozilla/5.0 (iPhone; CPU iPhone OS 13_2_3 like Mac OS X) AppleWebKit/605.1.15 (KHTML, like Gecko) Version/13.0.3 Mobile/15E148 Safari/604.1"
37.59.21.100 - - [26/Jan/2026:13:46:42 -0500] "GET /index.php/feed HTTP/1.1" 200 15652 "-" "Mozilla/5.0 (X11; Linux i686) AppleWebKit/537.36 (KHTML, like Gecko) Chrome/30.0.1599.66 Safari/537.36"
207.46.13.151 - - [26/Jan/2026:14:35:56 -0500] "GET /sitemap.txt HTTP/1.1" 302 279 "-" "Mozilla/5.0 AppleWebKit/537.36 (KHTML, like Gecko; compatible; bingbot/2.0; +http://www.bing.com/bingbot.htm) Chrome/116.0.1938.76 Safari/537.36"
104.28.203.58 - - [26/Jan/2026:15:06:29 -0500] "GET /style.php HTTP/1.1" 302 275 "-" "Go-http-client/1.1"
174.138.54.65 - - [26/Jan/2026:16:29:45 -0500] "GET /wp-json/wp/v2/posts HTTP/1.1" 302 275 "-" "Mozilla/5.0 (Windows NT 10.0; Win64; x64) AppleWebKit/537.36 (KHTML, like Gecko) Chrome/120.0.0.0 Safari/537.36"
74.206.190.118 - - [26/Jan/2026:16:54:21 -0500] "POST /wp-cron.php?doing_wp_cron=1769464461.1165790557861328125000 HTTP/1.1" 200 - "-" "WordPress/3.6.1; http://www.flamingtube.com"
114.119.134.3 - - [26/Jan/2026:16:54:20 -0500] "GET /index.php/gaytube/bareback-anal-sextube.html HTTP/1.1" 200 12553 "http://www.flamingtube.com/" "Mozilla/5.0 (Linux; Android 7.0;) AppleWebKit/537.36 (KHTML, like Gecko) Mobile Safari/537.36 (compatible; PetalBot;+https://webmaster.petalsearch.com/site/petalbot)"
141.138.208.43 - - [26/Jan/2026:17:01:13 -0500] "GET / HTTP/1.1" 301 - "-" "Mozilla/5.0 (Windows NT 10.0; Win64; x64; rv:123.0) Gecko/20100101 Firefox/123"
93.158.70.111 - - [26/Jan/2026:17:01:14 -0500] "GET / HTTP/1.1" 200 84036 "http://flamingtube.com/" "Mozilla/5.0 (Windows NT 10.0; Win64; x64; rv:123.0) Gecko/20100101 Firefox/123"
185.12.250.58 - - [26/Jan/2026:17:01:15 -0500] "GET /index.php/gay-cumshot/bareback-creampie.html HTTP/1.1" 200 12555 "-" "Mozilla/5.0 (Windows NT 10.0; Win64; x64; rv:123.0) Gecko/20100101 Firefox/123"
93.158.70.111 - - [26/Jan/2026:17:01:16 -0500] "GET /index.php/gaytube/bareback-anal-sextube.html HTTP/1.1" 200 12553 "-" "Mozilla/5.0 (Windows NT 10.0; Win64; x64; rv:123.0) Gecko/20100101 Firefox/123"
192.36.53.210 - - [26/Jan/2026:17:01:16 -0500] "GET /index.php/gay-cumshot/gay-anal-sex-tube.html HTTP/1.1" 200 12525 "-" "Mozilla/5.0 (Windows NT 10.0; Win64; x64; rv:123.0) Gecko/20100101 Firefox/123"
37.59.21.100 - - [26/Jan/2026:17:16:43 -0500] "GET /index.php/feed HTTP/1.1" 200 15652 "-" "Mozilla/5.0 (X11; Linux i686) AppleWebKit/537.36 (KHTML, like Gecko) Chrome/30.0.1599.66 Safari/537.36"
114.119.151.14 - - [26/Jan/2026:17:27:55 -0500] "GET /index.php/gay-cumshot/internal-cumshot-gay.html HTTP/1.1" 200 12834 "http://www.flamingtube.com/index.php/page/2" "Mozilla/5.0 (Linux; Android 7.0;) AppleWebKit/537.36 (KHTML, like Gecko) Mobile Safari/537.36 (compatible; PetalBot;+https://webmaster.petalsearch.com/site/petalbot)"
74.206.190.118 - - [26/Jan/2026:17:54:43 -0500] "POST /wp-cron.php?doing_wp_cron=1769468083.4473280906677246093750 HTTP/1.1" 200 - "-" "WordPress/3.6.1; http://www.flamingtube.com"
114.119.152.139 - - [26/Jan/2026:17:54:43 -0500] "GET /index.php/gay-cumshot/hot-gaystube.html HTTP/1.1" 200 12449 "http://www.flamingtube.com/index.php/category/gay-cumshot/" "Mozilla/5.0 (Linux; Android 7.0;) AppleWebKit/537.36 (KHTML, like Gecko) Mobile Safari/537.36 (compatible; PetalBot;+https://webmaster.petalsearch.com/site/petalbot)"
114.119.134.3 - - [26/Jan/2026:17:56:06 -0500] "GET /index.php/gay-cumshot/flaming-gays.html HTTP/1.1" 200 14095 "http://www.flamingtube.com/index.php/gay-cumshot/free-gays.html" "Mozilla/5.0 (Linux; Android 7.0;) AppleWebKit/537.36 (KHTML, like Gecko) Mobile Safari/537.36 (compatible; PetalBot;+https://webmaster.petalsearch.com/site/petalbot)"
43.135.211.148 - - [26/Jan/2026:17:59:49 -0500] "GET / HTTP/1.1" 200 84036 "-" "Mozilla/5.0 (iPhone; CPU iPhone OS 13_2_3 like Mac OS X) AppleWebKit/605.1.15 (KHTML, like Gecko) Version/13.0.3 Mobile/15E148 Safari/604.1"
172.189.29.240 - - [26/Jan/2026:18:05:08 -0500] "GET / HTTP/1.1" 200 84036 "-" "Mozilla/5.0 (Windows NT 10.0; Win64; x64) AppleWebKit/537.36 (KHTML, like Gecko) Chrome/91.0.4472.124 Safari/537.36"
172.189.29.240 - - [26/Jan/2026:18:05:09 -0500] "GET /wp-json/wc/v3 HTTP/1.1" 302 279 "-" "Mozilla/5.0 (Windows NT 10.0; Win64; x64) AppleWebKit/537.36 (KHTML, like Gecko) Chrome/91.0.4472.124 Safari/537.36"
172.189.29.240 - - [26/Jan/2026:18:05:10 -0500] "GET /magento_version HTTP/1.1" 302 279 "-" "Mozilla/5.0 (Windows NT 10.0; Win64; x64) AppleWebKit/537.36 (KHTML, like Gecko) Chrome/91.0.4472.124 Safari/537.36"
172.189.29.240 - - [26/Jan/2026:18:05:10 -0500] "GET /index.php?route=checkout/cart HTTP/1.1" 301 - "-" "Mozilla/5.0 (Windows NT 10.0; Win64; x64) AppleWebKit/537.36 (KHTML, like Gecko) Chrome/91.0.4472.124 Safari/537.36"
172.189.29.240 - - [26/Jan/2026:18:05:11 -0500] "GET /?route=checkout/cart HTTP/1.1" 200 84102 "http://www.flamingtube.com/index.php?route=checkout/cart" "Mozilla/5.0 (Windows NT 10.0; Win64; x64) AppleWebKit/537.36 (KHTML, like Gecko) Chrome/91.0.4472.124 Safari/537.36"
172.189.29.240 - - [26/Jan/2026:18:05:11 -0500] "GET /wp-login.php?action=register HTTP/1.1" 302 - "-" "Mozilla/5.0 (Windows NT 10.0; Win64; x64) AppleWebKit/537.36 (KHTML, like Gecko) Chrome/91.0.4472.124 Safari/537.36"
172.189.29.240 - - [26/Jan/2026:18:05:11 -0500] "GET /wp-login.php?registration=disabled HTTP/1.1" 200 2355 "http://www.flamingtube.com/wp-login.php?action=register" "Mozilla/5.0 (Windows NT 10.0; Win64; x64) AppleWebKit/537.36 (KHTML, like Gecko) Chrome/91.0.4472.124 Safari/537.36"
45.156.129.115 - - [26/Jan/2026:18:33:08 -0500] "GET / HTTP/1.1" 301 - "-" "Mozilla/5.0 (Windows NT 10.0; Win64; x64) AppleWebKit/537.36 (KHTML, like Gecko) Chrome/60.0.3112.113 Safari/537.36"
45.156.129.118 - - [26/Jan/2026:18:33:08 -0500] "GET / HTTP/1.1" 200 84036 "http://flamingtube.com/" "Mozilla/5.0 (Windows NT 10.0; Win64; x64) AppleWebKit/537.36 (KHTML, like Gecko) Chrome/60.0.3112.113 Safari/537.36"
45.156.129.115 - - [26/Jan/2026:18:33:33 -0500] "GET /license.txt HTTP/1.1" 200 19929 "-" "Mozilla/5.0 (Windows NT 10.0; Win64; x64) AppleWebKit/537.36 (KHTML, like Gecko) Chrome/60.0.3112.113 Safari/537.36"
45.156.129.115 - - [26/Jan/2026:18:33:44 -0500] "GET /wp-content/plugins/wp-central/readme.txt HTTP/1.1" 302 275 "-" "Mozilla/5.0 (Windows NT 10.0; Win64; x64) AppleWebKit/537.36 (KHTML, like Gecko) Chrome/60.0.3112.113 Safari/537.36"
45.156.129.116 - - [26/Jan/2026:18:33:49 -0500] "GET /wp-content/plugins/fancy-product-designer/readme.txt HTTP/1.1" 302 275 "-" "Mozilla/5.0 (Windows NT 10.0; Win64; x64) AppleWebKit/537.36 (KHTML, like Gecko) Chrome/60.0.3112.113 Safari/537.36"
45.156.129.116 - - [26/Jan/2026:18:34:11 -0500] "GET /wp-content/plugins/wp-user-avatar/readme.txt HTTP/1.1" 302 275 "-" "Mozilla/5.0 (Windows NT 10.0; Win64; x64) AppleWebKit/537.36 (KHTML, like Gecko) Chrome/60.0.3112.113 Safari/537.36"
45.156.129.115 - - [26/Jan/2026:18:34:24 -0500] "GET /wp-content/plugins/wordpress-database-reset/readme.txt HTTP/1.1" 302 275 "-" "Mozilla/5.0 (Windows NT 10.0; Win64; x64) AppleWebKit/537.36 (KHTML, like Gecko) Chrome/60.0.3112.113 Safari/537.36"
45.156.129.118 - - [26/Jan/2026:18:34:33 -0500] "GET /wp-content/plugins/elementor/readme.txt HTTP/1.1" 302 275 "-" "Mozilla/5.0 (Windows NT 10.0; Win64; x64) AppleWebKit/537.36 (KHTML, like Gecko) Chrome/60.0.3112.113 Safari/537.36"
45.156.129.118 - - [26/Jan/2026:18:34:49 -0500] "GET /wp-content/plugins/google-site-kit/readme.txt HTTP/1.1" 302 275 "-" "Mozilla/5.0 (Windows NT 10.0; Win64; x64) AppleWebKit/537.36 (KHTML, like Gecko) Chrome/60.0.3112.113 Safari/537.36"
45.156.129.117 - - [26/Jan/2026:18:34:49 -0500] "GET /wp-content/plugins/better-search-replace/readme.txt HTTP/1.1" 302 275 "-" "Mozilla/5.0 (Windows NT 10.0; Win64; x64) AppleWebKit/537.36 (KHTML, like Gecko) Chrome/60.0.3112.113 Safari/537.36"
45.156.129.116 - - [26/Jan/2026:18:34:49 -0500] "GET /wp-content/plugins/updraftplus/readme.txt HTTP/1.1" 302 275 "-" "Mozilla/5.0 (Windows NT 10.0; Win64; x64) AppleWebKit/537.36 (KHTML, like Gecko) Chrome/60.0.3112.113 Safari/537.36"
45.156.129.115 - - [26/Jan/2026:18:34:49 -0500] "GET /wp-content/plugins/duplicate-page/readme.txt HTTP/1.1" 302 275 "-" "Mozilla/5.0 (Windows NT 10.0; Win64; x64) AppleWebKit/537.36 (KHTML, like Gecko) Chrome/60.0.3112.113 Safari/537.36"
45.156.129.117 - - [26/Jan/2026:18:34:49 -0500] "GET /wp-content/plugins/all-in-one-seo-pack/readme.txt HTTP/1.1" 200 1756 "-" "Mozilla/5.0 (Windows NT 10.0; Win64; x64) AppleWebKit/537.36 (KHTML, like Gecko) Chrome/60.0.3112.113 Safari/537.36"
45.156.129.116 - - [26/Jan/2026:18:34:49 -0500] "GET /wp-content/plugins/seo-by-rank-math/readme.txt HTTP/1.1" 302 275 "-" "Mozilla/5.0 (Windows NT 10.0; Win64; x64) AppleWebKit/537.36 (KHTML, like Gecko) Chrome/60.0.3112.113 Safari/537.36"
45.156.129.116 - - [26/Jan/2026:18:34:49 -0500] "GET /wp-content/plugins/really-simple-ssl/readme.txt HTTP/1.1" 302 275 "-" "Mozilla/5.0 (Windows NT 10.0; Win64; x64) AppleWebKit/537.36 (KHTML, like Gecko) Chrome/60.0.3112.113 Safari/537.36"
45.156.129.116 - - [26/Jan/2026:18:34:49 -0500] "GET /wp-content/plugins/jetpack/readme.txt HTTP/1.1" 302 275 "-" "Mozilla/5.0 (Windows NT 10.0; Win64; x64) AppleWebKit/537.36 (KHTML, like Gecko) Chrome/60.0.3112.113 Safari/537.36"
45.156.129.118 - - [26/Jan/2026:18:34:49 -0500] "GET /wp-content/plugins/mailchimp-for-wp/readme.txt HTTP/1.1" 302 275 "-" "Mozilla/5.0 (Windows NT 10.0; Win64; x64) AppleWebKit/537.36 (KHTML, like Gecko) Chrome/60.0.3112.113 Safari/537.36"
45.156.129.115 - - [26/Jan/2026:18:34:49 -0500] "GET /wp-content/plugins/google-analytics-for-wordpress/readme.txt HTTP/1.1" 302 275 "-" "Mozilla/5.0 (Windows NT 10.0; Win64; x64) AppleWebKit/537.36 (KHTML, like Gecko) Chrome/60.0.3112.113 Safari/537.36"
45.156.129.118 - - [26/Jan/2026:18:34:49 -0500] "GET /wp-content/plugins/loginizer/readme.txt HTTP/1.1" 302 275 "-" "Mozilla/5.0 (Windows NT 10.0; Win64; x64) AppleWebKit/537.36 (KHTML, like Gecko) Chrome/60.0.3112.113 Safari/537.36"
45.156.129.118 - - [26/Jan/2026:18:34:49 -0500] "GET /wp-content/plugins/duplicate-post/readme.txt HTTP/1.1" 302 275 "-" "Mozilla/5.0 (Windows NT 10.0; Win64; x64) AppleWebKit/537.36 (KHTML, like Gecko) Chrome/60.0.3112.113 Safari/537.36"
45.156.129.116 - - [26/Jan/2026:18:34:49 -0500] "GET /wp-content/plugins/essential-addons-for-elementor-lite/readme.txt HTTP/1.1" 302 275 "-" "Mozilla/5.0 (Windows NT 10.0; Win64; x64) AppleWebKit/537.36 (KHTML, like Gecko) Chrome/60.0.3112.113 Safari/537.36"
45.156.129.115 - - [26/Jan/2026:18:34:49 -0500] "GET /wp-content/plugins/wp-file-manager/readme.txt HTTP/1.1" 302 275 "-" "Mozilla/5.0 (Windows NT 10.0; Win64; x64) AppleWebKit/537.36 (KHTML, like Gecko) Chrome/60.0.3112.113 Safari/537.36"
45.156.129.118 - - [26/Jan/2026:18:34:49 -0500] "GET /wp-content/plugins/code-snippets/readme.txt HTTP/1.1" 302 275 "-" "Mozilla/5.0 (Windows NT 10.0; Win64; x64) AppleWebKit/537.36 (KHTML, like Gecko) Chrome/60.0.3112.113 Safari/537.36"
45.156.129.116 - - [26/Jan/2026:18:34:49 -0500] "GET /wp-content/plugins/all-in-one-wp-security-and-firewall/readme.txt HTTP/1.1" 302 275 "-" "Mozilla/5.0 (Windows NT 10.0; Win64; x64) AppleWebKit/537.36 (KHTML, like Gecko) Chrome/60.0.3112.113 Safari/537.36"
45.156.129.115 - - [26/Jan/2026:18:34:49 -0500] "GET /wp-content/plugins/smart-slider-3/readme.txt HTTP/1.1" 302 275 "-" "Mozilla/5.0 (Windows NT 10.0; Win64; x64) AppleWebKit/537.36 (KHTML, like Gecko) Chrome/60.0.3112.113 Safari/537.36"
45.156.129.117 - - [26/Jan/2026:18:34:49 -0500] "GET /wp-content/plugins/astra-sites/readme.txt HTTP/1.1" 302 275 "-" "Mozilla/5.0 (Windows NT 10.0; Win64; x64) AppleWebKit/537.36 (KHTML, like Gecko) Chrome/60.0.3112.113 Safari/537.36"
45.156.129.116 - - [26/Jan/2026:18:34:49 -0500] "GET /wp-content/plugins/wp-optimize/readme.txt HTTP/1.1" 302 275 "-" "Mozilla/5.0 (Windows NT 10.0; Win64; x64) AppleWebKit/537.36 (KHTML, like Gecko) Chrome/60.0.3112.113 Safari/537.36"
45.156.129.115 - - [26/Jan/2026:18:34:49 -0500] "GET /wp-content/plugins/wp-super-cache/readme.txt HTTP/1.1" 302 275 "-" "Mozilla/5.0 (Windows NT 10.0; Win64; x64) AppleWebKit/537.36 (KHTML, like Gecko) Chrome/60.0.3112.113 Safari/537.36"
45.156.129.118 - - [26/Jan/2026:18:34:49 -0500] "GET /wp-content/plugins/duplicator/readme.txt HTTP/1.1" 302 275 "-" "Mozilla/5.0 (Windows NT 10.0; Win64; x64) AppleWebKit/537.36 (KHTML, like Gecko) Chrome/60.0.3112.113 Safari/537.36"
45.156.129.116 - - [26/Jan/2026:18:34:49 -0500] "GET /wp-content/plugins/sg-security/readme.txt HTTP/1.1" 302 275 "-" "Mozilla/5.0 (Windows NT 10.0; Win64; x64) AppleWebKit/537.36 (KHTML, like Gecko) Chrome/60.0.3112.113 Safari/537.36"
45.156.129.116 - - [26/Jan/2026:18:34:49 -0500] "GET /wp-content/plugins/akismet/readme.txt HTTP/1.1" 302 275 "-" "Mozilla/5.0 (Windows NT 10.0; Win64; x64) AppleWebKit/537.36 (KHTML, like Gecko) Chrome/60.0.3112.113 Safari/537.36"
45.156.129.117 - - [26/Jan/2026:18:34:49 -0500] "GET /wp-content/plugins/litespeed-cache/readme.txt HTTP/1.1" 302 275 "-" "Mozilla/5.0 (Windows NT 10.0; Win64; x64) AppleWebKit/537.36 (KHTML, like Gecko) Chrome/60.0.3112.113 Safari/537.36"
45.156.129.117 - - [26/Jan/2026:18:34:49 -0500] "GET /wp-content/plugins/coming-soon/readme.txt HTTP/1.1" 302 275 "-" "Mozilla/5.0 (Windows NT 10.0; Win64; x64) AppleWebKit/537.36 (KHTML, like Gecko) Chrome/60.0.3112.113 Safari/537.36"
45.156.129.117 - - [26/Jan/2026:18:34:49 -0500] "GET /wp-content/plugins/advanced-custom-fields/readme.txt HTTP/1.1" 302 275 "-" "Mozilla/5.0 (Windows NT 10.0; Win64; x64) AppleWebKit/537.36 (KHTML, like Gecko) Chrome/60.0.3112.113 Safari/537.36"
45.156.129.118 - - [26/Jan/2026:18:34:49 -0500] "GET /wp-content/plugins/wp-fastest-cache/readme.txt HTTP/1.1" 302 275 "-" "Mozilla/5.0 (Windows NT 10.0; Win64; x64) AppleWebKit/537.36 (KHTML, like Gecko) Chrome/60.0.3112.113 Safari/537.36"
45.156.129.117 - - [26/Jan/2026:18:34:49 -0500] "GET /wp-content/plugins/header-footer-elementor/readme.txt HTTP/1.1" 302 275 "-" "Mozilla/5.0 (Windows NT 10.0; Win64; x64) AppleWebKit/537.36 (KHTML, like Gecko) Chrome/60.0.3112.113 Safari/537.36"
45.156.129.115 - - [26/Jan/2026:18:34:49 -0500] "GET /wp-content/plugins/woocommerce/readme.txt HTTP/1.1" 302 275 "-" "Mozilla/5.0 (Windows NT 10.0; Win64; x64) AppleWebKit/537.36 (KHTML, like Gecko) Chrome/60.0.3112.113 Safari/537.36"
45.156.129.117 - - [26/Jan/2026:18:34:49 -0500] "GET /wp-content/plugins/better-wp-security/readme.txt HTTP/1.1" 302 275 "-" "Mozilla/5.0 (Windows NT 10.0; Win64; x64) AppleWebKit/537.36 (KHTML, like Gecko) Chrome/60.0.3112.113 Safari/537.36"
45.156.129.116 - - [26/Jan/2026:18:34:49 -0500] "GET /wp-content/plugins/wordfence/readme.txt HTTP/1.1" 302 275 "-" "Mozilla/5.0 (Windows NT 10.0; Win64; x64) AppleWebKit/537.36 (KHTML, like Gecko) Chrome/60.0.3112.113 Safari/537.36"
45.156.129.118 - - [26/Jan/2026:18:34:49 -0500] "GET /wp-content/plugins/all-in-one-wp-migration/readme.txt HTTP/1.1" 302 275 "-" "Mozilla/5.0 (Windows NT 10.0; Win64; x64) AppleWebKit/537.36 (KHTML, like Gecko) Chrome/60.0.3112.113 Safari/537.36"
45.156.129.118 - - [26/Jan/2026:18:34:49 -0500] "GET /wp-content/plugins/contact-form-7/readme.txt HTTP/1.1" 302 275 "-" "Mozilla/5.0 (Windows NT 10.0; Win64; x64) AppleWebKit/537.36 (KHTML, like Gecko) Chrome/60.0.3112.113 Safari/537.36"
45.156.129.116 - - [26/Jan/2026:18:34:49 -0500] "GET /wp-content/plugins/wpforms-lite/readme.txt HTTP/1.1" 302 275 "-" "Mozilla/5.0 (Windows NT 10.0; Win64; x64) AppleWebKit/537.36 (KHTML, like Gecko) Chrome/60.0.3112.113 Safari/537.36"
45.156.129.115 - - [26/Jan/2026:18:34:49 -0500] "GET /wp-content/plugins/limit-login-attempts-reloaded/readme.txt HTTP/1.1" 302 275 "-" "Mozilla/5.0 (Windows NT 10.0; Win64; x64) AppleWebKit/537.36 (KHTML, like Gecko) Chrome/60.0.3112.113 Safari/537.36"
45.156.129.117 - - [26/Jan/2026:18:34:49 -0500] "GET /wp-content/plugins/insert-headers-and-footers/readme.txt HTTP/1.1" 302 275 "-" "Mozilla/5.0 (Windows NT 10.0; Win64; x64) AppleWebKit/537.36 (KHTML, like Gecko) Chrome/60.0.3112.113 Safari/537.36"
45.156.129.115 - - [26/Jan/2026:18:34:49 -0500] "GET /wp-content/plugins/autoptimize/readme.txt HTTP/1.1" 302 275 "-" "Mozilla/5.0 (Windows NT 10.0; Win64; x64) AppleWebKit/537.36 (KHTML, like Gecko) Chrome/60.0.3112.113 Safari/537.36"
45.156.129.118 - - [26/Jan/2026:18:34:49 -0500] "GET /wp-content/plugins/redirection/readme.txt HTTP/1.1" 302 275 "-" "Mozilla/5.0 (Windows NT 10.0; Win64; x64) AppleWebKit/537.36 (KHTML, like Gecko) Chrome/60.0.3112.113 Safari/537.36"
45.156.129.116 - - [26/Jan/2026:18:34:49 -0500] "GET /wp-content/plugins/wps-hide-login/readme.txt HTTP/1.1" 302 275 "-" "Mozilla/5.0 (Windows NT 10.0; Win64; x64) AppleWebKit/537.36 (KHTML, like Gecko) Chrome/60.0.3112.113 Safari/537.36"
45.156.129.118 - - [26/Jan/2026:18:34:49 -0500] "GET /wp-content/plugins/w3-total-cache/readme.txt HTTP/1.1" 302 275 "-" "Mozilla/5.0 (Windows NT 10.0; Win64; x64) AppleWebKit/537.36 (KHTML, like Gecko) Chrome/60.0.3112.113 Safari/537.36"
45.156.129.118 - - [26/Jan/2026:18:34:49 -0500] "GET /wp-content/plugins/disable-comments/readme.txt HTTP/1.1" 302 275 "-" "Mozilla/5.0 (Windows NT 10.0; Win64; x64) AppleWebKit/537.36 (KHTML, like Gecko) Chrome/60.0.3112.113 Safari/537.36"
45.156.129.116 - - [26/Jan/2026:18:34:49 -0500] "GET /wp-content/plugins/envato-elements/readme.txt HTTP/1.1" 302 275 "-" "Mozilla/5.0 (Windows NT 10.0; Win64; x64) AppleWebKit/537.36 (KHTML, like Gecko) Chrome/60.0.3112.113 Safari/537.36"
45.156.129.116 - - [26/Jan/2026:18:34:49 -0500] "GET /wp-content/plugins/wordpress-seo/readme.txt HTTP/1.1" 302 275 "-" "Mozilla/5.0 (Windows NT 10.0; Win64; x64) AppleWebKit/537.36 (KHTML, like Gecko) Chrome/60.0.3112.113 Safari/537.36"
45.156.129.115 - - [26/Jan/2026:18:34:49 -0500] "GET /wp-content/plugins/ewww-image-optimizer/readme.txt HTTP/1.1" 302 275 "-" "Mozilla/5.0 (Windows NT 10.0; Win64; x64) AppleWebKit/537.36 (KHTML, like Gecko) Chrome/60.0.3112.113 Safari/537.36"
45.156.129.117 - - [26/Jan/2026:18:34:49 -0500] "GET /wp-content/plugins/hostinger/readme.txt HTTP/1.1" 302 275 "-" "Mozilla/5.0 (Windows NT 10.0; Win64; x64) AppleWebKit/537.36 (KHTML, like Gecko) Chrome/60.0.3112.113 Safari/537.36"
45.156.129.115 - - [26/Jan/2026:18:34:49 -0500] "GET /wp-content/plugins/complianz-gdpr/readme.txt HTTP/1.1" 302 275 "-" "Mozilla/5.0 (Windows NT 10.0; Win64; x64) AppleWebKit/537.36 (KHTML, like Gecko) Chrome/60.0.3112.113 Safari/537.36"
45.156.129.118 - - [26/Jan/2026:18:34:49 -0500] "GET /wp-content/plugins/svg-support/readme.txt HTTP/1.1" 302 275 "-" "Mozilla/5.0 (Windows NT 10.0; Win64; x64) AppleWebKit/537.36 (KHTML, like Gecko) Chrome/60.0.3112.113 Safari/537.36"
45.156.129.117 - - [26/Jan/2026:18:34:49 -0500] "GET /wp-content/plugins/redux-framework/readme.txt HTTP/1.1" 302 275 "-" "Mozilla/5.0 (Windows NT 10.0; Win64; x64) AppleWebKit/537.36 (KHTML, like Gecko) Chrome/60.0.3112.113 Safari/537.36"
45.156.129.116 - - [26/Jan/2026:18:34:49 -0500] "GET /wp-content/plugins/ultimate-addons-for-gutenberg/readme.txt HTTP/1.1" 302 275 "-" "Mozilla/5.0 (Windows NT 10.0; Win64; x64) AppleWebKit/537.36 (KHTML, like Gecko) Chrome/60.0.3112.113 Safari/537.36"
45.156.129.118 - - [26/Jan/2026:18:35:12 -0500] "GET /wp-content/plugins/wpschoolpress/readme.txt HTTP/1.1" 302 275 "-" "Mozilla/5.0 (Windows NT 10.0; Win64; x64) AppleWebKit/537.36 (KHTML, like Gecko) Chrome/60.0.3112.113 Safari/537.36"
45.156.129.117 - - [26/Jan/2026:18:35:12 -0500] "GET /wp-content/plugins/kingcomposer/readme.txt HTTP/1.1" 302 275 "-" "Mozilla/5.0 (Windows NT 10.0; Win64; x64) AppleWebKit/537.36 (KHTML, like Gecko) Chrome/60.0.3112.113 Safari/537.36"
45.156.129.116 - - [26/Jan/2026:18:35:12 -0500] "GET /wp-content/plugins/wp-time-capsule/readme.txt HTTP/1.1" 302 275 "-" "Mozilla/5.0 (Windows NT 10.0; Win64; x64) AppleWebKit/537.36 (KHTML, like Gecko) Chrome/60.0.3112.113 Safari/537.36"
45.156.129.118 - - [26/Jan/2026:18:35:13 -0500] "GET /wp-content/plugins/optinmonster/readme.txt HTTP/1.1" 302 275 "-" "Mozilla/5.0 (Windows NT 10.0; Win64; x64) AppleWebKit/537.36 (KHTML, like Gecko) Chrome/60.0.3112.113 Safari/537.36"
45.156.129.115 - - [26/Jan/2026:18:35:13 -0500] "GET /wp-content/plugins/iwp-client/readme.txt HTTP/1.1" 302 275 "-" "Mozilla/5.0 (Windows NT 10.0; Win64; x64) AppleWebKit/537.36 (KHTML, like Gecko) Chrome/60.0.3112.113 Safari/537.36"
45.156.129.116 - - [26/Jan/2026:18:35:14 -0500] "GET /wp-content/plugins/wp-video-lightbox/readme.txt HTTP/1.1" 302 275 "-" "Mozilla/5.0 (Windows NT 10.0; Win64; x64) AppleWebKit/537.36 (KHTML, like Gecko) Chrome/60.0.3112.113 Safari/537.36"
45.156.129.117 - - [26/Jan/2026:18:35:21 -0500] "GET /wp-content/plugins/bbpress/readme.txt HTTP/1.1" 302 275 "-" "Mozilla/5.0 (Windows NT 10.0; Win64; x64) AppleWebKit/537.36 (KHTML, like Gecko) Chrome/60.0.3112.113 Safari/537.36"
45.156.129.117 - - [26/Jan/2026:18:35:32 -0500] "GET /login.do HTTP/1.1" 302 275 "-" "Mozilla/5.0 (Windows NT 10.0; Win64; x64) AppleWebKit/537.36 (KHTML, like Gecko) Chrome/60.0.3112.113 Safari/537.36"
45.156.129.115 - - [26/Jan/2026:18:35:40 -0500] "GET / HTTP/1.1" 301 - "-" "Mozilla/5.0 (Windows NT 10.0; Win64; x64) AppleWebKit/537.36 (KHTML, like Gecko) Chrome/60.0.3112.113 Safari/537.36"
45.156.129.116 - - [26/Jan/2026:18:35:40 -0500] "GET / HTTP/1.1" 200 84036 "http://flamingtube.com/" "Mozilla/5.0 (Windows NT 10.0; Win64; x64) AppleWebKit/537.36 (KHTML, like Gecko) Chrome/60.0.3112.113 Safari/537.36"
45.156.129.115 - - [26/Jan/2026:18:35:42 -0500] "GET / HTTP/1.1" 301 - "-" "Mozilla/5.0 (Windows NT 10.0; Win64; x64) AppleWebKit/537.36 (KHTML, like Gecko) Chrome/60.0.3112.113 Safari/537.36"
45.156.129.115 - - [26/Jan/2026:18:35:43 -0500] "GET /aspera/faspex/ HTTP/1.1" 302 275 "-" "Mozilla/5.0 (Windows NT 10.0; Win64; x64) AppleWebKit/537.36 (KHTML, like Gecko) Chrome/60.0.3112.113 Safari/537.36"
103.227.224.59 - - [26/Jan/2026:18:48:23 -0500] "GET /wp-json/wp/v2/posts HTTP/1.1" 302 275 "-" "Mozilla/5.0 (Windows NT 10.0; Win64; x64) AppleWebKit/537.36 (KHTML, like Gecko) Chrome/120.0.0.0 Safari/537.36"
4.194.179.26 - - [26/Jan/2026:18:52:02 -0500] "GET /wp-content/plugins/fix/up.php HTTP/1.1" 302 275 "-" "Mozilla/5.0"
64.89.160.178 - - [26/Jan/2026:18:54:33 -0500] "POST /ALFA_DATA/alfacgiapi/perl.alfa HTTP/1.1" 302 275 "www.google.com" "Mozlila/5.0 (Linux; Android 7.0; SM-G892A Bulid/NRD90M; wv) AppleWebKit/537.36 (KHTML, like Gecko) Version/4.0 Chrome/60.0.3112.107 Moblie Safari/537.36"
64.89.160.178 - - [26/Jan/2026:18:54:33 -0500] "POST /wp-plain.php HTTP/1.1" 302 275 "www.google.com" "Mozilla/5.0 (Linux; Android 7.0; SM-G892A Bulid/NRD90M; wv) AppleWebKit/537.36 (KHTML, like Gecko) Version/4.0 Chrome/60.0.3112.107 Moblie Safari/537.36"
64.89.160.178 - - [26/Jan/2026:18:54:33 -0500] "GET /wp-content/plugins/fix/up.php HTTP/1.1" 302 275 "-" "Mozilla/5.0 (Windows NT 10.0; Win64; x64) AppleWebKit/537.36 (KHTML, like Gecko) Chrome/85.0.4183.102 Safari/537.36"
64.89.160.178 - - [26/Jan/2026:18:54:33 -0500] "GET /wp-content/themes/seotheme/db.php?u HTTP/1.1" 302 275 "www.google.com" "Mozlila/5.0 (Linux; Android 7.0; SM-G892A Bulid/NRD90M; wv) AppleWebKit/537.36 (KHTML, like Gecko) Version/4.0 Chrome/60.0.3112.107 Moblie Safari/537.36"
64.89.160.178 - - [26/Jan/2026:18:54:34 -0500] "POST /alfacgiapi/perl.alfa HTTP/1.1" 302 275 "www.google.com" "Mozlila/5.0 (Linux; Android 7.0; SM-G892A Bulid/NRD90M; wv) AppleWebKit/537.36 (KHTML, like Gecko) Version/4.0 Chrome/60.0.3112.107 Moblie Safari/537.36"
64.89.160.178 - - [26/Jan/2026:18:54:34 -0500] "GET /jutgqfsf.php?Fox=d3wL7 HTTP/1.1" 302 275 "www.google.com" "Mozilla/5.0 (Linux; Android 7.0; SM-G892A Bulid/NRD90M; wv) AppleWebKit/537.36 (KHTML, like Gecko) Version/4.0 Chrome/60.0.3112.107 Moblie Safari/537.36"
64.89.160.178 - - [26/Jan/2026:18:54:34 -0500] "GET / HTTP/1.1" 301 - "-" "Mozlila/5.0 (Linux; Android 7.0; SM-G892A Bulid/NRD90M; wv) AppleWebKit/537.36 (KHTML, like Gecko) Version/4.0 Chrome/60.0.3112.107 Moblie Safari/537.36"
74.206.190.118 - - [26/Jan/2026:18:54:40 -0500] "POST /wp-cron.php?doing_wp_cron=1769471680.2247068881988525390625 HTTP/1.1" 200 - "-" "WordPress/3.6.1; http://www.flamingtube.com"
64.89.160.178 - - [26/Jan/2026:18:54:37 -0500] "GET / HTTP/1.1" 200 84036 "-" "Mozlila/5.0 (Linux; Android 7.0; SM-G892A Bulid/NRD90M; wv) AppleWebKit/537.36 (KHTML, like Gecko) Version/4.0 Chrome/60.0.3112.107 Moblie Safari/537.36"
64.89.160.178 - - [26/Jan/2026:18:54:45 -0500] "GET / HTTP/1.1" 200 84036 "-" "Mozlila/5.0 (Linux; Android 7.0; SM-G892A Bulid/NRD90M; wv) AppleWebKit/537.36 (KHTML, like Gecko) Version/4.0 Chrome/60.0.3112.107 Moblie Safari/537.36"
64.89.160.178 - - [26/Jan/2026:18:54:53 -0500] "GET / HTTP/1.1" 200 84036 "-" "Mozlila/5.0 (Linux; Android 7.0; SM-G892A Bulid/NRD90M; wv) AppleWebKit/537.36 (KHTML, like Gecko) Version/4.0 Chrome/60.0.3112.107 Moblie Safari/537.36"
64.89.160.178 - - [26/Jan/2026:18:54:58 -0500] "GET /wp-content/plugins/apikey/apikey.php?test=hello HTTP/1.1" 302 279 "-" "Mozlila/5.0 (Linux; Android 7.0; SM-G892A Bulid/NRD90M; wv) AppleWebKit/537.36 (KHTML, like Gecko) Version/4.0 Chrome/60.0.3112.107 Moblie Safari/537.36"
51.68.107.141 - - [26/Jan/2026:19:15:45 -0500] "GET /robots.txt HTTP/1.1" 302 275 "-" "Mozilla/5.0 (compatible; MJ12bot/v2.0.4; http://mj12bot.com/)"
51.68.107.141 - - [26/Jan/2026:19:15:45 -0500] "GET / HTTP/1.1" 302 275 "-" "Mozilla/5.0 (compatible; MJ12bot/v2.0.4; http://mj12bot.com/)"
43.164.196.57 - - [26/Jan/2026:19:47:58 -0500] "GET / HTTP/1.1" 301 - "-" "Mozilla/5.0 (iPhone; CPU iPhone OS 13_2_3 like Mac OS X) AppleWebKit/605.1.15 (KHTML, like Gecko) Version/13.0.3 Mobile/15E148 Safari/604.1"
43.164.196.57 - - [26/Jan/2026:19:47:59 -0500] "GET / HTTP/1.1" 200 84036 "http://flamingtube.com" "Mozilla/5.0 (iPhone; CPU iPhone OS 13_2_3 like Mac OS X) AppleWebKit/605.1.15 (KHTML, like Gecko) Version/13.0.3 Mobile/15E148 Safari/604.1"
185.209.196.229 - - [26/Jan/2026:20:24:05 -0500] "GET /wp-content/plugins/fix/up.php HTTP/1.1" 302 275 "-" "Mozilla/5.0"
74.206.190.118 - - [26/Jan/2026:20:24:44 -0500] "POST /wp-cron.php?doing_wp_cron=1769477084.1604468822479248046875 HTTP/1.1" 200 - "-" "WordPress/3.6.1; http://www.flamingtube.com"
37.59.21.100 - - [26/Jan/2026:20:24:44 -0500] "GET /index.php/feed HTTP/1.1" 200 15652 "-" "Mozilla/5.0 (X11; Linux i686) AppleWebKit/537.36 (KHTML, like Gecko) Chrome/30.0.1599.66 Safari/537.36"
91.202.4.80 - - [26/Jan/2026:20:45:18 -0500] "GET /inputs.php HTTP/1.1" 302 275 "-" "Mozilla/4.0 (compatible; MSIE 6.0; Windows NT 5.1; SV1)"
216.244.66.240 - - [26/Jan/2026:21:50:38 -0500] "GET /robots.txt HTTP/1.1" 302 279 "-" "Mozilla/5.0 (compatible; DotBot/1.2; +https://opensiteexplorer.org/dotbot; help@moz.com)"
74.206.190.118 - - [26/Jan/2026:23:24:21 -0500] "POST /wp-cron.php?doing_wp_cron=1769487861.1666328907012939453125 HTTP/1.1" 200 - "-" "WordPress/3.6.1; http://www.flamingtube.com"
114.119.136.68 - - [26/Jan/2026:23:24:21 -0500] "GET /index.php/gay-cumshot/gaytube-vid.html HTTP/1.1" 200 12455 "http://www.flamingtube.com/index.php/category/gay-cumshot/" "Mozilla/5.0 (Linux; Android 7.0;) AppleWebKit/537.36 (KHTML, like Gecko) Mobile Safari/537.36 (compatible; PetalBot;+https://webmaster.petalsearch.com/site/petalbot)"
37.59.21.100 - - [26/Jan/2026:23:37:44 -0500] "GET /index.php/feed HTTP/1.1" 200 15652 "-" "Mozilla/5.0 (X11; Linux i686) AppleWebKit/537.36 (KHTML, like Gecko) Chrome/30.0.1599.66 Safari/537.36"
216.244.66.240 - - [26/Jan/2026:23:42:40 -0500] "GET /robots.txt HTTP/1.1" 302 279 "-" "Mozilla/5.0 (compatible; DotBot/1.2; +https://opensiteexplorer.org/dotbot; help@moz.com)"
46.105.48.30 - - [26/Jan/2026:23:55:43 -0500] "GET /robots.txt HTTP/1.1" 302 279 "-" "Mozilla/5.0 (compatible; MJ12bot/v2.0.4; http://mj12bot.com/)"
46.105.48.30 - - [26/Jan/2026:23:55:43 -0500] "GET / HTTP/1.1" 302 279 "-" "Mozilla/5.0 (compatible; MJ12bot/v2.0.4; http://mj12bot.com/)"
66.249.75.74 - - [26/Jan/2026:23:58:10 -0500] "GET /robots.txt HTTP/1.1" 200 29 "-" "Mozilla/5.0 (compatible; Googlebot/2.1; +http://www.google.com/bot.html)"
216.244.66.240 - - [27/Jan/2026:00:28:55 -0500] "GET /robots.txt HTTP/1.1" 302 279 "-" "Mozilla/5.0 (compatible; DotBot/1.2; +https://opensiteexplorer.org/dotbot; help@moz.com)"
92.255.85.77 - - [27/Jan/2026:00:50:50 -0500] "GET / HTTP/1.1" 301 - "http://flamingtube.com/" "Mozilla/5.0 (Windows NT 10.0; Win64; x64) AppleWebKit/537.36 (KHTML, like Gecko) Chrome/130.0.0.0 Safari/537.36"
74.206.190.118 - - [27/Jan/2026:00:50:50 -0500] "POST /wp-cron.php?doing_wp_cron=1769493050.7610430717468261718750 HTTP/1.1" 200 - "-" "WordPress/3.6.1; http://www.flamingtube.com"
92.255.85.77 - - [27/Jan/2026:00:50:50 -0500] "GET / HTTP/1.1" 200 84036 "http://www.flamingtube.com/" "Mozilla/5.0 (Windows NT 10.0; Win64; x64) AppleWebKit/537.36 (KHTML, like Gecko) Chrome/130.0.0.0 Safari/537.36"
170.64.195.135 - - [27/Jan/2026:01:01:24 -0500] "GET /sftp-config.json HTTP/1.1" 302 275 "-" "Mozilla/5.0 (Macintosh; Intel Mac OS X 10.15; rv:77.0) Gecko/20100101 Firefox/77.0"
170.64.195.135 - - [27/Jan/2026:01:01:26 -0500] "GET /.vscode/sftp.json HTTP/1.1" 302 275 "-" "Mozilla/5.0 (Macintosh; Intel Mac OS X 10.15; rv:77.0) Gecko/20100101 Firefox/77.0"
170.64.195.135 - - [27/Jan/2026:01:01:26 -0500] "GET /.vscode/ftp-config.json HTTP/1.1" 302 275 "-" "Mozilla/5.0 (Macintosh; Intel Mac OS X 10.15; rv:77.0) Gecko/20100101 Firefox/77.0"
170.64.195.135 - - [27/Jan/2026:01:01:27 -0500] "GET /.vscode/ftp-sync.json HTTP/1.1" 302 275 "-" "Mozilla/5.0 (Macintosh; Intel Mac OS X 10.15; rv:77.0) Gecko/20100101 Firefox/77.0"
170.64.195.135 - - [27/Jan/2026:01:01:28 -0500] "GET /.sftp-config.json HTTP/1.1" 302 275 "-" "Mozilla/5.0 (Macintosh; Intel Mac OS X 10.15; rv:77.0) Gecko/20100101 Firefox/77.0"
170.64.195.135 - - [27/Jan/2026:01:01:29 -0500] "GET /ftp-sync.json HTTP/1.1" 302 275 "-" "Mozilla/5.0 (Macintosh; Intel Mac OS X 10.15; rv:77.0) Gecko/20100101 Firefox/77.0"
170.64.195.135 - - [27/Jan/2026:01:01:30 -0500] "GET /.ftp-sync.json HTTP/1.1" 302 275 "-" "Mozilla/5.0 (Macintosh; Intel Mac OS X 10.15; rv:77.0) Gecko/20100101 Firefox/77.0"
170.64.195.135 - - [27/Jan/2026:01:01:31 -0500] "GET /ftp-config.json HTTP/1.1" 302 275 "-" "Mozilla/5.0 (Macintosh; Intel Mac OS X 10.15; rv:77.0) Gecko/20100101 Firefox/77.0"
170.64.195.135 - - [27/Jan/2026:01:01:32 -0500] "GET /.ftp-config.json HTTP/1.1" 302 275 "-" "Mozilla/5.0 (Macintosh; Intel Mac OS X 10.15; rv:77.0) Gecko/20100101 Firefox/77.0"
74.206.190.118 - - [27/Jan/2026:01:02:26 -0500] "POST /wp-cron.php?doing_wp_cron=1769493746.8290410041809082031250 HTTP/1.1" 200 - "-" "WordPress/3.6.1; http://www.flamingtube.com"
43.153.87.54 - - [27/Jan/2026:01:02:26 -0500] "GET / HTTP/1.1" 200 84036 "-" "Mozilla/5.0 (iPhone; CPU iPhone OS 13_2_3 like Mac OS X) AppleWebKit/605.1.15 (KHTML, like Gecko) Version/13.0.3 Mobile/15E148 Safari/604.1"
45.139.177.13 - - [27/Jan/2026:01:47:31 -0500] "GET / HTTP/1.1" 301 - "-" "Mozilla/5.0 (Windows NT 10.0; WOW64) AppleWebKit/537.36 (KHTML, like Gecko) Chrome/114.0.0.0 YaBrowser/22.7.0 Yowser/2.5 Safari/537.36"
45.139.177.13 - - [27/Jan/2026:01:47:31 -0500] "GET / HTTP/1.1" 200 84036 "http://flamingtube.com" "Mozilla/5.0 (Windows NT 10.0; WOW64) AppleWebKit/537.36 (KHTML, like Gecko) Chrome/114.0.0.0 YaBrowser/22.7.0 Yowser/2.5 Safari/537.36"
45.139.177.13 - - [27/Jan/2026:01:47:32 -0500] "GET /wp-login.php?action=register HTTP/1.1" 302 - "http://www.flamingtube.com/" "Mozilla/5.0 (Windows NT 6.3; Win64; x64) AppleWebKit/537.36 (KHTML, like Gecko) Chrome/103.0.0.0 Safari/537.36"
45.139.177.13 - - [27/Jan/2026:01:47:33 -0500] "GET /wp-login.php?registration=disabled HTTP/1.1" 200 2355 "http://www.flamingtube.com/wp-login.php?action=register" "Mozilla/5.0 (Windows NT 6.3; Win64; x64) AppleWebKit/537.36 (KHTML, like Gecko) Chrome/103.0.0.0 Safari/537.36"
74.206.190.118 - - [27/Jan/2026:02:11:06 -0500] "POST /wp-cron.php?doing_wp_cron=1769497866.4988119602203369140625 HTTP/1.1" 200 - "-" "WordPress/3.6.1; http://www.flamingtube.com"
94.247.172.129 - - [27/Jan/2026:02:11:06 -0500] "GET / HTTP/1.1" 200 84036 "-" "Mozilla/5.0 (Macintosh; Intel Mac OS X 10_9_2)"
37.59.21.100 - - [27/Jan/2026:02:21:45 -0500] "GET /index.php/feed HTTP/1.1" 200 15652 "-" "Mozilla/5.0 (X11; Linux i686) AppleWebKit/537.36 (KHTML, like Gecko) Chrome/30.0.1599.66 Safari/537.36"
185.194.178.99 - - [27/Jan/2026:02:30:30 -0500] "GET /vendor/phpunit/phpunit/phpunit.xsd HTTP/1.1" 302 275 "-" "Mozilla/5.0 (X11; Linux x86_64; rv:52.0) Gecko/20100101 Firefox/52.0"
43.173.1.69 - - [27/Jan/2026:02:56:51 -0500] "GET / HTTP/1.1" 301 - "-" "Mozilla/5.0 (iPhone; CPU iPhone OS 13_2_3 like Mac OS X) AppleWebKit/605.1.15 (KHTML, like Gecko) Version/13.0.3 Mobile/15E148 Safari/604.1"
74.206.190.118 - - [27/Jan/2026:02:56:53 -0500] "POST /wp-cron.php?doing_wp_cron=1769500613.4327020645141601562500 HTTP/1.1" 200 - "-" "WordPress/3.6.1; http://www.flamingtube.com"
43.173.1.69 - - [27/Jan/2026:02:56:53 -0500] "GET / HTTP/1.1" 200 84036 "http://flamingtube.com" "Mozilla/5.0 (iPhone; CPU iPhone OS 13_2_3 like Mac OS X) AppleWebKit/605.1.15 (KHTML, like Gecko) Version/13.0.3 Mobile/15E148 Safari/604.1"
103.3.246.71 - - [27/Jan/2026:03:00:14 -0500] "GET /wp-json/wp/v2/posts HTTP/1.1" 302 275 "-" "Mozilla/5.0 (Windows NT 10.0; Win64; x64) AppleWebKit/537.36 (KHTML, like Gecko) Chrome/120.0.0.0 Safari/537.36"
114.119.133.201 - - [27/Jan/2026:03:08:52 -0500] "GET /index.php/gay-cumshot/shocking-gays.html HTTP/1.1" 200 14127 "http://www.flamingtube.com/index.php/gay-cumshot/flaming-gays.html" "Mozilla/5.0 (Linux; Android 7.0;) AppleWebKit/537.36 (KHTML, like Gecko) Mobile Safari/537.36 (compatible; PetalBot;+https://webmaster.petalsearch.com/site/petalbot)"