HEX
Server: Apache
System: Linux msm5694.mjhst.com 3.10.0-1160.119.1.el7.x86_64 #1 SMP Tue Jun 4 14:43:51 UTC 2024 x86_64
User: camjab_ssh (1000)
PHP: 5.3.29
Disabled: NONE
Upload Files
File: //home/httpd/logs/flamingtube.com_access_log.2
44.249.3.165 - - [29/Jan/2026:04:18:16 -0500] "GET / HTTP/1.1" 301 - "-" "Mozilla/5.0 (Macintosh; Intel Mac OS X 10_15_7) AppleWebKit/537.36 (KHTML, like Gecko) Chrome/134.0.0.0 Safari/537.36"
74.206.190.118 - - [29/Jan/2026:04:18:16 -0500] "POST /wp-cron.php?doing_wp_cron=1769678296.9738280773162841796875 HTTP/1.1" 200 - "-" "WordPress/3.6.1; http://www.flamingtube.com"
44.249.3.165 - - [29/Jan/2026:04:18:16 -0500] "GET / HTTP/1.1" 200 84036 "http://flamingtube.com/" "Mozilla/5.0 (Macintosh; Intel Mac OS X 10_15_7) AppleWebKit/537.36 (KHTML, like Gecko) Chrome/134.0.0.0 Safari/537.36"
123.187.240.242 - - [29/Jan/2026:05:01:45 -0500] "GET / HTTP/1.1" 301 - "-" "Mozilla/5.0 (iPhone; CPU iPhone OS 13_2_3 like Mac OS X) AppleWebKit/605.1.15 (KHTML, like Gecko) Version/13.0.3 Mobile/15E148 Safari/604.1"
74.206.190.118 - - [29/Jan/2026:05:01:49 -0500] "POST /wp-cron.php?doing_wp_cron=1769680909.8245100975036621093750 HTTP/1.1" 200 - "-" "WordPress/3.6.1; http://www.flamingtube.com"
123.187.240.242 - - [29/Jan/2026:05:01:49 -0500] "GET / HTTP/1.1" 200 84036 "http://flamingtube.com" "Mozilla/5.0 (iPhone; CPU iPhone OS 13_2_3 like Mac OS X) AppleWebKit/605.1.15 (KHTML, like Gecko) Version/13.0.3 Mobile/15E148 Safari/604.1"
74.206.190.118 - - [29/Jan/2026:06:31:53 -0500] "POST /wp-cron.php?doing_wp_cron=1769686313.4892840385437011718750 HTTP/1.1" 200 - "-" "WordPress/3.6.1; http://www.flamingtube.com"
114.119.133.201 - - [29/Jan/2026:06:31:53 -0500] "GET /index.php/page/2 HTTP/1.1" 200 71674 "http://www.flamingtube.com/index.php/page/2" "Mozilla/5.0 (Linux; Android 7.0;) AppleWebKit/537.36 (KHTML, like Gecko) Mobile Safari/537.36 (compatible; PetalBot;+https://webmaster.petalsearch.com/site/petalbot)"
114.119.144.163 - - [29/Jan/2026:06:42:14 -0500] "GET /robots.txt HTTP/1.1" 200 29 "-" "Mozilla/5.0 (compatible;PetalBot;+https://webmaster.petalsearch.com/site/petalbot)"
43.157.170.126 - - [29/Jan/2026:06:47:33 -0500] "GET / HTTP/1.1" 200 84036 "-" "Mozilla/5.0 (iPhone; CPU iPhone OS 13_2_3 like Mac OS X) AppleWebKit/605.1.15 (KHTML, like Gecko) Version/13.0.3 Mobile/15E148 Safari/604.1"
138.59.204.100 - - [29/Jan/2026:08:19:57 -0500] "GET / HTTP/1.1" 301 - "https://antoshabrain.blogspot.com/p/contact.html" "Mozilla/5.0 (X11; Linux x86_64) AppleWebKit/537.36 (KHTML, like Gecko) Chrome/143.0.0.0 Safari/537.36"
43.156.204.134 - - [29/Jan/2026:08:23:40 -0500] "GET / HTTP/1.1" 301 - "-" "Mozilla/5.0 (iPhone; CPU iPhone OS 13_2_3 like Mac OS X) AppleWebKit/605.1.15 (KHTML, like Gecko) Version/13.0.3 Mobile/15E148 Safari/604.1"
74.206.190.118 - - [29/Jan/2026:08:23:41 -0500] "POST /wp-cron.php?doing_wp_cron=1769693021.9639708995819091796875 HTTP/1.1" 200 - "-" "WordPress/3.6.1; http://www.flamingtube.com"
43.156.204.134 - - [29/Jan/2026:08:23:41 -0500] "GET / HTTP/1.1" 200 84036 "http://flamingtube.com" "Mozilla/5.0 (iPhone; CPU iPhone OS 13_2_3 like Mac OS X) AppleWebKit/605.1.15 (KHTML, like Gecko) Version/13.0.3 Mobile/15E148 Safari/604.1"
101.198.0.184 - - [29/Jan/2026:08:33:59 -0500] "GET / HTTP/1.1" 301 - "-" "Mozilla/5.0 (Macintosh; Intel Mac OS X 10_15_7) AppleWebKit/537.36 (KHTML, like Gecko) Chrome/120.0.0.0 Safari/537.36 Edg/120.0.0.0"
101.198.0.187 - - [29/Jan/2026:08:34:10 -0500] "GET / HTTP/1.1" 200 84036 "http://flamingtube.com/" "Mozilla/5.0 (Macintosh; Intel Mac OS X 10_7_0) AppleWebKit/535.11 (KHTML, like Gecko) Chrome/17.0.963.56 Safari/535.11"
101.198.0.157 - - [29/Jan/2026:08:34:16 -0500] "GET /robots.txt HTTP/1.1" 200 29 "-" "Mozilla/5.0 (Macintosh; Intel Mac OS X 10_7_0) AppleWebKit/535.11 (KHTML, like Gecko) Chrome/17.0.963.56 Safari/535.11"
101.198.0.189 - - [29/Jan/2026:08:34:18 -0500] "GET /config.json HTTP/1.1" 302 275 "-" "Mozilla/5.0 (Macintosh; Intel Mac OS X 10_7_0) AppleWebKit/535.11 (KHTML, like Gecko) Chrome/17.0.963.56 Safari/535.11"
101.198.0.189 - - [29/Jan/2026:08:34:23 -0500] "GET /wp-content/plugins/wp-page-numbers/readme.txt HTTP/1.1" 200 2205 "-" "Mozilla/5.0 (iPod; U; CPU iPhone OS 4_0 like Mac OS X; yue-HK) AppleWebKit/534.46.5 (KHTML, like Gecko) Version/4.0.5 Mobile/8B115 Safari/6534.46.5"
101.198.0.142 - - [29/Jan/2026:08:34:24 -0500] "GET /wp-content/plugins/wp-postratings/readme.txt HTTP/1.1" 200 1173 "-" "Mozilla/5.0 (iPod; U; CPU iPhone OS 4_0 like Mac OS X; yue-HK) AppleWebKit/534.46.5 (KHTML, like Gecko) Version/4.0.5 Mobile/8B115 Safari/6534.46.5"
101.198.0.133 - - [29/Jan/2026:08:34:24 -0500] "GET /wp-content/plugins/flash-video-player/readme.txt HTTP/1.1" 200 2638 "-" "Mozilla/5.0 (iPod; U; CPU iPhone OS 4_0 like Mac OS X; yue-HK) AppleWebKit/534.46.5 (KHTML, like Gecko) Version/4.0.5 Mobile/8B115 Safari/6534.46.5"
101.198.0.152 - - [29/Jan/2026:08:34:25 -0500] "GET /wp-content/themes/tubethemev2/readme.txt HTTP/1.1" 302 275 "-" "Mozilla/5.0 (iPod; U; CPU iPhone OS 4_0 like Mac OS X; yue-HK) AppleWebKit/534.46.5 (KHTML, like Gecko) Version/4.0.5 Mobile/8B115 Safari/6534.46.5"
155.94.150.238 - - [29/Jan/2026:09:37:04 -0500] "GET /wp-content/plugins/shell/about.php HTTP/1.1" 302 279 "www.google.com" "Mozlila/5.0 (Linux; Android 7.0; SM-G892A Bulid/NRD90M; wv) AppleWebKit/537.36 (KHTML, like Gecko) Version/4.0 Chrome/60.0.3112.107 Moblie Safari/537.36"
74.206.190.118 - - [29/Jan/2026:09:43:25 -0500] "POST /wp-cron.php?doing_wp_cron=1769697805.5218338966369628906250 HTTP/1.1" 200 - "-" "WordPress/3.6.1; http://www.flamingtube.com"
182.232.99.75 - - [29/Jan/2026:09:43:25 -0500] "GET /index.php/gay-cumshot/hot-gaystube.html HTTP/1.1" 200 12449 "https://www.google.com/" "Mozilla/5.0 (Linux; Android 10; K) AppleWebKit/537.36 (KHTML, like Gecko) Chrome/144.0.0.0 Mobile Safari/537.36"
182.232.99.75 - - [29/Jan/2026:09:43:26 -0500] "GET /wp-content/plugins/wp-postratings/postratings-js.php?ver=1.30 HTTP/1.1" 200 4812 "http://www.flamingtube.com/index.php/gay-cumshot/hot-gaystube.html" "Mozilla/5.0 (Linux; Android 10; K) AppleWebKit/537.36 (KHTML, like Gecko) Chrome/144.0.0.0 Mobile Safari/537.36"
160.25.56.58 - - [29/Jan/2026:11:17:15 -0500] "GET /wp-json/wp/v2/posts HTTP/1.1" 302 275 "-" "Mozilla/5.0 (Windows NT 10.0; Win64; x64) AppleWebKit/537.36 (KHTML, like Gecko) Chrome/120.0.0.0 Safari/537.36"
74.206.190.118 - - [29/Jan/2026:11:39:52 -0500] "POST /wp-cron.php?doing_wp_cron=1769704792.6309978961944580078125 HTTP/1.1" 200 - "-" "WordPress/3.6.1; http://www.flamingtube.com"
123.187.240.242 - - [29/Jan/2026:11:39:52 -0500] "GET / HTTP/1.1" 200 84036 "-" "Mozilla/5.0 (iPhone; CPU iPhone OS 13_2_3 like Mac OS X) AppleWebKit/605.1.15 (KHTML, like Gecko) Version/13.0.3 Mobile/15E148 Safari/604.1"
37.77.150.123 - - [29/Jan/2026:11:44:33 -0500] "GET /wp-login.php?wp_lang=en_US HTTP/1.1" 200 2295 "http://www.flamingtube.com/wp-login.php" "Mozilla/5.0 (Windows NT 10.0; Win64; x64) AppleWebKit/537.36 (KHTML, like Gecko) Chrome/138.0.0.0 Safari/537.36"
37.77.150.123 - - [29/Jan/2026:11:44:39 -0500] "POST /wp-login.php?wp_lang=en_US HTTP/1.1" 200 3194 "http://www.flamingtube.com/wp-login.php" "Mozilla/5.0 (Windows NT 10.0; Win64; x64) AppleWebKit/537.36 (KHTML, like Gecko) Chrome/138.0.0.0 Safari/537.36"
80.71.159.82 - - [29/Jan/2026:12:44:45 -0500] "GET / HTTP/1.1" 301 - "http://flamingtube.com/" "Mozilla/5.0 (Windows NT 10.0; Win64; x64) AppleWebKit/537.36 (KHTML, like Gecko) Chrome/131.0.0.0 Safari/537.36"
74.206.190.118 - - [29/Jan/2026:12:44:45 -0500] "POST /wp-cron.php?doing_wp_cron=1769708685.8798570632934570312500 HTTP/1.1" 200 - "-" "WordPress/3.6.1; http://www.flamingtube.com"
80.71.159.82 - - [29/Jan/2026:12:44:45 -0500] "GET / HTTP/1.1" 200 84036 "http://www.flamingtube.com/" "Mozilla/5.0 (Windows NT 10.0; Win64; x64) AppleWebKit/537.36 (KHTML, like Gecko) Chrome/131.0.0.0 Safari/537.36"
38.240.58.88 - - [29/Jan/2026:12:59:29 -0500] "GET /vendor/phpunit/phpunit/phpunit.xsd HTTP/1.1" 302 275 "-" "Mozilla/5.0 (X11; Linux x86_64; rv:52.0) Gecko/20100101 Firefox/52.0"
74.206.190.118 - - [29/Jan/2026:13:05:17 -0500] "POST /wp-cron.php?doing_wp_cron=1769709917.0866041183471679687500 HTTP/1.1" 200 - "-" "WordPress/3.6.1; http://www.flamingtube.com"
43.135.133.194 - - [29/Jan/2026:13:05:16 -0500] "GET / HTTP/1.1" 200 84036 "-" "Mozilla/5.0 (iPhone; CPU iPhone OS 13_2_3 like Mac OS X) AppleWebKit/605.1.15 (KHTML, like Gecko) Version/13.0.3 Mobile/15E148 Safari/604.1"
52.184.97.233 - - [29/Jan/2026:13:17:04 -0500] "GET /wp-content/plugins/hellopress/wp_filemanager.php HTTP/1.1" 302 275 "-" "-"
52.184.97.233 - - [29/Jan/2026:13:17:05 -0500] "GET /class19.php HTTP/1.1" 302 275 "-" "-"
52.184.97.233 - - [29/Jan/2026:13:17:06 -0500] "GET /zwso.php HTTP/1.1" 302 275 "-" "-"
52.184.97.233 - - [29/Jan/2026:13:17:06 -0500] "GET /ficmdwty.php HTTP/1.1" 302 275 "-" "-"
52.184.97.233 - - [29/Jan/2026:13:17:07 -0500] "GET /xmrlpc.php HTTP/1.1" 302 275 "-" "-"
52.184.97.233 - - [29/Jan/2026:13:17:08 -0500] "GET /comfunctions.php HTTP/1.1" 302 275 "-" "-"
52.184.97.233 - - [29/Jan/2026:13:17:09 -0500] "GET /maintenance.php HTTP/1.1" 302 275 "-" "-"
52.184.97.233 - - [29/Jan/2026:13:17:10 -0500] "GET /indeex.php HTTP/1.1" 302 275 "-" "-"
52.184.97.233 - - [29/Jan/2026:13:17:10 -0500] "GET /wp-site.php HTTP/1.1" 302 275 "-" "-"
52.184.97.233 - - [29/Jan/2026:13:17:11 -0500] "GET /function.php HTTP/1.1" 302 275 "-" "-"
52.184.97.233 - - [29/Jan/2026:13:17:11 -0500] "GET /thfd.php HTTP/1.1" 302 275 "-" "-"
52.184.97.233 - - [29/Jan/2026:13:17:11 -0500] "GET /index4.php HTTP/1.1" 302 275 "-" "-"
52.184.97.233 - - [29/Jan/2026:13:17:12 -0500] "GET /backup.php HTTP/1.1" 302 275 "-" "-"
52.184.97.233 - - [29/Jan/2026:13:17:13 -0500] "GET /wp-admin-css.php HTTP/1.1" 302 275 "-" "-"
52.184.97.233 - - [29/Jan/2026:13:17:13 -0500] "GET /priv.php HTTP/1.1" 302 275 "-" "-"
52.184.97.233 - - [29/Jan/2026:13:17:14 -0500] "GET /yes.php HTTP/1.1" 302 275 "-" "-"
52.184.97.233 - - [29/Jan/2026:13:17:15 -0500] "GET /change_password.php HTTP/1.1" 302 275 "-" "-"
52.184.97.233 - - [29/Jan/2026:13:17:15 -0500] "GET /payout.php HTTP/1.1" 302 275 "-" "-"
52.184.97.233 - - [29/Jan/2026:13:17:16 -0500] "GET /wsanon.php HTTP/1.1" 302 275 "-" "-"
52.184.97.233 - - [29/Jan/2026:13:17:17 -0500] "GET /defense.php HTTP/1.1" 302 275 "-" "-"
52.184.97.233 - - [29/Jan/2026:13:17:17 -0500] "GET /sxo.php HTTP/1.1" 302 275 "-" "-"
52.184.97.233 - - [29/Jan/2026:13:17:18 -0500] "GET /local-phpinfo.php HTTP/1.1" 302 275 "-" "-"
52.184.97.233 - - [29/Jan/2026:13:17:19 -0500] "GET /wp-cc.php HTTP/1.1" 302 275 "-" "-"
52.184.97.233 - - [29/Jan/2026:13:17:19 -0500] "GET /wp-class.php HTTP/1.1" 302 275 "-" "-"
52.184.97.233 - - [29/Jan/2026:13:17:19 -0500] "GET /colors.php HTTP/1.1" 302 275 "-" "-"
52.184.97.233 - - [29/Jan/2026:13:17:20 -0500] "GET /wp-includes/link.php HTTP/1.1" 302 275 "-" "-"
52.184.97.233 - - [29/Jan/2026:13:17:20 -0500] "GET /server.php HTTP/1.1" 302 275 "-" "-"
52.184.97.233 - - [29/Jan/2026:13:17:21 -0500] "GET /iR7SzrsOUEP.php HTTP/1.1" 302 275 "-" "-"
52.184.97.233 - - [29/Jan/2026:13:17:21 -0500] "GET /ini.php HTTP/1.1" 302 275 "-" "-"
52.184.97.233 - - [29/Jan/2026:13:17:22 -0500] "GET /inbox.php HTTP/1.1" 302 275 "-" "-"
52.184.97.233 - - [29/Jan/2026:13:17:22 -0500] "GET /wp-cdi.php HTTP/1.1" 302 275 "-" "-"
52.184.97.233 - - [29/Jan/2026:13:17:23 -0500] "GET /blue.php HTTP/1.1" 302 275 "-" "-"
52.184.97.233 - - [29/Jan/2026:13:17:23 -0500] "GET /alfa1.php HTTP/1.1" 302 275 "-" "-"
52.184.97.233 - - [29/Jan/2026:13:17:24 -0500] "GET /spip.php HTTP/1.1" 302 275 "-" "-"
52.184.97.233 - - [29/Jan/2026:13:17:24 -0500] "GET /input.php HTTP/1.1" 302 275 "-" "-"
52.184.97.233 - - [29/Jan/2026:13:17:25 -0500] "GET /index-ajax-response.php HTTP/1.1" 302 275 "-" "-"
52.184.97.233 - - [29/Jan/2026:13:17:25 -0500] "GET /csv.php HTTP/1.1" 302 275 "-" "-"
52.184.97.233 - - [29/Jan/2026:13:17:26 -0500] "GET /blkqvmih.php HTTP/1.1" 302 275 "-" "-"
52.184.97.233 - - [29/Jan/2026:13:17:26 -0500] "GET /yanz.php HTTP/1.1" 302 275 "-" "-"
52.184.97.233 - - [29/Jan/2026:13:17:27 -0500] "GET /session.php HTTP/1.1" 302 275 "-" "-"
52.184.97.233 - - [29/Jan/2026:13:17:28 -0500] "GET /class-wp-filesystemss.php HTTP/1.1" 302 275 "-" "-"
52.184.97.233 - - [29/Jan/2026:13:17:28 -0500] "GET /installer.php HTTP/1.1" 302 275 "-" "-"
52.184.97.233 - - [29/Jan/2026:13:17:29 -0500] "GET /link-add.php HTTP/1.1" 302 275 "-" "-"
52.184.97.233 - - [29/Jan/2026:13:17:30 -0500] "GET /audio.php HTTP/1.1" 302 275 "-" "-"
52.184.97.233 - - [29/Jan/2026:13:17:30 -0500] "GET /aksinet.php HTTP/1.1" 302 275 "-" "-"
52.184.97.233 - - [29/Jan/2026:13:17:31 -0500] "GET /register.php HTTP/1.1" 302 275 "-" "-"
52.184.97.233 - - [29/Jan/2026:13:17:31 -0500] "GET /4price3.php HTTP/1.1" 302 275 "-" "-"
52.184.97.233 - - [29/Jan/2026:13:17:32 -0500] "GET /lofmebwd.php HTTP/1.1" 302 275 "-" "-"
52.184.97.233 - - [29/Jan/2026:13:17:33 -0500] "GET /w8a6btny.php HTTP/1.1" 302 275 "-" "-"
52.184.97.233 - - [29/Jan/2026:13:17:33 -0500] "GET /uwntsctk.php HTTP/1.1" 302 275 "-" "-"
52.184.97.233 - - [29/Jan/2026:13:17:34 -0500] "GET /wboom.php HTTP/1.1" 302 275 "-" "-"
52.184.97.233 - - [29/Jan/2026:13:17:34 -0500] "GET /wsa.php HTTP/1.1" 302 275 "-" "-"
52.184.97.233 - - [29/Jan/2026:13:17:35 -0500] "GET /wp-fclass.php HTTP/1.1" 302 275 "-" "-"
52.184.97.233 - - [29/Jan/2026:13:17:35 -0500] "GET /wp-content/admin.php HTTP/1.1" 302 275 "-" "-"
52.184.97.233 - - [29/Jan/2026:13:17:36 -0500] "GET /exit.php HTTP/1.1" 302 275 "-" "-"
52.184.97.233 - - [29/Jan/2026:13:17:36 -0500] "GET /0.php HTTP/1.1" 302 275 "-" "-"
52.184.97.233 - - [29/Jan/2026:13:17:37 -0500] "GET /wp-scripts.php HTTP/1.1" 302 275 "-" "-"
52.184.97.233 - - [29/Jan/2026:13:17:37 -0500] "GET /reset.php HTTP/1.1" 302 275 "-" "-"
52.184.97.233 - - [29/Jan/2026:13:17:38 -0500] "GET /ova-tools.php HTTP/1.1" 302 275 "-" "-"
150.109.12.53 - - [29/Jan/2026:13:17:38 -0500] "GET /robots.txt HTTP/1.1" 200 29 "-" "Mozilla/5.0 (Macintosh; Intel Mac OS X 10_15_7) AppleWebKit/537.36 (KHTML, like Gecko) Chrome/129.0.0.0 Safari/537.36"
52.184.97.233 - - [29/Jan/2026:13:17:38 -0500] "GET /f35.php HTTP/1.1" 302 275 "-" "-"
52.184.97.233 - - [29/Jan/2026:13:17:39 -0500] "GET /OLD-UP-ova.php HTTP/1.1" 302 275 "-" "-"
52.184.97.233 - - [29/Jan/2026:13:17:40 -0500] "GET /log404.php HTTP/1.1" 302 275 "-" "-"
52.184.97.233 - - [29/Jan/2026:13:17:40 -0500] "GET /wp-2022.php HTTP/1.1" 302 275 "-" "-"
52.184.97.233 - - [29/Jan/2026:13:17:41 -0500] "GET /xlettt.php HTTP/1.1" 302 275 "-" "-"
52.184.97.233 - - [29/Jan/2026:13:17:41 -0500] "GET /post-new.php HTTP/1.1" 302 275 "-" "-"
52.184.97.233 - - [29/Jan/2026:13:17:42 -0500] "GET /CasperExV1.php HTTP/1.1" 302 275 "-" "-"
52.184.97.233 - - [29/Jan/2026:13:17:43 -0500] "GET /release.php HTTP/1.1" 302 275 "-" "-"
52.184.97.233 - - [29/Jan/2026:13:17:43 -0500] "GET /curl.php HTTP/1.1" 302 275 "-" "-"
52.184.97.233 - - [29/Jan/2026:13:17:44 -0500] "GET /fan.php HTTP/1.1" 302 275 "-" "-"
52.184.97.233 - - [29/Jan/2026:13:17:44 -0500] "GET /avbxfstf.php HTTP/1.1" 302 275 "-" "-"
52.184.97.233 - - [29/Jan/2026:13:17:45 -0500] "GET /browse.php HTTP/1.1" 302 275 "-" "-"
52.184.97.233 - - [29/Jan/2026:13:17:45 -0500] "GET /wp-commentin.php HTTP/1.1" 302 275 "-" "-"
52.184.97.233 - - [29/Jan/2026:13:17:46 -0500] "GET /backup_db.php HTTP/1.1" 302 275 "-" "-"
52.184.97.233 - - [29/Jan/2026:13:17:47 -0500] "GET /rzhfy.php HTTP/1.1" 302 275 "-" "-"
52.184.97.233 - - [29/Jan/2026:13:17:47 -0500] "GET /Casper.php HTTP/1.1" 302 275 "-" "-"
52.184.97.233 - - [29/Jan/2026:13:17:48 -0500] "GET /wp-load.php HTTP/1.1" 301 - "-" "-"
52.184.97.233 - - [29/Jan/2026:13:17:49 -0500] "GET /wp-load.php HTTP/1.1" 200 - "-" "-"
52.184.97.233 - - [29/Jan/2026:13:17:50 -0500] "GET /w.php HTTP/1.1" 302 275 "-" "-"
52.184.97.233 - - [29/Jan/2026:13:17:50 -0500] "GET /yrfjzewo.php HTTP/1.1" 302 275 "-" "-"
52.184.97.233 - - [29/Jan/2026:13:17:51 -0500] "GET /botwdhur.php HTTP/1.1" 302 275 "-" "-"
52.184.97.233 - - [29/Jan/2026:13:17:51 -0500] "GET /.env.php HTTP/1.1" 302 275 "-" "-"
52.184.97.233 - - [29/Jan/2026:13:17:52 -0500] "GET /cw.php HTTP/1.1" 302 275 "-" "-"
52.184.97.233 - - [29/Jan/2026:13:17:52 -0500] "GET /disagrsod.php HTTP/1.1" 302 275 "-" "-"
52.184.97.233 - - [29/Jan/2026:13:17:53 -0500] "GET /sidebar.php HTTP/1.1" 302 275 "-" "-"
52.184.97.233 - - [29/Jan/2026:13:17:54 -0500] "GET /hanna1337.php HTTP/1.1" 302 275 "-" "-"
52.184.97.233 - - [29/Jan/2026:13:17:54 -0500] "GET /press-this.php HTTP/1.1" 302 275 "-" "-"
52.184.97.233 - - [29/Jan/2026:13:17:55 -0500] "GET /class_api.php HTTP/1.1" 302 275 "-" "-"
52.184.97.233 - - [29/Jan/2026:13:17:55 -0500] "GET /uph.php HTTP/1.1" 302 275 "-" "-"
52.184.97.233 - - [29/Jan/2026:13:17:56 -0500] "GET /jghkfuka.php HTTP/1.1" 302 275 "-" "-"
52.184.97.233 - - [29/Jan/2026:13:17:56 -0500] "GET /wp-sigunq.php HTTP/1.1" 302 275 "-" "-"
52.184.97.233 - - [29/Jan/2026:13:17:57 -0500] "GET /ms-admin.php HTTP/1.1" 302 275 "-" "-"
52.184.97.233 - - [29/Jan/2026:13:17:57 -0500] "GET /mdpjatct.php HTTP/1.1" 302 275 "-" "-"
52.184.97.233 - - [29/Jan/2026:13:17:58 -0500] "GET /leftDao.php HTTP/1.1" 302 275 "-" "-"
52.184.97.233 - - [29/Jan/2026:13:17:58 -0500] "GET /wp-admin/classwithtostring.php HTTP/1.1" 302 275 "-" "-"
52.184.97.233 - - [29/Jan/2026:13:17:59 -0500] "GET /xxl.php HTTP/1.1" 302 275 "-" "-"
52.184.97.233 - - [29/Jan/2026:13:17:59 -0500] "GET /amigo.php HTTP/1.1" 302 275 "-" "-"
52.184.97.233 - - [29/Jan/2026:13:18:00 -0500] "GET /server-info.php HTTP/1.1" 302 275 "-" "-"
52.184.97.233 - - [29/Jan/2026:13:18:00 -0500] "GET /b.php HTTP/1.1" 302 275 "-" "-"
52.184.97.233 - - [29/Jan/2026:13:18:01 -0500] "GET /dropdown.php HTTP/1.1" 302 275 "-" "-"
52.184.97.233 - - [29/Jan/2026:13:18:01 -0500] "GET /wp-includes/ID3/about.php HTTP/1.1" 302 275 "-" "-"
52.184.97.233 - - [29/Jan/2026:13:18:02 -0500] "GET /okaoka.php HTTP/1.1" 302 275 "-" "-"
52.184.97.233 - - [29/Jan/2026:13:18:03 -0500] "GET /corn.php HTTP/1.1" 302 275 "-" "-"
52.184.97.233 - - [29/Jan/2026:13:18:04 -0500] "GET /php.php HTTP/1.1" 302 275 "-" "-"
52.184.97.233 - - [29/Jan/2026:13:18:05 -0500] "GET /editor.php HTTP/1.1" 302 275 "-" "-"
52.184.97.233 - - [29/Jan/2026:13:18:05 -0500] "GET /environment.php HTTP/1.1" 302 275 "-" "-"
43.133.253.253 - - [29/Jan/2026:13:29:16 -0500] "GET /index.php/gaytube/bareback-free-gays.html HTTP/1.1" 200 12378 "-" "Mozilla/5.0 (iPhone; CPU iPhone OS 13_2_3 like Mac OS X) AppleWebKit/605.1.15 (KHTML, like Gecko) Version/13.0.3 Mobile/15E148 Safari/604.1"
34.169.163.242 - - [29/Jan/2026:13:33:49 -0500] "HEAD / HTTP/1.1" 301 - "-" "Mozilla/5.0 (Macintosh; Intel Mac OS X 15_0) AppleWebKit/537.36 (KHTML, like Gecko) Chrome/125.0.6422.141 Safari/537.36"
34.169.163.242 - - [29/Jan/2026:13:33:50 -0500] "HEAD / HTTP/1.1" 200 - "http://flamingtube.com/" "Mozilla/5.0 (Macintosh; Intel Mac OS X 15_0) AppleWebKit/537.36 (KHTML, like Gecko) Chrome/125.0.6422.141 Safari/537.36"
34.169.163.242 - - [29/Jan/2026:13:33:50 -0500] "HEAD /backup/ HTTP/1.1" 302 - "-" "Mozilla/5.0 (Linux; U; Android 10; en-US; CPH2015) AppleWebKit/537.36 (KHTML, like Gecko) UCBrowser/13.5.8.1311 Mobile Safari/537.36"
34.169.163.242 - - [29/Jan/2026:13:33:50 -0500] "HEAD /blog/ HTTP/1.1" 302 - "-" "Mozilla/5.0 (Linux; Android 14; Xiaomi 14 Pro) AppleWebKit/537.36 (KHTML, like Gecko) Chrome/126.0.6478.33 Mobile Safari/537.36"
34.169.163.242 - - [29/Jan/2026:13:33:50 -0500] "HEAD /new/ HTTP/1.1" 302 - "-" "Mozilla/5.0 (Windows NT 11.0; Win64; x64) AppleWebKit/537.36 (KHTML, like Gecko) Edg/128.0.2790.25 Chrome/128.0.6540.22 Safari/537.36"
34.169.163.242 - - [29/Jan/2026:13:33:50 -0500] "HEAD /old/ HTTP/1.1" 302 - "-" "Mozilla/5.0 (iPhone; CPU iPhone OS 16_7 like Mac OS X) AppleWebKit/605.1.15 (KHTML, like Gecko) Version/16.7 Mobile/15E148 Safari/604.1"
34.169.163.242 - - [29/Jan/2026:13:33:50 -0500] "HEAD /wp/ HTTP/1.1" 302 - "-" "Mozilla/5.0 (iPhone; CPU iPhone OS 17_5 like Mac OS X) AppleWebKit/605.1.15 (KHTML, like Gecko) Version/17.5 Mobile/15E148 Safari/604.1"
34.169.163.242 - - [29/Jan/2026:13:33:51 -0500] "HEAD /wordpress/ HTTP/1.1" 302 - "-" "Mozilla/5.0 (Windows NT 11.0; Win64; x64) AppleWebKit/537.36 (KHTML, like Gecko) Chrome/128.0.6540.18 Safari/537.36"
43.135.140.225 - - [29/Jan/2026:13:44:04 -0500] "GET /?p=198 HTTP/1.1" 301 - "-" "Mozilla/5.0 (iPhone; CPU iPhone OS 13_2_3 like Mac OS X) AppleWebKit/605.1.15 (KHTML, like Gecko) Version/13.0.3 Mobile/15E148 Safari/604.1"
43.135.140.225 - - [29/Jan/2026:13:44:06 -0500] "GET /index.php/gaytube/bareback-free-gays.html HTTP/1.1" 200 12378 "http://www.flamingtube.com/?p=198" "Mozilla/5.0 (iPhone; CPU iPhone OS 13_2_3 like Mac OS X) AppleWebKit/605.1.15 (KHTML, like Gecko) Version/13.0.3 Mobile/15E148 Safari/604.1"
95.213.217.162 - - [29/Jan/2026:13:50:29 -0500] "GET /wp-json/wp/v2/posts HTTP/1.1" 302 275 "-" "Mozilla/5.0 (Windows NT 10.0; Win64; x64) AppleWebKit/537.36 (KHTML, like Gecko) Chrome/120.0.0.0 Safari/537.36"
89.110.107.19 - - [29/Jan/2026:13:51:14 -0500] "GET / HTTP/1.1" 301 - "-" "Mozilla/5.0 (Windows NT 10.0; Win64; x64) Chrome/120.0.0.0 Safari/537.36"
89.110.107.19 - - [29/Jan/2026:13:51:14 -0500] "GET / HTTP/1.1" 200 84036 "-" "Mozilla/5.0 (Windows NT 10.0; Win64; x64) Chrome/120.0.0.0 Safari/537.36"
170.106.140.110 - - [29/Jan/2026:13:52:40 -0500] "GET /index.php/gaytube/bareback-free-gays.html HTTP/1.1" 200 12378 "-" "Mozilla/5.0 (iPhone; CPU iPhone OS 13_2_3 like Mac OS X) AppleWebKit/605.1.15 (KHTML, like Gecko) Version/13.0.3 Mobile/15E148 Safari/604.1"
13.74.146.113 - - [29/Jan/2026:14:14:57 -0500] "GET /wp-content/plugins/hellopress/wp_filemanager.php HTTP/1.1" 302 279 "-" "-"
13.74.146.113 - - [29/Jan/2026:14:14:57 -0500] "GET /rip.php HTTP/1.1" 302 279 "-" "-"
74.206.190.118 - - [29/Jan/2026:14:26:53 -0500] "POST /wp-cron.php?doing_wp_cron=1769714813.9648609161376953125000 HTTP/1.1" 200 - "-" "WordPress/3.6.1; http://www.flamingtube.com"
37.77.150.124 - - [29/Jan/2026:14:26:53 -0500] "GET /wp-login.php?wp_lang=en_US HTTP/1.1" 200 2295 "http://www.flamingtube.com/wp-login.php" "Mozilla/5.0 (Windows NT 10.0; Win64; x64; rv:141.0) Gecko/20100101 Firefox/141.0"
37.77.150.124 - - [29/Jan/2026:14:26:59 -0500] "POST /wp-login.php?wp_lang=en_US HTTP/1.1" 200 3194 "http://www.flamingtube.com/wp-login.php" "Mozilla/5.0 (Windows NT 10.0; Win64; x64; rv:141.0) Gecko/20100101 Firefox/141.0"
93.158.90.40 - - [29/Jan/2026:14:43:36 -0500] "GET / HTTP/1.1" 301 - "-" "Mozilla/5.0 (Windows NT 6.3; Win64; x64; rv:109.0) Gecko/20100101 Firefox/115"
93.158.90.35 - - [29/Jan/2026:14:43:36 -0500] "GET / HTTP/1.1" 200 84036 "http://flamingtube.com/" "Mozilla/5.0 (Windows NT 6.3; Win64; x64; rv:109.0) Gecko/20100101 Firefox/115"
93.158.90.12 - - [29/Jan/2026:14:43:37 -0500] "GET /index.php/gay-cumshot/bareback-creampie.html HTTP/1.1" 200 12555 "-" "Mozilla/5.0 (Windows NT 6.3; Win64; x64; rv:109.0) Gecko/20100101 Firefox/115"
93.158.90.35 - - [29/Jan/2026:14:43:38 -0500] "GET /index.php/gaytube/bareback-anal-sextube.html HTTP/1.1" 200 12553 "-" "Mozilla/5.0 (Windows NT 6.3; Win64; x64; rv:109.0) Gecko/20100101 Firefox/115"
93.158.90.53 - - [29/Jan/2026:14:43:39 -0500] "GET /index.php/gay-cumshot/gay-anal-sex-tube.html HTTP/1.1" 200 12525 "-" "Mozilla/5.0 (Windows NT 6.3; Win64; x64; rv:109.0) Gecko/20100101 Firefox/115"
43.167.236.228 - - [29/Jan/2026:15:16:17 -0500] "GET / HTTP/1.1" 301 - "-" "Mozilla/5.0 (iPhone; CPU iPhone OS 13_2_3 like Mac OS X) AppleWebKit/605.1.15 (KHTML, like Gecko) Version/13.0.3 Mobile/15E148 Safari/604.1"
74.206.190.118 - - [29/Jan/2026:15:16:19 -0500] "POST /wp-cron.php?doing_wp_cron=1769717779.2617349624633789062500 HTTP/1.1" 200 - "-" "WordPress/3.6.1; http://www.flamingtube.com"
43.167.236.228 - - [29/Jan/2026:15:16:19 -0500] "GET / HTTP/1.1" 200 84036 "http://flamingtube.com" "Mozilla/5.0 (iPhone; CPU iPhone OS 13_2_3 like Mac OS X) AppleWebKit/605.1.15 (KHTML, like Gecko) Version/13.0.3 Mobile/15E148 Safari/604.1"
167.94.146.49 - - [29/Jan/2026:15:38:19 -0500] "GET / HTTP/1.1" 301 - "-" "Mozilla/5.0 (compatible; CensysInspect/1.1; +https://about.censys.io/)"
167.94.146.49 - - [29/Jan/2026:15:38:20 -0500] "GET / HTTP/1.1" 200 84036 "-" "Mozilla/5.0 (compatible; CensysInspect/1.1; +https://about.censys.io/)"
46.8.23.71 - - [29/Jan/2026:17:46:24 -0500] "GET / HTTP/1.1" 301 - "http://flamingtube.com/" "Mozilla/5.0 (Windows NT 10.0; Win64; x64) AppleWebKit/537.36 (KHTML, like Gecko) Chrome/130.0.0.0 Safari/537.36 CCleaner/130.0.0.0"
74.206.190.118 - - [29/Jan/2026:17:46:25 -0500] "POST /wp-cron.php?doing_wp_cron=1769726785.2922999858856201171875 HTTP/1.1" 200 - "-" "WordPress/3.6.1; http://www.flamingtube.com"
46.8.23.71 - - [29/Jan/2026:17:46:25 -0500] "GET / HTTP/1.1" 200 84036 "http://www.flamingtube.com/" "Mozilla/5.0 (Windows NT 10.0; Win64; x64) AppleWebKit/537.36 (KHTML, like Gecko) Chrome/130.0.0.0 Safari/537.36 CCleaner/130.0.0.0"
120.71.59.24 - - [29/Jan/2026:18:02:16 -0500] "GET / HTTP/1.1" 301 - "-" "Mozilla/5.0 (iPhone; CPU iPhone OS 13_2_3 like Mac OS X) AppleWebKit/605.1.15 (KHTML, like Gecko) Version/13.0.3 Mobile/15E148 Safari/604.1"
74.206.190.118 - - [29/Jan/2026:18:02:21 -0500] "POST /wp-cron.php?doing_wp_cron=1769727741.2788889408111572265625 HTTP/1.1" 200 - "-" "WordPress/3.6.1; http://www.flamingtube.com"
120.71.59.24 - - [29/Jan/2026:18:02:21 -0500] "GET / HTTP/1.1" 200 84036 "http://flamingtube.com" "Mozilla/5.0 (iPhone; CPU iPhone OS 13_2_3 like Mac OS X) AppleWebKit/605.1.15 (KHTML, like Gecko) Version/13.0.3 Mobile/15E148 Safari/604.1"
114.119.134.3 - - [29/Jan/2026:18:03:49 -0500] "GET /index.php/gay-cumshot/gay-dick.html HTTP/1.1" 200 14316 "http://www.flamingtube.com/index.php/page/2" "Mozilla/5.0 (Linux; Android 7.0;) AppleWebKit/537.36 (KHTML, like Gecko) Mobile Safari/537.36 (compatible; PetalBot;+https://webmaster.petalsearch.com/site/petalbot)"
114.119.151.14 - - [29/Jan/2026:18:05:11 -0500] "GET /index.php/gay-cumshot/free-gays.html HTTP/1.1" 200 14237 "http://www.flamingtube.com/index.php/gay-cumshot/shocking-gays.html" "Mozilla/5.0 (Linux; Android 7.0;) AppleWebKit/537.36 (KHTML, like Gecko) Mobile Safari/537.36 (compatible; PetalBot;+https://webmaster.petalsearch.com/site/petalbot)"
207.180.246.239 - - [29/Jan/2026:18:13:35 -0500] "GET /wp-admin/css/ HTTP/1.1" 302 279 "binance.com" "Mozilla/5.0 (Windows NT 10.0; Win64; x64) AppleWebKit/537.36 (KHTML, like Gecko) Chrome/90.0.4430.85 Safari/537.36"
78.153.140.218 - - [29/Jan/2026:18:29:36 -0500] "GET /.env HTTP/1.1" 302 275 "-" "Mozilla/5.0 (Macintosh; Intel Mac OS X 10.8; rv:42.0) Gecko/20100101 Firefox/42.0"
78.153.140.218 - - [29/Jan/2026:18:29:36 -0500] "GET /.env HTTP/1.1" 302 279 "-" "Mozilla/5.0 (Windows NT 10.0) AppleWebKit/537.36 (KHTML, like Gecko) Chrome/57.0.2987.133 Safari/537.36"
78.153.140.218 - - [29/Jan/2026:18:29:37 -0500] "GET / HTTP/1.1" 301 - "-" "Mozilla/4.0 (compatible; MSIE 6.0; Windows NT 5.1; SV1; .NET CLR 1.1.4322; .NET CLR 2.0.50727)"
78.153.140.218 - - [29/Jan/2026:18:29:37 -0500] "GET / HTTP/1.1" 200 84036 "-" "Mozilla/5.0 (Macintosh; Intel Mac OS X 10_10_5) AppleWebKit/537.36 (KHTML, like Gecko) Chrome/44.0.2403.157 Safari/537.36"
78.153.140.218 - - [29/Jan/2026:18:29:38 -0500] "GET /api/.env HTTP/1.1" 302 275 "-" "Mozilla/5.0 (Macintosh; U; PPC Mac OS X; sv-se) AppleWebKit/523.12.2 (KHTML, like Gecko) Version/3.0.4 Safari/523.12.2"
78.153.140.218 - - [29/Jan/2026:18:29:38 -0500] "GET /app_dev.php/_profiler/phpinfo HTTP/1.1" 302 275 "-" "Mozilla/5.0 (compatible; MSIE 6.0; Windows NT 5.1; SV1; .NET CLR 1.1.4325)"
78.153.140.218 - - [29/Jan/2026:18:29:38 -0500] "GET /api/.env HTTP/1.1" 302 279 "-" "Mozilla/5.0 (Windows NT 6.1; Win64; x64) AppleWebKit/537.36 (KHTML, like Gecko) Chrome/64.0.3282.119 Safari/537.36 OPR/51.0.2830.26"
78.153.140.218 - - [29/Jan/2026:18:29:39 -0500] "GET /admin/.env HTTP/1.1" 302 275 "-" "Mozilla/5.0 (X11; U; Linux i686; cs-CZ; rv:1.7.6) Gecko/20050226 Firefox/1.0.1"
78.153.140.218 - - [29/Jan/2026:18:29:39 -0500] "GET /app_dev.php/_profiler/phpinfo HTTP/1.1" 302 279 "-" "Mozilla/5.0 (Linux; U; Android 4.4.2; nl-nl; K010 Build/KOT49H) AppleWebKit/537.16 (KHTML, like Gecko) Version/4.0 Safari/537.16"
78.153.140.218 - - [29/Jan/2026:18:29:39 -0500] "GET /backend/.env HTTP/1.1" 302 275 "-" "Mozilla/5.0 (Macintosh; Intel Mac OS X 10_8_5) AppleWebKit/600.6.3 (KHTML, like Gecko) Version/6.2.6 Safari/537.85.15"
78.153.140.218 - - [29/Jan/2026:18:29:39 -0500] "GET /admin/.env HTTP/1.1" 302 279 "-" "Mozilla/5.0 (X11; U; Linux i686; en-US; rv:1.8.1.16) Gecko/20080715 Ubuntu/7.10 (gutsy) Firefox/2.0.0.16"
78.153.140.218 - - [29/Jan/2026:18:29:40 -0500] "GET /.env.example HTTP/1.1" 302 275 "-" "Mozilla/5.0 (Windows NT 10.0 WOW64) AppleWebKit/537.36 (KHTML, like Gecko) Chrome/51.0.2704.103 Safari/537.36"
78.153.140.218 - - [29/Jan/2026:18:29:40 -0500] "GET /backend/.env HTTP/1.1" 302 279 "-" "Mozilla/5.0 (X11; U; Linux i686; en-US; rv:1.8.1.15) Gecko/20080702 Ubuntu/8.04 (hardy) Firefox/2.0.0.15"
78.153.140.218 - - [29/Jan/2026:18:29:40 -0500] "GET /staging/.env HTTP/1.1" 302 275 "-" "Mozilla/5.0 (Macintosh; Intel Mac OS X 10_11_1) AppleWebKit/604.1.38 (KHTML, like Gecko) Safari/604.1.38"
78.153.140.218 - - [29/Jan/2026:18:29:41 -0500] "GET /.env.example HTTP/1.1" 302 279 "-" "Mot-WX308/v3 BTSTLE_G_0A.22.11RPS Release/10.11.2011 Browser/Opera Profile/MIDP-2.0 Configuration/CLDC-1.1 Sync/SyncClient1.1 Opera/9.80 (MTK; Nucleus; Opera Mobi/4000; U; en-US) Presto/2.5.28 Version/10.10"
78.153.140.218 - - [29/Jan/2026:18:29:41 -0500] "GET /core/.env HTTP/1.1" 302 275 "-" "Mozilla/5.0 (Macintosh; Intel Mac OS X 10_7_0) AppleWebKit/535.11 (KHTML, like Gecko) Chrome/17.0.963.65 Safari/535.11"
78.153.140.218 - - [29/Jan/2026:18:29:41 -0500] "GET /staging/.env HTTP/1.1" 302 279 "-" "Mozilla/5.0 (Macintosh; Intel Mac OS X 10_8_5) AppleWebKit/537.36 (KHTML, like Gecko) Chrome/45.0.2454.85 Safari/537.36"
78.153.140.218 - - [29/Jan/2026:18:29:42 -0500] "GET /phpinfo.php HTTP/1.1" 302 275 "-" "Mozilla/5.0 (Windows NT 6.0) AppleWebKit/537.36 (KHTML, like Gecko) Chrome/48.0.2564.109 Safari/537.36"
78.153.140.218 - - [29/Jan/2026:18:29:42 -0500] "GET /core/.env HTTP/1.1" 302 279 "-" "Mozilla/5.0 (iPad; CPU OS 8_0_2 like Mac OS X) AppleWebKit/600.1.4 (KHTML like Gecko) Mobile/12A405 Version/7.0 Safari/9537.53"
78.153.140.218 - - [29/Jan/2026:18:29:42 -0500] "GET /info/ HTTP/1.1" 302 275 "-" "Mozilla/5.0 (Linux; U; Android 4.3; zh-tw; C6602 Build/10.4.1.B.0.101) AppleWebKit/534.30 (KHTML, like Gecko) Version/4.0 Mobile Safari/534.30"
78.153.140.218 - - [29/Jan/2026:18:29:42 -0500] "GET /phpinfo.php HTTP/1.1" 302 279 "-" "Mozilla/6.0 (Windows; U; Windows NT 7.0; en-US; rv:1.9.0.8) Gecko/2009032609 Firefox/3.0.9 (.NET CLR 3.5.30729)"
78.153.140.218 - - [29/Jan/2026:18:29:43 -0500] "GET /.env.save HTTP/1.1" 302 275 "-" "Mozilla/5.0 (iPad; CPU OS 9_0_2 like Mac OS X) AppleWebKit/601.1.46 (KHTML, like Gecko) Version/9.0 Mobile/13A452 Safari/601.1"
78.153.140.218 - - [29/Jan/2026:18:29:43 -0500] "GET /info/ HTTP/1.1" 302 279 "-" "Mozilla/5.0 (Windows NT 6.1; WOW64) AppleWebKit/537.36 (KHTML, like Gecko) Chrome/63.0.3239.132 Safari/537.36 OPR/50.0.2762.58"
78.153.140.218 - - [29/Jan/2026:18:29:43 -0500] "GET /app/.env HTTP/1.1" 302 275 "-" "Mozilla/4.0 (compatible; MSIE 8.0; Windows NT 6.1; Trident/4.0; SLCC2; .NET CLR 2.0.50727; .NET CLR 3.5.30729; .NET CLR 3.0.30729; .NET4.0C; .NET4.0E)"
78.153.140.218 - - [29/Jan/2026:18:29:43 -0500] "GET /.env.save HTTP/1.1" 302 279 "-" "Mozilla/5.0 (Linux; U; Android 4.4.2; es-us; SM-G355M Build/KOT49H) AppleWebKit/534.30 (KHTML, like Gecko) Version/4.0 Mobile Safari/534.30"
78.153.140.218 - - [29/Jan/2026:18:29:44 -0500] "GET /test HTTP/1.1" 302 275 "-" "Mozilla/4.0 (compatible; MSIE 7.0; Windows NT 6.1; WOW64; Trident/4.0; SLCC2; .NET CLR 2.0.50727; .NET CLR 3.5.30729; .NET CLR 3.0.30729; Media Center PC 6.0; .NET4.0C; BRI/2; MAGW; InfoPath.2)"
78.153.140.218 - - [29/Jan/2026:18:29:44 -0500] "GET /app/.env HTTP/1.1" 302 279 "-" "Opera/9.80 (Linux mips; ) Presto/2.12.407 Version/12.51 MB97/0.0.34.15 (HITACHI, Mxl661LG32, wireless) VSTVB_MB97  SmartTvA/3.0.0"
78.153.140.218 - - [29/Jan/2026:18:29:44 -0500] "GET /test HTTP/1.1" 302 279 "-" "Mozilla/5.0 (iPhone; U; CPU iPhone OS 4_3 like Mac OS X; en-gb) AppleWebKit/533.17.9 (KHTML, like Gecko) Version/5.0.2 Mobile/8F190 Safari/6533.18.5"
115.45.40.103 - - [29/Jan/2026:18:33:17 -0500] "GET /robots.txt HTTP/1.1" 200 29 "-" "Mozilla/5.0 (Windows NT 10.0; WOW64) AppleWebKit/537.36 (KHTML, like Gecko) Chrome/73.0.2911.89 Safari/537.36 SE 2.X MetaSr 1.0"
114.119.133.201 - - [29/Jan/2026:18:37:50 -0500] "GET /index.php/category/gay-cumshot/page/2 HTTP/1.1" 200 52846 "http://www.flamingtube.com/index.php/category/gay-cumshot/" "Mozilla/5.0 (Linux; Android 7.0;) AppleWebKit/537.36 (KHTML, like Gecko) Mobile Safari/537.36 (compatible; PetalBot;+https://webmaster.petalsearch.com/site/petalbot)"
114.119.154.253 - - [29/Jan/2026:18:39:11 -0500] "GET / HTTP/1.1" 200 84036 "http://www.flamingtube.com/index.php/page/2" "Mozilla/5.0 (Linux; Android 7.0;) AppleWebKit/537.36 (KHTML, like Gecko) Mobile Safari/537.36 (compatible; PetalBot;+https://webmaster.petalsearch.com/site/petalbot)"
4.193.184.23 - - [29/Jan/2026:19:45:08 -0500] "GET /wp-content/plugins/hellopress/wp_filemanager.php HTTP/1.1" 302 275 "-" "-"
4.193.184.23 - - [29/Jan/2026:19:45:09 -0500] "GET /rip.php HTTP/1.1" 302 275 "-" "-"
74.206.190.118 - - [29/Jan/2026:20:39:36 -0500] "POST /wp-cron.php?doing_wp_cron=1769737176.6793940067291259765625 HTTP/1.1" 200 - "-" "WordPress/3.6.1; http://www.flamingtube.com"
43.130.91.95 - - [29/Jan/2026:20:39:36 -0500] "GET / HTTP/1.1" 200 84036 "-" "Mozilla/5.0 (iPhone; CPU iPhone OS 13_2_3 like Mac OS X) AppleWebKit/605.1.15 (KHTML, like Gecko) Version/13.0.3 Mobile/15E148 Safari/604.1"
74.206.190.118 - - [29/Jan/2026:22:02:13 -0500] "POST /wp-cron.php?doing_wp_cron=1769742133.7517259120941162109375 HTTP/1.1" 200 - "-" "WordPress/3.6.1; http://www.flamingtube.com"
68.131.46.212 - - [29/Jan/2026:22:02:13 -0500] "GET /index.php/gay-cumshot/149.html HTTP/1.1" 200 12378 "https://www.google.com/" "Mozilla/5.0 (Linux; Android 10; K) AppleWebKit/537.36 (KHTML, like Gecko) SamsungBrowser/29.0 Chrome/136.0.0.0 Mobile Safari/537.36"
68.131.46.212 - - [29/Jan/2026:22:02:15 -0500] "GET /wp-content/plugins/wp-postratings/postratings-js.php?ver=1.30 HTTP/1.1" 200 4812 "http://www.flamingtube.com/index.php/gay-cumshot/149.html" "Mozilla/5.0 (Linux; Android 10; K) AppleWebKit/537.36 (KHTML, like Gecko) SamsungBrowser/29.0 Chrome/136.0.0.0 Mobile Safari/537.36"
68.131.46.212 - - [29/Jan/2026:22:02:18 -0500] "GET /index.php/gay-cumshot/149.html HTTP/1.1" 200 12378 "https://www.google.com/" "Mozilla/5.0 (Linux; Android 10; K) AppleWebKit/537.36 (KHTML, like Gecko) SamsungBrowser/29.0 Chrome/136.0.0.0 Mobile Safari/537.36"
66.249.69.101 - - [29/Jan/2026:22:07:24 -0500] "GET /robots.txt HTTP/1.1" 200 29 "-" "Mozilla/5.0 (compatible; Googlebot/2.1; +http://www.google.com/bot.html)"
66.249.69.101 - - [29/Jan/2026:22:07:24 -0500] "GET / HTTP/1.1" 200 84036 "-" "Mozilla/5.0 (Linux; Android 6.0.1; Nexus 5X Build/MMB29P) AppleWebKit/537.36 (KHTML, like Gecko) Chrome/143.0.7499.192 Mobile Safari/537.36 (compatible; Googlebot/2.1; +http://www.google.com/bot.html)"
66.249.69.100 - - [29/Jan/2026:22:07:32 -0500] "GET / HTTP/1.1" 200 84036 "-" "Mozilla/5.0 (Linux; Android 6.0.1; Nexus 5X Build/MMB29P) AppleWebKit/537.36 (KHTML, like Gecko) Chrome/99.0.4844.84 Mobile Safari/537.36 (compatible; Googlebot/2.1; +http://www.google.com/bot.html)"
66.249.69.101 - - [29/Jan/2026:22:07:33 -0500] "GET / HTTP/1.1" 200 84036 "-" "Mozilla/5.0 (compatible; Googlebot/2.1; +http://www.google.com/bot.html)"
66.249.69.100 - - [29/Jan/2026:22:07:36 -0500] "GET /wp-content/plugins/wp-postratings/postratings-js.php?ver=1.30 HTTP/1.1" 200 4812 "http://www.flamingtube.com/" "Mozilla/5.0 AppleWebKit/537.36 (KHTML, like Gecko; compatible; Googlebot/2.1; +http://www.google.com/bot.html) Chrome/143.0.7499.192 Safari/537.36"
66.249.69.100 - - [29/Jan/2026:22:07:38 -0500] "GET /wp-content/plugins/wp-postratings/postratings-js.php?ver=1.30 HTTP/1.1" 200 4812 "http://www.flamingtube.com/" "Mozilla/5.0 (Linux; Android 6.0.1; Nexus 5X Build/MMB29P) AppleWebKit/537.36 (KHTML, like Gecko) Chrome/143.0.7499.192 Mobile Safari/537.36 (compatible; Googlebot/2.1; +http://www.google.com/bot.html)"
43.157.148.38 - - [29/Jan/2026:22:41:20 -0500] "GET / HTTP/1.1" 301 - "-" "Mozilla/5.0 (iPhone; CPU iPhone OS 13_2_3 like Mac OS X) AppleWebKit/605.1.15 (KHTML, like Gecko) Version/13.0.3 Mobile/15E148 Safari/604.1"
43.157.148.38 - - [29/Jan/2026:22:41:21 -0500] "GET / HTTP/1.1" 200 84036 "http://flamingtube.com" "Mozilla/5.0 (iPhone; CPU iPhone OS 13_2_3 like Mac OS X) AppleWebKit/605.1.15 (KHTML, like Gecko) Version/13.0.3 Mobile/15E148 Safari/604.1"
221.157.166.59 - - [29/Jan/2026:23:37:23 -0500] "GET /wp-login.php HTTP/1.1" 301 - "http://flamingtube.com/wp-login.php" "Mozilla/5.0 (Macintosh; Intel Mac OS X 10_12_6) AppleWebKit/537.36 (KHTML, like Gecko) Chrome/70.0.3538.110 Safari/537.36"
74.206.190.118 - - [29/Jan/2026:23:37:25 -0500] "POST /wp-cron.php?doing_wp_cron=1769747845.6352319717407226562500 HTTP/1.1" 200 - "-" "WordPress/3.6.1; http://www.flamingtube.com"
221.157.166.59 - - [29/Jan/2026:23:37:25 -0500] "GET /wp-login.php HTTP/1.1" 200 2295 "http://flamingtube.com/wp-login.php" "Mozilla/5.0 (Macintosh; Intel Mac OS X 10_12_6) AppleWebKit/537.36 (KHTML, like Gecko) Chrome/70.0.3538.110 Safari/537.36"
221.157.166.59 - - [29/Jan/2026:23:37:26 -0500] "GET /wp-login.php HTTP/1.1" 200 2295 "http://www.flamingtube.com/wp-login.php" "Mozilla/5.0 (Macintosh; Intel Mac OS X 10_12_6) AppleWebKit/537.36 (KHTML, like Gecko) Chrome/70.0.3538.110 Safari/537.36"
221.157.166.59 - - [29/Jan/2026:23:37:26 -0500] "POST /wp-login.php HTTP/1.1" 200 3257 "https://icardprints.com/wp-login.php" "Mozilla/5.0 (Macintosh; Intel Mac OS X 10_12_6) AppleWebKit/537.36 (KHTML, like Gecko) Chrome/70.0.3538.110 Safari/537.36"
201.179.199.198 - - [29/Jan/2026:23:44:22 -0500] "GET /index.php/gay-cumshot/hot-gaystube.html HTTP/1.1" 200 12449 "https://www.google.com/" "Mozilla/5.0 (Linux; Android 5.1.1; SM-J105M) AppleWebKit/537.36 (KHTML, like Gecko) Chrome/95.0.4638.74 Mobile Safari/537.36"
201.179.199.198 - - [29/Jan/2026:23:44:24 -0500] "GET /wp-content/plugins/wp-postratings/postratings-js.php?ver=1.30 HTTP/1.1" 200 4812 "http://www.flamingtube.com/index.php/gay-cumshot/hot-gaystube.html" "Mozilla/5.0 (Linux; Android 5.1.1; SM-J105M) AppleWebKit/537.36 (KHTML, like Gecko) Chrome/95.0.4638.74 Mobile Safari/537.36"
201.179.199.198 - - [29/Jan/2026:23:44:33 -0500] "GET / HTTP/1.1" 200 84036 "http://www.flamingtube.com/index.php/gay-cumshot/hot-gaystube.html" "Mozilla/5.0 (Linux; Android 5.1.1; SM-J105M) AppleWebKit/537.36 (KHTML, like Gecko) Chrome/95.0.4638.74 Mobile Safari/537.36"
74.206.190.118 - - [30/Jan/2026:00:24:08 -0500] "POST /wp-cron.php?doing_wp_cron=1769750648.7291889190673828125000 HTTP/1.1" 200 - "-" "WordPress/3.6.1; http://www.flamingtube.com"
122.51.236.174 - - [30/Jan/2026:00:24:08 -0500] "GET / HTTP/1.1" 200 84036 "-" "Mozilla/5.0 (iPhone; CPU iPhone OS 13_2_3 like Mac OS X) AppleWebKit/605.1.15 (KHTML, like Gecko) Version/13.0.3 Mobile/15E148 Safari/604.1"
109.95.220.45 - - [30/Jan/2026:00:36:18 -0500] "GET //wp-json/wp/v2/posts HTTP/1.1" 302 275 "-" "Mozilla/5.0 (Windows NT 10.0; Win64; x64) AppleWebKit/537.36 (KHTML, like Gecko) Chrome/120.0.0.0 Safari/537.36"
68.183.199.210 - - [30/Jan/2026:02:52:51 -0500] "GET / HTTP/1.1" 301 - "-" "Mozilla/5.0 (X11; Linux x86_64) AppleWebKit/537.36 (KHTML, like Gecko) Chrome/142.0.0.0 Safari/537.36"
74.206.190.118 - - [30/Jan/2026:03:02:00 -0500] "POST /wp-cron.php?doing_wp_cron=1769760120.2200748920440673828125 HTTP/1.1" 200 - "-" "WordPress/3.6.1; http://www.flamingtube.com"
114.119.133.201 - - [30/Jan/2026:03:02:00 -0500] "GET /index.php/category/gay-cumshot HTTP/1.1" 200 84347 "http://www.flamingtube.com/index.php/gay-cumshot/gay-dick.html" "Mozilla/5.0 (Linux; Android 7.0;) AppleWebKit/537.36 (KHTML, like Gecko) Mobile Safari/537.36 (compatible; PetalBot;+https://webmaster.petalsearch.com/site/petalbot)"