74.206.190.118 - - [27/Jan/2026:19:35:15 -0500] "POST /wp-cron.php?doing_wp_cron=1769560515.8047668933868408203125 HTTP/1.1" 406 330 "-" "WordPress/3.6.1; http://www.findingxxx.com"
74.206.190.118 - - [27/Jan/2026:19:35:15 -0500] "GET / HTTP/1.1" 200 24408 "-" "curl/7.29.0"
74.206.190.118 - - [27/Jan/2026:19:40:22 -0500] "POST /wp-cron.php?doing_wp_cron=1769560822.6401970386505126953125 HTTP/1.1" 406 330 "-" "WordPress/3.6.1; http://www.findingxxx.com"
74.206.190.118 - - [27/Jan/2026:19:40:22 -0500] "GET / HTTP/1.1" 200 24408 "-" "curl/7.29.0"
74.206.190.118 - - [27/Jan/2026:19:45:15 -0500] "POST /wp-cron.php?doing_wp_cron=1769561115.5807120800018310546875 HTTP/1.1" 406 330 "-" "WordPress/3.6.1; http://www.findingxxx.com"
74.206.190.118 - - [27/Jan/2026:19:45:15 -0500] "GET / HTTP/1.1" 200 24408 "-" "curl/7.29.0"
74.206.190.118 - - [27/Jan/2026:19:50:15 -0500] "POST /wp-cron.php?doing_wp_cron=1769561415.7790598869323730468750 HTTP/1.1" 406 330 "-" "WordPress/3.6.1; http://www.findingxxx.com"
74.206.190.118 - - [27/Jan/2026:19:50:15 -0500] "GET / HTTP/1.1" 200 24408 "-" "curl/7.29.0"
74.206.190.118 - - [27/Jan/2026:19:55:15 -0500] "POST /wp-cron.php?doing_wp_cron=1769561715.3190109729766845703125 HTTP/1.1" 406 330 "-" "WordPress/3.6.1; http://www.findingxxx.com"
74.206.190.118 - - [27/Jan/2026:19:55:15 -0500] "GET / HTTP/1.1" 200 24408 "-" "curl/7.29.0"
74.206.190.118 - - [27/Jan/2026:20:00:20 -0500] "POST /wp-cron.php?doing_wp_cron=1769562020.7174661159515380859375 HTTP/1.1" 406 330 "-" "WordPress/3.6.1; http://www.findingxxx.com"
74.206.190.118 - - [27/Jan/2026:20:00:20 -0500] "GET / HTTP/1.1" 200 24408 "-" "curl/7.29.0"
74.206.190.118 - - [27/Jan/2026:20:05:13 -0500] "POST /wp-cron.php?doing_wp_cron=1769562313.4555249214172363281250 HTTP/1.1" 406 330 "-" "WordPress/3.6.1; http://www.findingxxx.com"
74.206.190.118 - - [27/Jan/2026:20:05:13 -0500] "GET / HTTP/1.1" 200 24408 "-" "curl/7.29.0"
74.206.190.118 - - [27/Jan/2026:20:10:14 -0500] "POST /wp-cron.php?doing_wp_cron=1769562614.3205420970916748046875 HTTP/1.1" 406 330 "-" "WordPress/3.6.1; http://www.findingxxx.com"
74.206.190.118 - - [27/Jan/2026:20:10:14 -0500] "GET / HTTP/1.1" 200 24408 "-" "curl/7.29.0"
74.206.190.118 - - [27/Jan/2026:20:14:49 -0500] "POST /wp-cron.php?doing_wp_cron=1769562889.2027740478515625000000 HTTP/1.1" 406 330 "-" "WordPress/3.6.1; http://www.findingxxx.com"
37.59.21.100 - - [27/Jan/2026:20:14:49 -0500] "GET /index.php/category/redhead-xxx/feed HTTP/1.1" 200 6708 "-" "Mozilla/5.0 (X11; Linux i686) AppleWebKit/537.36 (KHTML, like Gecko) Chrome/30.0.1599.66 Safari/537.36"
74.206.190.118 - - [27/Jan/2026:20:15:13 -0500] "GET / HTTP/1.1" 200 24408 "-" "curl/7.29.0"
74.206.190.118 - - [27/Jan/2026:20:20:25 -0500] "POST /wp-cron.php?doing_wp_cron=1769563225.7296419143676757812500 HTTP/1.1" 406 330 "-" "WordPress/3.6.1; http://www.findingxxx.com"
74.206.190.118 - - [27/Jan/2026:20:20:25 -0500] "GET / HTTP/1.1" 200 24408 "-" "curl/7.29.0"
74.206.190.118 - - [27/Jan/2026:20:25:15 -0500] "POST /wp-cron.php?doing_wp_cron=1769563515.0666499137878417968750 HTTP/1.1" 406 330 "-" "WordPress/3.6.1; http://www.findingxxx.com"
74.206.190.118 - - [27/Jan/2026:20:25:14 -0500] "GET / HTTP/1.1" 200 24408 "-" "curl/7.29.0"
74.206.190.118 - - [27/Jan/2026:20:30:14 -0500] "POST /wp-cron.php?doing_wp_cron=1769563814.4488968849182128906250 HTTP/1.1" 406 330 "-" "WordPress/3.6.1; http://www.findingxxx.com"
74.206.190.118 - - [27/Jan/2026:20:30:14 -0500] "GET / HTTP/1.1" 200 24408 "-" "curl/7.29.0"
172.171.100.19 - - [27/Jan/2026:20:31:04 -0500] "GET /index.php/category/latina-xxx HTTP/1.1" 200 15030 "-" "Mozilla/5.0 (X11; Linux x86_64) AppleWebKit/537.36 (KHTML, like Gecko) HeadlessChrome/144.0.0.0 Safari/537.36"
172.171.99.168 - - [27/Jan/2026:20:31:04 -0500] "GET /index.php/category/video.mp4 HTTP/1.1" 404 15310 "http://www.findingxxx.com/index.php/category/latina-xxx" "Mozilla/5.0 (X11; Linux x86_64) AppleWebKit/537.36 (KHTML, like Gecko) HeadlessChrome/144.0.0.0 Safari/537.36"
74.206.190.118 - - [27/Jan/2026:20:35:17 -0500] "POST /wp-cron.php?doing_wp_cron=1769564117.7020299434661865234375 HTTP/1.1" 406 330 "-" "WordPress/3.6.1; http://www.findingxxx.com"
74.206.190.118 - - [27/Jan/2026:20:35:17 -0500] "GET / HTTP/1.1" 200 24408 "-" "curl/7.29.0"
74.206.190.118 - - [27/Jan/2026:20:40:24 -0500] "POST /wp-cron.php?doing_wp_cron=1769564424.2280969619750976562500 HTTP/1.1" 406 330 "-" "WordPress/3.6.1; http://www.findingxxx.com"
74.206.190.118 - - [27/Jan/2026:20:40:24 -0500] "GET / HTTP/1.1" 200 24408 "-" "curl/7.29.0"
74.206.190.118 - - [27/Jan/2026:20:45:13 -0500] "POST /wp-cron.php?doing_wp_cron=1769564713.9615340232849121093750 HTTP/1.1" 406 330 "-" "WordPress/3.6.1; http://www.findingxxx.com"
74.206.190.118 - - [27/Jan/2026:20:45:13 -0500] "GET / HTTP/1.1" 200 24408 "-" "curl/7.29.0"
74.206.190.118 - - [27/Jan/2026:20:46:28 -0500] "POST /wp-cron.php?doing_wp_cron=1769564788.0037169456481933593750 HTTP/1.1" 406 330 "-" "WordPress/3.6.1; http://www.findingxxx.com"
119.96.24.54 - - [27/Jan/2026:20:46:27 -0500] "GET / HTTP/1.1" 301 - "-" "Mozilla/5.0 (iPhone; CPU iPhone OS 13_2_3 like Mac OS X) AppleWebKit/605.1.15 (KHTML, like Gecko) Version/13.0.3 Mobile/15E148 Safari/604.1"
119.96.24.54 - - [27/Jan/2026:20:46:38 -0500] "GET / HTTP/1.1" 200 24408 "http://findingxxx.com" "Mozilla/5.0 (iPhone; CPU iPhone OS 13_2_3 like Mac OS X) AppleWebKit/605.1.15 (KHTML, like Gecko) Version/13.0.3 Mobile/15E148 Safari/604.1"
74.206.190.118 - - [27/Jan/2026:20:50:13 -0500] "POST /wp-cron.php?doing_wp_cron=1769565013.9272360801696777343750 HTTP/1.1" 406 330 "-" "WordPress/3.6.1; http://www.findingxxx.com"
74.206.190.118 - - [27/Jan/2026:20:50:13 -0500] "GET / HTTP/1.1" 200 24408 "-" "curl/7.29.0"
74.206.190.118 - - [27/Jan/2026:20:51:48 -0500] "POST /wp-cron.php?doing_wp_cron=1769565108.7989029884338378906250 HTTP/1.1" 406 330 "-" "WordPress/3.6.1; http://www.findingxxx.com"
37.59.21.100 - - [27/Jan/2026:20:51:48 -0500] "GET /index.php/tag/eden-adams/feed HTTP/1.1" 200 3486 "-" "Mozilla/5.0 (X11; Linux i686) AppleWebKit/537.36 (KHTML, like Gecko) Chrome/30.0.1599.66 Safari/537.36"
74.206.190.118 - - [27/Jan/2026:20:55:14 -0500] "POST /wp-cron.php?doing_wp_cron=1769565314.6416339874267578125000 HTTP/1.1" 406 330 "-" "WordPress/3.6.1; http://www.findingxxx.com"
74.206.190.118 - - [27/Jan/2026:20:55:14 -0500] "GET / HTTP/1.1" 200 24408 "-" "curl/7.29.0"
74.206.190.118 - - [27/Jan/2026:21:00:24 -0500] "POST /wp-cron.php?doing_wp_cron=1769565624.6887691020965576171875 HTTP/1.1" 406 330 "-" "WordPress/3.6.1; http://www.findingxxx.com"
74.206.190.118 - - [27/Jan/2026:21:00:24 -0500] "GET / HTTP/1.1" 200 24408 "-" "curl/7.29.0"
74.206.190.118 - - [27/Jan/2026:21:05:16 -0500] "POST /wp-cron.php?doing_wp_cron=1769565916.3190939426422119140625 HTTP/1.1" 406 330 "-" "WordPress/3.6.1; http://www.findingxxx.com"
74.206.190.118 - - [27/Jan/2026:21:05:16 -0500] "GET / HTTP/1.1" 200 24408 "-" "curl/7.29.0"
74.206.190.118 - - [27/Jan/2026:21:10:16 -0500] "POST /wp-cron.php?doing_wp_cron=1769566216.1358718872070312500000 HTTP/1.1" 406 330 "-" "WordPress/3.6.1; http://www.findingxxx.com"
74.206.190.118 - - [27/Jan/2026:21:10:16 -0500] "GET / HTTP/1.1" 200 24408 "-" "curl/7.29.0"
74.206.190.118 - - [27/Jan/2026:21:15:15 -0500] "POST /wp-cron.php?doing_wp_cron=1769566515.2250809669494628906250 HTTP/1.1" 406 330 "-" "WordPress/3.6.1; http://www.findingxxx.com"
74.206.190.118 - - [27/Jan/2026:21:15:15 -0500] "GET / HTTP/1.1" 200 24408 "-" "curl/7.29.0"
74.206.190.118 - - [27/Jan/2026:21:20:26 -0500] "POST /wp-cron.php?doing_wp_cron=1769566826.7926781177520751953125 HTTP/1.1" 406 330 "-" "WordPress/3.6.1; http://www.findingxxx.com"
74.206.190.118 - - [27/Jan/2026:21:20:26 -0500] "GET / HTTP/1.1" 200 24408 "-" "curl/7.29.0"
74.206.190.118 - - [27/Jan/2026:21:25:15 -0500] "POST /wp-cron.php?doing_wp_cron=1769567115.4619119167327880859375 HTTP/1.1" 406 330 "-" "WordPress/3.6.1; http://www.findingxxx.com"
74.206.190.118 - - [27/Jan/2026:21:25:15 -0500] "GET / HTTP/1.1" 200 24408 "-" "curl/7.29.0"
104.28.214.114 - - [27/Jan/2026:21:28:15 -0500] "GET /style.php HTTP/1.1" 404 271 "-" "Go-http-client/1.1"
104.28.214.114 - - [27/Jan/2026:21:28:16 -0500] "GET /wp-content/style.php HTTP/1.1" 404 282 "-" "Go-http-client/1.1"
104.28.214.114 - - [27/Jan/2026:21:28:16 -0500] "GET /wp-content/themes/style.php HTTP/1.1" 404 289 "-" "Go-http-client/1.1"
104.28.214.114 - - [27/Jan/2026:21:28:16 -0500] "GET /wp-admin/style.php HTTP/1.1" 404 280 "-" "Go-http-client/1.1"
104.28.214.114 - - [27/Jan/2026:21:28:16 -0500] "GET /wp-includes/style.php HTTP/1.1" 404 283 "-" "Go-http-client/1.1"
104.28.214.114 - - [27/Jan/2026:21:28:20 -0500] "GET /chosen.php?p= HTTP/1.1" 404 272 "-" "Go-http-client/1.1"
104.28.214.114 - - [27/Jan/2026:21:28:20 -0500] "GET /file.php HTTP/1.1" 404 270 "-" "Go-http-client/1.1"
104.28.214.114 - - [27/Jan/2026:21:28:23 -0500] "GET /flower.php HTTP/1.1" 404 272 "-" "Go-http-client/1.1"
104.28.214.114 - - [27/Jan/2026:21:28:23 -0500] "GET /gifclass.php HTTP/1.1" 404 274 "-" "Go-http-client/1.1"
104.28.214.114 - - [27/Jan/2026:21:28:23 -0500] "GET /bless.php HTTP/1.1" 404 271 "-" "Go-http-client/1.1"
104.28.214.114 - - [27/Jan/2026:21:28:23 -0500] "GET /class-t.api.php HTTP/1.1" 404 277 "-" "Go-http-client/1.1"
104.28.214.114 - - [27/Jan/2026:21:28:23 -0500] "GET /blurbs.php HTTP/1.1" 404 272 "-" "Go-http-client/1.1"
104.28.214.114 - - [27/Jan/2026:21:28:23 -0500] "GET /akcc.php HTTP/1.1" 404 270 "-" "Go-http-client/1.1"
104.28.214.114 - - [27/Jan/2026:21:28:23 -0500] "GET /abcd.php HTTP/1.1" 404 270 "-" "Go-http-client/1.1"
104.28.214.114 - - [27/Jan/2026:21:28:23 -0500] "GET /shelp.php HTTP/1.1" 404 271 "-" "Go-http-client/1.1"
104.28.214.114 - - [27/Jan/2026:21:28:23 -0500] "GET /cord.php HTTP/1.1" 404 270 "-" "Go-http-client/1.1"
104.28.214.114 - - [27/Jan/2026:21:28:24 -0500] "GET /dex.php HTTP/1.1" 404 269 "-" "Go-http-client/1.1"
74.206.190.118 - - [27/Jan/2026:21:28:24 -0500] "POST /wp-cron.php?doing_wp_cron=1769567304.1810450553894042968750 HTTP/1.1" 406 330 "-" "WordPress/3.6.1; http://www.findingxxx.com"
104.28.214.114 - - [27/Jan/2026:21:28:24 -0500] "GET /wp-admin/admin-ajax.php HTTP/1.1" 200 1 "-" "Go-http-client/1.1"
104.28.214.114 - - [27/Jan/2026:21:28:24 -0500] "GET /file2.php HTTP/1.1" 404 271 "-" "Go-http-client/1.1"
104.28.214.114 - - [27/Jan/2026:21:28:24 -0500] "GET //zwso.php HTTP/1.1" 404 270 "-" "Go-http-client/1.1"
104.28.214.114 - - [27/Jan/2026:21:28:24 -0500] "GET /wp-admin/zwso.php HTTP/1.1" 404 279 "-" "Go-http-client/1.1"
104.28.214.114 - - [27/Jan/2026:21:28:24 -0500] "GET /wp-content/plugins/hellopress/wp_mna.php HTTP/1.1" 404 302 "-" "Go-http-client/1.1"
104.28.214.114 - - [27/Jan/2026:21:28:24 -0500] "GET /bolt.php HTTP/1.1" 404 270 "-" "Go-http-client/1.1"
104.28.214.114 - - [27/Jan/2026:21:28:24 -0500] "GET /shlo.php HTTP/1.1" 404 270 "-" "Go-http-client/1.1"
104.28.214.114 - - [27/Jan/2026:21:28:24 -0500] "GET /133.php HTTP/1.1" 404 269 "-" "Go-http-client/1.1"
104.28.214.114 - - [27/Jan/2026:21:28:24 -0500] "GET /ahax.php HTTP/1.1" 404 270 "-" "Go-http-client/1.1"
104.28.214.114 - - [27/Jan/2026:21:28:24 -0500] "GET /php8.php HTTP/1.1" 404 270 "-" "Go-http-client/1.1"
104.28.214.114 - - [27/Jan/2026:21:28:25 -0500] "GET /lufix1.php HTTP/1.1" 404 272 "-" "Go-http-client/1.1"
104.28.214.114 - - [27/Jan/2026:21:28:26 -0500] "GET /witmm.php HTTP/1.1" 404 271 "-" "Go-http-client/1.1"
104.28.214.114 - - [27/Jan/2026:21:28:26 -0500] "GET /wp-admin/css/index.php HTTP/1.1" 404 284 "-" "Go-http-client/1.1"
104.28.214.114 - - [27/Jan/2026:21:28:26 -0500] "GET /wp-content/plugins/index.php HTTP/1.1" 200 - "-" "Go-http-client/1.1"
104.28.214.114 - - [27/Jan/2026:21:28:26 -0500] "GET /wp-content/index.php HTTP/1.1" 200 - "-" "Go-http-client/1.1"
104.28.214.114 - - [27/Jan/2026:21:28:26 -0500] "GET /ioxi-o.php HTTP/1.1" 404 272 "-" "Go-http-client/1.1"
104.28.214.114 - - [27/Jan/2026:21:28:26 -0500] "GET /222.php HTTP/1.1" 404 269 "-" "Go-http-client/1.1"
104.28.214.114 - - [27/Jan/2026:21:28:27 -0500] "GET /files.php HTTP/1.1" 404 271 "-" "Go-http-client/1.1"
104.28.214.114 - - [27/Jan/2026:21:28:27 -0500] "GET /wp-editor.php HTTP/1.1" 404 275 "-" "Go-http-client/1.1"
104.28.214.114 - - [27/Jan/2026:21:28:27 -0500] "GET /txets.php HTTP/1.1" 404 271 "-" "Go-http-client/1.1"
104.28.214.114 - - [27/Jan/2026:21:28:27 -0500] "GET /wp-content/txets.php HTTP/1.1" 404 282 "-" "Go-http-client/1.1"
104.28.214.114 - - [27/Jan/2026:21:28:27 -0500] "GET /wp-admin/txets.php HTTP/1.1" 404 280 "-" "Go-http-client/1.1"
104.28.214.114 - - [27/Jan/2026:21:28:27 -0500] "GET /postnews.php HTTP/1.1" 404 274 "-" "Go-http-client/1.1"
104.28.214.114 - - [27/Jan/2026:21:28:27 -0500] "GET /wp-content/postnews.php HTTP/1.1" 404 285 "-" "Go-http-client/1.1"
104.28.214.114 - - [27/Jan/2026:21:28:27 -0500] "GET /wp-admin/postnews.php HTTP/1.1" 404 283 "-" "Go-http-client/1.1"
74.206.190.118 - - [27/Jan/2026:21:30:13 -0500] "POST /wp-cron.php?doing_wp_cron=1769567413.4521970748901367187500 HTTP/1.1" 406 330 "-" "WordPress/3.6.1; http://www.findingxxx.com"
74.206.190.118 - - [27/Jan/2026:21:30:13 -0500] "GET / HTTP/1.1" 200 24408 "-" "curl/7.29.0"
74.206.190.118 - - [27/Jan/2026:21:35:14 -0500] "POST /wp-cron.php?doing_wp_cron=1769567714.8234570026397705078125 HTTP/1.1" 406 330 "-" "WordPress/3.6.1; http://www.findingxxx.com"
74.206.190.118 - - [27/Jan/2026:21:35:14 -0500] "GET / HTTP/1.1" 200 24408 "-" "curl/7.29.0"
74.206.190.118 - - [27/Jan/2026:21:40:28 -0500] "POST /wp-cron.php?doing_wp_cron=1769568028.2170789241790771484375 HTTP/1.1" 406 330 "-" "WordPress/3.6.1; http://www.findingxxx.com"
74.206.190.118 - - [27/Jan/2026:21:40:28 -0500] "GET / HTTP/1.1" 200 24408 "-" "curl/7.29.0"
74.206.190.118 - - [27/Jan/2026:21:45:16 -0500] "POST /wp-cron.php?doing_wp_cron=1769568316.5587561130523681640625 HTTP/1.1" 406 330 "-" "WordPress/3.6.1; http://www.findingxxx.com"
74.206.190.118 - - [27/Jan/2026:21:45:16 -0500] "GET / HTTP/1.1" 200 24408 "-" "curl/7.29.0"
74.206.190.118 - - [27/Jan/2026:21:50:26 -0500] "POST /wp-cron.php?doing_wp_cron=1769568626.2525260448455810546875 HTTP/1.1" 406 330 "-" "WordPress/3.6.1; http://www.findingxxx.com"
74.206.190.118 - - [27/Jan/2026:21:50:26 -0500] "GET / HTTP/1.1" 200 24408 "-" "curl/7.29.0"
74.206.190.118 - - [27/Jan/2026:21:55:15 -0500] "POST /wp-cron.php?doing_wp_cron=1769568915.4483919143676757812500 HTTP/1.1" 406 330 "-" "WordPress/3.6.1; http://www.findingxxx.com"
74.206.190.118 - - [27/Jan/2026:21:55:15 -0500] "GET / HTTP/1.1" 200 24408 "-" "curl/7.29.0"
74.206.190.118 - - [27/Jan/2026:22:00:25 -0500] "POST /wp-cron.php?doing_wp_cron=1769569225.0314600467681884765625 HTTP/1.1" 406 330 "-" "WordPress/3.6.1; http://www.findingxxx.com"
74.206.190.118 - - [27/Jan/2026:22:00:24 -0500] "GET / HTTP/1.1" 200 24408 "-" "curl/7.29.0"
74.206.190.118 - - [27/Jan/2026:22:05:18 -0500] "POST /wp-cron.php?doing_wp_cron=1769569518.1090719699859619140625 HTTP/1.1" 406 330 "-" "WordPress/3.6.1; http://www.findingxxx.com"
74.206.190.118 - - [27/Jan/2026:22:05:17 -0500] "GET / HTTP/1.1" 200 24408 "-" "curl/7.29.0"
74.206.190.118 - - [27/Jan/2026:22:10:13 -0500] "POST /wp-cron.php?doing_wp_cron=1769569813.3774778842926025390625 HTTP/1.1" 406 330 "-" "WordPress/3.6.1; http://www.findingxxx.com"
74.206.190.118 - - [27/Jan/2026:22:10:13 -0500] "GET / HTTP/1.1" 200 24408 "-" "curl/7.29.0"
74.206.190.118 - - [27/Jan/2026:22:15:15 -0500] "POST /wp-cron.php?doing_wp_cron=1769570114.9940359592437744140625 HTTP/1.1" 406 330 "-" "WordPress/3.6.1; http://www.findingxxx.com"
74.206.190.118 - - [27/Jan/2026:22:15:14 -0500] "GET / HTTP/1.1" 200 24408 "-" "curl/7.29.0"
74.206.190.118 - - [27/Jan/2026:22:20:23 -0500] "POST /wp-cron.php?doing_wp_cron=1769570423.3595280647277832031250 HTTP/1.1" 406 330 "-" "WordPress/3.6.1; http://www.findingxxx.com"
74.206.190.118 - - [27/Jan/2026:22:20:23 -0500] "GET / HTTP/1.1" 200 24408 "-" "curl/7.29.0"
74.206.190.118 - - [27/Jan/2026:22:25:20 -0500] "POST /wp-cron.php?doing_wp_cron=1769570720.7439789772033691406250 HTTP/1.1" 406 330 "-" "WordPress/3.6.1; http://www.findingxxx.com"
74.206.190.118 - - [27/Jan/2026:22:25:20 -0500] "GET / HTTP/1.1" 200 24408 "-" "curl/7.29.0"
74.206.190.118 - - [27/Jan/2026:22:30:15 -0500] "POST /wp-cron.php?doing_wp_cron=1769571015.6066470146179199218750 HTTP/1.1" 406 330 "-" "WordPress/3.6.1; http://www.findingxxx.com"
74.206.190.118 - - [27/Jan/2026:22:30:15 -0500] "GET / HTTP/1.1" 200 24408 "-" "curl/7.29.0"
74.206.190.118 - - [27/Jan/2026:22:35:13 -0500] "POST /wp-cron.php?doing_wp_cron=1769571313.1228289604187011718750 HTTP/1.1" 406 330 "-" "WordPress/3.6.1; http://www.findingxxx.com"
74.206.190.118 - - [27/Jan/2026:22:35:13 -0500] "GET / HTTP/1.1" 200 24408 "-" "curl/7.29.0"
74.206.190.118 - - [27/Jan/2026:22:40:21 -0500] "POST /wp-cron.php?doing_wp_cron=1769571621.4222950935363769531250 HTTP/1.1" 406 330 "-" "WordPress/3.6.1; http://www.findingxxx.com"
74.206.190.118 - - [27/Jan/2026:22:40:21 -0500] "GET / HTTP/1.1" 200 24408 "-" "curl/7.29.0"
74.206.190.118 - - [27/Jan/2026:22:45:13 -0500] "POST /wp-cron.php?doing_wp_cron=1769571913.9139909744262695312500 HTTP/1.1" 406 330 "-" "WordPress/3.6.1; http://www.findingxxx.com"
74.206.190.118 - - [27/Jan/2026:22:45:13 -0500] "GET / HTTP/1.1" 200 24408 "-" "curl/7.29.0"
43.135.140.225 - - [27/Jan/2026:22:45:45 -0500] "GET / HTTP/1.1" 301 - "-" "Mozilla/5.0 (iPhone; CPU iPhone OS 13_2_3 like Mac OS X) AppleWebKit/605.1.15 (KHTML, like Gecko) Version/13.0.3 Mobile/15E148 Safari/604.1"
43.135.140.225 - - [27/Jan/2026:22:45:47 -0500] "GET / HTTP/1.1" 200 24408 "http://findingxxx.com" "Mozilla/5.0 (iPhone; CPU iPhone OS 13_2_3 like Mac OS X) AppleWebKit/605.1.15 (KHTML, like Gecko) Version/13.0.3 Mobile/15E148 Safari/604.1"
74.206.190.118 - - [27/Jan/2026:22:50:13 -0500] "POST /wp-cron.php?doing_wp_cron=1769572213.7570250034332275390625 HTTP/1.1" 406 330 "-" "WordPress/3.6.1; http://www.findingxxx.com"
74.206.190.118 - - [27/Jan/2026:22:50:13 -0500] "GET / HTTP/1.1" 200 24408 "-" "curl/7.29.0"
74.206.190.118 - - [27/Jan/2026:22:54:49 -0500] "POST /wp-cron.php?doing_wp_cron=1769572489.4767150878906250000000 HTTP/1.1" 406 330 "-" "WordPress/3.6.1; http://www.findingxxx.com"
37.59.21.100 - - [27/Jan/2026:22:54:49 -0500] "GET /index.php/category/redhead-xxx/feed HTTP/1.1" 200 6708 "-" "Mozilla/5.0 (X11; Linux i686) AppleWebKit/537.36 (KHTML, like Gecko) Chrome/30.0.1599.66 Safari/537.36"
74.206.190.118 - - [27/Jan/2026:22:55:15 -0500] "GET / HTTP/1.1" 200 24408 "-" "curl/7.29.0"
74.206.190.118 - - [27/Jan/2026:23:00:25 -0500] "POST /wp-cron.php?doing_wp_cron=1769572825.7608170509338378906250 HTTP/1.1" 406 330 "-" "WordPress/3.6.1; http://www.findingxxx.com"
74.206.190.118 - - [27/Jan/2026:23:00:25 -0500] "GET / HTTP/1.1" 200 24408 "-" "curl/7.29.0"
74.206.190.118 - - [27/Jan/2026:23:05:17 -0500] "POST /wp-cron.php?doing_wp_cron=1769573117.4885458946228027343750 HTTP/1.1" 406 330 "-" "WordPress/3.6.1; http://www.findingxxx.com"
74.206.190.118 - - [27/Jan/2026:23:05:17 -0500] "GET / HTTP/1.1" 200 24408 "-" "curl/7.29.0"
74.206.190.118 - - [27/Jan/2026:23:10:14 -0500] "POST /wp-cron.php?doing_wp_cron=1769573414.6118869781494140625000 HTTP/1.1" 406 330 "-" "WordPress/3.6.1; http://www.findingxxx.com"
74.206.190.118 - - [27/Jan/2026:23:10:14 -0500] "GET / HTTP/1.1" 200 24408 "-" "curl/7.29.0"
74.206.190.118 - - [27/Jan/2026:23:15:16 -0500] "POST /wp-cron.php?doing_wp_cron=1769573716.4696218967437744140625 HTTP/1.1" 406 330 "-" "WordPress/3.6.1; http://www.findingxxx.com"
74.206.190.118 - - [27/Jan/2026:23:15:16 -0500] "GET / HTTP/1.1" 200 24408 "-" "curl/7.29.0"
74.206.190.118 - - [27/Jan/2026:23:20:21 -0500] "POST /wp-cron.php?doing_wp_cron=1769574020.9959139823913574218750 HTTP/1.1" 406 330 "-" "WordPress/3.6.1; http://www.findingxxx.com"
74.206.190.118 - - [27/Jan/2026:23:20:20 -0500] "GET / HTTP/1.1" 200 24408 "-" "curl/7.29.0"
74.206.190.118 - - [27/Jan/2026:23:21:35 -0500] "POST /wp-cron.php?doing_wp_cron=1769574095.0705111026763916015625 HTTP/1.1" 406 330 "-" "WordPress/3.6.1; http://www.findingxxx.com"
43.157.43.147 - - [27/Jan/2026:23:21:35 -0500] "GET / HTTP/1.1" 200 24408 "-" "Mozilla/5.0 (iPhone; CPU iPhone OS 13_2_3 like Mac OS X) AppleWebKit/605.1.15 (KHTML, like Gecko) Version/13.0.3 Mobile/15E148 Safari/604.1"
74.206.190.118 - - [27/Jan/2026:23:25:13 -0500] "POST /wp-cron.php?doing_wp_cron=1769574313.6340329647064208984375 HTTP/1.1" 406 330 "-" "WordPress/3.6.1; http://www.findingxxx.com"
74.206.190.118 - - [27/Jan/2026:23:25:13 -0500] "GET / HTTP/1.1" 200 24408 "-" "curl/7.29.0"
74.206.190.118 - - [27/Jan/2026:23:30:14 -0500] "POST /wp-cron.php?doing_wp_cron=1769574614.9167749881744384765625 HTTP/1.1" 406 330 "-" "WordPress/3.6.1; http://www.findingxxx.com"
74.206.190.118 - - [27/Jan/2026:23:30:14 -0500] "GET / HTTP/1.1" 200 24408 "-" "curl/7.29.0"
74.206.190.118 - - [27/Jan/2026:23:35:14 -0500] "POST /wp-cron.php?doing_wp_cron=1769574914.0423738956451416015625 HTTP/1.1" 406 330 "-" "WordPress/3.6.1; http://www.findingxxx.com"
74.206.190.118 - - [27/Jan/2026:23:35:13 -0500] "GET / HTTP/1.1" 200 24408 "-" "curl/7.29.0"
74.206.190.118 - - [27/Jan/2026:23:39:41 -0500] "POST /wp-cron.php?doing_wp_cron=1769575181.3956830501556396484375 HTTP/1.1" 406 330 "-" "WordPress/3.6.1; http://www.findingxxx.com"
107.189.14.25 - - [27/Jan/2026:23:39:41 -0500] "GET /wp-login.php HTTP/1.1" 200 2513 "-" "Mozilla/5.0 (iPhone; CPU iPhone OS 7_1 like Mac OS X) AppleWebKit/537.51.2 (KHTML, like Gecko) Version/7.0 Mobile/11D167 Safari/9537.53"
107.189.14.25 - - [27/Jan/2026:23:39:41 -0500] "POST /wp-login.php HTTP/1.1" 200 2771 "-" "Mozilla/5.0 (iPhone; CPU iPhone OS 7_1 like Mac OS X) AppleWebKit/537.51.2 (KHTML, like Gecko) Version/7.0 Mobile/11D167 Safari/9537.53"
74.206.190.118 - - [27/Jan/2026:23:40:28 -0500] "GET / HTTP/1.1" 200 24408 "-" "curl/7.29.0"
74.206.190.118 - - [27/Jan/2026:23:45:13 -0500] "POST /wp-cron.php?doing_wp_cron=1769575513.0385439395904541015625 HTTP/1.1" 406 330 "-" "WordPress/3.6.1; http://www.findingxxx.com"
74.206.190.118 - - [27/Jan/2026:23:45:12 -0500] "GET / HTTP/1.1" 200 24408 "-" "curl/7.29.0"
74.206.190.118 - - [27/Jan/2026:23:48:39 -0500] "POST /wp-cron.php?doing_wp_cron=1769575719.0864489078521728515625 HTTP/1.1" 406 330 "-" "WordPress/3.6.1; http://www.findingxxx.com"
37.59.21.100 - - [27/Jan/2026:23:48:39 -0500] "GET /index.php/tag/search-porn/feed HTTP/1.1" 200 13205 "-" "Mozilla/5.0 (X11; Linux i686) AppleWebKit/537.36 (KHTML, like Gecko) Chrome/30.0.1599.66 Safari/537.36"
74.206.190.118 - - [27/Jan/2026:23:50:13 -0500] "POST /wp-cron.php?doing_wp_cron=1769575813.5829999446868896484375 HTTP/1.1" 406 330 "-" "WordPress/3.6.1; http://www.findingxxx.com"
74.206.190.118 - - [27/Jan/2026:23:50:13 -0500] "GET / HTTP/1.1" 200 24408 "-" "curl/7.29.0"
74.206.190.118 - - [27/Jan/2026:23:55:15 -0500] "POST /wp-cron.php?doing_wp_cron=1769576115.2140340805053710937500 HTTP/1.1" 406 330 "-" "WordPress/3.6.1; http://www.findingxxx.com"
74.206.190.118 - - [27/Jan/2026:23:55:15 -0500] "GET / HTTP/1.1" 200 24408 "-" "curl/7.29.0"
157.55.39.225 - - [27/Jan/2026:23:58:01 -0500] "GET /robots.txt HTTP/1.1" 200 24 "-" "Mozilla/5.0 AppleWebKit/537.36 (KHTML, like Gecko; compatible; bingbot/2.0; +http://www.bing.com/bingbot.htm) Chrome/116.0.1938.76 Safari/537.36"
74.206.190.118 - - [27/Jan/2026:23:58:12 -0500] "POST /wp-cron.php?doing_wp_cron=1769576292.9408469200134277343750 HTTP/1.1" 406 330 "-" "WordPress/3.6.1; http://www.findingxxx.com"
52.167.144.183 - - [27/Jan/2026:23:58:12 -0500] "GET /index.php/tag/porntube HTTP/1.1" 200 15676 "-" "Mozilla/5.0 AppleWebKit/537.36 (KHTML, like Gecko; compatible; bingbot/2.0; +http://www.bing.com/bingbot.htm) Chrome/116.0.1938.76 Safari/537.36"
74.206.190.118 - - [28/Jan/2026:00:00:26 -0500] "POST /wp-cron.php?doing_wp_cron=1769576426.8400309085845947265625 HTTP/1.1" 406 330 "-" "WordPress/3.6.1; http://www.findingxxx.com"
74.206.190.118 - - [28/Jan/2026:00:00:26 -0500] "GET / HTTP/1.1" 200 24408 "-" "curl/7.29.0"
40.77.167.143 - - [28/Jan/2026:00:01:01 -0500] "GET /?Submit=Search&s=2026 HTTP/1.1" 200 14665 "-" "Mozilla/5.0 AppleWebKit/537.36 (KHTML, like Gecko; compatible; bingbot/2.0; +http://www.bing.com/bingbot.htm) Chrome/116.0.1938.76 Safari/537.36"
74.206.190.118 - - [28/Jan/2026:00:05:14 -0500] "POST /wp-cron.php?doing_wp_cron=1769576714.6629750728607177734375 HTTP/1.1" 406 330 "-" "WordPress/3.6.1; http://www.findingxxx.com"
74.206.190.118 - - [28/Jan/2026:00:05:14 -0500] "GET / HTTP/1.1" 200 24408 "-" "curl/7.29.0"
74.206.190.118 - - [28/Jan/2026:00:10:14 -0500] "POST /wp-cron.php?doing_wp_cron=1769577014.3568909168243408203125 HTTP/1.1" 406 330 "-" "WordPress/3.6.1; http://www.findingxxx.com"
74.206.190.118 - - [28/Jan/2026:00:10:14 -0500] "GET / HTTP/1.1" 200 24408 "-" "curl/7.29.0"
74.206.190.118 - - [28/Jan/2026:00:15:18 -0500] "POST /wp-cron.php?doing_wp_cron=1769577318.4757380485534667968750 HTTP/1.1" 406 330 "-" "WordPress/3.6.1; http://www.findingxxx.com"
74.206.190.118 - - [28/Jan/2026:00:15:18 -0500] "GET / HTTP/1.1" 200 24408 "-" "curl/7.29.0"
74.206.190.118 - - [28/Jan/2026:00:16:49 -0500] "POST /wp-cron.php?doing_wp_cron=1769577409.2685101032257080078125 HTTP/1.1" 406 330 "-" "WordPress/3.6.1; http://www.findingxxx.com"
37.59.21.100 - - [28/Jan/2026:00:16:49 -0500] "GET /index.php/tag/eden-adams/feed HTTP/1.1" 200 3486 "-" "Mozilla/5.0 (X11; Linux i686) AppleWebKit/537.36 (KHTML, like Gecko) Chrome/30.0.1599.66 Safari/537.36"
74.206.190.118 - - [28/Jan/2026:00:20:27 -0500] "POST /wp-cron.php?doing_wp_cron=1769577627.9727690219879150390625 HTTP/1.1" 406 330 "-" "WordPress/3.6.1; http://www.findingxxx.com"
74.206.190.118 - - [28/Jan/2026:00:20:27 -0500] "GET / HTTP/1.1" 200 24408 "-" "curl/7.29.0"
74.206.190.118 - - [28/Jan/2026:00:25:13 -0500] "POST /wp-cron.php?doing_wp_cron=1769577913.3215169906616210937500 HTTP/1.1" 406 330 "-" "WordPress/3.6.1; http://www.findingxxx.com"
124.236.100.56 - - [28/Jan/2026:00:25:13 -0500] "GET / HTTP/1.1" 301 - "-" "Mozilla/5.0 (X11; Linux x86_64) AppleWebKit/537.36 (KHTML, like Gecko) Chrome/60.0.3112.78 Safari/537.36"
124.236.100.56 - - [28/Jan/2026:00:25:13 -0500] "GET / HTTP/1.1" 301 - "-" "Mozilla/5.0 (Windows NT 6.1) AppleWebKit/537.36 (KHTML, like Gecko) Chrome/61.0.3163.100 Safari/537.36"
124.236.100.56 - - [28/Jan/2026:00:25:14 -0500] "GET / HTTP/1.1" 200 24408 "-" "Mozilla/5.0 (Windows NT 6.1) AppleWebKit/537.36 (KHTML, like Gecko) Chrome/61.0.3163.100 Safari/537.36"
74.206.190.118 - - [28/Jan/2026:00:25:21 -0500] "GET / HTTP/1.1" 200 24408 "-" "curl/7.29.0"
74.206.190.118 - - [28/Jan/2026:00:30:17 -0500] "POST /wp-cron.php?doing_wp_cron=1769578217.0242259502410888671875 HTTP/1.1" 406 330 "-" "WordPress/3.6.1; http://www.findingxxx.com"
74.206.190.118 - - [28/Jan/2026:00:30:16 -0500] "GET / HTTP/1.1" 200 24408 "-" "curl/7.29.0"
74.206.190.118 - - [28/Jan/2026:00:34:53 -0500] "POST /wp-cron.php?doing_wp_cron=1769578493.9167540073394775390625 HTTP/1.1" 406 330 "-" "WordPress/3.6.1; http://www.findingxxx.com"
152.56.182.185 - - [28/Jan/2026:00:34:53 -0500] "GET /index.php/page/2 HTTP/1.1" 200 24404 "-" "Mozilla/5.0 (Linux; Android 10; K) AppleWebKit/537.36 (KHTML, like Gecko) Chrome/143.0.0.0 Mobile Safari/537.36"
152.56.182.185 - - [28/Jan/2026:00:34:56 -0500] "GET /index.php/page/video.mp4 HTTP/1.1" 404 15310 "http://www.findingxxx.com/index.php/page/2" "Mozilla/5.0 (Linux; Android 10; K) AppleWebKit/537.36 (KHTML, like Gecko) Chrome/143.0.0.0 Mobile Safari/537.36"
74.206.190.118 - - [28/Jan/2026:00:35:12 -0500] "GET / HTTP/1.1" 200 24408 "-" "curl/7.29.0"
74.206.190.118 - - [28/Jan/2026:00:40:20 -0500] "POST /wp-cron.php?doing_wp_cron=1769578820.9222109317779541015625 HTTP/1.1" 406 330 "-" "WordPress/3.6.1; http://www.findingxxx.com"
74.206.190.118 - - [28/Jan/2026:00:40:20 -0500] "GET / HTTP/1.1" 200 24408 "-" "curl/7.29.0"
74.206.190.118 - - [28/Jan/2026:00:45:19 -0500] "POST /wp-cron.php?doing_wp_cron=1769579119.1686580181121826171875 HTTP/1.1" 406 330 "-" "WordPress/3.6.1; http://www.findingxxx.com"
74.206.190.118 - - [28/Jan/2026:00:45:18 -0500] "GET / HTTP/1.1" 200 24408 "-" "curl/7.29.0"
74.206.190.118 - - [28/Jan/2026:00:50:13 -0500] "POST /wp-cron.php?doing_wp_cron=1769579413.2681770324707031250000 HTTP/1.1" 406 330 "-" "WordPress/3.6.1; http://www.findingxxx.com"
74.206.190.118 - - [28/Jan/2026:00:50:13 -0500] "GET / HTTP/1.1" 200 24408 "-" "curl/7.29.0"
74.206.190.118 - - [28/Jan/2026:00:55:48 -0500] "POST /wp-cron.php?doing_wp_cron=1769579748.4128699302673339843750 HTTP/1.1" 406 330 "-" "WordPress/3.6.1; http://www.findingxxx.com"
74.206.190.118 - - [28/Jan/2026:00:55:48 -0500] "GET / HTTP/1.1" 200 24408 "-" "curl/7.29.0"
74.206.190.118 - - [28/Jan/2026:01:00:22 -0500] "POST /wp-cron.php?doing_wp_cron=1769580022.8268320560455322265625 HTTP/1.1" 406 330 "-" "WordPress/3.6.1; http://www.findingxxx.com"
74.206.190.118 - - [28/Jan/2026:01:00:22 -0500] "GET / HTTP/1.1" 200 24408 "-" "curl/7.29.0"
74.206.190.118 - - [28/Jan/2026:01:05:16 -0500] "POST /wp-cron.php?doing_wp_cron=1769580316.2555119991302490234375 HTTP/1.1" 406 330 "-" "WordPress/3.6.1; http://www.findingxxx.com"
74.206.190.118 - - [28/Jan/2026:01:05:16 -0500] "GET / HTTP/1.1" 200 24408 "-" "curl/7.29.0"
74.206.190.118 - - [28/Jan/2026:01:10:22 -0500] "POST /wp-cron.php?doing_wp_cron=1769580622.4115839004516601562500 HTTP/1.1" 406 330 "-" "WordPress/3.6.1; http://www.findingxxx.com"
74.206.190.118 - - [28/Jan/2026:01:10:22 -0500] "GET / HTTP/1.1" 200 24408 "-" "curl/7.29.0"
74.206.190.118 - - [28/Jan/2026:01:15:16 -0500] "POST /wp-cron.php?doing_wp_cron=1769580916.2067220211029052734375 HTTP/1.1" 406 330 "-" "WordPress/3.6.1; http://www.findingxxx.com"
74.206.190.118 - - [28/Jan/2026:01:15:16 -0500] "GET / HTTP/1.1" 200 24408 "-" "curl/7.29.0"
74.206.190.118 - - [28/Jan/2026:01:21:03 -0500] "POST /wp-cron.php?doing_wp_cron=1769581263.6656489372253417968750 HTTP/1.1" 406 330 "-" "WordPress/3.6.1; http://www.findingxxx.com"
74.206.190.118 - - [28/Jan/2026:01:21:03 -0500] "GET / HTTP/1.1" 200 24408 "-" "curl/7.29.0"
74.206.190.118 - - [28/Jan/2026:01:25:30 -0500] "POST /wp-cron.php?doing_wp_cron=1769581530.2981150150299072265625 HTTP/1.1" 406 330 "-" "WordPress/3.6.1; http://www.findingxxx.com"
74.206.190.118 - - [28/Jan/2026:01:25:30 -0500] "GET / HTTP/1.1" 200 24408 "-" "curl/7.29.0"
114.119.151.82 - - [28/Jan/2026:01:25:32 -0500] "GET /robots.txt HTTP/1.1" 200 24 "-" "Mozilla/5.0 (compatible;PetalBot;+https://webmaster.petalsearch.com/site/petalbot)"
74.206.190.118 - - [28/Jan/2026:01:30:18 -0500] "POST /wp-cron.php?doing_wp_cron=1769581818.7937700748443603515625 HTTP/1.1" 406 330 "-" "WordPress/3.6.1; http://www.findingxxx.com"
74.206.190.118 - - [28/Jan/2026:01:30:18 -0500] "GET / HTTP/1.1" 200 24408 "-" "curl/7.29.0"
37.59.21.100 - - [28/Jan/2026:01:30:50 -0500] "GET /index.php/category/redhead-xxx/feed HTTP/1.1" 200 6708 "-" "Mozilla/5.0 (X11; Linux i686) AppleWebKit/537.36 (KHTML, like Gecko) Chrome/30.0.1599.66 Safari/537.36"
74.206.190.118 - - [28/Jan/2026:01:35:14 -0500] "POST /wp-cron.php?doing_wp_cron=1769582114.8688249588012695312500 HTTP/1.1" 406 330 "-" "WordPress/3.6.1; http://www.findingxxx.com"
74.206.190.118 - - [28/Jan/2026:01:35:14 -0500] "GET / HTTP/1.1" 200 24408 "-" "curl/7.29.0"
74.206.190.118 - - [28/Jan/2026:01:40:26 -0500] "POST /wp-cron.php?doing_wp_cron=1769582426.1059830188751220703125 HTTP/1.1" 406 330 "-" "WordPress/3.6.1; http://www.findingxxx.com"
74.206.190.118 - - [28/Jan/2026:01:40:25 -0500] "GET / HTTP/1.1" 200 24408 "-" "curl/7.29.0"
74.206.190.118 - - [28/Jan/2026:01:45:16 -0500] "POST /wp-cron.php?doing_wp_cron=1769582716.0653190612792968750000 HTTP/1.1" 406 330 "-" "WordPress/3.6.1; http://www.findingxxx.com"
74.206.190.118 - - [28/Jan/2026:01:45:15 -0500] "GET / HTTP/1.1" 200 24408 "-" "curl/7.29.0"
74.206.190.118 - - [28/Jan/2026:01:50:14 -0500] "POST /wp-cron.php?doing_wp_cron=1769583014.5512490272521972656250 HTTP/1.1" 406 330 "-" "WordPress/3.6.1; http://www.findingxxx.com"
74.206.190.118 - - [28/Jan/2026:01:50:14 -0500] "GET / HTTP/1.1" 200 24408 "-" "curl/7.29.0"
74.206.190.118 - - [28/Jan/2026:01:55:15 -0500] "POST /wp-cron.php?doing_wp_cron=1769583315.3034749031066894531250 HTTP/1.1" 406 330 "-" "WordPress/3.6.1; http://www.findingxxx.com"
74.206.190.118 - - [28/Jan/2026:01:55:15 -0500] "GET / HTTP/1.1" 200 24408 "-" "curl/7.29.0"
74.206.190.118 - - [28/Jan/2026:02:00:00 -0500] "POST /wp-cron.php?doing_wp_cron=1769583600.5426819324493408203125 HTTP/1.1" 406 330 "-" "WordPress/3.6.1; http://www.findingxxx.com"
152.58.58.247 - - [28/Jan/2026:02:00:00 -0500] "GET /index.php/page/2 HTTP/1.1" 200 24404 "https://www.google.com/" "Mozilla/5.0 (Linux; Android 10; K) AppleWebKit/537.36 (KHTML, like Gecko) Chrome/144.0.0.0 Mobile Safari/537.36"
152.58.58.247 - - [28/Jan/2026:02:00:02 -0500] "GET /index.php/page/video.mp4 HTTP/1.1" 404 15310 "http://www.findingxxx.com/index.php/page/2" "Mozilla/5.0 (Linux; Android 10; K) AppleWebKit/537.36 (KHTML, like Gecko) Chrome/144.0.0.0 Mobile Safari/537.36"
74.206.190.118 - - [28/Jan/2026:02:00:21 -0500] "GET / HTTP/1.1" 200 24408 "-" "curl/7.29.0"
74.206.190.118 - - [28/Jan/2026:02:05:15 -0500] "POST /wp-cron.php?doing_wp_cron=1769583915.0143098831176757812500 HTTP/1.1" 406 330 "-" "WordPress/3.6.1; http://www.findingxxx.com"
74.206.190.118 - - [28/Jan/2026:02:05:14 -0500] "GET / HTTP/1.1" 200 24408 "-" "curl/7.29.0"
74.206.190.118 - - [28/Jan/2026:02:10:16 -0500] "POST /wp-cron.php?doing_wp_cron=1769584216.6829669475555419921875 HTTP/1.1" 406 330 "-" "WordPress/3.6.1; http://www.findingxxx.com"
74.206.190.118 - - [28/Jan/2026:02:10:16 -0500] "GET / HTTP/1.1" 200 24408 "-" "curl/7.29.0"
74.206.190.118 - - [28/Jan/2026:02:15:14 -0500] "POST /wp-cron.php?doing_wp_cron=1769584514.5111639499664306640625 HTTP/1.1" 406 330 "-" "WordPress/3.6.1; http://www.findingxxx.com"
107.189.13.239 - - [28/Jan/2026:02:15:14 -0500] "GET /wp-login.php HTTP/1.1" 200 2405 "-" "Mozilla/5.0 (Windows NT 6.3; WOW64) AppleWebKit/537.36 (KHTML, like Gecko) Chrome/35.0.1916.153 Safari/537.36"
107.189.13.239 - - [28/Jan/2026:02:15:15 -0500] "POST /wp-login.php HTTP/1.1" 200 3344 "-" "Mozilla/5.0 (Windows NT 6.3; WOW64) AppleWebKit/537.36 (KHTML, like Gecko) Chrome/35.0.1916.153 Safari/537.36"
74.206.190.118 - - [28/Jan/2026:02:15:16 -0500] "GET / HTTP/1.1" 200 24408 "-" "curl/7.29.0"
74.206.190.118 - - [28/Jan/2026:02:20:24 -0500] "POST /wp-cron.php?doing_wp_cron=1769584824.9020509719848632812500 HTTP/1.1" 406 330 "-" "WordPress/3.6.1; http://www.findingxxx.com"
74.206.190.118 - - [28/Jan/2026:02:20:24 -0500] "GET / HTTP/1.1" 200 24408 "-" "curl/7.29.0"
74.206.190.118 - - [28/Jan/2026:02:25:14 -0500] "POST /wp-cron.php?doing_wp_cron=1769585114.4599990844726562500000 HTTP/1.1" 406 330 "-" "WordPress/3.6.1; http://www.findingxxx.com"
74.206.190.118 - - [28/Jan/2026:02:25:14 -0500] "GET / HTTP/1.1" 200 24408 "-" "curl/7.29.0"
74.206.190.118 - - [28/Jan/2026:02:26:33 -0500] "POST /wp-cron.php?doing_wp_cron=1769585193.8807690143585205078125 HTTP/1.1" 406 330 "-" "WordPress/3.6.1; http://www.findingxxx.com"
37.59.21.100 - - [28/Jan/2026:02:26:33 -0500] "GET /index.php/blonde-xxx/garage-xxx-fucks.html/feed HTTP/1.1" 200 2374 "-" "Mozilla/5.0 (X11; Linux i686) AppleWebKit/537.36 (KHTML, like Gecko) Chrome/30.0.1599.66 Safari/537.36"
74.206.190.118 - - [28/Jan/2026:02:30:13 -0500] "POST /wp-cron.php?doing_wp_cron=1769585413.7603819370269775390625 HTTP/1.1" 406 330 "-" "WordPress/3.6.1; http://www.findingxxx.com"
74.206.190.118 - - [28/Jan/2026:02:30:13 -0500] "GET / HTTP/1.1" 200 24408 "-" "curl/7.29.0"
74.206.190.118 - - [28/Jan/2026:02:35:21 -0500] "POST /wp-cron.php?doing_wp_cron=1769585721.4085519313812255859375 HTTP/1.1" 406 330 "-" "WordPress/3.6.1; http://www.findingxxx.com"
74.206.190.118 - - [28/Jan/2026:02:35:21 -0500] "GET / HTTP/1.1" 200 24408 "-" "curl/7.29.0"
74.206.190.118 - - [28/Jan/2026:02:37:24 -0500] "POST /wp-cron.php?doing_wp_cron=1769585844.4363849163055419921875 HTTP/1.1" 406 330 "-" "WordPress/3.6.1; http://www.findingxxx.com"
172.171.100.19 - - [28/Jan/2026:02:37:24 -0500] "GET /index.php/tag/xxx HTTP/1.1" 200 22932 "-" "Mozilla/5.0 (X11; Linux x86_64) AppleWebKit/537.36 (KHTML, like Gecko) HeadlessChrome/144.0.0.0 Safari/537.36"
172.171.100.19 - - [28/Jan/2026:02:37:24 -0500] "GET /index.php/tag/video.mp4 HTTP/1.1" 404 15310 "http://www.findingxxx.com/index.php/tag/xxx" "Mozilla/5.0 (X11; Linux x86_64) AppleWebKit/537.36 (KHTML, like Gecko) HeadlessChrome/144.0.0.0 Safari/537.36"
74.206.190.118 - - [28/Jan/2026:02:40:35 -0500] "POST /wp-cron.php?doing_wp_cron=1769586035.0216128826141357421875 HTTP/1.1" 406 330 "-" "WordPress/3.6.1; http://www.findingxxx.com"
74.206.190.118 - - [28/Jan/2026:02:40:34 -0500] "GET / HTTP/1.1" 200 24408 "-" "curl/7.29.0"
74.206.190.118 - - [28/Jan/2026:02:45:15 -0500] "POST /wp-cron.php?doing_wp_cron=1769586315.9516580104827880859375 HTTP/1.1" 406 330 "-" "WordPress/3.6.1; http://www.findingxxx.com"
74.206.190.118 - - [28/Jan/2026:02:45:15 -0500] "GET / HTTP/1.1" 200 24408 "-" "curl/7.29.0"
74.206.190.118 - - [28/Jan/2026:02:48:22 -0500] "POST /wp-cron.php?doing_wp_cron=1769586502.1170439720153808593750 HTTP/1.1" 406 330 "-" "WordPress/3.6.1; http://www.findingxxx.com"
114.119.138.33 - - [28/Jan/2026:02:48:22 -0500] "GET /index.php/tag/porntube HTTP/1.1" 200 15676 "http://www.findingxxx.com/index.php/blonde-xxx/eden-adams-tube.html" "Mozilla/5.0 (Linux; Android 7.0;) AppleWebKit/537.36 (KHTML, like Gecko) Mobile Safari/537.36 (compatible; PetalBot;+https://webmaster.petalsearch.com/site/petalbot)"
74.206.190.118 - - [28/Jan/2026:02:50:14 -0500] "POST /wp-cron.php?doing_wp_cron=1769586614.4639449119567871093750 HTTP/1.1" 406 330 "-" "WordPress/3.6.1; http://www.findingxxx.com"
74.206.190.118 - - [28/Jan/2026:02:50:14 -0500] "GET / HTTP/1.1" 200 24408 "-" "curl/7.29.0"
37.59.21.100 - - [28/Jan/2026:02:50:49 -0500] "GET /index.php/tag/eden-adams/feed HTTP/1.1" 200 3486 "-" "Mozilla/5.0 (X11; Linux i686) AppleWebKit/537.36 (KHTML, like Gecko) Chrome/30.0.1599.66 Safari/537.36"
74.206.190.118 - - [28/Jan/2026:02:51:49 -0500] "POST /wp-cron.php?doing_wp_cron=1769586709.2661259174346923828125 HTTP/1.1" 406 330 "-" "WordPress/3.6.1; http://www.findingxxx.com"
182.42.105.144 - - [28/Jan/2026:02:51:49 -0500] "GET / HTTP/1.1" 200 24408 "-" "Mozilla/5.0 (iPhone; CPU iPhone OS 13_2_3 like Mac OS X) AppleWebKit/605.1.15 (KHTML, like Gecko) Version/13.0.3 Mobile/15E148 Safari/604.1"
74.206.190.118 - - [28/Jan/2026:02:55:14 -0500] "POST /wp-cron.php?doing_wp_cron=1769586914.3116550445556640625000 HTTP/1.1" 406 330 "-" "WordPress/3.6.1; http://www.findingxxx.com"
74.206.190.118 - - [28/Jan/2026:02:55:14 -0500] "GET / HTTP/1.1" 200 24408 "-" "curl/7.29.0"
74.206.190.118 - - [28/Jan/2026:03:00:19 -0500] "POST /wp-cron.php?doing_wp_cron=1769587219.9394938945770263671875 HTTP/1.1" 406 330 "-" "WordPress/3.6.1; http://www.findingxxx.com"
74.206.190.118 - - [28/Jan/2026:03:00:19 -0500] "GET / HTTP/1.1" 200 24408 "-" "curl/7.29.0"
74.206.190.118 - - [28/Jan/2026:03:05:15 -0500] "POST /wp-cron.php?doing_wp_cron=1769587515.4940481185913085937500 HTTP/1.1" 406 330 "-" "WordPress/3.6.1; http://www.findingxxx.com"
74.206.190.118 - - [28/Jan/2026:03:05:15 -0500] "GET / HTTP/1.1" 200 24408 "-" "curl/7.29.0"
74.206.190.118 - - [28/Jan/2026:03:10:14 -0500] "POST /wp-cron.php?doing_wp_cron=1769587814.5420119762420654296875 HTTP/1.1" 406 330 "-" "WordPress/3.6.1; http://www.findingxxx.com"
74.206.190.118 - - [28/Jan/2026:03:10:14 -0500] "GET / HTTP/1.1" 200 24408 "-" "curl/7.29.0"
185.191.171.18 - - [28/Jan/2026:03:11:24 -0500] "GET /robots.txt HTTP/1.1" 403 280 "-" "Mozilla/5.0 (compatible; SemrushBot/7~bl; +http://www.semrush.com/bot.html)"
85.208.96.200 - - [28/Jan/2026:03:11:24 -0500] "GET /index.php/blonde-xxx/samantha-sin-tube.html HTTP/1.1" 403 313 "-" "Mozilla/5.0 (compatible; SemrushBot/7~bl; +http://www.semrush.com/bot.html)"
74.206.190.118 - - [28/Jan/2026:03:15:13 -0500] "POST /wp-cron.php?doing_wp_cron=1769588113.5341908931732177734375 HTTP/1.1" 406 330 "-" "WordPress/3.6.1; http://www.findingxxx.com"
74.206.190.118 - - [28/Jan/2026:03:15:13 -0500] "GET / HTTP/1.1" 200 24408 "-" "curl/7.29.0"
74.206.190.118 - - [28/Jan/2026:03:20:23 -0500] "POST /wp-cron.php?doing_wp_cron=1769588423.4860188961029052734375 HTTP/1.1" 406 330 "-" "WordPress/3.6.1; http://www.findingxxx.com"
74.206.190.118 - - [28/Jan/2026:03:20:23 -0500] "GET / HTTP/1.1" 200 24408 "-" "curl/7.29.0"
4.194.179.26 - - [28/Jan/2026:03:22:32 -0500] "GET //wp-content/plugins/fix/up.php HTTP/1.1" 404 291 "-" "Mozilla/5.0 (Windows NT 10.0; Win64; x64) AppleWebKit/537.36 (KHTML, like Gecko) Chrome/85.0.4183.102 Safari/537.36"
85.208.96.210 - - [28/Jan/2026:03:22:44 -0500] "GET /index.php/blonde-xxx/kacey-jordan-xx.html HTTP/1.1" 403 311 "-" "Mozilla/5.0 (compatible; SemrushBot/7~bl; +http://www.semrush.com/bot.html)"
74.206.190.118 - - [28/Jan/2026:03:25:12 -0500] "POST /wp-cron.php?doing_wp_cron=1769588712.4951629638671875000000 HTTP/1.1" 406 330 "-" "WordPress/3.6.1; http://www.findingxxx.com"
74.206.190.118 - - [28/Jan/2026:03:25:12 -0500] "GET / HTTP/1.1" 200 24408 "-" "curl/7.29.0"
74.206.190.118 - - [28/Jan/2026:03:30:13 -0500] "POST /wp-cron.php?doing_wp_cron=1769589013.2343130111694335937500 HTTP/1.1" 406 330 "-" "WordPress/3.6.1; http://www.findingxxx.com"
74.206.190.118 - - [28/Jan/2026:03:30:13 -0500] "GET / HTTP/1.1" 200 24408 "-" "curl/7.29.0"
74.206.190.118 - - [28/Jan/2026:03:35:29 -0500] "POST /wp-cron.php?doing_wp_cron=1769589329.9168059825897216796875 HTTP/1.1" 406 330 "-" "WordPress/3.6.1; http://www.findingxxx.com"
74.206.190.118 - - [28/Jan/2026:03:35:29 -0500] "GET / HTTP/1.1" 200 24408 "-" "curl/7.29.0"
74.206.190.118 - - [28/Jan/2026:03:40:57 -0500] "POST /wp-cron.php?doing_wp_cron=1769589657.0599589347839355468750 HTTP/1.1" 406 330 "-" "WordPress/3.6.1; http://www.findingxxx.com"
74.206.190.118 - - [28/Jan/2026:03:40:56 -0500] "GET / HTTP/1.1" 200 24408 "-" "curl/7.29.0"
74.206.190.118 - - [28/Jan/2026:03:45:17 -0500] "POST /wp-cron.php?doing_wp_cron=1769589917.7227408885955810546875 HTTP/1.1" 406 330 "-" "WordPress/3.6.1; http://www.findingxxx.com"
74.206.190.118 - - [28/Jan/2026:03:45:17 -0500] "GET / HTTP/1.1" 200 24408 "-" "curl/7.29.0"
74.206.190.118 - - [28/Jan/2026:03:50:14 -0500] "POST /wp-cron.php?doing_wp_cron=1769590214.1258831024169921875000 HTTP/1.1" 406 330 "-" "WordPress/3.6.1; http://www.findingxxx.com"
74.206.190.118 - - [28/Jan/2026:03:50:14 -0500] "GET / HTTP/1.1" 200 24408 "-" "curl/7.29.0"
74.206.190.118 - - [28/Jan/2026:03:51:53 -0500] "POST /wp-cron.php?doing_wp_cron=1769590313.8356719017028808593750 HTTP/1.1" 406 330 "-" "WordPress/3.6.1; http://www.findingxxx.com"
40.77.167.41 - - [28/Jan/2026:03:51:53 -0500] "GET /?Submit=Search&s=2026 HTTP/1.1" 200 14665 "-" "Mozilla/5.0 AppleWebKit/537.36 (KHTML, like Gecko; compatible; bingbot/2.0; +http://www.bing.com/bingbot.htm) Chrome/116.0.1938.76 Safari/537.36"
74.206.190.118 - - [28/Jan/2026:03:55:15 -0500] "POST /wp-cron.php?doing_wp_cron=1769590515.5625300407409667968750 HTTP/1.1" 406 330 "-" "WordPress/3.6.1; http://www.findingxxx.com"
74.206.190.118 - - [28/Jan/2026:03:55:15 -0500] "GET / HTTP/1.1" 200 24408 "-" "curl/7.29.0"
74.206.190.118 - - [28/Jan/2026:04:00:26 -0500] "POST /wp-cron.php?doing_wp_cron=1769590826.7866740226745605468750 HTTP/1.1" 406 330 "-" "WordPress/3.6.1; http://www.findingxxx.com"
74.206.190.118 - - [28/Jan/2026:04:00:26 -0500] "GET / HTTP/1.1" 200 24408 "-" "curl/7.29.0"
85.208.96.212 - - [28/Jan/2026:04:03:48 -0500] "GET /index.php/about HTTP/1.1" 403 285 "-" "Mozilla/5.0 (compatible; SemrushBot/7~bl; +http://www.semrush.com/bot.html)"
74.206.190.118 - - [28/Jan/2026:04:05:16 -0500] "POST /wp-cron.php?doing_wp_cron=1769591116.4887568950653076171875 HTTP/1.1" 406 330 "-" "WordPress/3.6.1; http://www.findingxxx.com"
74.206.190.118 - - [28/Jan/2026:04:05:16 -0500] "GET / HTTP/1.1" 200 24408 "-" "curl/7.29.0"
74.206.190.118 - - [28/Jan/2026:04:10:15 -0500] "POST /wp-cron.php?doing_wp_cron=1769591415.4880170822143554687500 HTTP/1.1" 406 330 "-" "WordPress/3.6.1; http://www.findingxxx.com"
74.206.190.118 - - [28/Jan/2026:04:10:15 -0500] "GET / HTTP/1.1" 200 24408 "-" "curl/7.29.0"
74.206.190.118 - - [28/Jan/2026:04:15:24 -0500] "POST /wp-cron.php?doing_wp_cron=1769591724.6365239620208740234375 HTTP/1.1" 406 330 "-" "WordPress/3.6.1; http://www.findingxxx.com"
74.206.190.118 - - [28/Jan/2026:04:15:24 -0500] "GET / HTTP/1.1" 200 24408 "-" "curl/7.29.0"