163.223.150.21 - - [01/Feb/2026:01:21:35 -0500] "GET /wp-json/wp/v2/posts HTTP/1.1" 302 273 "-" "Mozilla/5.0 (Windows NT 10.0; Win64; x64) AppleWebKit/537.36 (KHTML, like Gecko) Chrome/120.0.0.0 Safari/537.36"
74.206.190.117 - - [01/Feb/2026:01:25:24 -0500] "GET / HTTP/1.1" 200 17746 "-" "curl/7.29.0"
204.76.203.212 - - [01/Feb/2026:01:26:53 -0500] "GET / HTTP/1.1" 200 17746 "-" "Mozilla/5.0 (Windows NT 10.0; Win64; x64) AppleWebKit/537.36 (KHTML, like Gecko) Chrome/90.0.4430.85 Safari/537.36 Edg/90.0.818.46"
74.206.190.117 - - [01/Feb/2026:01:30:20 -0500] "GET / HTTP/1.1" 200 17746 "-" "curl/7.29.0"
74.206.190.117 - - [01/Feb/2026:01:30:27 -0500] "POST /wp-cron.php?doing_wp_cron=1769927426.9678010940551757812500 HTTP/1.1" 200 - "http://www.fagottube.com/wp-cron.php?doing_wp_cron=1769927426.9678010940551757812500" "WordPress/5.1.8; http://www.fagottube.com"
43.156.232.190 - - [01/Feb/2026:01:30:26 -0500] "GET / HTTP/1.1" 200 17746 "-" "Mozilla/5.0 (iPhone; CPU iPhone OS 13_2_3 like Mac OS X) AppleWebKit/605.1.15 (KHTML, like Gecko) Version/13.0.3 Mobile/15E148 Safari/604.1"
37.59.21.100 - - [01/Feb/2026:01:33:47 -0500] "GET /index.php/category/gay-fags/feed HTTP/1.1" 200 8686 "-" "Mozilla/5.0 (X11; Linux i686) AppleWebKit/537.36 (KHTML, like Gecko) Chrome/30.0.1599.66 Safari/537.36"
74.206.190.117 - - [01/Feb/2026:01:35:21 -0500] "GET / HTTP/1.1" 200 17746 "-" "curl/7.29.0"
74.206.190.117 - - [01/Feb/2026:01:40:23 -0500] "GET / HTTP/1.1" 200 17746 "-" "curl/7.29.0"
74.206.190.117 - - [01/Feb/2026:01:45:17 -0500] "GET / HTTP/1.1" 200 17746 "-" "curl/7.29.0"
83.217.208.0 - - [01/Feb/2026:01:45:37 -0500] "GET /wp-login.php HTTP/1.1" 200 2922 "-" "Mozilla/5.0 (Windows NT 6.1; WOW64; rv:29.0) Gecko/20100101 Firefox/29.0"
83.217.208.0 - - [01/Feb/2026:01:45:38 -0500] "POST /wp-login.php HTTP/1.1" 200 3914 "-" "Mozilla/5.0 (Windows NT 6.1; WOW64; rv:29.0) Gecko/20100101 Firefox/29.0"
204.76.203.206 - - [01/Feb/2026:01:47:50 -0500] "GET / HTTP/1.1" 200 17746 "-" "Mozilla/5.0 (Windows NT 10.0; Win64; x64) AppleWebKit/537.36 (KHTML, like Gecko) Chrome/90.0.4430.85 Safari/537.36 Edg/90.0.818.46"
81.29.142.100 - - [01/Feb/2026:01:49:37 -0500] "GET / HTTP/1.1" 200 17746 "-" "Mozilla/5.0 (Windows NT 6.1; WOW64) AppleWebKit/537.36 (KHTML, like Gecko) Chrome/88.0.4324.152 YaBrowser/21.2.2.102 Yowser/2.5 Safari/537.36"
74.206.190.117 - - [01/Feb/2026:01:50:15 -0500] "GET / HTTP/1.1" 200 17746 "-" "curl/7.29.0"
74.206.190.117 - - [01/Feb/2026:01:55:14 -0500] "GET / HTTP/1.1" 200 17746 "-" "curl/7.29.0"
204.76.203.212 - - [01/Feb/2026:01:55:14 -0500] "GET / HTTP/1.1" 200 17746 "-" "Mozilla/5.0 (Windows NT 10.0; Win64; x64) AppleWebKit/537.36 (KHTML, like Gecko) Chrome/90.0.4430.85 Safari/537.36 Edg/90.0.818.46"
74.206.190.117 - - [01/Feb/2026:02:00:28 -0500] "GET / HTTP/1.1" 200 17746 "-" "curl/7.29.0"
74.206.190.117 - - [01/Feb/2026:02:05:13 -0500] "GET / HTTP/1.1" 200 17746 "-" "curl/7.29.0"
74.206.190.117 - - [01/Feb/2026:02:10:16 -0500] "GET / HTTP/1.1" 200 17746 "-" "curl/7.29.0"
104.244.73.251 - - [01/Feb/2026:02:10:34 -0500] "GET /wp-login.php HTTP/1.1" 200 2922 "-" "Mozilla/5.0 (Macintosh; Intel Mac OS X 10.9; rv:30.0) Gecko/20100101 Firefox/30.0"
104.244.73.251 - - [01/Feb/2026:02:10:35 -0500] "POST /wp-login.php HTTP/1.1" 200 3914 "-" "Mozilla/5.0 (Macintosh; Intel Mac OS X 10.9; rv:30.0) Gecko/20100101 Firefox/30.0"
204.76.203.206 - - [01/Feb/2026:02:14:57 -0500] "GET / HTTP/1.1" 200 17746 "-" "Mozilla/5.0 (Windows NT 10.0; Win64; x64) AppleWebKit/537.36 (KHTML, like Gecko) Chrome/90.0.4430.85 Safari/537.36 Edg/90.0.818.46"
74.206.190.117 - - [01/Feb/2026:02:15:18 -0500] "GET / HTTP/1.1" 200 17746 "-" "curl/7.29.0"
204.76.203.212 - - [01/Feb/2026:02:17:16 -0500] "GET / HTTP/1.1" 200 17746 "-" "Mozilla/5.0 (Windows NT 10.0; Win64; x64) AppleWebKit/537.36 (KHTML, like Gecko) Chrome/90.0.4430.85 Safari/537.36 Edg/90.0.818.46"
74.206.190.117 - - [01/Feb/2026:02:20:28 -0500] "GET / HTTP/1.1" 200 17746 "-" "curl/7.29.0"
74.206.190.117 - - [01/Feb/2026:02:25:15 -0500] "GET / HTTP/1.1" 200 17746 "-" "curl/7.29.0"
89.42.231.200 - - [01/Feb/2026:02:26:05 -0500] "GET /SDK/webLanguage HTTP/1.1" 302 274 "-" "Mozilla/5.0 (Windows NT 10.0; Win64; x64) AppleWebKit/537.36 (KHTML, like Gecko) Chrome/90.0.4430.85 Safari/537.36 Edg/90.0.818.46"
74.206.190.117 - - [01/Feb/2026:02:30:14 -0500] "POST /wp-cron.php?doing_wp_cron=1769931014.7986700534820556640625 HTTP/1.1" 200 - "http://www.fagottube.com/wp-cron.php?doing_wp_cron=1769931014.7986700534820556640625" "WordPress/5.1.8; http://www.fagottube.com"
74.206.190.117 - - [01/Feb/2026:02:30:14 -0500] "GET / HTTP/1.1" 200 17746 "-" "curl/7.29.0"
74.206.190.117 - - [01/Feb/2026:02:35:16 -0500] "POST /wp-cron.php?doing_wp_cron=1769931316.5666160583496093750000 HTTP/1.1" 200 - "http://www.fagottube.com/wp-cron.php?doing_wp_cron=1769931316.5666160583496093750000" "WordPress/5.1.8; http://www.fagottube.com"
74.206.190.117 - - [01/Feb/2026:02:35:16 -0500] "GET / HTTP/1.1" 200 17746 "-" "curl/7.29.0"
74.206.190.117 - - [01/Feb/2026:02:40:26 -0500] "GET / HTTP/1.1" 200 17746 "-" "curl/7.29.0"
204.76.203.212 - - [01/Feb/2026:02:42:48 -0500] "GET / HTTP/1.1" 200 17746 "-" "Mozilla/5.0 (Windows NT 10.0; Win64; x64) AppleWebKit/537.36 (KHTML, like Gecko) Chrome/90.0.4430.85 Safari/537.36 Edg/90.0.818.46"
104.28.214.115 - - [01/Feb/2026:02:45:15 -0500] "GET /style.php HTTP/1.1" 302 273 "-" "Go-http-client/1.1"
74.206.190.117 - - [01/Feb/2026:02:45:16 -0500] "GET / HTTP/1.1" 200 17746 "-" "curl/7.29.0"
104.244.75.208 - - [01/Feb/2026:02:45:24 -0500] "GET /wp-login.php HTTP/1.1" 200 2922 "-" "Mozilla/5.0 (Windows NT 6.1; WOW64) AppleWebKit/537.36 (KHTML, like Gecko) Chrome/36.0.1985.143 Safari/537.36"
104.244.75.208 - - [01/Feb/2026:02:45:25 -0500] "POST /wp-login.php HTTP/1.1" 200 3910 "-" "Mozilla/5.0 (Windows NT 6.1; WOW64) AppleWebKit/537.36 (KHTML, like Gecko) Chrome/36.0.1985.143 Safari/537.36"
204.76.203.206 - - [01/Feb/2026:02:48:48 -0500] "GET / HTTP/1.1" 200 17746 "-" "Mozilla/5.0 (Windows NT 10.0; Win64; x64) AppleWebKit/537.36 (KHTML, like Gecko) Chrome/90.0.4430.85 Safari/537.36 Edg/90.0.818.46"
74.206.190.117 - - [01/Feb/2026:02:50:12 -0500] "GET / HTTP/1.1" 200 17746 "-" "curl/7.29.0"
40.77.167.101 - - [01/Feb/2026:02:52:22 -0500] "GET /robots.txt HTTP/1.1" 200 29 "-" "Mozilla/5.0 AppleWebKit/537.36 (KHTML, like Gecko; compatible; bingbot/2.0; +http://www.bing.com/bingbot.htm) Chrome/116.0.1938.76 Safari/537.36"
52.167.144.156 - - [01/Feb/2026:02:52:30 -0500] "GET /?Submit=Search&s=2025 HTTP/1.1" 200 9647 "-" "Mozilla/5.0 AppleWebKit/537.36 (KHTML, like Gecko; compatible; bingbot/2.0; +http://www.bing.com/bingbot.htm) Chrome/116.0.1938.76 Safari/537.36"
74.206.190.117 - - [01/Feb/2026:02:55:13 -0500] "GET / HTTP/1.1" 200 17746 "-" "curl/7.29.0"
74.206.190.117 - - [01/Feb/2026:03:00:23 -0500] "GET / HTTP/1.1" 200 17746 "-" "curl/7.29.0"
193.142.147.209 - - [01/Feb/2026:03:04:54 -0500] "POST / HTTP/1.1" 200 17746 "-" "Mozilla/5.0 (Windows NT 10.0; Win64; x64) AppleWebKit/537.36"
37.59.21.100 - - [01/Feb/2026:03:05:15 -0500] "GET /index.php/tag/raw-papi/feed HTTP/1.1" 200 6446 "-" "Mozilla/5.0 (X11; Linux i686) AppleWebKit/537.36 (KHTML, like Gecko) Chrome/30.0.1599.66 Safari/537.36"
74.206.190.117 - - [01/Feb/2026:03:05:23 -0500] "GET / HTTP/1.1" 200 17746 "-" "curl/7.29.0"
114.119.131.35 - - [01/Feb/2026:03:09:33 -0500] "GET /index.php/gay-fags/fag-tube-porn-2.html HTTP/1.1" 200 19369 "http://www.fagottube.com/index.php/gay-fags/gay-tube-porn.html" "Mozilla/5.0 (Linux; Android 7.0;) AppleWebKit/537.36 (KHTML, like Gecko) Mobile Safari/537.36 (compatible; PetalBot;+https://webmaster.petalsearch.com/site/petalbot)"
74.206.190.117 - - [01/Feb/2026:03:10:16 -0500] "GET / HTTP/1.1" 200 17746 "-" "curl/7.29.0"
204.76.203.212 - - [01/Feb/2026:03:10:25 -0500] "GET / HTTP/1.1" 200 17746 "-" "Mozilla/5.0 (Windows NT 10.0; Win64; x64) AppleWebKit/537.36 (KHTML, like Gecko) Chrome/90.0.4430.85 Safari/537.36 Edg/90.0.818.46"
74.206.190.117 - - [01/Feb/2026:03:15:19 -0500] "GET / HTTP/1.1" 200 17746 "-" "curl/7.29.0"
204.76.203.206 - - [01/Feb/2026:03:16:53 -0500] "GET / HTTP/1.1" 200 17746 "-" "Mozilla/5.0 (Windows NT 10.0; Win64; x64) AppleWebKit/537.36 (KHTML, like Gecko) Chrome/90.0.4430.85 Safari/537.36 Edg/90.0.818.46"
103.156.17.199 - - [01/Feb/2026:03:18:00 -0500] "GET /wp-json/wp/v2/posts HTTP/1.1" 302 273 "-" "Mozilla/5.0 (Windows NT 10.0; Win64; x64) AppleWebKit/537.36 (KHTML, like Gecko) Chrome/120.0.0.0 Safari/537.36"
74.206.190.117 - - [01/Feb/2026:03:20:19 -0500] "GET / HTTP/1.1" 200 17746 "-" "curl/7.29.0"
185.213.174.141 - - [01/Feb/2026:03:24:46 -0500] "GET / HTTP/1.1" 200 17746 "-" "Mozilla/5.0"
74.206.190.117 - - [01/Feb/2026:03:25:17 -0500] "GET / HTTP/1.1" 200 17746 "-" "curl/7.29.0"
198.98.56.172 - - [01/Feb/2026:03:26:16 -0500] "GET /wp-login.php HTTP/1.1" 200 2922 "-" "Mozilla/5.0 (Windows NT 6.1) AppleWebKit/537.36 (KHTML, like Gecko) Chrome/36.0.1985.125 Safari/537.36"
198.98.56.172 - - [01/Feb/2026:03:26:19 -0500] "POST /wp-login.php HTTP/1.1" 200 3914 "-" "Mozilla/5.0 (Windows NT 6.1) AppleWebKit/537.36 (KHTML, like Gecko) Chrome/36.0.1985.125 Safari/537.36"
74.206.190.117 - - [01/Feb/2026:03:30:13 -0500] "GET / HTTP/1.1" 200 17746 "-" "curl/7.29.0"
74.206.190.117 - - [01/Feb/2026:03:33:19 -0500] "POST /wp-cron.php?doing_wp_cron=1769934799.3945109844207763671875 HTTP/1.1" 200 - "http://www.fagottube.com/wp-cron.php?doing_wp_cron=1769934799.3945109844207763671875" "WordPress/5.1.8; http://www.fagottube.com"
204.76.203.212 - - [01/Feb/2026:03:33:19 -0500] "GET / HTTP/1.1" 200 17746 "-" "Mozilla/5.0 (Windows NT 10.0; Win64; x64) AppleWebKit/537.36 (KHTML, like Gecko) Chrome/90.0.4430.85 Safari/537.36 Edg/90.0.818.46"
74.206.190.117 - - [01/Feb/2026:03:35:13 -0500] "GET / HTTP/1.1" 200 17746 "-" "curl/7.29.0"
65.49.1.192 - - [01/Feb/2026:03:39:02 -0500] "GET / HTTP/1.1" 200 17746 "-" "Mozilla/5.0 (X11; Linux x86_64; rv:56.0) Gecko/20100101 Firefox/56.0"
65.49.1.192 - - [01/Feb/2026:03:39:46 -0500] "GET /webui/ HTTP/1.1" 302 274 "-" "Mozilla/5.0 (Windows NT 10.0; Win64; x64; rv:95.0) Gecko/20100101 Firefox/98.0"
204.76.203.18 - - [01/Feb/2026:03:40:07 -0500] "GET /bins/ HTTP/1.1" 302 274 "-" "-"
74.206.190.117 - - [01/Feb/2026:03:40:20 -0500] "GET / HTTP/1.1" 200 17746 "-" "curl/7.29.0"
65.49.1.192 - - [01/Feb/2026:03:41:54 -0500] "GET /geoserver/web/ HTTP/1.1" 302 274 "-" "Mozilla/5.0 (X11; Linux x86_64; rv:56.0) Gecko/20100101 Firefox/56.0"
74.206.190.117 - - [01/Feb/2026:03:45:12 -0500] "GET / HTTP/1.1" 200 17746 "-" "curl/7.29.0"
102.88.54.24 - - [01/Feb/2026:03:48:55 -0500] "GET /.env HTTP/1.1" 302 274 "-" "python-requests/2.26.0"
204.76.203.206 - - [01/Feb/2026:03:48:55 -0500] "GET / HTTP/1.1" 200 17746 "-" "Mozilla/5.0 (Windows NT 10.0; Win64; x64) AppleWebKit/537.36 (KHTML, like Gecko) Chrome/90.0.4430.85 Safari/537.36 Edg/90.0.818.46"
102.88.54.24 - - [01/Feb/2026:03:48:56 -0500] "POST / HTTP/1.1" 200 17746 "-" "python-requests/2.26.0"
74.206.190.117 - - [01/Feb/2026:03:50:12 -0500] "GET / HTTP/1.1" 200 17746 "-" "curl/7.29.0"
102.88.54.24 - - [01/Feb/2026:03:50:24 -0500] "GET /.env HTTP/1.1" 302 274 "-" "python-requests/2.26.0"
102.88.54.24 - - [01/Feb/2026:03:50:25 -0500] "POST / HTTP/1.1" 200 17746 "-" "python-requests/2.26.0"
49.51.72.236 - - [01/Feb/2026:03:50:41 -0500] "GET / HTTP/1.1" 301 - "-" "Mozilla/5.0 (iPhone; CPU iPhone OS 13_2_3 like Mac OS X) AppleWebKit/605.1.15 (KHTML, like Gecko) Version/13.0.3 Mobile/15E148 Safari/604.1"
49.51.72.236 - - [01/Feb/2026:03:50:42 -0500] "GET / HTTP/1.1" 200 17746 "http://fagottube.com" "Mozilla/5.0 (iPhone; CPU iPhone OS 13_2_3 like Mac OS X) AppleWebKit/605.1.15 (KHTML, like Gecko) Version/13.0.3 Mobile/15E148 Safari/604.1"
51.77.43.178 - - [01/Feb/2026:03:52:35 -0500] "GET /robots.txt HTTP/1.1" 302 277 "-" "Mozilla/5.0 (compatible; MJ12bot/v1.4.8; http://mj12bot.com/)"
51.77.43.178 - - [01/Feb/2026:03:52:38 -0500] "GET /?p=104 HTTP/1.1" 302 277 "-" "Mozilla/5.0 (compatible; MJ12bot/v1.4.8; http://mj12bot.com/)"
51.77.43.178 - - [01/Feb/2026:03:52:46 -0500] "GET /?p=108 HTTP/1.1" 302 277 "-" "Mozilla/5.0 (compatible; MJ12bot/v1.4.8; http://mj12bot.com/)"
37.59.21.100 - - [01/Feb/2026:03:54:02 -0500] "GET /index.php/gay-fags/gay-fags-tube.html/feed HTTP/1.1" 200 1580 "-" "Mozilla/5.0 (X11; Linux i686) AppleWebKit/537.36 (KHTML, like Gecko) Chrome/30.0.1599.66 Safari/537.36"
74.206.190.117 - - [01/Feb/2026:03:55:13 -0500] "GET / HTTP/1.1" 200 17746 "-" "curl/7.29.0"
51.77.43.178 - - [01/Feb/2026:03:59:06 -0500] "GET /robots.txt HTTP/1.1" 302 277 "-" "Mozilla/5.0 (compatible; MJ12bot/v1.4.8; http://mj12bot.com/)"
51.77.43.178 - - [01/Feb/2026:03:59:12 -0500] "GET /?p=104 HTTP/1.1" 302 277 "-" "Mozilla/5.0 (compatible; MJ12bot/v1.4.8; http://mj12bot.com/)"
51.77.43.178 - - [01/Feb/2026:03:59:16 -0500] "GET /?p=108 HTTP/1.1" 302 277 "-" "Mozilla/5.0 (compatible; MJ12bot/v1.4.8; http://mj12bot.com/)"
51.77.43.178 - - [01/Feb/2026:03:59:17 -0500] "GET /robots.txt HTTP/1.1" 302 277 "-" "Mozilla/5.0 (compatible; MJ12bot/v1.4.8; http://mj12bot.com/)"
51.77.43.178 - - [01/Feb/2026:03:59:19 -0500] "GET /?p=104 HTTP/1.1" 302 277 "-" "Mozilla/5.0 (compatible; MJ12bot/v1.4.8; http://mj12bot.com/)"
51.77.43.178 - - [01/Feb/2026:03:59:26 -0500] "GET /?p=108 HTTP/1.1" 302 277 "-" "Mozilla/5.0 (compatible; MJ12bot/v1.4.8; http://mj12bot.com/)"
74.206.190.117 - - [01/Feb/2026:04:00:28 -0500] "GET / HTTP/1.1" 200 17746 "-" "curl/7.29.0"
204.76.203.212 - - [01/Feb/2026:04:01:13 -0500] "GET / HTTP/1.1" 200 17746 "-" "Mozilla/5.0 (Windows NT 10.0; Win64; x64) AppleWebKit/537.36 (KHTML, like Gecko) Chrome/90.0.4430.85 Safari/537.36 Edg/90.0.818.46"
37.59.21.100 - - [01/Feb/2026:04:04:48 -0500] "GET /index.php/category/gay-fags/feed HTTP/1.1" 200 8686 "-" "Mozilla/5.0 (X11; Linux i686) AppleWebKit/537.36 (KHTML, like Gecko) Chrome/30.0.1599.66 Safari/537.36"
74.206.190.117 - - [01/Feb/2026:04:05:12 -0500] "GET / HTTP/1.1" 200 17746 "-" "curl/7.29.0"
74.206.190.117 - - [01/Feb/2026:04:10:12 -0500] "GET / HTTP/1.1" 200 17746 "-" "curl/7.29.0"
74.206.190.117 - - [01/Feb/2026:04:15:21 -0500] "GET / HTTP/1.1" 200 17746 "-" "curl/7.29.0"