74.206.190.117 - - [31/Jan/2026:15:30:24 -0500] "POST /wp-cron.php?doing_wp_cron=1769891424.9242079257965087890625 HTTP/1.1" 200 - "http://www.fagottube.com/wp-cron.php?doing_wp_cron=1769891424.9242079257965087890625" "WordPress/5.1.8; http://www.fagottube.com"
204.76.203.212 - - [31/Jan/2026:15:30:24 -0500] "GET / HTTP/1.1" 200 17746 "-" "Mozilla/5.0 (Windows NT 10.0; Win64; x64) AppleWebKit/537.36 (KHTML, like Gecko) Chrome/90.0.4430.85 Safari/537.36 Edg/90.0.818.46"
89.42.231.200 - - [31/Jan/2026:15:31:56 -0500] "GET /SDK/webLanguage HTTP/1.1" 302 274 "-" "Mozilla/5.0 (Windows NT 10.0; Win64; x64) AppleWebKit/537.36 (KHTML, like Gecko) Chrome/90.0.4430.85 Safari/537.36 Edg/90.0.818.46"
43.130.100.35 - - [31/Jan/2026:15:33:23 -0500] "GET / HTTP/1.1" 200 17746 "-" "Mozilla/5.0 (iPhone; CPU iPhone OS 13_2_3 like Mac OS X) AppleWebKit/605.1.15 (KHTML, like Gecko) Version/13.0.3 Mobile/15E148 Safari/604.1"
37.59.21.100 - - [31/Jan/2026:15:33:58 -0500] "GET /index.php/gay-fags/gay-fags-tube.html/feed HTTP/1.1" 200 1580 "-" "Mozilla/5.0 (X11; Linux i686) AppleWebKit/537.36 (KHTML, like Gecko) Chrome/30.0.1599.66 Safari/537.36"
74.206.190.117 - - [31/Jan/2026:15:35:15 -0500] "GET / HTTP/1.1" 200 17746 "-" "curl/7.29.0"
51.68.111.199 - - [31/Jan/2026:15:38:04 -0500] "GET /robots.txt HTTP/1.1" 302 277 "-" "Mozilla/5.0 (compatible; MJ12bot/v2.0.4; http://mj12bot.com/)"
51.68.111.199 - - [31/Jan/2026:15:38:04 -0500] "GET / HTTP/1.1" 302 277 "-" "Mozilla/5.0 (compatible; MJ12bot/v2.0.4; http://mj12bot.com/)"
74.206.190.117 - - [31/Jan/2026:15:40:28 -0500] "GET / HTTP/1.1" 200 17746 "-" "curl/7.29.0"
74.206.190.117 - - [31/Jan/2026:15:45:16 -0500] "GET / HTTP/1.1" 200 17746 "-" "curl/7.29.0"
74.206.190.117 - - [31/Jan/2026:15:50:15 -0500] "GET / HTTP/1.1" 200 17746 "-" "curl/7.29.0"
182.253.38.112 - - [31/Jan/2026:15:51:42 -0500] "GET / HTTP/1.1" 200 17746 "-" "Mozilla/5.0 (Windows NT 10.0; WOW64) AppleWebKit/537.36 (KHTML, like Gecko) Chrome/51.0.2704.103 Safari/537.36"
74.206.190.117 - - [31/Jan/2026:15:55:15 -0500] "GET / HTTP/1.1" 200 17746 "-" "curl/7.29.0"
204.76.203.212 - - [31/Jan/2026:15:58:31 -0500] "GET / HTTP/1.1" 200 17746 "-" "Mozilla/5.0 (Windows NT 10.0; Win64; x64) AppleWebKit/537.36 (KHTML, like Gecko) Chrome/90.0.4430.85 Safari/537.36 Edg/90.0.818.46"
204.76.203.206 - - [31/Jan/2026:15:58:59 -0500] "GET / HTTP/1.1" 200 17746 "-" "Mozilla/5.0 (Windows NT 10.0; Win64; x64) AppleWebKit/537.36 (KHTML, like Gecko) Chrome/90.0.4430.85 Safari/537.36 Edg/90.0.818.46"
93.174.93.12 - - [31/Jan/2026:15:59:15 -0500] "GET / HTTP/1.1" 200 17746 "-" "Mozilla/5.0 (X11; Linux x86_64) AppleWebKit/537.36 (KHTML, like Gecko) Chrome/73.0.3683.103 Safari/537.36 OPR/60.0.3255.59"
193.142.147.209 - - [31/Jan/2026:15:59:57 -0500] "POST / HTTP/1.1" 200 17746 "-" "Mozilla/5.0 (Windows NT 10.0; Win64; x64) AppleWebKit/537.36"
74.206.190.117 - - [31/Jan/2026:16:00:23 -0500] "GET / HTTP/1.1" 200 17746 "-" "curl/7.29.0"
74.206.190.117 - - [31/Jan/2026:16:05:18 -0500] "GET / HTTP/1.1" 200 17746 "-" "curl/7.29.0"
74.206.190.117 - - [31/Jan/2026:16:10:16 -0500] "GET / HTTP/1.1" 200 17746 "-" "curl/7.29.0"
74.206.190.117 - - [31/Jan/2026:16:15:15 -0500] "GET / HTTP/1.1" 200 17746 "-" "curl/7.29.0"
74.206.190.117 - - [31/Jan/2026:16:20:18 -0500] "GET / HTTP/1.1" 200 17746 "-" "curl/7.29.0"
204.76.203.212 - - [31/Jan/2026:16:22:14 -0500] "GET / HTTP/1.1" 200 17746 "-" "Mozilla/5.0 (Windows NT 10.0; Win64; x64) AppleWebKit/537.36 (KHTML, like Gecko) Chrome/90.0.4430.85 Safari/537.36 Edg/90.0.818.46"
5.245.86.82 - - [31/Jan/2026:16:22:26 -0500] "GET / HTTP/1.1" 301 - "-" "python-requests/2.32.5"
167.94.146.55 - - [31/Jan/2026:16:23:17 -0500] "GET / HTTP/1.1" 200 17746 "-" "Mozilla/5.0 (compatible; CensysInspect/1.1; +https://about.censys.io/)"
167.94.146.55 - - [31/Jan/2026:16:23:22 -0500] "GET /robots.txt HTTP/1.1" 200 29 "-" "Mozilla/5.0 (compatible; CensysInspect/1.1; +https://about.censys.io/)"
167.94.146.55 - - [31/Jan/2026:16:23:22 -0500] "GET /ue15rotbv0_ HTTP/1.1" 302 274 "-" "Mozilla/5.0 (compatible; CensysInspect/1.1; +https://about.censys.io/)"
74.206.190.117 - - [31/Jan/2026:16:25:15 -0500] "GET / HTTP/1.1" 200 17746 "-" "curl/7.29.0"
204.76.203.206 - - [31/Jan/2026:16:29:50 -0500] "GET / HTTP/1.1" 200 17746 "-" "Mozilla/5.0 (Windows NT 10.0; Win64; x64) AppleWebKit/537.36 (KHTML, like Gecko) Chrome/90.0.4430.85 Safari/537.36 Edg/90.0.818.46"
74.206.190.117 - - [31/Jan/2026:16:30:17 -0500] "GET / HTTP/1.1" 200 17746 "-" "curl/7.29.0"
74.206.190.117 - - [31/Jan/2026:16:30:28 -0500] "POST /wp-cron.php?doing_wp_cron=1769895028.4771709442138671875000 HTTP/1.1" 200 - "http://www.fagottube.com/wp-cron.php?doing_wp_cron=1769895028.4771709442138671875000" "WordPress/5.1.8; http://www.fagottube.com"
51.68.39.135 - - [31/Jan/2026:16:30:28 -0500] "GET /index.php/gay-fags/fag-porntube.html HTTP/1.1" 200 19448 "http://www.fagottube.com/" "Mozilla/5.0 (Windows NT 10.0; Win64; x64) AppleWebKit/537.36 (KHTML, like Gecko) Chrome/114.0.0.0 Safari/537.36 OPR/89.0.4447.51"
216.26.227.35 - - [31/Jan/2026:16:30:30 -0500] "GET /wp-login.php?action=register HTTP/1.1" 302 - "http://www.fagottube.com/index.php/gay-fags/fag-porntube.html" "Mozilla/5.0 (Windows NT 6.3; Win64; x64) AppleWebKit/537.36 (KHTML, like Gecko) Chrome/103.0.0.0 Safari/537.36"
216.26.227.35 - - [31/Jan/2026:16:30:31 -0500] "GET /wp-login.php?registration=disabled HTTP/1.1" 200 3064 "http://www.fagottube.com/wp-login.php?action=register" "Mozilla/5.0 (Windows NT 6.3; Win64; x64) AppleWebKit/537.36 (KHTML, like Gecko) Chrome/103.0.0.0 Safari/537.36"
74.206.190.117 - - [31/Jan/2026:16:35:16 -0500] "GET / HTTP/1.1" 200 17746 "-" "curl/7.29.0"
74.206.190.117 - - [31/Jan/2026:16:40:22 -0500] "GET / HTTP/1.1" 200 17746 "-" "curl/7.29.0"
27.46.125.44 - - [31/Jan/2026:16:41:36 -0500] "GET /robots.txt HTTP/1.1" 200 29 "-" "Mozilla/5.0 (Windows NT 10.0; WOW64) AppleWebKit/537.36 (KHTML, like Gecko) Chrome/79.0.3876.86 Safari/537.36 SE 2.X MetaSr 1.0"
74.206.190.117 - - [31/Jan/2026:16:45:17 -0500] "GET / HTTP/1.1" 200 17746 "-" "curl/7.29.0"
204.76.203.212 - - [31/Jan/2026:16:47:24 -0500] "GET / HTTP/1.1" 200 17746 "-" "Mozilla/5.0 (Windows NT 10.0; Win64; x64) AppleWebKit/537.36 (KHTML, like Gecko) Chrome/90.0.4430.85 Safari/537.36 Edg/90.0.818.46"
159.203.37.2 - - [31/Jan/2026:16:47:48 -0500] "GET /.env HTTP/1.1" 302 274 "-" "Mozilla/5.0; Keydrop.io/1.0(onlyscans.com/about);"
159.203.37.2 - - [31/Jan/2026:16:47:48 -0500] "GET /.git/config HTTP/1.1" 302 274 "-" "Mozilla/5.0; Keydrop.io/1.0(onlyscans.com/about);"
74.206.190.117 - - [31/Jan/2026:16:50:13 -0500] "GET / HTTP/1.1" 200 17746 "-" "curl/7.29.0"
20.106.48.26 - - [31/Jan/2026:16:51:30 -0500] "GET / HTTP/1.1" 200 17746 "-" "Mozilla/5.0 zgrab/0.x"
74.206.190.117 - - [31/Jan/2026:16:55:17 -0500] "GET / HTTP/1.1" 200 17746 "-" "curl/7.29.0"
204.76.203.206 - - [31/Jan/2026:16:59:17 -0500] "GET / HTTP/1.1" 200 17746 "-" "Mozilla/5.0 (Windows NT 10.0; Win64; x64) AppleWebKit/537.36 (KHTML, like Gecko) Chrome/90.0.4430.85 Safari/537.36 Edg/90.0.818.46"
74.206.190.117 - - [31/Jan/2026:17:00:20 -0500] "GET / HTTP/1.1" 200 17746 "-" "curl/7.29.0"
74.206.190.117 - - [31/Jan/2026:17:05:18 -0500] "GET / HTTP/1.1" 200 17746 "-" "curl/7.29.0"
74.206.190.117 - - [31/Jan/2026:17:10:19 -0500] "GET / HTTP/1.1" 200 17746 "-" "curl/7.29.0"
37.59.21.100 - - [31/Jan/2026:17:10:44 -0500] "GET /index.php/category/gay-fags/feed HTTP/1.1" 200 8686 "-" "Mozilla/5.0 (X11; Linux i686) AppleWebKit/537.36 (KHTML, like Gecko) Chrome/30.0.1599.66 Safari/537.36"
204.76.203.212 - - [31/Jan/2026:17:13:09 -0500] "GET / HTTP/1.1" 200 17746 "-" "Mozilla/5.0 (Windows NT 10.0; Win64; x64) AppleWebKit/537.36 (KHTML, like Gecko) Chrome/90.0.4430.85 Safari/537.36 Edg/90.0.818.46"
74.206.190.117 - - [31/Jan/2026:17:15:15 -0500] "GET / HTTP/1.1" 200 17746 "-" "curl/7.29.0"
95.85.238.3 - - [31/Jan/2026:17:15:25 -0500] "GET /wp-login.php HTTP/1.1" 200 2922 "-" "Mozilla/5.0 (Windows NT 5.1) AppleWebKit/537.36 (KHTML, like Gecko) Chrome/36.0.1985.125 Safari/537.36"
95.85.238.3 - - [31/Jan/2026:17:15:26 -0500] "POST /wp-login.php HTTP/1.1" 200 3914 "-" "Mozilla/5.0 (Windows NT 5.1) AppleWebKit/537.36 (KHTML, like Gecko) Chrome/36.0.1985.125 Safari/537.36"
74.206.190.117 - - [31/Jan/2026:17:20:17 -0500] "GET / HTTP/1.1" 200 17746 "-" "curl/7.29.0"
74.206.190.117 - - [31/Jan/2026:17:25:17 -0500] "GET / HTTP/1.1" 200 17746 "-" "curl/7.29.0"
209.141.32.196 - - [31/Jan/2026:17:28:29 -0500] "GET /wp-login.php HTTP/1.1" 200 2922 "-" "Mozilla/5.0 (Windows NT 6.3; WOW64) AppleWebKit/537.36 (KHTML, like Gecko) Chrome/36.0.1985.125 Safari/537.36"
209.141.32.196 - - [31/Jan/2026:17:28:29 -0500] "POST /wp-login.php HTTP/1.1" 200 3932 "-" "Mozilla/5.0 (Windows NT 6.3; WOW64) AppleWebKit/537.36 (KHTML, like Gecko) Chrome/36.0.1985.125 Safari/537.36"
74.206.190.117 - - [31/Jan/2026:17:30:16 -0500] "GET / HTTP/1.1" 200 17746 "-" "curl/7.29.0"
74.206.190.117 - - [31/Jan/2026:17:30:57 -0500] "POST /wp-cron.php?doing_wp_cron=1769898657.5447590351104736328125 HTTP/1.1" 200 - "http://www.fagottube.com/wp-cron.php?doing_wp_cron=1769898657.5447590351104736328125" "WordPress/5.1.8; http://www.fagottube.com"
204.76.203.206 - - [31/Jan/2026:17:30:57 -0500] "GET / HTTP/1.1" 200 17746 "-" "Mozilla/5.0 (Windows NT 10.0; Win64; x64) AppleWebKit/537.36 (KHTML, like Gecko) Chrome/90.0.4430.85 Safari/537.36 Edg/90.0.818.46"
74.206.190.117 - - [31/Jan/2026:17:35:12 -0500] "GET / HTTP/1.1" 200 17746 "-" "curl/7.29.0"
204.76.203.212 - - [31/Jan/2026:17:37:14 -0500] "GET / HTTP/1.1" 200 17746 "-" "Mozilla/5.0 (Windows NT 10.0; Win64; x64) AppleWebKit/537.36 (KHTML, like Gecko) Chrome/90.0.4430.85 Safari/537.36 Edg/90.0.818.46"
45.61.186.61 - - [31/Jan/2026:17:38:42 -0500] "GET /wp-login.php HTTP/1.1" 200 2922 "-" "Mozilla/5.0 (X11; Ubuntu; Linux x86_64; rv:30.0) Gecko/20100101 Firefox/30.0"
45.61.186.61 - - [31/Jan/2026:17:38:44 -0500] "POST /wp-login.php HTTP/1.1" 200 3910 "-" "Mozilla/5.0 (X11; Ubuntu; Linux x86_64; rv:30.0) Gecko/20100101 Firefox/30.0"
51.68.236.93 - - [31/Jan/2026:17:38:51 -0500] "GET /robots.txt HTTP/1.1" 302 277 "-" "Mozilla/5.0 (compatible; MJ12bot/v2.0.4; http://mj12bot.com/)"
51.68.236.93 - - [31/Jan/2026:17:38:51 -0500] "GET / HTTP/1.1" 302 277 "-" "Mozilla/5.0 (compatible; MJ12bot/v2.0.4; http://mj12bot.com/)"
74.206.190.117 - - [31/Jan/2026:17:40:25 -0500] "GET / HTTP/1.1" 200 17746 "-" "curl/7.29.0"
74.206.190.117 - - [31/Jan/2026:17:45:30 -0500] "GET / HTTP/1.1" 200 17746 "-" "curl/7.29.0"
151.82.158.12 - - [31/Jan/2026:17:45:48 -0500] "GET / HTTP/1.1" 200 17746 "https://www.google.com/" "Mozilla/5.0 (Macintosh; Intel Mac OS X 10_15_7) AppleWebKit/537.36 (KHTML, like Gecko) Chrome/135.0.4530.64 Safari/537.36"
186.33.47.145 - - [31/Jan/2026:17:45:57 -0500] "GET / HTTP/1.1" 200 17746 "https://www.google.com/" "Mozilla/5.0 (Macintosh; Intel Mac OS X 10_15_7) AppleWebKit/537.36 (KHTML, like Gecko) Chrome/135.0.4530.64 Safari/537.36"
176.65.139.8 - - [31/Jan/2026:17:46:26 -0500] "POST /goform/formJsonAjaxReq HTTP/1.1" 302 274 "http://74.206.190.117:80/home.asp" "Go-http-client/1.1"
81.168.83.103 - - [31/Jan/2026:17:47:14 -0500] "GET /.cursor/rules HTTP/1.1" 302 274 "-" "Mozilla/5.0 (Windows NT 10.0; Win64; x64) AppleWebKit/537.36 (KHTML, like Gecko) Chrome/124.0.0.0 Safari/537.36"
74.206.190.117 - - [31/Jan/2026:17:50:13 -0500] "GET / HTTP/1.1" 200 17746 "-" "curl/7.29.0"
45.78.235.69 - - [31/Jan/2026:17:50:28 -0500] "POST /hello.world?%ADd+allow_url_include%3d1+%ADd+auto_prepend_file%3dphp://input HTTP/1.1" 302 274 "-" "libredtail-http"
74.206.190.117 - - [31/Jan/2026:17:55:23 -0500] "GET / HTTP/1.1" 200 17746 "-" "curl/7.29.0"
204.76.203.206 - - [31/Jan/2026:18:00:24 -0500] "GET / HTTP/1.1" 200 17746 "-" "Mozilla/5.0 (Windows NT 10.0; Win64; x64) AppleWebKit/537.36 (KHTML, like Gecko) Chrome/90.0.4430.85 Safari/537.36 Edg/90.0.818.46"
74.206.190.117 - - [31/Jan/2026:18:00:25 -0500] "GET / HTTP/1.1" 200 17746 "-" "curl/7.29.0"
204.76.203.212 - - [31/Jan/2026:18:04:16 -0500] "GET / HTTP/1.1" 200 17746 "-" "Mozilla/5.0 (Windows NT 10.0; Win64; x64) AppleWebKit/537.36 (KHTML, like Gecko) Chrome/90.0.4430.85 Safari/537.36 Edg/90.0.818.46"
74.206.190.117 - - [31/Jan/2026:18:05:14 -0500] "GET / HTTP/1.1" 200 17746 "-" "curl/7.29.0"
74.206.190.117 - - [31/Jan/2026:18:10:12 -0500] "GET / HTTP/1.1" 200 17746 "-" "curl/7.29.0"
37.59.21.100 - - [31/Jan/2026:18:11:59 -0500] "GET /index.php/gay-fags/gay-fags-tube.html/feed HTTP/1.1" 200 1580 "-" "Mozilla/5.0 (X11; Linux i686) AppleWebKit/537.36 (KHTML, like Gecko) Chrome/30.0.1599.66 Safari/537.36"
40.77.167.101 - - [31/Jan/2026:18:13:22 -0500] "GET /robots.txt HTTP/1.1" 200 29 "-" "Mozilla/5.0 AppleWebKit/537.36 (KHTML, like Gecko; compatible; bingbot/2.0; +http://www.bing.com/bingbot.htm) Chrome/116.0.1938.76 Safari/537.36"
40.77.167.116 - - [31/Jan/2026:18:13:24 -0500] "GET /?Submit=Search&s=2026 HTTP/1.1" 200 9647 "-" "Mozilla/5.0 AppleWebKit/537.36 (KHTML, like Gecko; compatible; bingbot/2.0; +http://www.bing.com/bingbot.htm) Chrome/116.0.1938.76 Safari/537.36"
74.206.190.117 - - [31/Jan/2026:18:15:17 -0500] "GET / HTTP/1.1" 200 17746 "-" "curl/7.29.0"
37.59.21.100 - - [31/Jan/2026:18:19:13 -0500] "GET /index.php/tag/raw-papi/feed HTTP/1.1" 200 6446 "-" "Mozilla/5.0 (X11; Linux i686) AppleWebKit/537.36 (KHTML, like Gecko) Chrome/30.0.1599.66 Safari/537.36"
74.206.190.117 - - [31/Jan/2026:18:20:20 -0500] "GET / HTTP/1.1" 200 17746 "-" "curl/7.29.0"
74.206.190.117 - - [31/Jan/2026:18:25:11 -0500] "GET / HTTP/1.1" 200 17746 "-" "curl/7.29.0"
74.206.190.117 - - [31/Jan/2026:18:30:18 -0500] "GET / HTTP/1.1" 200 17746 "-" "curl/7.29.0"
74.206.190.117 - - [31/Jan/2026:18:31:35 -0500] "POST /wp-cron.php?doing_wp_cron=1769902295.3406200408935546875000 HTTP/1.1" 200 - "http://www.fagottube.com/wp-cron.php?doing_wp_cron=1769902295.3406200408935546875000" "WordPress/5.1.8; http://www.fagottube.com"
204.76.203.212 - - [31/Jan/2026:18:31:35 -0500] "GET / HTTP/1.1" 200 17746 "-" "Mozilla/5.0 (Windows NT 10.0; Win64; x64) AppleWebKit/537.36 (KHTML, like Gecko) Chrome/90.0.4430.85 Safari/537.36 Edg/90.0.818.46"
204.76.203.206 - - [31/Jan/2026:18:32:04 -0500] "GET / HTTP/1.1" 200 17746 "-" "Mozilla/5.0 (Windows NT 10.0; Win64; x64) AppleWebKit/537.36 (KHTML, like Gecko) Chrome/90.0.4430.85 Safari/537.36 Edg/90.0.818.46"
74.206.190.117 - - [31/Jan/2026:18:35:13 -0500] "GET / HTTP/1.1" 200 17746 "-" "curl/7.29.0"
74.206.190.117 - - [31/Jan/2026:18:40:23 -0500] "GET / HTTP/1.1" 200 17746 "-" "curl/7.29.0"
74.206.190.117 - - [31/Jan/2026:18:45:14 -0500] "GET / HTTP/1.1" 200 17746 "-" "curl/7.29.0"
74.206.190.117 - - [31/Jan/2026:18:50:18 -0500] "GET / HTTP/1.1" 200 17746 "-" "curl/7.29.0"
107.172.180.205 - - [31/Jan/2026:18:53:58 -0500] "GET / HTTP/1.1" 301 - "-" "Mozilla/5.0 (Macintosh; Intel Mac OS X 15_7_3) AppleWebKit/605.1.15 (KHTML, like Gecko) Version/26.0 Safari/605.1.15"
107.172.180.205 - - [31/Jan/2026:18:53:59 -0500] "GET / HTTP/1.1" 200 17746 "http://fagottube.com/" "Mozilla/5.0 (Macintosh; Intel Mac OS X 15_7_3) AppleWebKit/605.1.15 (KHTML, like Gecko) Version/26.0 Safari/605.1.15"
74.206.190.117 - - [31/Jan/2026:18:55:21 -0500] "GET / HTTP/1.1" 200 17746 "-" "curl/7.29.0"
204.76.203.212 - - [31/Jan/2026:18:56:58 -0500] "GET / HTTP/1.1" 200 17746 "-" "Mozilla/5.0 (Windows NT 10.0; Win64; x64) AppleWebKit/537.36 (KHTML, like Gecko) Chrome/90.0.4430.85 Safari/537.36 Edg/90.0.818.46"
162.216.149.56 - - [31/Jan/2026:18:59:43 -0500] "GET / HTTP/1.1" 200 17746 "-" "Hello from Palo Alto Networks, find out more about our scans in https://docs-cortex.paloaltonetworks.com/r/1/Cortex-Xpanse/Scanning-activity"
74.206.190.117 - - [31/Jan/2026:19:00:26 -0500] "GET / HTTP/1.1" 200 17746 "-" "curl/7.29.0"
204.76.203.206 - - [31/Jan/2026:19:03:04 -0500] "GET / HTTP/1.1" 200 17746 "-" "Mozilla/5.0 (Windows NT 10.0; Win64; x64) AppleWebKit/537.36 (KHTML, like Gecko) Chrome/90.0.4430.85 Safari/537.36 Edg/90.0.818.46"
74.206.190.117 - - [31/Jan/2026:19:05:15 -0500] "GET / HTTP/1.1" 200 17746 "-" "curl/7.29.0"
193.142.147.209 - - [31/Jan/2026:19:06:15 -0500] "POST / HTTP/1.1" 200 17746 "-" "Mozilla/5.0 (Windows NT 10.0; Win64; x64) AppleWebKit/537.36"
74.206.190.117 - - [31/Jan/2026:19:10:16 -0500] "GET / HTTP/1.1" 200 17746 "-" "curl/7.29.0"
104.223.85.126 - - [31/Jan/2026:19:14:53 -0500] "GET / HTTP/1.1" 301 - "-" "-"
104.223.85.126 - - [31/Jan/2026:19:14:54 -0500] "GET / HTTP/1.1" 200 17746 "-" "-"
104.223.85.126 - - [31/Jan/2026:19:14:54 -0500] "GET /wordpress HTTP/1.1" 302 273 "-" "-"
104.223.85.126 - - [31/Jan/2026:19:14:54 -0500] "GET /wp HTTP/1.1" 302 273 "-" "-"
104.223.85.126 - - [31/Jan/2026:19:14:54 -0500] "GET /blog HTTP/1.1" 302 273 "-" "-"
104.223.85.126 - - [31/Jan/2026:19:14:55 -0500] "GET /new HTTP/1.1" 302 273 "-" "-"
104.223.85.126 - - [31/Jan/2026:19:14:55 -0500] "GET /old HTTP/1.1" 302 273 "-" "-"
104.223.85.126 - - [31/Jan/2026:19:14:56 -0500] "GET /test HTTP/1.1" 302 273 "-" "-"
104.223.85.126 - - [31/Jan/2026:19:14:56 -0500] "GET /main HTTP/1.1" 302 273 "-" "-"
104.223.85.126 - - [31/Jan/2026:19:14:57 -0500] "GET /testing HTTP/1.1" 302 273 "-" "-"
74.206.190.117 - - [31/Jan/2026:19:15:12 -0500] "GET / HTTP/1.1" 200 17746 "-" "curl/7.29.0"
209.38.94.140 - - [31/Jan/2026:19:18:28 -0500] "GET / HTTP/1.1" 200 17746 "-" "Mozilla/5.0"
209.38.94.140 - - [31/Jan/2026:19:18:29 -0500] "POST / HTTP/1.1" 200 17746 "-" "Mozilla/5.0"
74.206.190.117 - - [31/Jan/2026:19:20:22 -0500] "GET / HTTP/1.1" 200 17746 "-" "curl/7.29.0"
74.206.190.117 - - [31/Jan/2026:19:25:18 -0500] "GET / HTTP/1.1" 200 17746 "-" "curl/7.29.0"
204.76.203.212 - - [31/Jan/2026:19:25:27 -0500] "GET / HTTP/1.1" 200 17746 "-" "Mozilla/5.0 (Windows NT 10.0; Win64; x64) AppleWebKit/537.36 (KHTML, like Gecko) Chrome/90.0.4430.85 Safari/537.36 Edg/90.0.818.46"
54.233.41.185 - - [31/Jan/2026:19:28:38 -0500] "GET /cluster/cluster/ HTTP/1.1" 302 274 "-" "Mozilla/5.0 (X11; Linux x86_64; rv:137.0) Gecko/20100101 Firefox/137.0"
74.206.190.117 - - [31/Jan/2026:19:30:13 -0500] "GET / HTTP/1.1" 200 17746 "-" "curl/7.29.0"
74.206.190.117 - - [31/Jan/2026:19:32:29 -0500] "POST /wp-cron.php?doing_wp_cron=1769905949.3219730854034423828125 HTTP/1.1" 200 - "http://www.fagottube.com/wp-cron.php?doing_wp_cron=1769905949.3219730854034423828125" "WordPress/5.1.8; http://www.fagottube.com"
204.76.203.206 - - [31/Jan/2026:19:32:29 -0500] "GET / HTTP/1.1" 200 17746 "-" "Mozilla/5.0 (Windows NT 10.0; Win64; x64) AppleWebKit/537.36 (KHTML, like Gecko) Chrome/90.0.4430.85 Safari/537.36 Edg/90.0.818.46"
74.206.190.117 - - [31/Jan/2026:19:35:19 -0500] "GET / HTTP/1.1" 200 17746 "-" "curl/7.29.0"
56.124.15.89 - - [31/Jan/2026:19:36:34 -0500] "GET /script HTTP/1.1" 302 274 "-" "Mozilla/5.0 (Macintosh; Intel Mac OS X 10_15_6) AppleWebKit/605.1.15 (KHTML, like Gecko) Version/15.2 Safari/605.1.15"
74.206.190.117 - - [31/Jan/2026:19:40:21 -0500] "GET / HTTP/1.1" 200 17746 "-" "curl/7.29.0"
128.203.202.233 - - [31/Jan/2026:19:41:22 -0500] "GET /developmentserver/metadatauploader HTTP/1.1" 302 274 "-" "Mozilla/5.0 zgrab/0.x"
103.203.57.3 - - [31/Jan/2026:19:42:41 -0500] "GET / HTTP/1.1" 200 17746 "-" "Mozilla/5.0 zgrab/0.x"
43.157.180.116 - - [31/Jan/2026:19:42:50 -0500] "GET / HTTP/1.1" 301 - "-" "Mozilla/5.0 (iPhone; CPU iPhone OS 13_2_3 like Mac OS X) AppleWebKit/605.1.15 (KHTML, like Gecko) Version/13.0.3 Mobile/15E148 Safari/604.1"
43.157.180.116 - - [31/Jan/2026:19:42:51 -0500] "GET / HTTP/1.1" 200 17746 "http://fagottube.com" "Mozilla/5.0 (iPhone; CPU iPhone OS 13_2_3 like Mac OS X) AppleWebKit/605.1.15 (KHTML, like Gecko) Version/13.0.3 Mobile/15E148 Safari/604.1"
74.206.190.117 - - [31/Jan/2026:19:45:20 -0500] "GET / HTTP/1.1" 200 17746 "-" "curl/7.29.0"
74.206.190.117 - - [31/Jan/2026:19:50:11 -0500] "GET / HTTP/1.1" 200 17746 "-" "curl/7.29.0"
204.76.203.212 - - [31/Jan/2026:19:51:39 -0500] "GET / HTTP/1.1" 200 17746 "-" "Mozilla/5.0 (Windows NT 10.0; Win64; x64) AppleWebKit/537.36 (KHTML, like Gecko) Chrome/90.0.4430.85 Safari/537.36 Edg/90.0.818.46"
74.206.190.117 - - [31/Jan/2026:19:55:18 -0500] "GET / HTTP/1.1" 200 17746 "-" "curl/7.29.0"
37.59.21.100 - - [31/Jan/2026:19:59:45 -0500] "GET /index.php/category/gay-fags/feed HTTP/1.1" 200 8686 "-" "Mozilla/5.0 (X11; Linux i686) AppleWebKit/537.36 (KHTML, like Gecko) Chrome/30.0.1599.66 Safari/537.36"
74.206.190.117 - - [31/Jan/2026:20:00:18 -0500] "GET / HTTP/1.1" 200 17746 "-" "curl/7.29.0"
204.76.203.206 - - [31/Jan/2026:20:00:27 -0500] "GET / HTTP/1.1" 200 17746 "-" "Mozilla/5.0 (Windows NT 10.0; Win64; x64) AppleWebKit/537.36 (KHTML, like Gecko) Chrome/90.0.4430.85 Safari/537.36 Edg/90.0.818.46"
74.206.190.117 - - [31/Jan/2026:20:05:20 -0500] "GET / HTTP/1.1" 200 17746 "-" "curl/7.29.0"
203.55.131.4 - - [31/Jan/2026:20:07:09 -0500] "GET / HTTP/1.1" 200 17746 "-" "Mozilla/5.0 (Windows NT 10.0; Win64; x64) AppleWebKit/537.36 (KHTML, like Gecko) Chrome/133.0.0.0 Safari/537.36"
74.206.190.117 - - [31/Jan/2026:20:10:15 -0500] "GET / HTTP/1.1" 200 17746 "-" "curl/7.29.0"
74.206.190.117 - - [31/Jan/2026:20:15:11 -0500] "GET / HTTP/1.1" 200 17746 "-" "curl/7.29.0"
198.98.60.195 - - [31/Jan/2026:20:16:33 -0500] "GET /wp-login.php HTTP/1.1" 200 2922 "-" "Mozilla/5.0 (Macintosh; Intel Mac OS X 10_6_8) AppleWebKit/534.59.10 (KHTML, like Gecko) Version/5.1.9 Safari/534.59.10"
198.98.60.195 - - [31/Jan/2026:20:16:34 -0500] "POST /wp-login.php HTTP/1.1" 200 3914 "-" "Mozilla/5.0 (Macintosh; Intel Mac OS X 10_6_8) AppleWebKit/534.59.10 (KHTML, like Gecko) Version/5.1.9 Safari/534.59.10"
204.76.203.212 - - [31/Jan/2026:20:16:52 -0500] "GET / HTTP/1.1" 200 17746 "-" "Mozilla/5.0 (Windows NT 10.0; Win64; x64) AppleWebKit/537.36 (KHTML, like Gecko) Chrome/90.0.4430.85 Safari/537.36 Edg/90.0.818.46"
74.206.190.117 - - [31/Jan/2026:20:20:16 -0500] "GET / HTTP/1.1" 200 17746 "-" "curl/7.29.0"
74.206.190.117 - - [31/Jan/2026:20:25:13 -0500] "GET / HTTP/1.1" 200 17746 "-" "curl/7.29.0"
74.206.190.117 - - [31/Jan/2026:20:30:13 -0500] "GET / HTTP/1.1" 200 17746 "-" "curl/7.29.0"
74.206.190.117 - - [31/Jan/2026:20:30:51 -0500] "POST /wp-cron.php?doing_wp_cron=1769909451.2793200016021728515625 HTTP/1.1" 200 - "http://www.fagottube.com/wp-cron.php?doing_wp_cron=1769909451.2793200016021728515625" "WordPress/5.1.8; http://www.fagottube.com"
204.76.203.206 - - [31/Jan/2026:20:30:51 -0500] "GET / HTTP/1.1" 200 17746 "-" "Mozilla/5.0 (Windows NT 10.0; Win64; x64) AppleWebKit/537.36 (KHTML, like Gecko) Chrome/90.0.4430.85 Safari/537.36 Edg/90.0.818.46"
198.235.24.50 - - [31/Jan/2026:20:31:15 -0500] "GET /.well-known/security.txt HTTP/1.1" 302 274 "-" "Hello from Palo Alto Networks, find out more about our scans in https://docs-cortex.paloaltonetworks.com/r/1/Cortex-Xpanse/Scanning-activity"
104.244.72.245 - - [31/Jan/2026:20:31:24 -0500] "GET /wp-login.php HTTP/1.1" 200 2922 "-" "Mozilla/5.0 (X11; Linux x86_64) AppleWebKit/537.36 (KHTML, like Gecko) Ubuntu Chromium/34.0.1847.116 Chrome/34.0.1847.116 Safari/537.36"
104.244.72.245 - - [31/Jan/2026:20:31:25 -0500] "POST /wp-login.php HTTP/1.1" 200 3910 "-" "Mozilla/5.0 (X11; Linux x86_64) AppleWebKit/537.36 (KHTML, like Gecko) Ubuntu Chromium/34.0.1847.116 Chrome/34.0.1847.116 Safari/537.36"
74.206.190.117 - - [31/Jan/2026:20:35:16 -0500] "GET / HTTP/1.1" 200 17746 "-" "curl/7.29.0"
74.249.192.245 - - [31/Jan/2026:20:39:23 -0500] "GET /hudson HTTP/1.1" 302 274 "-" "Mozilla/5.0 zgrab/0.x"
74.206.190.117 - - [31/Jan/2026:20:40:20 -0500] "GET / HTTP/1.1" 200 17746 "-" "curl/7.29.0"
74.206.190.117 - - [31/Jan/2026:20:45:15 -0500] "GET / HTTP/1.1" 200 17746 "-" "curl/7.29.0"
204.76.203.212 - - [31/Jan/2026:20:45:28 -0500] "GET / HTTP/1.1" 200 17746 "-" "Mozilla/5.0 (Windows NT 10.0; Win64; x64) AppleWebKit/537.36 (KHTML, like Gecko) Chrome/90.0.4430.85 Safari/537.36 Edg/90.0.818.46"
104.244.75.194 - - [31/Jan/2026:20:49:33 -0500] "GET /wp-login.php HTTP/1.1" 200 2922 "-" "Mozilla/5.0 (iPad; CPU OS 7_1_2 like Mac OS X) AppleWebKit/537.51.2 (KHTML, like Gecko) Version/7.0 Mobile/11D257 Safari/9537.53"
104.244.75.194 - - [31/Jan/2026:20:49:33 -0500] "POST /wp-login.php HTTP/1.1" 200 3914 "-" "Mozilla/5.0 (iPad; CPU OS 7_1_2 like Mac OS X) AppleWebKit/537.51.2 (KHTML, like Gecko) Version/7.0 Mobile/11D257 Safari/9537.53"
74.206.190.117 - - [31/Jan/2026:20:50:12 -0500] "GET / HTTP/1.1" 200 17746 "-" "curl/7.29.0"
37.59.21.100 - - [31/Jan/2026:20:54:39 -0500] "GET /index.php/gay-fags/gay-cum-fart.html/feed HTTP/1.1" 200 1313 "-" "Mozilla/5.0 (X11; Linux i686) AppleWebKit/537.36 (KHTML, like Gecko) Chrome/30.0.1599.66 Safari/537.36"
74.206.190.117 - - [31/Jan/2026:20:55:16 -0500] "GET / HTTP/1.1" 200 17746 "-" "curl/7.29.0"
74.206.190.117 - - [31/Jan/2026:21:00:23 -0500] "GET / HTTP/1.1" 200 17746 "-" "curl/7.29.0"
204.76.203.206 - - [31/Jan/2026:21:04:22 -0500] "GET / HTTP/1.1" 200 17746 "-" "Mozilla/5.0 (Windows NT 10.0; Win64; x64) AppleWebKit/537.36 (KHTML, like Gecko) Chrome/90.0.4430.85 Safari/537.36 Edg/90.0.818.46"
74.206.190.117 - - [31/Jan/2026:21:05:17 -0500] "GET / HTTP/1.1" 200 17746 "-" "curl/7.29.0"
45.83.31.168 - - [31/Jan/2026:21:10:03 -0500] "GET /.env HTTP/1.1" 302 274 "-" "Mozilla/5.0 (adaptive-bot)"
74.206.190.117 - - [31/Jan/2026:21:10:12 -0500] "GET / HTTP/1.1" 200 17746 "-" "curl/7.29.0"
204.76.203.212 - - [31/Jan/2026:21:11:25 -0500] "GET / HTTP/1.1" 200 17746 "-" "Mozilla/5.0 (Windows NT 10.0; Win64; x64) AppleWebKit/537.36 (KHTML, like Gecko) Chrome/90.0.4430.85 Safari/537.36 Edg/90.0.818.46"
66.249.74.1 - - [31/Jan/2026:21:12:05 -0500] "GET /robots.txt HTTP/1.1" 200 29 "-" "Mozilla/5.0 (compatible; Googlebot/2.1; +http://www.google.com/bot.html)"
43.157.52.37 - - [31/Jan/2026:21:14:52 -0500] "GET / HTTP/1.1" 200 17746 "-" "Mozilla/5.0 (iPhone; CPU iPhone OS 13_2_3 like Mac OS X) AppleWebKit/605.1.15 (KHTML, like Gecko) Version/13.0.3 Mobile/15E148 Safari/604.1"
74.206.190.117 - - [31/Jan/2026:21:15:14 -0500] "GET / HTTP/1.1" 200 17746 "-" "curl/7.29.0"
37.59.21.100 - - [31/Jan/2026:21:16:13 -0500] "GET /index.php/tag/raw-papi/feed HTTP/1.1" 200 6446 "-" "Mozilla/5.0 (X11; Linux i686) AppleWebKit/537.36 (KHTML, like Gecko) Chrome/30.0.1599.66 Safari/537.36"
74.206.190.117 - - [31/Jan/2026:21:20:22 -0500] "GET / HTTP/1.1" 200 17746 "-" "curl/7.29.0"
205.210.31.55 - - [31/Jan/2026:21:22:31 -0500] "GET / HTTP/1.1" 200 17746 "-" "Hello from Palo Alto Networks, find out more about our scans in https://docs-cortex.paloaltonetworks.com/r/1/Cortex-Xpanse/Scanning-activity"
74.206.190.117 - - [31/Jan/2026:21:25:14 -0500] "GET / HTTP/1.1" 200 17746 "-" "curl/7.29.0"
37.59.21.100 - - [31/Jan/2026:21:27:00 -0500] "GET /index.php/gay-fags/gay-fags-tube.html/feed HTTP/1.1" 200 1580 "-" "Mozilla/5.0 (X11; Linux i686) AppleWebKit/537.36 (KHTML, like Gecko) Chrome/30.0.1599.66 Safari/537.36"
74.206.190.117 - - [31/Jan/2026:21:30:16 -0500] "GET / HTTP/1.1" 200 17746 "-" "curl/7.29.0"
74.206.190.117 - - [31/Jan/2026:21:31:14 -0500] "POST /wp-cron.php?doing_wp_cron=1769913074.2608261108398437500000 HTTP/1.1" 200 - "http://www.fagottube.com/wp-cron.php?doing_wp_cron=1769913074.2608261108398437500000" "WordPress/5.1.8; http://www.fagottube.com"
56.125.174.238 - - [31/Jan/2026:21:31:14 -0500] "GET / HTTP/1.1" 200 17746 "-" "Mozilla/5.0 (Macintosh; Intel Mac OS X 10_15_7) AppleWebKit/605.1.15 Version/16.3 Safari/605.1.15"
204.76.203.206 - - [31/Jan/2026:21:31:39 -0500] "GET / HTTP/1.1" 200 17746 "-" "Mozilla/5.0 (Windows NT 10.0; Win64; x64) AppleWebKit/537.36 (KHTML, like Gecko) Chrome/90.0.4430.85 Safari/537.36 Edg/90.0.818.46"
74.206.190.117 - - [31/Jan/2026:21:35:14 -0500] "GET / HTTP/1.1" 200 17746 "-" "curl/7.29.0"
20.29.21.127 - - [31/Jan/2026:21:36:45 -0500] "GET /ReportServer HTTP/1.1" 302 274 "-" "Mozilla/5.0 zgrab/0.x"
204.76.203.212 - - [31/Jan/2026:21:36:54 -0500] "GET / HTTP/1.1" 200 17746 "-" "Mozilla/5.0 (Windows NT 10.0; Win64; x64) AppleWebKit/537.36 (KHTML, like Gecko) Chrome/90.0.4430.85 Safari/537.36 Edg/90.0.818.46"
74.206.190.117 - - [31/Jan/2026:21:40:26 -0500] "GET / HTTP/1.1" 200 17746 "-" "curl/7.29.0"
122.51.236.174 - - [31/Jan/2026:21:44:31 -0500] "GET / HTTP/1.1" 301 - "-" "Mozilla/5.0 (iPhone; CPU iPhone OS 13_2_3 like Mac OS X) AppleWebKit/605.1.15 (KHTML, like Gecko) Version/13.0.3 Mobile/15E148 Safari/604.1"
122.51.236.174 - - [31/Jan/2026:21:44:36 -0500] "GET / HTTP/1.1" 200 17746 "http://fagottube.com" "Mozilla/5.0 (iPhone; CPU iPhone OS 13_2_3 like Mac OS X) AppleWebKit/605.1.15 (KHTML, like Gecko) Version/13.0.3 Mobile/15E148 Safari/604.1"
74.206.190.117 - - [31/Jan/2026:21:45:17 -0500] "GET / HTTP/1.1" 200 17746 "-" "curl/7.29.0"
78.153.140.203 - - [31/Jan/2026:21:50:11 -0500] "GET /.env HTTP/1.1" 302 274 "-" "Mozilla/5.0 (X11; U; Linux x86_64; zh-TW; rv:1.8.1.11) Gecko/20071204 Ubuntu/7.10 (gutsy) Firefox/2.0.0.11"
78.153.140.203 - - [31/Jan/2026:21:50:12 -0500] "GET /admin/.env HTTP/1.1" 302 274 "-" "Mozilla/5.0 (Windows NT 6.1; WOW64) AppleWebKit/536.6 (KHTML, like Gecko) Chrome/20.0.1092.0 Safari/536.6"
78.153.140.203 - - [31/Jan/2026:21:50:12 -0500] "GET /api/.env HTTP/1.1" 302 274 "-" "Mozilla/4.0 (compatible; MSIE 5.01; Windows NT; Hotbar 4.1.8.0)"
78.153.140.203 - - [31/Jan/2026:21:50:12 -0500] "GET /app/.env HTTP/1.1" 302 274 "-" "Mozilla/5.0 (Linux; U; Android 4.4.2; en-us; HTC_One_M8 Build/KOT49H) AppleWebKit/534.30 (KHTML, like Gecko) Version/4.0 Mobile Safari/534.30"
78.153.140.203 - - [31/Jan/2026:21:50:13 -0500] "GET /backend/.env HTTP/1.1" 302 274 "-" "Mozilla/5.0 (X11) AppleWebKit/62.41 (KHTML, like Gecko) Edge/17.10859 Safari/452.6"
78.153.140.203 - - [31/Jan/2026:21:50:13 -0500] "GET /demo/.env HTTP/1.1" 302 274 "-" "Mozilla/5.0 (Linux; U; Android 4.3; en-us; SCH-L710 Build/JSS15J) AppleWebKit/534.30 (KHTML, like Gecko) Version/4.0 Mobile Safari/534.30"
78.153.140.203 - - [31/Jan/2026:21:50:13 -0500] "GET /dev/.env HTTP/1.1" 302 274 "-" "Opera/9.63 (X11; FreeBSD 7.1-RELEASE i386; U; en) Presto/2.1.1"
78.153.140.203 - - [31/Jan/2026:21:50:14 -0500] "GET /staging/.env HTTP/1.1" 302 274 "-" "Mozilla/5.0 (Macintosh; Intel Mac OS X 10_9_0) AppleWebKit/537.73.11 (KHTML like Gecko) Version/7.0.1 Safari/537.73.11"
78.153.140.203 - - [31/Jan/2026:21:50:14 -0500] "GET /mail/.env HTTP/1.1" 302 274 "-" "Mozilla/5.0 (Macintosh; Intel Mac OS X 10_11_1) AppleWebKit/537.36 (KHTML, like Gecko) Chrome/47.0.2526.80 Safari/537.36"
78.153.140.203 - - [31/Jan/2026:21:50:14 -0500] "GET /m/.env HTTP/1.1" 302 274 "-" "Mozilla/5.0 (Linux; U; Android 4.0.3; ko-kr; LG-L160L Build/IML74K) AppleWebkit/534.30 (KHTML, like Gecko) Version/4.0 Mobile Safari/534.30"
78.153.140.203 - - [31/Jan/2026:21:50:15 -0500] "GET /remote/.env HTTP/1.1" 302 274 "-" "Mozilla/5.0 (Windows; U; Windows NT 5.2; en-US; rv:1.9.2.20) Gecko/20110803 Firefox/3.6.20 ( .NET CLR 3.5.30729; .NET4.0E)"
78.153.140.203 - - [31/Jan/2026:21:50:15 -0500] "GET /webmail/.env HTTP/1.1" 302 274 "-" "Mozilla/5.0 (Windows NT 6.1) AppleWebKit/537.36 (KHTML, like Gecko) Chrome/57.0.2987.98 Safari/537.36 OPR/44.0.2510.857"
78.153.140.203 - - [31/Jan/2026:21:50:15 -0500] "GET /server/.env HTTP/1.1" 302 274 "-" "Mozilla/5.0 (iPhone; CPU iPhone OS 11_2_6 like Mac OS X) AppleWebKit/604.5.6 (KHTML, like Gecko) FxiOS/10.6b8836 Mobile/15D100 Safari/604.5.6"
78.153.140.203 - - [31/Jan/2026:21:50:16 -0500] "GET /vpn/.env HTTP/1.1" 302 274 "-" "Mozilla/5.0 (Macintosh; Intel Mac OS X 10_13_2) AppleWebKit/604.4.7 (KHTML, like Gecko) WebClip/13604.4.7.1.6 Safari/13604.4.7.1.6"
78.153.140.203 - - [31/Jan/2026:21:50:16 -0500] "GET /secure/.env HTTP/1.1" 302 274 "-" "Mozilla/5.0 (Linux; Android 4.4.2; en-us; SAMSUNG SM-G386T Build/KOT49H) AppleWebKit/537.36 (KHTML, like Gecko) Version/1.6 Chrome/28.0.1500.94 Mobile Safari/537.36"
78.153.140.203 - - [31/Jan/2026:21:50:16 -0500] "GET /shop/.env HTTP/1.1" 302 274 "-" "Mozilla/5.0 (Windows NT 6.2; ARM; Trident/7.0; Touch; rv:11.0; WPDesktop; Lumia 535 Dual SIM) like Gecko"
78.153.140.203 - - [31/Jan/2026:21:50:17 -0500] "GET /cloud/.env HTTP/1.1" 302 274 "-" "Mozilla/4.0 (compatible; MSIE 7.0; Windows NT 5.1; .NET CLR 1.1.4322; .NET CLR 2.0.50727; .NET CLR 3.0.4506.2152; .NET CLR 3.5.30729; InfoPath.2)"
78.153.140.203 - - [31/Jan/2026:21:50:17 -0500] "GET /portal/.env HTTP/1.1" 302 274 "-" "Mozilla/5.0 (Windows NT 6.0; WOW64) AppleWebKit/537.36 (KHTML, like Gecko) Chrome/50.0.2661.87 Safari/537.36"
78.153.140.203 - - [31/Jan/2026:21:50:17 -0500] "GET /host/.env HTTP/1.1" 302 274 "-" "Mozilla/5.0 (Windows NT 6.1) AppleWebKit/535.1 (KHTML, like Gecko) Chrome/14.0.812.0 Safari/535.1"
78.153.140.203 - - [31/Jan/2026:21:50:18 -0500] "GET /support/.env HTTP/1.1" 302 274 "-" "Mozilla/4.0 (compatible; MSIE 8.0; Windows NT 6.1; WOW64; Trident/4.0; SLCC2; .NET CLR 2.0.50727; .NET CLR 3.5.30729; .NET CLR 3.0.30729; Media Center PC 6.0; .NET4.0C; .NET4.0E; A7F)"
78.153.140.203 - - [31/Jan/2026:21:50:18 -0500] "GET /pop/.env HTTP/1.1" 302 274 "-" "Mozilla/5.0 (iPhone; CPU iPhone OS 9_3 like Mac OS X) AppleWebKit/534.46 (KHTML, like Gecko) Version/9.3 Mobile/9B176 Safari/7534.48.3"
78.153.140.203 - - [31/Jan/2026:21:50:18 -0500] "GET /store/.env HTTP/1.1" 302 274 "-" "Mozilla/5.0 (X11; U; Linux i686; en-GB; rv:1.9.0.13) Gecko/2009080316 Ubuntu/8.04 (hardy) Firefox/3.0.13"
78.153.140.203 - - [31/Jan/2026:21:50:19 -0500] "GET /cdn/.env HTTP/1.1" 302 274 "-" "Mozilla/5.0 (X11; U; Linux i686; eu; rv:1.9.0.6) Gecko/2009012700 SUSE/3.0.6-0.1.2 Firefox/3.0.6"
78.153.140.203 - - [31/Jan/2026:21:50:19 -0500] "GET /dashboard/.env HTTP/1.1" 302 274 "-" "Mozilla/5.0 (Linux; Android 6.0; vivo 1713 Build/MRA58K) AppleWebKit/537.36 (KHTML, like Gecko) Chrome/53.0.2785.124 Mobile Safari/537.36"
78.153.140.203 - - [31/Jan/2026:21:50:19 -0500] "GET /test/.env HTTP/1.1" 302 274 "-" "Mozilla/5.0 (Windows; U; Windows NT 6.0; tr-TR) AppleWebKit/533.18.1 (KHTML, like Gecko) Version/5.0.2 Safari/533.18.5"
78.153.140.203 - - [31/Jan/2026:21:50:20 -0500] "GET /smtp/.env HTTP/1.1" 302 274 "-" "Mozilla/5.0 (Windows NT 6.1) AppleWebKit/537.36 (KHTML, like Gecko) Chrome/41.0.2272.89 Safari/537.36"
78.153.140.203 - - [31/Jan/2026:21:50:20 -0500] "GET /ftp/.env HTTP/1.1" 302 274 "-" "Mozilla/5.0 (Macintosh; Intel Mac OS X 10_12_1) AppleWebKit/537.36 (KHTML, like Gecko) Chrome/54.0.2840.87 Safari/537.36 OPR/41.0.2353.56"
78.153.140.203 - - [31/Jan/2026:21:50:20 -0500] "GET /wiki/.env HTTP/1.1" 302 274 "-" "Mozilla/4.0 (compatible; MSIE 6.0; Windows NT 5.1; FREE; .NET CLR 1.1.4322)"
78.153.140.203 - - [31/Jan/2026:21:50:22 -0500] "GET /help/.env HTTP/1.1" 302 274 "-" "Mozilla/5.0 (Linux; Android 4.4.2; LG-F240L Build/KVT49L) AppleWebKit/537.36 (KHTML, like Gecko) Chrome/43.0.2357.78 Mobile Safari/537.36 OPR/30.0.1856.93524"
78.153.140.203 - - [31/Jan/2026:21:50:22 -0500] "GET /blog/.env HTTP/1.1" 302 274 "-" "Mozilla/5.0 (Linux; U; Android 4.1.2; en-us; SGH-T779 Build/JZO54K) AppleWebKit/534.30 (KHTML, like Gecko) Version/4.0 Safari/534.30"
74.206.190.117 - - [31/Jan/2026:21:50:24 -0500] "GET / HTTP/1.1" 200 17746 "-" "curl/7.29.0"
94.182.131.5 - - [31/Jan/2026:21:52:09 -0500] "POST /hello.world?%ADd+allow_url_include%3d1+%ADd+auto_prepend_file%3dphp://input HTTP/1.1" 302 274 "-" "libredtail-http"
74.206.190.117 - - [31/Jan/2026:21:55:16 -0500] "GET / HTTP/1.1" 200 17746 "-" "curl/7.29.0"
193.142.147.209 - - [31/Jan/2026:21:55:41 -0500] "POST / HTTP/1.1" 200 17746 "-" "Mozilla/5.0 (Windows NT 10.0; Win64; x64) AppleWebKit/537.36"
95.85.238.3 - - [31/Jan/2026:21:56:53 -0500] "GET /wp-login.php HTTP/1.1" 200 2922 "-" "Mozilla/5.0 (Macintosh; Intel Mac OS X 10.8; rv:31.0) Gecko/20100101 Firefox/31.0"
95.85.238.3 - - [31/Jan/2026:21:56:54 -0500] "POST /wp-login.php HTTP/1.1" 200 3914 "-" "Mozilla/5.0 (Macintosh; Intel Mac OS X 10.8; rv:31.0) Gecko/20100101 Firefox/31.0"
204.76.203.212 - - [31/Jan/2026:21:59:55 -0500] "GET / HTTP/1.1" 200 17746 "-" "Mozilla/5.0 (Windows NT 10.0; Win64; x64) AppleWebKit/537.36 (KHTML, like Gecko) Chrome/90.0.4430.85 Safari/537.36 Edg/90.0.818.46"
74.206.190.117 - - [31/Jan/2026:22:00:20 -0500] "GET / HTTP/1.1" 200 17746 "-" "curl/7.29.0"
204.76.203.206 - - [31/Jan/2026:22:03:40 -0500] "GET / HTTP/1.1" 200 17746 "-" "Mozilla/5.0 (Windows NT 10.0; Win64; x64) AppleWebKit/537.36 (KHTML, like Gecko) Chrome/90.0.4430.85 Safari/537.36 Edg/90.0.818.46"
74.206.190.117 - - [31/Jan/2026:22:05:20 -0500] "GET / HTTP/1.1" 200 17746 "-" "curl/7.29.0"
18.230.218.179 - - [31/Jan/2026:22:08:58 -0500] "GET / HTTP/1.1" 200 17746 "-" "Mozilla/5.0 (X11; Linux i686; rv:1.9.6.20) Gecko/ Firefox/3.6.9"
74.206.190.117 - - [31/Jan/2026:22:10:11 -0500] "GET / HTTP/1.1" 200 17746 "-" "curl/7.29.0"
74.206.190.117 - - [31/Jan/2026:22:15:19 -0500] "GET / HTTP/1.1" 200 17746 "-" "curl/7.29.0"
139.59.177.211 - - [31/Jan/2026:22:18:13 -0500] "GET / HTTP/1.1" 301 - "-" "Mozilla/5.0 (Windows NT 10.0; Win64; x64) AppleWebKit/537.36 (KHTML, like Gecko) Chrome/124.0.0.0 Safari/537.36"
139.59.177.211 - - [31/Jan/2026:22:18:14 -0500] "GET / HTTP/1.1" 200 17746 "-" "Mozilla/5.0 (Windows NT 10.0; Win64; x64) AppleWebKit/537.36 (KHTML, like Gecko) Chrome/124.0.0.0 Safari/537.36"
139.59.177.211 - - [31/Jan/2026:22:18:14 -0500] "GET /index.php/gay-fags/fag-gets-hot-mate.html HTTP/1.1" 200 19041 "-" "Mozilla/5.0 (Windows NT 10.0; Win64; x64) AppleWebKit/537.36 (KHTML, like Gecko) Chrome/124.0.0.0 Safari/537.36"
139.59.177.211 - - [31/Jan/2026:22:18:15 -0500] "GET /index.php/gay-fags/gay-creampie-tube.html HTTP/1.1" 200 19360 "-" "Mozilla/5.0 (Windows NT 10.0; Win64; x64) AppleWebKit/537.36 (KHTML, like Gecko) Chrome/124.0.0.0 Safari/537.36"
139.59.177.211 - - [31/Jan/2026:22:18:16 -0500] "GET /index.php/gay-fags/fag-sex-free.html HTTP/1.1" 200 19137 "-" "Mozilla/5.0 (Windows NT 10.0; Win64; x64) AppleWebKit/537.36 (KHTML, like Gecko) Chrome/124.0.0.0 Safari/537.36"
139.59.177.211 - - [31/Jan/2026:22:18:17 -0500] "GET /index.php/gay-fags/fag-tube-porn-2.html HTTP/1.1" 200 19369 "-" "Mozilla/5.0 (Windows NT 10.0; Win64; x64) AppleWebKit/537.36 (KHTML, like Gecko) Chrome/124.0.0.0 Safari/537.36"
139.59.177.211 - - [31/Jan/2026:22:18:18 -0500] "GET /index.php/gay-fags/american-fag.html HTTP/1.1" 200 19137 "-" "Mozilla/5.0 (Windows NT 10.0; Win64; x64) AppleWebKit/537.36 (KHTML, like Gecko) Chrome/124.0.0.0 Safari/537.36"
139.59.177.211 - - [31/Jan/2026:22:18:20 -0500] "GET /index.php/gay-fags/108.html HTTP/1.1" 200 19006 "-" "Mozilla/5.0 (Windows NT 10.0; Win64; x64) AppleWebKit/537.36 (KHTML, like Gecko) Chrome/124.0.0.0 Safari/537.36"
74.206.190.117 - - [31/Jan/2026:22:20:23 -0500] "GET / HTTP/1.1" 200 17746 "-" "curl/7.29.0"
104.244.74.96 - - [31/Jan/2026:22:21:40 -0500] "GET /wp-login.php HTTP/1.1" 200 2922 "-" "Mozilla/5.0 (Macintosh; Intel Mac OS X 10_9_3) AppleWebKit/537.36 (KHTML, like Gecko) Chrome/36.0.1985.125 Safari/537.36"
104.244.74.96 - - [31/Jan/2026:22:21:41 -0500] "POST /wp-login.php HTTP/1.1" 200 3928 "-" "Mozilla/5.0 (Macintosh; Intel Mac OS X 10_9_3) AppleWebKit/537.36 (KHTML, like Gecko) Chrome/36.0.1985.125 Safari/537.36"
74.206.190.117 - - [31/Jan/2026:22:25:19 -0500] "GET / HTTP/1.1" 200 17746 "-" "curl/7.29.0"
204.76.203.212 - - [31/Jan/2026:22:29:09 -0500] "GET / HTTP/1.1" 200 17746 "-" "Mozilla/5.0 (Windows NT 10.0; Win64; x64) AppleWebKit/537.36 (KHTML, like Gecko) Chrome/90.0.4430.85 Safari/537.36 Edg/90.0.818.46"
74.206.190.117 - - [31/Jan/2026:22:30:11 -0500] "GET / HTTP/1.1" 200 17746 "-" "curl/7.29.0"
74.206.190.117 - - [31/Jan/2026:22:35:11 -0500] "POST /wp-cron.php?doing_wp_cron=1769916911.7900950908660888671875 HTTP/1.1" 200 - "http://www.fagottube.com/wp-cron.php?doing_wp_cron=1769916911.7900950908660888671875" "WordPress/5.1.8; http://www.fagottube.com"
74.206.190.117 - - [31/Jan/2026:22:35:11 -0500] "GET / HTTP/1.1" 200 17746 "-" "curl/7.29.0"
204.76.203.206 - - [31/Jan/2026:22:36:11 -0500] "GET / HTTP/1.1" 200 17746 "-" "Mozilla/5.0 (Windows NT 10.0; Win64; x64) AppleWebKit/537.36 (KHTML, like Gecko) Chrome/90.0.4430.85 Safari/537.36 Edg/90.0.818.46"
37.59.21.100 - - [31/Jan/2026:22:39:46 -0500] "GET /index.php/category/gay-fags/feed HTTP/1.1" 200 8686 "-" "Mozilla/5.0 (X11; Linux i686) AppleWebKit/537.36 (KHTML, like Gecko) Chrome/30.0.1599.66 Safari/537.36"
74.206.190.117 - - [31/Jan/2026:22:40:21 -0500] "GET / HTTP/1.1" 200 17746 "-" "curl/7.29.0"
74.206.190.117 - - [31/Jan/2026:22:45:16 -0500] "GET / HTTP/1.1" 200 17746 "-" "curl/7.29.0"
74.206.190.117 - - [31/Jan/2026:22:50:15 -0500] "GET / HTTP/1.1" 200 17746 "-" "curl/7.29.0"
45.61.185.137 - - [31/Jan/2026:22:52:59 -0500] "GET /wp-login.php HTTP/1.1" 200 2922 "-" "Mozilla/5.0 (compatible; MSIE 9.0; Windows NT 6.1; WOW64; Trident/5.0)"
45.61.185.137 - - [31/Jan/2026:22:53:00 -0500] "POST /wp-login.php HTTP/1.1" 200 3914 "-" "Mozilla/5.0 (compatible; MSIE 9.0; Windows NT 6.1; WOW64; Trident/5.0)"
74.206.190.117 - - [31/Jan/2026:22:55:19 -0500] "GET / HTTP/1.1" 200 17746 "-" "curl/7.29.0"
204.76.203.212 - - [31/Jan/2026:22:57:38 -0500] "GET / HTTP/1.1" 200 17746 "-" "Mozilla/5.0 (Windows NT 10.0; Win64; x64) AppleWebKit/537.36 (KHTML, like Gecko) Chrome/90.0.4430.85 Safari/537.36 Edg/90.0.818.46"
74.206.190.117 - - [31/Jan/2026:23:00:25 -0500] "GET / HTTP/1.1" 200 17746 "-" "curl/7.29.0"
74.206.190.117 - - [31/Jan/2026:23:03:31 -0500] "POST /wp-cron.php?doing_wp_cron=1769918611.6431250572204589843750 HTTP/1.1" 200 - "http://www.fagottube.com/wp-cron.php?doing_wp_cron=1769918611.6431250572204589843750" "WordPress/5.1.8; http://www.fagottube.com"
204.76.203.69 - - [31/Jan/2026:23:03:31 -0500] "GET / HTTP/1.1" 200 17746 "-" "Mozilla/5.0 (Windows NT 10.0; Win64; x64) AppleWebKit/537.36 (KHTML, like Gecko) Chrome/90.0.4430.85 Safari/537.36 Edg/90.0.818.46"
74.206.190.117 - - [31/Jan/2026:23:05:20 -0500] "GET / HTTP/1.1" 200 17746 "-" "curl/7.29.0"
43.157.98.187 - - [31/Jan/2026:23:06:52 -0500] "GET / HTTP/1.1" 200 17746 "-" "Mozilla/5.0 (iPhone; CPU iPhone OS 13_2_3 like Mac OS X) AppleWebKit/605.1.15 (KHTML, like Gecko) Version/13.0.3 Mobile/15E148 Safari/604.1"
204.76.203.206 - - [31/Jan/2026:23:07:34 -0500] "GET / HTTP/1.1" 200 17746 "-" "Mozilla/5.0 (Windows NT 10.0; Win64; x64) AppleWebKit/537.36 (KHTML, like Gecko) Chrome/90.0.4430.85 Safari/537.36 Edg/90.0.818.46"
74.206.190.117 - - [31/Jan/2026:23:10:13 -0500] "GET / HTTP/1.1" 200 17746 "-" "curl/7.29.0"
74.206.190.117 - - [31/Jan/2026:23:15:13 -0500] "GET / HTTP/1.1" 200 17746 "-" "curl/7.29.0"
204.76.203.212 - - [31/Jan/2026:23:20:14 -0500] "GET / HTTP/1.1" 200 17746 "-" "Mozilla/5.0 (Windows NT 10.0; Win64; x64) AppleWebKit/537.36 (KHTML, like Gecko) Chrome/90.0.4430.85 Safari/537.36 Edg/90.0.818.46"
74.206.190.117 - - [31/Jan/2026:23:20:20 -0500] "GET / HTTP/1.1" 200 17746 "-" "curl/7.29.0"
204.76.203.69 - - [31/Jan/2026:23:23:22 -0500] "GET / HTTP/1.1" 200 17746 "-" "-"
74.206.190.117 - - [31/Jan/2026:23:25:15 -0500] "GET / HTTP/1.1" 200 17746 "-" "curl/7.29.0"
107.189.29.155 - - [31/Jan/2026:23:29:20 -0500] "GET /wp-login.php HTTP/1.1" 200 2922 "-" "Mozilla/5.0 (Macintosh; Intel Mac OS X 10_9_4) AppleWebKit/537.36 (KHTML, like Gecko) Chrome/35.0.1916.153 Safari/537.36"
74.206.190.117 - - [31/Jan/2026:23:29:20 -0500] "POST /wp-cron.php?doing_wp_cron=1769920160.5480449199676513671875 HTTP/1.1" 200 - "http://www.fagottube.com/wp-cron.php?doing_wp_cron=1769920160.5480449199676513671875" "WordPress/5.1.8; http://www.fagottube.com"
107.189.29.155 - - [31/Jan/2026:23:29:24 -0500] "POST /wp-login.php HTTP/1.1" 200 3914 "-" "Mozilla/5.0 (Macintosh; Intel Mac OS X 10_9_4) AppleWebKit/537.36 (KHTML, like Gecko) Chrome/35.0.1916.153 Safari/537.36"
74.206.190.117 - - [31/Jan/2026:23:30:16 -0500] "GET / HTTP/1.1" 200 17746 "-" "curl/7.29.0"
74.206.190.117 - - [31/Jan/2026:23:35:13 -0500] "POST /wp-cron.php?doing_wp_cron=1769920513.4357259273529052734375 HTTP/1.1" 200 - "http://www.fagottube.com/wp-cron.php?doing_wp_cron=1769920513.4357259273529052734375" "WordPress/5.1.8; http://www.fagottube.com"
74.206.190.117 - - [31/Jan/2026:23:35:13 -0500] "GET / HTTP/1.1" 200 17746 "-" "curl/7.29.0"
204.76.203.206 - - [31/Jan/2026:23:39:50 -0500] "GET / HTTP/1.1" 200 17746 "-" "Mozilla/5.0 (Windows NT 10.0; Win64; x64) AppleWebKit/537.36 (KHTML, like Gecko) Chrome/90.0.4430.85 Safari/537.36 Edg/90.0.818.46"
74.206.190.117 - - [31/Jan/2026:23:40:26 -0500] "GET / HTTP/1.1" 200 17746 "-" "curl/7.29.0"
74.206.190.117 - - [31/Jan/2026:23:45:19 -0500] "GET / HTTP/1.1" 200 17746 "-" "curl/7.29.0"
204.76.203.212 - - [31/Jan/2026:23:47:30 -0500] "GET / HTTP/1.1" 200 17746 "-" "Mozilla/5.0 (Windows NT 10.0; Win64; x64) AppleWebKit/537.36 (KHTML, like Gecko) Chrome/90.0.4430.85 Safari/537.36 Edg/90.0.818.46"
74.206.190.117 - - [31/Jan/2026:23:50:17 -0500] "GET / HTTP/1.1" 200 17746 "-" "curl/7.29.0"
37.59.21.100 - - [31/Jan/2026:23:53:14 -0500] "GET /index.php/tag/raw-papi/feed HTTP/1.1" 200 6446 "-" "Mozilla/5.0 (X11; Linux i686) AppleWebKit/537.36 (KHTML, like Gecko) Chrome/30.0.1599.66 Safari/537.36"
74.206.190.117 - - [31/Jan/2026:23:55:17 -0500] "GET / HTTP/1.1" 200 17746 "-" "curl/7.29.0"
74.206.190.117 - - [01/Feb/2026:00:00:22 -0500] "GET / HTTP/1.1" 200 17746 "-" "curl/7.29.0"
74.206.190.117 - - [01/Feb/2026:00:05:16 -0500] "GET / HTTP/1.1" 200 17746 "-" "curl/7.29.0"
204.76.203.206 - - [01/Feb/2026:00:08:01 -0500] "GET / HTTP/1.1" 200 17746 "-" "Mozilla/5.0 (Windows NT 10.0; Win64; x64) AppleWebKit/537.36 (KHTML, like Gecko) Chrome/90.0.4430.85 Safari/537.36 Edg/90.0.818.46"
37.59.21.100 - - [01/Feb/2026:00:08:55 -0500] "GET /index.php/latin-fag-tube/porn-tube-faggot.html/feed HTTP/1.1" 200 4411 "-" "Mozilla/5.0 (X11; Linux i686) AppleWebKit/537.36 (KHTML, like Gecko) Chrome/30.0.1599.66 Safari/537.36"
74.206.190.117 - - [01/Feb/2026:00:10:12 -0500] "GET / HTTP/1.1" 200 17746 "-" "curl/7.29.0"
204.76.203.212 - - [01/Feb/2026:00:14:07 -0500] "GET / HTTP/1.1" 200 17746 "-" "Mozilla/5.0 (Windows NT 10.0; Win64; x64) AppleWebKit/537.36 (KHTML, like Gecko) Chrome/90.0.4430.85 Safari/537.36 Edg/90.0.818.46"
74.206.190.117 - - [01/Feb/2026:00:15:13 -0500] "GET / HTTP/1.1" 200 17746 "-" "curl/7.29.0"
204.76.203.18 - - [01/Feb/2026:00:15:37 -0500] "GET / HTTP/1.1" 200 17746 "-" "-"
74.206.190.117 - - [01/Feb/2026:00:20:28 -0500] "GET / HTTP/1.1" 200 17746 "-" "curl/7.29.0"
37.59.21.100 - - [01/Feb/2026:00:24:01 -0500] "GET /index.php/gay-fags/gay-fags-tube.html/feed HTTP/1.1" 200 1580 "-" "Mozilla/5.0 (X11; Linux i686) AppleWebKit/537.36 (KHTML, like Gecko) Chrome/30.0.1599.66 Safari/537.36"
74.206.190.117 - - [01/Feb/2026:00:25:14 -0500] "GET / HTTP/1.1" 200 17746 "-" "curl/7.29.0"
5.61.209.92 - - [01/Feb/2026:00:28:18 -0500] "GET /SDK/webLanguage HTTP/1.1" 302 274 "-" "Mozilla/5.0 (Windows NT 10.0; Win64; x64) AppleWebKit/537.36 (KHTML, like Gecko) Chrome/90.0.4430.85 Safari/537.36 Edg/90.0.818.46"
193.142.147.209 - - [01/Feb/2026:00:29:15 -0500] "POST / HTTP/1.1" 200 17746 "-" "Mozilla/5.0 (Windows NT 10.0; Win64; x64) AppleWebKit/537.36"
74.206.190.117 - - [01/Feb/2026:00:30:14 -0500] "GET / HTTP/1.1" 200 17746 "-" "curl/7.29.0"
74.206.190.117 - - [01/Feb/2026:00:30:38 -0500] "POST /wp-cron.php?doing_wp_cron=1769923838.2617790699005126953125 HTTP/1.1" 200 - "http://www.fagottube.com/wp-cron.php?doing_wp_cron=1769923838.2617790699005126953125" "WordPress/5.1.8; http://www.fagottube.com"
95.85.238.3 - - [01/Feb/2026:00:30:38 -0500] "GET /wp-login.php HTTP/1.1" 200 2922 "-" "Mozilla/5.0 (Macintosh; Intel Mac OS X 10_6_8) AppleWebKit/534.59.10 (KHTML, like Gecko) Version/5.1.9 Safari/534.59.10"
95.85.238.3 - - [01/Feb/2026:00:30:39 -0500] "POST /wp-login.php HTTP/1.1" 200 3914 "-" "Mozilla/5.0 (Macintosh; Intel Mac OS X 10_6_8) AppleWebKit/534.59.10 (KHTML, like Gecko) Version/5.1.9 Safari/534.59.10"
74.206.190.117 - - [01/Feb/2026:00:35:17 -0500] "GET / HTTP/1.1" 200 17746 "-" "curl/7.29.0"
204.76.203.212 - - [01/Feb/2026:00:38:02 -0500] "GET / HTTP/1.1" 200 17746 "-" "Mozilla/5.0 (Windows NT 10.0; Win64; x64) AppleWebKit/537.36 (KHTML, like Gecko) Chrome/90.0.4430.85 Safari/537.36 Edg/90.0.818.46"
74.206.190.117 - - [01/Feb/2026:00:40:25 -0500] "GET / HTTP/1.1" 200 17746 "-" "curl/7.29.0"
74.206.190.117 - - [01/Feb/2026:00:45:22 -0500] "GET / HTTP/1.1" 200 17746 "-" "curl/7.29.0"
204.76.203.206 - - [01/Feb/2026:00:46:12 -0500] "GET / HTTP/1.1" 200 17746 "-" "Mozilla/5.0 (Windows NT 10.0; Win64; x64) AppleWebKit/537.36 (KHTML, like Gecko) Chrome/90.0.4430.85 Safari/537.36 Edg/90.0.818.46"
95.85.238.22 - - [01/Feb/2026:00:49:21 -0500] "GET /wp-login.php HTTP/1.1" 200 2922 "-" "Mozilla/5.0 (Windows NT 6.2; WOW64) AppleWebKit/537.36 (KHTML, like Gecko) Chrome/36.0.1985.125 Safari/537.36"
95.85.238.22 - - [01/Feb/2026:00:49:22 -0500] "POST /wp-login.php HTTP/1.1" 200 3910 "-" "Mozilla/5.0 (Windows NT 6.2; WOW64) AppleWebKit/537.36 (KHTML, like Gecko) Chrome/36.0.1985.125 Safari/537.36"
74.206.190.117 - - [01/Feb/2026:00:50:13 -0500] "GET / HTTP/1.1" 200 17746 "-" "curl/7.29.0"
74.206.190.117 - - [01/Feb/2026:00:55:16 -0500] "GET / HTTP/1.1" 200 17746 "-" "curl/7.29.0"
74.206.190.117 - - [01/Feb/2026:01:00:24 -0500] "GET / HTTP/1.1" 200 17746 "-" "curl/7.29.0"
204.76.203.212 - - [01/Feb/2026:01:03:51 -0500] "GET / HTTP/1.1" 200 17746 "-" "Mozilla/5.0 (Windows NT 10.0; Win64; x64) AppleWebKit/537.36 (KHTML, like Gecko) Chrome/90.0.4430.85 Safari/537.36 Edg/90.0.818.46"
74.206.190.117 - - [01/Feb/2026:01:05:17 -0500] "GET / HTTP/1.1" 200 17746 "-" "curl/7.29.0"
74.206.190.117 - - [01/Feb/2026:01:10:14 -0500] "GET / HTTP/1.1" 200 17746 "-" "curl/7.29.0"
204.76.203.206 - - [01/Feb/2026:01:14:22 -0500] "GET / HTTP/1.1" 200 17746 "-" "Mozilla/5.0 (Windows NT 10.0; Win64; x64) AppleWebKit/537.36 (KHTML, like Gecko) Chrome/90.0.4430.85 Safari/537.36 Edg/90.0.818.46"
74.206.190.117 - - [01/Feb/2026:01:15:17 -0500] "GET / HTTP/1.1" 200 17746 "-" "curl/7.29.0"
147.185.132.15 - - [01/Feb/2026:01:17:12 -0500] "GET /wp-login.php HTTP/1.1" 200 2922 "-" "Hello from Palo Alto Networks, find out more about our scans in https://docs-cortex.paloaltonetworks.com/r/1/Cortex-Xpanse/Scanning-activity"
74.206.190.117 - - [01/Feb/2026:01:21:04 -0500] "GET / HTTP/1.1" 200 17746 "-" "curl/7.29.0"
