74.206.190.117 - - [31/Jan/2026:07:30:15 -0500] "GET / HTTP/1.1" 200 17746 "-" "curl/7.29.0"
74.206.190.117 - - [31/Jan/2026:07:35:16 -0500] "POST /wp-cron.php?doing_wp_cron=1769862916.2787220478057861328125 HTTP/1.1" 200 - "http://www.fagottube.com/wp-cron.php?doing_wp_cron=1769862916.2787220478057861328125" "WordPress/5.1.8; http://www.fagottube.com"
74.206.190.117 - - [31/Jan/2026:07:35:16 -0500] "GET / HTTP/1.1" 200 17746 "-" "curl/7.29.0"
37.59.21.100 - - [31/Jan/2026:07:38:42 -0500] "GET /index.php/category/gay-fags/feed HTTP/1.1" 200 8686 "-" "Mozilla/5.0 (X11; Linux i686) AppleWebKit/537.36 (KHTML, like Gecko) Chrome/30.0.1599.66 Safari/537.36"
204.76.203.206 - - [31/Jan/2026:07:39:58 -0500] "GET / HTTP/1.1" 200 17746 "-" "Mozilla/5.0 (Windows NT 10.0; Win64; x64) AppleWebKit/537.36 (KHTML, like Gecko) Chrome/90.0.4430.85 Safari/537.36 Edg/90.0.818.46"
74.206.190.117 - - [31/Jan/2026:07:40:53 -0500] "GET / HTTP/1.1" 200 17746 "-" "curl/7.29.0"
74.206.190.117 - - [31/Jan/2026:07:45:25 -0500] "GET / HTTP/1.1" 200 17746 "-" "curl/7.29.0"
193.142.147.209 - - [31/Jan/2026:07:46:37 -0500] "POST / HTTP/1.1" 200 17746 "-" "Mozilla/5.0 (Windows NT 10.0; Win64; x64) AppleWebKit/537.36"
206.168.34.207 - - [31/Jan/2026:07:48:21 -0500] "GET /robots.txt HTTP/1.1" 200 29 "-" "Mozilla/5.0 (compatible; CensysInspect/1.1; +https://about.censys.io/)"
206.168.34.207 - - [31/Jan/2026:07:48:32 -0500] "GET /ovix0l_4wav0zw HTTP/1.1" 302 274 "-" "Mozilla/5.0 (compatible; CensysInspect/1.1; +https://about.censys.io/)"
167.94.138.189 - - [31/Jan/2026:07:49:17 -0500] "GET / HTTP/1.1" 200 17746 "-" "Mozilla/5.0 (compatible; CensysInspect/1.1; +https://about.censys.io/)"
74.206.190.117 - - [31/Jan/2026:07:50:18 -0500] "GET / HTTP/1.1" 200 17746 "-" "curl/7.29.0"
204.76.203.212 - - [31/Jan/2026:07:53:29 -0500] "GET / HTTP/1.1" 200 17746 "-" "Mozilla/5.0 (Windows NT 10.0; Win64; x64) AppleWebKit/537.36 (KHTML, like Gecko) Chrome/90.0.4430.85 Safari/537.36 Edg/90.0.818.46"
74.206.190.117 - - [31/Jan/2026:07:55:12 -0500] "GET / HTTP/1.1" 200 17746 "-" "curl/7.29.0"
74.206.190.117 - - [31/Jan/2026:08:00:17 -0500] "GET / HTTP/1.1" 200 17746 "-" "curl/7.29.0"
212.34.138.212 - - [31/Jan/2026:08:02:42 -0500] "GET /hello-world/ HTTP/1.1" 302 273 "-" "Mozilla/4.0 (compatible; MSIE 6.0; Windows NT 5.1; SV1)"
212.34.138.212 - - [31/Jan/2026:08:02:42 -0500] "GET /privet-mir/ HTTP/1.1" 302 273 "-" "Mozilla/4.0 (compatible; MSIE 6.0; Windows NT 5.1; SV1)"
74.206.190.117 - - [31/Jan/2026:08:05:15 -0500] "GET / HTTP/1.1" 200 17746 "-" "curl/7.29.0"
94.26.106.113 - - [31/Jan/2026:08:09:29 -0500] "GET / HTTP/1.1" 200 17746 "-" "Mozilla/5.0 (Windows NT 10.0; Win64; x64) AppleWebKit/537.36 (KHTML, like Gecko) Chrome/90.0.4430.85 Safari/537.36 Edg/90.0.818.46"
74.206.190.117 - - [31/Jan/2026:08:10:14 -0500] "GET / HTTP/1.1" 200 17746 "-" "curl/7.29.0"
204.76.203.206 - - [31/Jan/2026:08:13:32 -0500] "GET / HTTP/1.1" 200 17746 "-" "Mozilla/5.0 (Windows NT 10.0; Win64; x64) AppleWebKit/537.36 (KHTML, like Gecko) Chrome/90.0.4430.85 Safari/537.36 Edg/90.0.818.46"
74.206.190.117 - - [31/Jan/2026:08:15:19 -0500] "GET / HTTP/1.1" 200 17746 "-" "curl/7.29.0"
204.76.203.212 - - [31/Jan/2026:08:17:24 -0500] "GET / HTTP/1.1" 200 17746 "-" "Mozilla/5.0 (Windows NT 10.0; Win64; x64) AppleWebKit/537.36 (KHTML, like Gecko) Chrome/90.0.4430.85 Safari/537.36 Edg/90.0.818.46"
74.206.190.117 - - [31/Jan/2026:08:20:23 -0500] "GET / HTTP/1.1" 200 17746 "-" "curl/7.29.0"
74.206.190.117 - - [31/Jan/2026:08:25:11 -0500] "GET / HTTP/1.1" 200 17746 "-" "curl/7.29.0"
146.103.126.185 - - [31/Jan/2026:08:25:45 -0500] "GET /index.php/gay-fags/fag-tube-porn-2.html HTTP/1.1" 301 - "http://fagottube.com/index.php/gay-fags/fag-tube-porn-2.html" "Mozilla/5.0 (Windows NT 10.0; Win64; x64) AppleWebKit/537.36 (KHTML, like Gecko) Chrome/131.0.0.0 Safari/537.36 Avast/131.0.0.0"
146.103.126.185 - - [31/Jan/2026:08:25:46 -0500] "GET /index.php/gay-fags/fag-tube-porn-2.html HTTP/1.1" 200 19369 "http://www.fagottube.com/index.php/gay-fags/fag-tube-porn-2.html" "Mozilla/5.0 (Windows NT 10.0; Win64; x64) AppleWebKit/537.36 (KHTML, like Gecko) Chrome/131.0.0.0 Safari/537.36 Avast/131.0.0.0"
107.189.11.186 - - [31/Jan/2026:08:26:58 -0500] "GET /wp-login.php HTTP/1.1" 200 2922 "-" "Mozilla/5.0 (Windows NT 6.1; WOW64; rv:24.0) Gecko/20100101 Firefox/24.0"
107.189.11.186 - - [31/Jan/2026:08:26:59 -0500] "POST /wp-login.php HTTP/1.1" 200 3914 "-" "Mozilla/5.0 (Windows NT 6.1; WOW64; rv:24.0) Gecko/20100101 Firefox/24.0"
74.206.190.117 - - [31/Jan/2026:08:30:12 -0500] "GET / HTTP/1.1" 200 17746 "-" "curl/7.29.0"
74.206.190.117 - - [31/Jan/2026:08:32:28 -0500] "POST /wp-cron.php?doing_wp_cron=1769866348.6450469493865966796875 HTTP/1.1" 200 - "http://www.fagottube.com/wp-cron.php?doing_wp_cron=1769866348.6450469493865966796875" "WordPress/5.1.8; http://www.fagottube.com"
37.59.21.100 - - [31/Jan/2026:08:32:28 -0500] "GET /index.php/latin-fag-tube/fag-tube-porn.html/feed HTTP/1.1" 200 1332 "-" "Mozilla/5.0 (X11; Linux i686) AppleWebKit/537.36 (KHTML, like Gecko) Chrome/30.0.1599.66 Safari/537.36"
74.206.190.117 - - [31/Jan/2026:08:35:17 -0500] "GET / HTTP/1.1" 200 17746 "-" "curl/7.29.0"
91.231.89.83 - - [31/Jan/2026:08:39:40 -0500] "GET / HTTP/1.1" 200 17746 "-" "Mozilla/5.0 (X11; Ubuntu; Linux x86_64; rv:134.0) Gecko/20100101 Firefox/134.0"
74.206.190.117 - - [31/Jan/2026:08:40:19 -0500] "GET / HTTP/1.1" 200 17746 "-" "curl/7.29.0"
74.208.174.68 - - [31/Jan/2026:08:40:43 -0500] "HEAD / HTTP/1.1" 200 - "https://www.fagottube.com/" "Mozilla/5.0 (Windows NT 10.0; Win64; x64) AppleWebKit/537.36 (KHTML, like Gecko) Chrome/91.0.4472.124 Safari/537.36"
74.208.174.68 - - [31/Jan/2026:08:40:44 -0500] "POST /wp-login.php HTTP/1.1" 200 2922 "https://www.google.com/" "Mozilla/5.0 (Windows NT 10.0; Win64; x64) AppleWebKit/537.36 (KHTML, like Gecko) Chrome/91.0.4472.124 Safari/537.36"
74.208.174.68 - - [31/Jan/2026:08:40:44 -0500] "POST /wp-login.php HTTP/1.1" 302 - "http://www.fagottube.com/wp-admin/" "Mozilla/5.0 (Windows NT 10.0; Win64; x64) AppleWebKit/537.36 (KHTML, like Gecko) Chrome/90.0.4430.85 Safari/537.36"
74.208.174.68 - - [31/Jan/2026:08:40:44 -0500] "GET /wp-admin/ HTTP/1.1" 200 76390 "http://www.fagottube.com/wp-admin/" "Mozilla/5.0 (Windows NT 10.0; Win64; x64) AppleWebKit/537.36 (KHTML, like Gecko) Chrome/90.0.4430.85 Safari/537.36"
74.208.174.68 - - [31/Jan/2026:08:40:47 -0500] "GET /wp-admin/ HTTP/1.1" 200 76390 "https://www.google.com/" "Mozilla/5.0 (Windows NT 10.0; Win64; x64) AppleWebKit/537.36 (KHTML, like Gecko) Chrome/91.0.4472.124 Safari/537.36"
74.208.174.68 - - [31/Jan/2026:08:40:48 -0500] "GET /wp-admin/plugin-install.php?tab=upload HTTP/1.1" 200 36434 "https://www.google.com/" "Mozilla/5.0 (Windows NT 10.0; Win64; x64) AppleWebKit/537.36 (KHTML, like Gecko) Chrome/91.0.4472.124 Safari/537.36"
74.208.174.68 - - [31/Jan/2026:08:40:49 -0500] "POST /wp-admin/update.php?action=upload-plugin HTTP/1.1" 500 2798 "http://www.fagottube.com/wp-admin/plugin-install.php" "Mozilla/5.0 (Windows NT 10.0; Win64; x64) AppleWebKit/537.36 (KHTML, like Gecko) Chrome/132.0.0.0 Safari/537.36"
74.208.174.68 - - [31/Jan/2026:08:40:51 -0500] "GET /wp-content/plugins/yoixh/index.php HTTP/1.1" 302 277 "-" "python-requests/2.32.3"
74.208.174.68 - - [31/Jan/2026:08:40:51 -0500] "GET /wp-admin/ HTTP/1.1" 200 76390 "-" "Mozilla/5.0 (Windows NT 10.0; Win64; x64) AppleWebKit/537.36 (KHTML, like Gecko) Chrome/133.0.0.0 Safari/537.36"
74.208.174.68 - - [31/Jan/2026:08:40:52 -0500] "POST /wp-admin/admin-ajax.php HTTP/1.1" 403 2 "-" "Mozilla/5.0 (Windows NT 10.0; Win64; x64) AppleWebKit/537.36 (KHTML, like Gecko) Chrome/133.0.0.0 Safari/537.36"
74.208.174.68 - - [31/Jan/2026:08:40:52 -0500] "POST /wp-admin/admin-ajax.php HTTP/1.1" 400 1 "-" "Mozilla/5.0 (Windows NT 10.0; Win64; x64) AppleWebKit/537.36 (KHTML, like Gecko) Chrome/133.0.0.0 Safari/537.36"
74.208.174.68 - - [31/Jan/2026:08:40:52 -0500] "GET /wp-admin/plugins.php HTTP/1.1" 200 52063 "-" "Mozilla/5.0 (Windows NT 10.0; Win64; x64) AppleWebKit/537.36 (KHTML, like Gecko) Chrome/133.0.0.0 Safari/537.36"
74.208.174.68 - - [31/Jan/2026:08:40:53 -0500] "GET /wp-admin/admin.php?page=wp_file_manager HTTP/1.1" 403 2754 "https://www.google.com/" "Mozilla/5.0 (Windows NT 10.0; Win64; x64) AppleWebKit/537.36 (KHTML, like Gecko) Chrome/91.0.4472.124 Safari/537.36"
74.208.174.68 - - [31/Jan/2026:08:40:54 -0500] "GET /wp-admin/theme-install.php?tab=upload HTTP/1.1" 200 46578 "https://www.google.com/" "Mozilla/5.0 (Windows NT 10.0; Win64; x64) AppleWebKit/537.36 (KHTML, like Gecko) Chrome/91.0.4472.124 Safari/537.36"
74.208.174.68 - - [31/Jan/2026:08:40:54 -0500] "POST /wp-admin/update.php?action=upload-theme HTTP/1.1" 500 2798 "http://www.fagottube.com/wp-admin/theme-install.php" "Mozilla/5.0 (Windows NT 10.0; Win64; x64) AppleWebKit/537.36 (KHTML, like Gecko) Chrome/132.0.0.0 Safari/537.36"
74.208.174.68 - - [31/Jan/2026:08:40:55 -0500] "GET /wp-content/themes/molbf/index.php HTTP/1.1" 302 277 "https://www.google.com/" "Mozilla/5.0 (Windows NT 10.0; Win64; x64) AppleWebKit/537.36 (KHTML, like Gecko) Chrome/91.0.4472.124 Safari/537.36"
74.208.174.68 - - [31/Jan/2026:08:40:55 -0500] "GET /wp-admin/ HTTP/1.1" 200 76390 "-" "Mozilla/5.0 (Windows NT 10.0; Win64; x64) AppleWebKit/537.36 (KHTML, like Gecko) Chrome/133.0.0.0 Safari/537.36"
74.208.174.68 - - [31/Jan/2026:08:40:56 -0500] "GET /wp-admin/plugin-editor.php?plugin=wp-file-manager%2Ffile_folder_manager.php&Submit=Select HTTP/1.1" 500 2771 "-" "Mozilla/5.0 (Windows NT 10.0; Win64; x64) AppleWebKit/537.36 (KHTML, like Gecko) Chrome/133.0.0.0 Safari/537.36"
74.208.174.68 - - [31/Jan/2026:08:40:56 -0500] "POST /wp-admin/admin-ajax.php HTTP/1.1" 403 2 "-" "Mozilla/5.0 (Windows NT 10.0; Win64; x64) AppleWebKit/537.36 (KHTML, like Gecko) Chrome/133.0.0.0 Safari/537.36"
74.208.174.68 - - [31/Jan/2026:08:40:56 -0500] "POST /wp-admin/admin-ajax.php HTTP/1.1" 403 2 "-" "Mozilla/5.0 (Windows NT 10.0; Win64; x64) AppleWebKit/537.36 (KHTML, like Gecko) Chrome/133.0.0.0 Safari/537.36"
74.208.174.68 - - [31/Jan/2026:08:40:57 -0500] "POST /wp-admin/admin-ajax.php HTTP/1.1" 400 1 "-" "Mozilla/5.0 (Windows NT 10.0; Win64; x64) AppleWebKit/537.36 (KHTML, like Gecko) Chrome/133.0.0.0 Safari/537.36"
74.208.174.68 - - [31/Jan/2026:08:40:57 -0500] "GET /wp-admin/plugin-editor.php?plugin=wp-file-manager%2Ffile_folder_manager.php&Submit=Select HTTP/1.1" 500 2771 "-" "Mozilla/5.0 (Windows NT 10.0; Win64; x64) AppleWebKit/537.36 (KHTML, like Gecko) Chrome/133.0.0.0 Safari/537.36"
74.208.174.68 - - [31/Jan/2026:08:40:57 -0500] "POST /wp-admin/admin-ajax.php HTTP/1.1" 200 1 "http://www.fagottube.com/wp-admin/plugin-editor.php" "Mozilla/5.0 (Windows NT 10.0; Win64; x64) AppleWebKit/537.36 (KHTML, like Gecko) Chrome/138.0.0.0 Safari/537.36"
74.208.174.68 - - [31/Jan/2026:08:40:58 -0500] "GET /wp-admin/plugin-editor.php HTTP/1.1" 200 84311 "http://www.fagottube.com/wp-admin/plugin-editor.php" "Mozilla/5.0 (Windows NT 10.0; Win64; x64) AppleWebKit/537.36 (KHTML, like Gecko) Chrome/138.0.0.0 Safari/537.36"
74.208.174.68 - - [31/Jan/2026:08:40:58 -0500] "GET /wp-admin/plugin-editor.php?plugin=all-in-one-seo-pack%2Fall_in_one_seo_pack.php&Submit=Select HTTP/1.1" 200 84531 "http://www.fagottube.com/wp-admin/plugin-editor.php" "Mozilla/5.0 (Windows NT 10.0; Win64; x64) AppleWebKit/537.36 (KHTML, like Gecko) Chrome/138.0.0.0 Safari/537.36"
74.208.174.68 - - [31/Jan/2026:08:40:59 -0500] "POST /wp-admin/admin-ajax.php HTTP/1.1" 200 66 "http://www.fagottube.com/wp-admin/plugin-editor.php" "Mozilla/5.0 (Windows NT 10.0; Win64; x64) AppleWebKit/537.36 (KHTML, like Gecko) Chrome/138.0.0.0 Safari/537.36"
204.76.203.206 - - [31/Jan/2026:08:41:18 -0500] "GET / HTTP/1.1" 200 17746 "-" "Mozilla/5.0 (Windows NT 10.0; Win64; x64) AppleWebKit/537.36 (KHTML, like Gecko) Chrome/90.0.4430.85 Safari/537.36 Edg/90.0.818.46"
204.76.203.212 - - [31/Jan/2026:08:45:18 -0500] "GET / HTTP/1.1" 200 17746 "-" "Mozilla/5.0 (Windows NT 10.0; Win64; x64) AppleWebKit/537.36 (KHTML, like Gecko) Chrome/90.0.4430.85 Safari/537.36 Edg/90.0.818.46"
74.206.190.117 - - [31/Jan/2026:08:45:19 -0500] "GET / HTTP/1.1" 200 17746 "-" "curl/7.29.0"
74.206.190.117 - - [31/Jan/2026:08:50:14 -0500] "GET / HTTP/1.1" 200 17746 "-" "curl/7.29.0"
74.206.190.117 - - [31/Jan/2026:08:55:12 -0500] "GET / HTTP/1.1" 200 17746 "-" "curl/7.29.0"
150.241.64.232 - - [31/Jan/2026:08:57:16 -0500] "POST /hello.world?%ADd+allow_url_include%3d1+%ADd+auto_prepend_file%3dphp://input HTTP/1.1" 302 274 "-" "libredtail-http"
114.96.103.33 - - [31/Jan/2026:08:59:39 -0500] "GET / HTTP/1.1" 301 - "-" "Mozilla/5.0 (iPhone; CPU iPhone OS 13_2_3 like Mac OS X) AppleWebKit/605.1.15 (KHTML, like Gecko) Version/13.0.3 Mobile/15E148 Safari/604.1"
74.206.190.117 - - [31/Jan/2026:09:00:22 -0500] "GET / HTTP/1.1" 200 17746 "-" "curl/7.29.0"
74.206.190.117 - - [31/Jan/2026:09:05:14 -0500] "GET / HTTP/1.1" 200 17746 "-" "curl/7.29.0"
69.171.231.29 - - [31/Jan/2026:09:08:00 -0500] "GET /robots.txt HTTP/1.1" 206 29 "-" "facebookexternalhit/1.1 (+http://www.facebook.com/externalhit_uatext.php)"
204.76.203.212 - - [31/Jan/2026:09:10:13 -0500] "GET / HTTP/1.1" 200 17746 "-" "Mozilla/5.0 (Windows NT 10.0; Win64; x64) AppleWebKit/537.36 (KHTML, like Gecko) Chrome/90.0.4430.85 Safari/537.36 Edg/90.0.818.46"
74.206.190.117 - - [31/Jan/2026:09:10:16 -0500] "GET / HTTP/1.1" 200 17746 "-" "curl/7.29.0"
204.76.203.206 - - [31/Jan/2026:09:14:04 -0500] "GET / HTTP/1.1" 200 17746 "-" "Mozilla/5.0 (Windows NT 10.0; Win64; x64) AppleWebKit/537.36 (KHTML, like Gecko) Chrome/90.0.4430.85 Safari/537.36 Edg/90.0.818.46"
74.206.190.117 - - [31/Jan/2026:09:15:15 -0500] "GET / HTTP/1.1" 200 17746 "-" "curl/7.29.0"
78.153.140.224 - - [31/Jan/2026:09:15:53 -0500] "GET /.env HTTP/1.1" 302 274 "-" "Mozilla/4.0 (compatible; MSIE 7.0; Windows NT 6.1; WOW64; Trident/4.0; SLCC2; .NET CLR 2.0.50727; .NET CLR 3.5.30729; .NET CLR 3.0.30729; Media Center PC 6.0; InfoPath.2; .NET4.0C; .NET4.0E)"
78.153.140.224 - - [31/Jan/2026:09:15:53 -0500] "GET /api/.env HTTP/1.1" 302 274 "-" "Mozilla/5.0 (Macintosh; U; PPC Mac OS X; fr-fr) AppleWebKit/312.1 (KHTML, like Gecko) Safari/125"
78.153.140.224 - - [31/Jan/2026:09:15:53 -0500] "GET /backend/.env HTTP/1.1" 302 274 "-" "Mozilla/2.0 (compatible; MSIE 4.0; Windows 98)"
78.153.140.224 - - [31/Jan/2026:09:15:54 -0500] "GET /admin/.env HTTP/1.1" 302 274 "-" "Opera/9.80 (Windows NT 6.1; U; fi) Presto/2.7.62 Version/11.00"
78.153.140.224 - - [31/Jan/2026:09:15:54 -0500] "GET /.env.example HTTP/1.1" 302 274 "-" "Mozilla/5.0 (Windows NT 10.0; WOW64) AppleWebKit/537.36 (KHTML, like Gecko) Chrome/49.0.2623.110 Safari/537.36 OPR/36.0.2130.70"
78.153.140.224 - - [31/Jan/2026:09:15:54 -0500] "GET /app_dev.php/_profiler/phpinfo HTTP/1.1" 302 274 "-" "Mozilla/4.0 (compatible; MSIE 7.0; Windows NT 6.1; WOW64; Trident/7.0; SLCC2; .NET CLR 2.0.50727; .NET CLR 3.5.30729; .NET CLR 3.0.30729; .NET4.0C; .NET4.0E; Media Center PC 6.0)"
78.153.140.224 - - [31/Jan/2026:09:15:55 -0500] "GET /?phpinfo=-1 HTTP/1.1" 200 17790 "-" "Mozilla/5.0 (iPhone; CPU iPhone OS 6_1_3 like Mac OS X) AppleWebKit/536.26 (KHTML, like Gecko) Version/6.0 Mobile/10B329 Safari/8536.25"
78.153.140.224 - - [31/Jan/2026:09:15:55 -0500] "GET /config.yaml HTTP/1.1" 302 274 "-" "Mozilla/5.0 (Macintosh; Intel Mac OS X 10_12_6) AppleWebKit/603.3.8 (KHTML, like Gecko) Version/11.0 Safari/604.1.38"
78.153.140.224 - - [31/Jan/2026:09:15:56 -0500] "GET /env.example HTTP/1.1" 302 274 "-" "Mozilla/5.0 (Windows NT 6.0) AppleWebKit/537.22 (KHTML, like Gecko) Chrome/25.0.1364.172 Safari/537.22"
78.153.140.224 - - [31/Jan/2026:09:15:56 -0500] "GET /config.ini HTTP/1.1" 302 274 "-" "Mozilla/5.0 (Linux; Android 5.0.1; Nexus 4 Build/LRX22C) AppleWebKit/537.36 (KHTML, like Gecko) Chrome/35.0.1916.138 Mobile Safari/537.36 OPR/22.0.1485.78487"
78.153.140.224 - - [31/Jan/2026:09:15:56 -0500] "GET /test1.php HTTP/1.1" 302 274 "-" "Mozilla/5.0 (X11; CrOS i686 13.587.48) AppleWebKit/535.1 (KHTML, like Gecko) Chrome/13.0.782.43 Safari/535.1"
78.153.140.224 - - [31/Jan/2026:09:15:57 -0500] "GET /admin/infophp.php HTTP/1.1" 302 274 "-" "Dalvik/1.6.0 (Linux; U; Android 4.0.4; opensign_x86 Build/IMM76L)"
78.153.140.224 - - [31/Jan/2026:09:15:57 -0500] "GET /settings.inc.php HTTP/1.1" 302 274 "-" "Mozilla/5.0 (Linux; Android 6.0.1; SM-G900H Build/MMB29K) AppleWebKit/537.36 (KHTML, like Gecko) Chrome/52.0.2743.98 Mobile Safari/537.36"
78.153.140.224 - - [31/Jan/2026:09:15:57 -0500] "GET /settings.cfg HTTP/1.1" 302 274 "-" "Mozilla/5.0 (Linux; U; Android 4.2.2; en-US; Micromax A102 Build/MicromaxA102) AppleWebKit/534.30 (KHTML, like Gecko) Version/4.0 UCBrowser/11.0.8.855 U3/0.8.0 Mobile Safari/534.30"
78.153.140.224 - - [31/Jan/2026:09:15:58 -0500] "GET /staging2/.env HTTP/1.1" 302 274 "-" "Mozilla/5.0 (Linux; Android 6.0; ALE-L21 Build/HuaweiALE-L21) AppleWebKit/537.36 (KHTML, like Gecko) Chrome/56.0.2924.87 Mobile Safari/537.36"
78.153.140.224 - - [31/Jan/2026:09:15:58 -0500] "GET /robomongo.json HTTP/1.1" 302 274 "-" "Mozilla/4.0 (compatible; MSIE 8.0; Windows NT 5.2; Trident/4.0; .NET CLR 1.1.4322; .NET CLR 2.0.50727; .NET CLR 3.0.4506.2152; .NET CLR 3.5.30729)"
78.153.140.224 - - [31/Jan/2026:09:15:59 -0500] "GET /settings.py HTTP/1.1" 302 274 "-" "Mozilla/5.0 (Macintosh; Intel Mac OS X 10_8_4) AppleWebKit/536.30.1 (KHTML, like Gecko) Version/6.0.5 Safari/536.30.1"
78.153.140.224 - - [31/Jan/2026:09:16:00 -0500] "GET /Admin/test HTTP/1.1" 302 274 "-" "Mozilla/5.0 (Windows NT 5.1; U; fr) Opera 8.51"
78.153.140.224 - - [31/Jan/2026:09:16:00 -0500] "GET /v1/test HTTP/1.1" 302 274 "-" "Opera/9.64 (X11; Linux x86_64; U; pl) Presto/2.1.1"
78.153.140.224 - - [31/Jan/2026:09:16:00 -0500] "GET /en/test HTTP/1.1" 302 274 "-" "Mozilla/4.0 (compatible; MSIE 5.22)"
78.153.140.224 - - [31/Jan/2026:09:16:01 -0500] "GET /st/test HTTP/1.1" 302 274 "-" "Mozilla/5.0 (Linux; Android 7.0; LGMP260 Build/NRD90U) AppleWebKit/537.36 (KHTML, like Gecko) Chrome/66.0.3359.158 Mobile Safari/537.36"
78.153.140.224 - - [31/Jan/2026:09:16:01 -0500] "GET /Crm HTTP/1.1" 302 274 "-" "Opera/9.02 (Windows NT 5.0; U; en)"
74.206.190.117 - - [31/Jan/2026:09:20:23 -0500] "GET / HTTP/1.1" 200 17746 "-" "curl/7.29.0"
37.59.21.100 - - [31/Jan/2026:09:24:10 -0500] "GET /index.php/tag/raw-papi/feed HTTP/1.1" 200 6446 "-" "Mozilla/5.0 (X11; Linux i686) AppleWebKit/537.36 (KHTML, like Gecko) Chrome/30.0.1599.66 Safari/537.36"
205.169.39.45 - - [31/Jan/2026:09:24:16 -0500] "GET / HTTP/1.1" 200 17746 "-" "Mozilla/5.0 (Windows NT 10.0; Win64; x64) AppleWebKit/537.36 (KHTML, like Gecko) Chrome/117.0.5938.132 Safari/537.36"
74.206.190.117 - - [31/Jan/2026:09:25:17 -0500] "GET / HTTP/1.1" 200 17746 "-" "curl/7.29.0"
37.59.21.100 - - [31/Jan/2026:09:25:57 -0500] "GET /index.php/gay-fags/gay-fags-tube.html/feed HTTP/1.1" 200 1580 "-" "Mozilla/5.0 (X11; Linux i686) AppleWebKit/537.36 (KHTML, like Gecko) Chrome/30.0.1599.66 Safari/537.36"
74.206.190.117 - - [31/Jan/2026:09:30:11 -0500] "GET / HTTP/1.1" 200 17746 "-" "curl/7.29.0"
74.206.190.117 - - [31/Jan/2026:09:33:16 -0500] "POST /wp-cron.php?doing_wp_cron=1769869996.3628420829772949218750 HTTP/1.1" 200 - "http://www.fagottube.com/wp-cron.php?doing_wp_cron=1769869996.3628420829772949218750" "WordPress/5.1.8; http://www.fagottube.com"
204.76.203.212 - - [31/Jan/2026:09:33:16 -0500] "GET / HTTP/1.1" 200 17746 "-" "Mozilla/5.0 (Windows NT 10.0; Win64; x64) AppleWebKit/537.36 (KHTML, like Gecko) Chrome/90.0.4430.85 Safari/537.36 Edg/90.0.818.46"
74.206.190.117 - - [31/Jan/2026:09:35:13 -0500] "GET / HTTP/1.1" 200 17746 "-" "curl/7.29.0"
64.112.126.83 - - [31/Jan/2026:09:40:18 -0500] "GET /.env.local HTTP/1.1" 302 274 "-" "Mozilla/5.0 (Windows NT 10.0; Win64; x64) AppleWebKit/537.36 (KHTML, like Gecko) Chrome/124.0.0.0 Safari/537.36"
74.206.190.117 - - [31/Jan/2026:09:40:28 -0500] "GET / HTTP/1.1" 200 17746 "-" "curl/7.29.0"
124.29.214.61 - - [31/Jan/2026:09:42:24 -0500] "POST /GponForm/diag_Form?images/ HTTP/1.1" 302 269 "-" "Hello, World"
74.206.190.117 - - [31/Jan/2026:09:45:20 -0500] "GET / HTTP/1.1" 200 17746 "-" "curl/7.29.0"
205.185.126.5 - - [31/Jan/2026:09:49:39 -0500] "GET /wp-login.php HTTP/1.1" 200 2922 "-" "Mozilla/5.0 (Macintosh; Intel Mac OS X 10_9_2) AppleWebKit/537.36 (KHTML, like Gecko) Chrome/35.0.1916.153 Safari/537.36"
205.185.126.5 - - [31/Jan/2026:09:49:40 -0500] "POST /wp-login.php HTTP/1.1" 200 3914 "-" "Mozilla/5.0 (Macintosh; Intel Mac OS X 10_9_2) AppleWebKit/537.36 (KHTML, like Gecko) Chrome/35.0.1916.153 Safari/537.36"
74.206.190.117 - - [31/Jan/2026:09:50:16 -0500] "GET / HTTP/1.1" 200 17746 "-" "curl/7.29.0"
87.121.84.51 - - [31/Jan/2026:09:54:41 -0500] "GET / HTTP/1.1" 200 17746 "-" "Mozilla/5.0 (X11; Linux x86_64; rv:140.0) Gecko/20100101 Firefox/140.0"
176.65.139.8 - - [31/Jan/2026:09:55:17 -0500] "POST /goform/formJsonAjaxReq HTTP/1.1" 302 274 "http://74.206.190.117/home.asp" "Go-http-client/1.1"
74.206.190.117 - - [31/Jan/2026:09:55:19 -0500] "GET / HTTP/1.1" 200 17746 "-" "curl/7.29.0"
34.76.200.20 - - [31/Jan/2026:09:58:17 -0500] "GET / HTTP/1.1" 200 17746 "-" "python-requests/2.32.5"
74.206.190.117 - - [31/Jan/2026:10:00:18 -0500] "GET / HTTP/1.1" 200 17746 "-" "curl/7.29.0"
204.76.203.212 - - [31/Jan/2026:10:01:49 -0500] "GET / HTTP/1.1" 200 17746 "-" "Mozilla/5.0 (Windows NT 10.0; Win64; x64) AppleWebKit/537.36 (KHTML, like Gecko) Chrome/90.0.4430.85 Safari/537.36 Edg/90.0.818.46"
74.206.190.117 - - [31/Jan/2026:10:05:21 -0500] "GET / HTTP/1.1" 200 17746 "-" "curl/7.29.0"
74.206.190.117 - - [31/Jan/2026:10:10:14 -0500] "GET / HTTP/1.1" 200 17746 "-" "curl/7.29.0"
45.194.92.21 - - [31/Jan/2026:10:15:12 -0500] "GET /sites/all/libraries/elfinder/connectors/php/connector.php HTTP/1.1" 302 273 "-" "ALittle Client"
74.206.190.117 - - [31/Jan/2026:10:15:20 -0500] "GET / HTTP/1.1" 200 17746 "-" "curl/7.29.0"
79.124.40.174 - - [31/Jan/2026:10:15:29 -0500] "GET /?XDEBUG_SESSION_START=phpstorm HTTP/1.1" 200 17866 "-" "Mozilla/5.0 (Windows NT 10.0; Win64; x64) AppleWebKit/537.36 (KHTML, like Gecko) Chrome/78.0.3904.108 Safari/537.36"
204.76.203.206 - - [31/Jan/2026:10:17:36 -0500] "GET / HTTP/1.1" 200 17746 "-" "Mozilla/5.0 (Windows NT 10.0; Win64; x64) AppleWebKit/537.36 (KHTML, like Gecko) Chrome/90.0.4430.85 Safari/537.36 Edg/90.0.818.46"
74.206.190.117 - - [31/Jan/2026:10:20:22 -0500] "GET / HTTP/1.1" 200 17746 "-" "curl/7.29.0"
74.206.190.117 - - [31/Jan/2026:10:25:20 -0500] "GET / HTTP/1.1" 200 17746 "-" "curl/7.29.0"
204.76.203.212 - - [31/Jan/2026:10:26:44 -0500] "GET / HTTP/1.1" 200 17746 "-" "Mozilla/5.0 (Windows NT 10.0; Win64; x64) AppleWebKit/537.36 (KHTML, like Gecko) Chrome/90.0.4430.85 Safari/537.36 Edg/90.0.818.46"
34.122.105.182 - - [31/Jan/2026:10:26:58 -0500] "GET / HTTP/1.1" 200 17746 "-" "Mozilla/5.0 (compatible; TchelebiScanner/2.0; +https://scan.tchelebi.io)"
216.26.230.250 - - [31/Jan/2026:10:29:08 -0500] "POST /xmlrpc.php HTTP/1.1" 302 277 "-" "Wget/1.21.4"
216.26.230.250 - - [31/Jan/2026:10:29:09 -0500] "POST /xmlrpc.php HTTP/1.1" 302 277 "-" "curl/7.88.1"
216.26.230.250 - - [31/Jan/2026:10:29:09 -0500] "POST /xmlrpc.php HTTP/1.1" 302 277 "-" "Wget/1.21.4"
209.50.174.56 - - [31/Jan/2026:10:29:10 -0500] "GET /wp-login.php HTTP/1.1" 200 2922 "-" "curl/7.88.1"
209.50.174.56 - - [31/Jan/2026:10:29:10 -0500] "POST /wp-login.php HTTP/1.1" 302 - "http://www.fagottube.com/wp-login.php" "curl/8.6.0"
209.50.174.56 - - [31/Jan/2026:10:29:11 -0500] "GET /wp-admin/ HTTP/1.1" 200 76390 "http://www.fagottube.com/wp-login.php" "curl/8.6.0"
209.50.174.56 - - [31/Jan/2026:10:29:12 -0500] "GET /wp-admin/plugins.php HTTP/1.1" 200 52063 "-" "curl/7.88.1"
209.50.174.56 - - [31/Jan/2026:10:29:48 -0500] "HEAD /wp-admin/ HTTP/1.1" 302 - "-" "curl/7.88.1"
209.50.174.56 - - [31/Jan/2026:10:29:49 -0500] "HEAD /wp-login.php?redirect_to=http%3A%2F%2Fwww.fagottube.com%2Fwp-admin%2F&reauth=1 HTTP/1.1" 200 - "http://www.fagottube.com/wp-admin/" "curl/7.88.1"
209.50.174.56 - - [31/Jan/2026:10:29:50 -0500] "GET /wp-admin/edit.php?post_type=shop_order HTTP/1.1" 500 2725 "-" "curl/7.88.1"
209.50.174.56 - - [31/Jan/2026:10:29:50 -0500] "GET /wp-admin/admin.php?page=wc-orders HTTP/1.1" 403 2754 "-" "curl/7.88.1"
209.50.174.56 - - [31/Jan/2026:10:29:51 -0500] "GET /wp-admin/admin.php?page=wc-reports&range=year HTTP/1.1" 403 2754 "-" "curl/7.88.1"
209.50.174.56 - - [31/Jan/2026:10:29:52 -0500] "GET /wp-admin/admin.php?page=wc-reports&range=last_month HTTP/1.1" 403 2754 "-" "curl/7.88.1"
209.50.174.56 - - [31/Jan/2026:10:29:54 -0500] "GET /wp-admin/admin.php?page=wc-reports&range=month HTTP/1.1" 403 2754 "-" "curl/7.88.1"
209.50.174.56 - - [31/Jan/2026:10:29:55 -0500] "GET /wp-login.php HTTP/1.1" 200 2922 "-" "Wget/1.21.4"
209.50.174.56 - - [31/Jan/2026:10:29:56 -0500] "POST /wp-login.php HTTP/1.1" 302 - "http://www.fagottube.com/wp-login.php" "curl/7.88.1"
209.50.174.56 - - [31/Jan/2026:10:29:57 -0500] "GET /wp-admin/ HTTP/1.1" 200 76390 "http://www.fagottube.com/wp-login.php" "curl/7.88.1"
209.50.174.56 - - [31/Jan/2026:10:29:59 -0500] "GET /wp-admin/edit.php?post_type=shop_order HTTP/1.1" 500 2725 "-" "curl/7.88.1"
209.50.174.56 - - [31/Jan/2026:10:29:59 -0500] "GET /wp-admin/admin.php?page=wc-orders HTTP/1.1" 403 2754 "-" "curl/7.88.1"
209.50.174.56 - - [31/Jan/2026:10:30:00 -0500] "GET /wp-admin/admin.php?page=wc-reports&range=year HTTP/1.1" 403 2754 "-" "Wget/1.21.4"
209.50.174.56 - - [31/Jan/2026:10:30:00 -0500] "GET /wp-admin/admin.php?page=wc-reports&range=last_month HTTP/1.1" 403 2754 "-" "curl/8.6.0"
209.50.174.56 - - [31/Jan/2026:10:30:01 -0500] "GET /wp-admin/admin.php?page=wc-reports&range=month HTTP/1.1" 403 2754 "-" "Wget/1.21.4"
216.26.232.221 - - [31/Jan/2026:10:30:03 -0500] "HEAD /wp-admin/ HTTP/1.1" 302 - "-" "curl/7.88.1"
216.26.232.221 - - [31/Jan/2026:10:30:04 -0500] "HEAD /wp-login.php?redirect_to=http%3A%2F%2Fwww.fagottube.com%2Fwp-admin%2F&reauth=1 HTTP/1.1" 200 - "http://www.fagottube.com/wp-admin/" "curl/7.88.1"
216.26.232.221 - - [31/Jan/2026:10:30:05 -0500] "GET /wp-admin/admin.php?page=wc-orders HTTP/1.1" 403 2754 "-" "Wget/1.21.4"
216.26.232.221 - - [31/Jan/2026:10:30:05 -0500] "GET /wp-admin/edit.php?post_type=shop_order HTTP/1.1" 500 2725 "-" "curl/7.88.1"
216.26.232.221 - - [31/Jan/2026:10:30:06 -0500] "GET /wp-admin/admin.php?page=wc-reports&range=year HTTP/1.1" 403 2754 "-" "Wget/1.21.4"
216.26.232.221 - - [31/Jan/2026:10:30:06 -0500] "GET /wp-admin/admin.php?page=wc-reports&range=last_month HTTP/1.1" 403 2754 "-" "Wget/1.21.4"
216.26.232.221 - - [31/Jan/2026:10:30:07 -0500] "GET /wp-admin/admin.php?page=wc-reports&range=month HTTP/1.1" 403 2754 "-" "Wget/1.21.4"
216.26.232.221 - - [31/Jan/2026:10:30:08 -0500] "GET /wp-login.php HTTP/1.1" 200 2922 "-" "Wget/1.21.4"
216.26.232.221 - - [31/Jan/2026:10:30:08 -0500] "POST /wp-login.php HTTP/1.1" 302 - "http://www.fagottube.com/wp-login.php" "curl/7.88.1"
216.26.232.221 - - [31/Jan/2026:10:30:09 -0500] "GET /wp-admin/ HTTP/1.1" 200 76390 "http://www.fagottube.com/wp-login.php" "curl/7.88.1"
216.26.232.221 - - [31/Jan/2026:10:30:11 -0500] "GET /wp-admin/edit.php?post_type=shop_order HTTP/1.1" 500 2725 "-" "curl/7.88.1"
216.26.232.221 - - [31/Jan/2026:10:30:11 -0500] "GET /wp-admin/admin.php?page=wc-orders HTTP/1.1" 403 2754 "-" "curl/7.88.1"
216.26.232.221 - - [31/Jan/2026:10:30:12 -0500] "GET /wp-admin/admin.php?page=wc-reports&range=year HTTP/1.1" 403 2754 "-" "curl/8.6.0"
216.26.232.221 - - [31/Jan/2026:10:30:13 -0500] "GET /wp-admin/admin.php?page=wc-reports&range=last_month HTTP/1.1" 403 2754 "-" "Wget/1.21.4"
216.26.232.221 - - [31/Jan/2026:10:30:13 -0500] "GET /wp-admin/admin.php?page=wc-reports&range=month HTTP/1.1" 403 2754 "-" "Wget/1.21.4"
74.206.190.117 - - [31/Jan/2026:10:30:19 -0500] "GET / HTTP/1.1" 200 17746 "-" "curl/7.29.0"
74.206.190.117 - - [31/Jan/2026:10:34:11 -0500] "POST /wp-cron.php?doing_wp_cron=1769873651.4099359512329101562500 HTTP/1.1" 200 - "http://www.fagottube.com/wp-cron.php?doing_wp_cron=1769873651.4099359512329101562500" "WordPress/5.1.8; http://www.fagottube.com"
193.142.147.209 - - [31/Jan/2026:10:34:11 -0500] "POST / HTTP/1.1" 200 17746 "-" "Mozilla/5.0 (Windows NT 10.0; Win64; x64) AppleWebKit/537.36"
204.76.203.18 - - [31/Jan/2026:10:35:10 -0500] "GET /bin/ HTTP/1.1" 302 274 "-" "-"
74.206.190.117 - - [31/Jan/2026:10:35:15 -0500] "GET / HTTP/1.1" 200 17746 "-" "curl/7.29.0"
43.157.82.252 - - [31/Jan/2026:10:39:13 -0500] "GET / HTTP/1.1" 301 - "-" "Mozilla/5.0 (iPhone; CPU iPhone OS 13_2_3 like Mac OS X) AppleWebKit/605.1.15 (KHTML, like Gecko) Version/13.0.3 Mobile/15E148 Safari/604.1"
43.157.82.252 - - [31/Jan/2026:10:39:14 -0500] "GET / HTTP/1.1" 200 17746 "http://fagottube.com" "Mozilla/5.0 (iPhone; CPU iPhone OS 13_2_3 like Mac OS X) AppleWebKit/605.1.15 (KHTML, like Gecko) Version/13.0.3 Mobile/15E148 Safari/604.1"
74.206.190.117 - - [31/Jan/2026:10:40:22 -0500] "GET / HTTP/1.1" 200 17746 "-" "curl/7.29.0"
74.206.190.117 - - [31/Jan/2026:10:45:19 -0500] "GET / HTTP/1.1" 200 17746 "-" "curl/7.29.0"
157.173.199.44 - - [31/Jan/2026:10:46:52 -0500] "POST /hello.world?%ADd+allow_url_include%3d1+%ADd+auto_prepend_file%3dphp://input HTTP/1.1" 302 274 "-" "libredtail-http"
204.76.203.206 - - [31/Jan/2026:10:47:42 -0500] "GET / HTTP/1.1" 200 17746 "-" "Mozilla/5.0 (Windows NT 10.0; Win64; x64) AppleWebKit/537.36 (KHTML, like Gecko) Chrome/90.0.4430.85 Safari/537.36 Edg/90.0.818.46"
88.218.44.45 - - [31/Jan/2026:10:48:16 -0500] "GET /?rest_route=/wp/v2/users/1 HTTP/1.1" 200 597 "-" "Mozilla/5.0 (X11; Linux x86_64) AppleWebKit/537.36 (KHTML, like Gecko) Chrome/142.0.7444.162 Safari/537.36"
74.206.190.117 - - [31/Jan/2026:10:50:12 -0500] "GET / HTTP/1.1" 200 17746 "-" "curl/7.29.0"
204.76.203.212 - - [31/Jan/2026:10:54:39 -0500] "GET / HTTP/1.1" 200 17746 "-" "Mozilla/5.0 (Windows NT 10.0; Win64; x64) AppleWebKit/537.36 (KHTML, like Gecko) Chrome/90.0.4430.85 Safari/537.36 Edg/90.0.818.46"
74.206.190.117 - - [31/Jan/2026:10:55:19 -0500] "GET / HTTP/1.1" 200 17746 "-" "curl/7.29.0"
37.59.21.100 - - [31/Jan/2026:10:58:43 -0500] "GET /index.php/category/gay-fags/feed HTTP/1.1" 200 8686 "-" "Mozilla/5.0 (X11; Linux i686) AppleWebKit/537.36 (KHTML, like Gecko) Chrome/30.0.1599.66 Safari/537.36"
74.206.190.117 - - [31/Jan/2026:11:00:20 -0500] "GET / HTTP/1.1" 200 17746 "-" "curl/7.29.0"
74.206.190.117 - - [31/Jan/2026:11:05:19 -0500] "POST /wp-cron.php?doing_wp_cron=1769875519.9521551132202148437500 HTTP/1.1" 200 - "http://www.fagottube.com/wp-cron.php?doing_wp_cron=1769875519.9521551132202148437500" "WordPress/5.1.8; http://www.fagottube.com"
74.206.190.117 - - [31/Jan/2026:11:05:19 -0500] "GET / HTTP/1.1" 200 17746 "-" "curl/7.29.0"
74.206.190.117 - - [31/Jan/2026:11:10:15 -0500] "GET / HTTP/1.1" 200 17746 "-" "curl/7.29.0"
37.59.21.100 - - [31/Jan/2026:11:13:40 -0500] "GET /index.php/tag/porntube/feed HTTP/1.1" 200 1955 "-" "Mozilla/5.0 (X11; Linux i686) AppleWebKit/537.36 (KHTML, like Gecko) Chrome/30.0.1599.66 Safari/537.36"
74.206.190.117 - - [31/Jan/2026:11:15:18 -0500] "GET / HTTP/1.1" 200 17746 "-" "curl/7.29.0"
79.124.40.174 - - [31/Jan/2026:11:16:56 -0500] "GET /actuator/gateway/routes HTTP/1.1" 302 274 "-" "Mozilla/5.0 (Windows NT 10.0; Win64; x64) AppleWebKit/537.36 (KHTML, like Gecko) Chrome/78.0.3904.108 Safari/537.36"
204.76.203.212 - - [31/Jan/2026:11:18:30 -0500] "GET / HTTP/1.1" 200 17746 "-" "Mozilla/5.0 (Windows NT 10.0; Win64; x64) AppleWebKit/537.36 (KHTML, like Gecko) Chrome/90.0.4430.85 Safari/537.36 Edg/90.0.818.46"
74.206.190.117 - - [31/Jan/2026:11:20:23 -0500] "GET / HTTP/1.1" 200 17746 "-" "curl/7.29.0"
204.76.203.206 - - [31/Jan/2026:11:20:35 -0500] "GET / HTTP/1.1" 200 17746 "-" "Mozilla/5.0 (Windows NT 10.0; Win64; x64) AppleWebKit/537.36 (KHTML, like Gecko) Chrome/90.0.4430.85 Safari/537.36 Edg/90.0.818.46"
45.61.185.106 - - [31/Jan/2026:11:20:35 -0500] "GET / HTTP/1.1" 200 17746 "http://www.fagottube.com/wp-login.php" "Mozilla/5.0 (Windows NT 10.0; Win64; x64) AppleWebKit/537.36 (KHTML, like Gecko) Chrome/120.0.0.0 Safari/537.36"
45.61.185.106 - - [31/Jan/2026:11:20:47 -0500] "GET /wp-login.php HTTP/1.1" 200 2922 "http://www.fagottube.com/wp-login.php" "Mozilla/5.0 (Windows NT 10.0; Win64; x64) AppleWebKit/537.36 (KHTML, like Gecko) Chrome/120.0.0.0 Safari/537.36"
45.61.185.106 - - [31/Jan/2026:11:20:56 -0500] "POST /wp-login.php HTTP/1.1" 200 3932 "http://www.fagottube.com/wp-login.php" "Mozilla/5.0 (Windows NT 10.0; Win64; x64) AppleWebKit/537.36 (KHTML, like Gecko) Chrome/120.0.0.0 Safari/537.36"
74.206.190.117 - - [31/Jan/2026:11:25:20 -0500] "GET / HTTP/1.1" 200 17746 "-" "curl/7.29.0"
74.206.190.117 - - [31/Jan/2026:11:30:15 -0500] "GET / HTTP/1.1" 200 17746 "-" "curl/7.29.0"
74.206.190.117 - - [31/Jan/2026:11:30:15 -0500] "POST /wp-cron.php?doing_wp_cron=1769877015.3553988933563232421875 HTTP/1.1" 200 - "http://www.fagottube.com/wp-cron.php?doing_wp_cron=1769877015.3553988933563232421875" "WordPress/5.1.8; http://www.fagottube.com"
74.206.190.117 - - [31/Jan/2026:11:35:15 -0500] "POST /wp-cron.php?doing_wp_cron=1769877315.4420518875122070312500 HTTP/1.1" 200 - "http://www.fagottube.com/wp-cron.php?doing_wp_cron=1769877315.4420518875122070312500" "WordPress/5.1.8; http://www.fagottube.com"
74.206.190.117 - - [31/Jan/2026:11:35:15 -0500] "GET / HTTP/1.1" 200 17746 "-" "curl/7.29.0"
74.206.190.117 - - [31/Jan/2026:11:40:20 -0500] "GET / HTTP/1.1" 200 17746 "-" "curl/7.29.0"
43.153.36.110 - - [31/Jan/2026:11:41:16 -0500] "GET / HTTP/1.1" 200 17746 "-" "Mozilla/5.0 (iPhone; CPU iPhone OS 13_2_3 like Mac OS X) AppleWebKit/605.1.15 (KHTML, like Gecko) Version/13.0.3 Mobile/15E148 Safari/604.1"
204.76.203.18 - - [31/Jan/2026:11:42:46 -0500] "GET /backup/ HTTP/1.1" 302 274 "-" "-"
74.206.190.117 - - [31/Jan/2026:11:45:17 -0500] "GET / HTTP/1.1" 200 17746 "-" "curl/7.29.0"
204.76.203.212 - - [31/Jan/2026:11:45:21 -0500] "GET / HTTP/1.1" 200 17746 "-" "Mozilla/5.0 (Windows NT 10.0; Win64; x64) AppleWebKit/537.36 (KHTML, like Gecko) Chrome/90.0.4430.85 Safari/537.36 Edg/90.0.818.46"
74.206.190.117 - - [31/Jan/2026:11:50:14 -0500] "GET / HTTP/1.1" 200 17746 "-" "curl/7.29.0"
81.168.83.103 - - [31/Jan/2026:11:50:52 -0500] "GET /.env.dev HTTP/1.1" 302 274 "-" "Mozilla/5.0 (Windows NT 10.0; Win64; x64) AppleWebKit/537.36 (KHTML, like Gecko) Chrome/124.0.0.0 Safari/537.36"
204.76.203.206 - - [31/Jan/2026:11:52:07 -0500] "GET / HTTP/1.1" 200 17746 "-" "Mozilla/5.0 (Windows NT 10.0; Win64; x64) AppleWebKit/537.36 (KHTML, like Gecko) Chrome/90.0.4430.85 Safari/537.36 Edg/90.0.818.46"
74.206.190.117 - - [31/Jan/2026:11:55:19 -0500] "GET / HTTP/1.1" 200 17746 "-" "curl/7.29.0"
20.51.235.107 - - [31/Jan/2026:11:57:25 -0500] "GET /portal/redlion HTTP/1.1" 302 274 "-" "Mozilla/5.0 zgrab/0.x"
145.239.10.137 - - [31/Jan/2026:12:00:25 -0500] "GET /psn.php HTTP/1.1" 302 273 "http://fagottube.com/psn.php" "Mozilla/5.0 (iPhone; CPU iPhone OS 17_5_1 like Mac OS X) AppleWebKit/605.1.15 (KHTML, like Gecko) Version/17.5 Mobile/15E148 Safari/604.1"
74.206.190.117 - - [31/Jan/2026:12:00:25 -0500] "GET / HTTP/1.1" 200 17746 "-" "curl/7.29.0"
74.206.190.117 - - [31/Jan/2026:12:05:20 -0500] "GET / HTTP/1.1" 200 17746 "-" "curl/7.29.0"
204.76.203.212 - - [31/Jan/2026:12:08:32 -0500] "GET / HTTP/1.1" 200 17746 "-" "Mozilla/5.0 (Windows NT 10.0; Win64; x64) AppleWebKit/537.36 (KHTML, like Gecko) Chrome/90.0.4430.85 Safari/537.36 Edg/90.0.818.46"
74.206.190.117 - - [31/Jan/2026:12:10:15 -0500] "GET / HTTP/1.1" 200 17746 "-" "curl/7.29.0"
74.206.190.117 - - [31/Jan/2026:12:15:14 -0500] "GET / HTTP/1.1" 200 17746 "-" "curl/7.29.0"
87.121.84.51 - - [31/Jan/2026:12:19:55 -0500] "GET / HTTP/1.1" 200 17746 "-" "Mozilla/5.0 (X11; Linux x86_64; rv:140.0) Gecko/20100101 Firefox/140.0"
74.206.190.117 - - [31/Jan/2026:12:20:26 -0500] "GET / HTTP/1.1" 200 17746 "-" "curl/7.29.0"
74.206.190.117 - - [31/Jan/2026:12:23:30 -0500] "POST /wp-cron.php?doing_wp_cron=1769880210.7369549274444580078125 HTTP/1.1" 200 - "http://www.fagottube.com/wp-cron.php?doing_wp_cron=1769880210.7369549274444580078125" "WordPress/5.1.8; http://www.fagottube.com"
204.76.203.206 - - [31/Jan/2026:12:23:30 -0500] "GET / HTTP/1.1" 200 17746 "-" "Mozilla/5.0 (Windows NT 10.0; Win64; x64) AppleWebKit/537.36 (KHTML, like Gecko) Chrome/90.0.4430.85 Safari/537.36 Edg/90.0.818.46"
74.206.190.117 - - [31/Jan/2026:12:25:14 -0500] "GET / HTTP/1.1" 200 17746 "-" "curl/7.29.0"
92.255.85.77 - - [31/Jan/2026:12:25:25 -0500] "GET / HTTP/1.1" 301 - "http://fagottube.com/" "Mozilla/5.0 (Windows NT 10.0; Win64; x64) AppleWebKit/537.36 (KHTML, like Gecko) Chrome/130.0.0.0 Safari/537.36"
92.255.85.77 - - [31/Jan/2026:12:25:25 -0500] "GET / HTTP/1.1" 200 17746 "http://www.fagottube.com/" "Mozilla/5.0 (Windows NT 10.0; Win64; x64) AppleWebKit/537.36 (KHTML, like Gecko) Chrome/130.0.0.0 Safari/537.36"
147.45.155.42 - - [31/Jan/2026:12:25:30 -0500] "GET /wp-json/wp/v2/posts HTTP/1.1" 302 273 "-" "Mozilla/5.0 (Windows NT 10.0; Win64; x64) AppleWebKit/537.36 (KHTML, like Gecko) Chrome/120.0.0.0 Safari/537.36"
74.206.190.117 - - [31/Jan/2026:12:30:15 -0500] "GET / HTTP/1.1" 200 17746 "-" "curl/7.29.0"
74.206.190.117 - - [31/Jan/2026:12:31:11 -0500] "POST /wp-cron.php?doing_wp_cron=1769880671.2094550132751464843750 HTTP/1.1" 200 - "http://www.fagottube.com/wp-cron.php?doing_wp_cron=1769880671.2094550132751464843750" "WordPress/5.1.8; http://www.fagottube.com"
37.59.21.100 - - [31/Jan/2026:12:31:11 -0500] "GET /index.php/tag/raw-papi/feed HTTP/1.1" 200 6446 "-" "Mozilla/5.0 (X11; Linux i686) AppleWebKit/537.36 (KHTML, like Gecko) Chrome/30.0.1599.66 Safari/537.36"
37.59.21.100 - - [31/Jan/2026:12:32:58 -0500] "GET /index.php/gay-fags/gay-fags-tube.html/feed HTTP/1.1" 200 1580 "-" "Mozilla/5.0 (X11; Linux i686) AppleWebKit/537.36 (KHTML, like Gecko) Chrome/30.0.1599.66 Safari/537.36"
204.76.203.212 - - [31/Jan/2026:12:33:52 -0500] "GET / HTTP/1.1" 200 17746 "-" "Mozilla/5.0 (Windows NT 10.0; Win64; x64) AppleWebKit/537.36 (KHTML, like Gecko) Chrome/90.0.4430.85 Safari/537.36 Edg/90.0.818.46"
74.206.190.117 - - [31/Jan/2026:12:35:17 -0500] "GET / HTTP/1.1" 200 17746 "-" "curl/7.29.0"
13.222.58.64 - - [31/Jan/2026:12:36:31 -0500] "GET / HTTP/1.1" 200 17746 "-" "Mozilla/5.0 (Windows NT 10.0; Win64; x64) AppleWebKit/537.36 (KHTML, like Gecko) Chrome/136.0.0.0 Safari/537.36"
74.206.190.117 - - [31/Jan/2026:12:40:23 -0500] "GET / HTTP/1.1" 200 17746 "-" "curl/7.29.0"
43.173.1.57 - - [31/Jan/2026:12:41:51 -0500] "GET / HTTP/1.1" 200 17746 "-" "Mozilla/5.0 (iPhone; CPU iPhone OS 13_2_3 like Mac OS X) AppleWebKit/605.1.15 (KHTML, like Gecko) Version/13.0.3 Mobile/15E148 Safari/604.1"
204.76.203.69 - - [31/Jan/2026:12:42:10 -0500] "GET / HTTP/1.1" 200 17746 "-" "-"
74.206.190.117 - - [31/Jan/2026:12:45:17 -0500] "GET / HTTP/1.1" 200 17746 "-" "curl/7.29.0"
47.128.45.234 - - [31/Jan/2026:12:46:54 -0500] "GET /robots.txt HTTP/1.1" 200 29 "-" "Mozilla/5.0 (Linux; Android 5.0) AppleWebKit/537.36 (KHTML, like Gecko) Mobile Safari/537.36 (compatible; Bytespider; spider-feedback@bytedance.com)"
47.128.24.61 - - [31/Jan/2026:12:46:58 -0500] "GET / HTTP/1.1" 200 17746 "-" "Mozilla/5.0 (Linux; Android 5.0) AppleWebKit/537.36 (KHTML, like Gecko) Mobile Safari/537.36 (compatible; Bytespider; spider-feedback@bytedance.com)"
47.128.121.89 - - [31/Jan/2026:12:47:23 -0500] "GET / HTTP/1.1" 200 17746 "-" "Mozilla/5.0 (Linux; Android 5.0) AppleWebKit/537.36 (KHTML, like Gecko) Mobile Safari/537.36 (compatible; TikTokSpider; ttspider-feedback@tiktok.com)"
47.128.121.82 - - [31/Jan/2026:12:47:59 -0500] "GET /robots.txt HTTP/1.1" 200 29 "-" "-"
192.109.200.205 - - [31/Jan/2026:12:48:10 -0500] "GET / HTTP/1.1" 200 17746 "-" "Mozilla/5.0"
192.109.200.205 - - [31/Jan/2026:12:48:11 -0500] "POST / HTTP/1.1" 200 17746 "-" "Mozilla/5.0"
74.206.190.117 - - [31/Jan/2026:12:50:14 -0500] "GET / HTTP/1.1" 200 17746 "-" "curl/7.29.0"
204.76.203.206 - - [31/Jan/2026:12:52:34 -0500] "GET / HTTP/1.1" 200 17746 "-" "Mozilla/5.0 (Windows NT 10.0; Win64; x64) AppleWebKit/537.36 (KHTML, like Gecko) Chrome/90.0.4430.85 Safari/537.36 Edg/90.0.818.46"
74.206.190.117 - - [31/Jan/2026:12:55:18 -0500] "GET / HTTP/1.1" 200 17746 "-" "curl/7.29.0"
209.141.47.166 - - [31/Jan/2026:12:56:11 -0500] "GET /wp-login.php HTTP/1.1" 200 2922 "-" "Mozilla/5.0 (Macintosh; Intel Mac OS X 10_15_7)"
209.141.47.166 - - [31/Jan/2026:12:56:12 -0500] "POST /wp-login.php HTTP/1.1" 200 3914 "-" "Mozilla/5.0 (Macintosh; Intel Mac OS X 10_15_7)"
204.76.203.212 - - [31/Jan/2026:12:58:39 -0500] "GET / HTTP/1.1" 200 17746 "-" "Mozilla/5.0 (Windows NT 10.0; Win64; x64) AppleWebKit/537.36 (KHTML, like Gecko) Chrome/90.0.4430.85 Safari/537.36 Edg/90.0.818.46"
74.206.190.117 - - [31/Jan/2026:13:00:19 -0500] "GET / HTTP/1.1" 200 17746 "-" "curl/7.29.0"
165.154.227.13 - - [31/Jan/2026:13:00:24 -0500] "POST /hello.world?%ADd+allow_url_include%3d1+%ADd+auto_prepend_file%3dphp://input HTTP/1.1" 302 274 "-" "libredtail-http"
74.206.190.117 - - [31/Jan/2026:13:05:19 -0500] "GET / HTTP/1.1" 200 17746 "-" "curl/7.29.0"
74.206.190.117 - - [31/Jan/2026:13:10:14 -0500] "GET / HTTP/1.1" 200 17746 "-" "curl/7.29.0"
74.206.190.117 - - [31/Jan/2026:13:15:15 -0500] "GET / HTTP/1.1" 200 17746 "-" "curl/7.29.0"
74.206.190.117 - - [31/Jan/2026:13:20:24 -0500] "GET / HTTP/1.1" 200 17746 "-" "curl/7.29.0"
68.183.61.27 - - [31/Jan/2026:13:22:22 -0500] "GET / HTTP/1.1" 301 - "-" "Mozilla/5.0 (X11; Linux x86_64) AppleWebKit/537.36 (KHTML, like Gecko) Chrome/142.0.0.0 Safari/537.36"
204.76.203.206 - - [31/Jan/2026:13:24:26 -0500] "GET / HTTP/1.1" 200 17746 "-" "Mozilla/5.0 (Windows NT 10.0; Win64; x64) AppleWebKit/537.36 (KHTML, like Gecko) Chrome/90.0.4430.85 Safari/537.36 Edg/90.0.818.46"
193.142.147.209 - - [31/Jan/2026:13:24:51 -0500] "POST / HTTP/1.1" 200 17746 "-" "Mozilla/5.0 (Windows NT 10.0; Win64; x64) AppleWebKit/537.36"
74.206.190.117 - - [31/Jan/2026:13:25:19 -0500] "GET / HTTP/1.1" 200 17746 "-" "curl/7.29.0"
204.76.203.212 - - [31/Jan/2026:13:26:33 -0500] "GET / HTTP/1.1" 200 17746 "-" "Mozilla/5.0 (Windows NT 10.0; Win64; x64) AppleWebKit/537.36 (KHTML, like Gecko) Chrome/90.0.4430.85 Safari/537.36 Edg/90.0.818.46"
74.206.190.117 - - [31/Jan/2026:13:30:16 -0500] "GET / HTTP/1.1" 200 17746 "-" "curl/7.29.0"
74.206.190.117 - - [31/Jan/2026:13:35:23 -0500] "POST /wp-cron.php?doing_wp_cron=1769884523.0145208835601806640625 HTTP/1.1" 200 - "http://www.fagottube.com/wp-cron.php?doing_wp_cron=1769884523.0145208835601806640625" "WordPress/5.1.8; http://www.fagottube.com"
74.206.190.117 - - [31/Jan/2026:13:35:22 -0500] "GET / HTTP/1.1" 200 17746 "-" "curl/7.29.0"
204.76.203.69 - - [31/Jan/2026:13:39:44 -0500] "GET / HTTP/1.1" 200 17746 "-" "Mozilla/5.0 (Windows NT 10.0; Win64; x64) AppleWebKit/537.36 (KHTML, like Gecko) Chrome/90.0.4430.85 Safari/537.36 Edg/90.0.818.46"
74.206.190.117 - - [31/Jan/2026:13:40:21 -0500] "GET / HTTP/1.1" 200 17746 "-" "curl/7.29.0"
74.206.190.117 - - [31/Jan/2026:13:45:19 -0500] "GET / HTTP/1.1" 200 17746 "-" "curl/7.29.0"
74.206.190.117 - - [31/Jan/2026:13:50:13 -0500] "GET / HTTP/1.1" 200 17746 "-" "curl/7.29.0"
204.76.203.212 - - [31/Jan/2026:13:51:04 -0500] "GET / HTTP/1.1" 200 17746 "-" "Mozilla/5.0 (Windows NT 10.0; Win64; x64) AppleWebKit/537.36 (KHTML, like Gecko) Chrome/90.0.4430.85 Safari/537.36 Edg/90.0.818.46"
204.76.203.206 - - [31/Jan/2026:13:51:41 -0500] "GET / HTTP/1.1" 200 17746 "-" "Mozilla/5.0 (Windows NT 10.0; Win64; x64) AppleWebKit/537.36 (KHTML, like Gecko) Chrome/90.0.4430.85 Safari/537.36 Edg/90.0.818.46"
74.206.190.117 - - [31/Jan/2026:13:55:17 -0500] "GET / HTTP/1.1" 200 17746 "-" "curl/7.29.0"
74.206.190.117 - - [31/Jan/2026:14:00:24 -0500] "GET / HTTP/1.1" 200 17746 "-" "curl/7.29.0"
74.206.190.117 - - [31/Jan/2026:14:05:13 -0500] "GET / HTTP/1.1" 200 17746 "-" "curl/7.29.0"
5.61.209.92 - - [31/Jan/2026:14:06:45 -0500] "GET /SDK/webLanguage HTTP/1.1" 302 274 "-" "Mozilla/5.0 (Windows NT 10.0; Win64; x64) AppleWebKit/537.36 (KHTML, like Gecko) Chrome/90.0.4430.85 Safari/537.36 Edg/90.0.818.46"
74.206.190.117 - - [31/Jan/2026:14:10:15 -0500] "GET / HTTP/1.1" 200 17746 "-" "curl/7.29.0"
17.241.219.212 - - [31/Jan/2026:14:14:53 -0500] "GET /robots.txt HTTP/1.1" 200 29 "-" "Mozilla/5.0 (Macintosh; Intel Mac OS X 10_15_7) AppleWebKit/605.1.15 (KHTML, like Gecko) Version/17.4 Safari/605.1.15 (Applebot/0.1; +http://www.apple.com/go/applebot)"
17.241.219.212 - - [31/Jan/2026:14:14:53 -0500] "GET /index.php/tag/homo/feed HTTP/1.1" 200 1763 "-" "Mozilla/5.0 (Macintosh; Intel Mac OS X 10_15_7) AppleWebKit/605.1.15 (KHTML, like Gecko) Version/17.4 Safari/605.1.15 (Applebot/0.1; +http://www.apple.com/go/applebot)"
74.206.190.117 - - [31/Jan/2026:14:15:15 -0500] "GET / HTTP/1.1" 200 17746 "-" "curl/7.29.0"
74.48.66.136 - - [31/Jan/2026:14:18:17 -0500] "GET / HTTP/1.1" 200 17746 "-" "HTTPHeadersCheck/1.0 (+https://g00gle.eu; contact:cnbohu@gmail.com)"
176.65.149.17 - - [31/Jan/2026:14:18:51 -0500] "GET /.env.development HTTP/1.1" 302 274 "-" "Mozilla/5.0 (compatible; Googlebot/2.1; +http://www.google.com/bot.html)"
37.59.21.100 - - [31/Jan/2026:14:19:43 -0500] "GET /index.php/category/gay-fags/feed HTTP/1.1" 200 8686 "-" "Mozilla/5.0 (X11; Linux i686) AppleWebKit/537.36 (KHTML, like Gecko) Chrome/30.0.1599.66 Safari/537.36"
74.206.190.117 - - [31/Jan/2026:14:20:22 -0500] "GET / HTTP/1.1" 200 17746 "-" "curl/7.29.0"
74.206.190.117 - - [31/Jan/2026:14:25:16 -0500] "GET / HTTP/1.1" 200 17746 "-" "curl/7.29.0"
204.76.203.206 - - [31/Jan/2026:14:25:39 -0500] "GET / HTTP/1.1" 200 17746 "-" "Mozilla/5.0 (Windows NT 10.0; Win64; x64) AppleWebKit/537.36 (KHTML, like Gecko) Chrome/90.0.4430.85 Safari/537.36 Edg/90.0.818.46"
87.121.84.51 - - [31/Jan/2026:14:26:06 -0500] "GET / HTTP/1.1" 200 17746 "-" "Mozilla/5.0 (X11; Linux x86_64; rv:140.0) Gecko/20100101 Firefox/140.0"
74.206.190.117 - - [31/Jan/2026:14:30:12 -0500] "GET / HTTP/1.1" 200 17746 "-" "curl/7.29.0"
74.206.190.117 - - [31/Jan/2026:14:35:14 -0500] "POST /wp-cron.php?doing_wp_cron=1769888114.6666889190673828125000 HTTP/1.1" 200 - "http://www.fagottube.com/wp-cron.php?doing_wp_cron=1769888114.6666889190673828125000" "WordPress/5.1.8; http://www.fagottube.com"
74.206.190.117 - - [31/Jan/2026:14:35:14 -0500] "GET / HTTP/1.1" 200 17746 "-" "curl/7.29.0"
204.76.203.212 - - [31/Jan/2026:14:40:19 -0500] "GET / HTTP/1.1" 200 17746 "-" "Mozilla/5.0 (Windows NT 10.0; Win64; x64) AppleWebKit/537.36 (KHTML, like Gecko) Chrome/90.0.4430.85 Safari/537.36 Edg/90.0.818.46"
74.206.190.117 - - [31/Jan/2026:14:40:23 -0500] "GET / HTTP/1.1" 200 17746 "-" "curl/7.29.0"
198.98.53.57 - - [31/Jan/2026:14:45:17 -0500] "GET /wp-login.php HTTP/1.1" 200 2922 "-" "Mozilla/5.0 (Macintosh; Intel Mac OS X 10_8_5) AppleWebKit/537.36 (KHTML, like Gecko) Chrome/36.0.1985.125 Safari/537.36"
198.98.53.57 - - [31/Jan/2026:14:45:18 -0500] "POST /wp-login.php HTTP/1.1" 200 3914 "-" "Mozilla/5.0 (Macintosh; Intel Mac OS X 10_8_5) AppleWebKit/537.36 (KHTML, like Gecko) Chrome/36.0.1985.125 Safari/537.36"
74.206.190.117 - - [31/Jan/2026:14:45:19 -0500] "GET / HTTP/1.1" 200 17746 "-" "curl/7.29.0"
5.61.209.92 - - [31/Jan/2026:14:47:14 -0500] "GET /SDK/webLanguage HTTP/1.1" 302 274 "-" "Mozilla/5.0 (Windows NT 10.0; Win64; x64) AppleWebKit/537.36 (KHTML, like Gecko) Chrome/90.0.4430.85 Safari/537.36 Edg/90.0.818.46"
74.206.190.117 - - [31/Jan/2026:14:50:16 -0500] "GET / HTTP/1.1" 200 17746 "-" "curl/7.29.0"
204.76.203.206 - - [31/Jan/2026:14:53:25 -0500] "GET / HTTP/1.1" 200 17746 "-" "Mozilla/5.0 (Windows NT 10.0; Win64; x64) AppleWebKit/537.36 (KHTML, like Gecko) Chrome/90.0.4430.85 Safari/537.36 Edg/90.0.818.46"
83.217.208.173 - - [31/Jan/2026:14:55:17 -0500] "GET /wp-login.php HTTP/1.1" 200 2922 "-" "Mozilla/5.0 (Macintosh; Intel Mac OS X 10_9_3) AppleWebKit/537.36 (KHTML, like Gecko) Chrome/35.0.1916.153 Safari/537.36"
74.206.190.117 - - [31/Jan/2026:14:55:17 -0500] "GET / HTTP/1.1" 200 17746 "-" "curl/7.29.0"
83.217.208.173 - - [31/Jan/2026:14:55:18 -0500] "POST /wp-login.php HTTP/1.1" 200 3914 "-" "Mozilla/5.0 (Macintosh; Intel Mac OS X 10_9_3) AppleWebKit/537.36 (KHTML, like Gecko) Chrome/35.0.1916.153 Safari/537.36"
74.206.190.117 - - [31/Jan/2026:15:00:25 -0500] "GET / HTTP/1.1" 200 17746 "-" "curl/7.29.0"
20.123.115.147 - - [31/Jan/2026:15:02:01 -0500] "GET /index.php/feed HTTP/1.1" 200 8660 "-" "Mozilla/5.0 (Macintosh; Intel Mac OS X 10.15; rv:92.0) Gecko/20100101 Firefox/92.0"
74.206.190.117 - - [31/Jan/2026:15:05:17 -0500] "GET / HTTP/1.1" 200 17746 "-" "curl/7.29.0"
204.76.203.212 - - [31/Jan/2026:15:05:55 -0500] "GET / HTTP/1.1" 200 17746 "-" "Mozilla/5.0 (Windows NT 10.0; Win64; x64) AppleWebKit/537.36 (KHTML, like Gecko) Chrome/90.0.4430.85 Safari/537.36 Edg/90.0.818.46"
74.206.190.117 - - [31/Jan/2026:15:10:14 -0500] "GET / HTTP/1.1" 200 17746 "-" "curl/7.29.0"
74.206.190.117 - - [31/Jan/2026:15:15:21 -0500] "GET / HTTP/1.1" 200 17746 "-" "curl/7.29.0"
205.210.31.111 - - [31/Jan/2026:15:19:51 -0500] "GET / HTTP/1.1" 301 - "-" "Hello from Palo Alto Networks, find out more about our scans in https://docs-cortex.paloaltonetworks.com/r/1/Cortex-Xpanse/Scanning-activity"
37.59.21.100 - - [31/Jan/2026:15:20:12 -0500] "GET /index.php/tag/raw-papi/feed HTTP/1.1" 200 6446 "-" "Mozilla/5.0 (X11; Linux i686) AppleWebKit/537.36 (KHTML, like Gecko) Chrome/30.0.1599.66 Safari/537.36"
74.206.190.117 - - [31/Jan/2026:15:20:22 -0500] "GET / HTTP/1.1" 200 17746 "-" "curl/7.29.0"
51.68.111.207 - - [31/Jan/2026:15:23:21 -0500] "GET /robots.txt HTTP/1.1" 302 273 "-" "Mozilla/5.0 (compatible; MJ12bot/v2.0.4; http://mj12bot.com/)"
51.68.111.207 - - [31/Jan/2026:15:23:21 -0500] "GET / HTTP/1.1" 302 273 "-" "Mozilla/5.0 (compatible; MJ12bot/v2.0.4; http://mj12bot.com/)"
74.206.190.117 - - [31/Jan/2026:15:25:17 -0500] "GET / HTTP/1.1" 200 17746 "-" "curl/7.29.0"
204.76.203.206 - - [31/Jan/2026:15:25:37 -0500] "GET / HTTP/1.1" 200 17746 "-" "Mozilla/5.0 (Windows NT 10.0; Win64; x64) AppleWebKit/537.36 (KHTML, like Gecko) Chrome/90.0.4430.85 Safari/537.36 Edg/90.0.818.46"
74.206.190.117 - - [31/Jan/2026:15:30:15 -0500] "GET / HTTP/1.1" 200 17746 "-" "curl/7.29.0"
