154.213.162.43 - - [29/Jan/2026:11:58:38 -0500] "GET /wp-admin/admin-ajax.php?action=rest-nonce HTTP/1.1" 400 1 "-" "Mozilla/5.0 (Windows NT 10.0; Win64; x64) AppleWebKit/537.36 (KHTML, like Gecko) Chrome/124.0.6367.207 Safari/537.36"
74.206.190.117 - - [29/Jan/2026:12:00:17 -0500] "GET / HTTP/1.1" 200 17746 "-" "curl/7.29.0"
204.76.203.18 - - [29/Jan/2026:12:02:08 -0500] "GET /bin/ HTTP/1.1" 302 274 "-" "-"
107.189.11.186 - - [29/Jan/2026:12:02:16 -0500] "GET /wp-login.php HTTP/1.1" 200 2922 "-" "Mozilla/5.0 (Macintosh; Intel Mac OS X 10_9_4) AppleWebKit/537.36 (KHTML, like Gecko) Chrome/36.0.1985.143 Safari/537.36"
107.189.11.186 - - [29/Jan/2026:12:02:17 -0500] "POST /wp-login.php HTTP/1.1" 200 3914 "-" "Mozilla/5.0 (Macintosh; Intel Mac OS X 10_9_4) AppleWebKit/537.36 (KHTML, like Gecko) Chrome/36.0.1985.143 Safari/537.36"
74.206.190.117 - - [29/Jan/2026:12:05:16 -0500] "GET / HTTP/1.1" 200 17746 "-" "curl/7.29.0"
204.76.203.212 - - [29/Jan/2026:12:06:46 -0500] "GET / HTTP/1.1" 200 17746 "-" "Mozilla/5.0 (Windows NT 10.0; Win64; x64) AppleWebKit/537.36 (KHTML, like Gecko) Chrome/90.0.4430.85 Safari/537.36 Edg/90.0.818.46"
74.206.190.117 - - [29/Jan/2026:12:10:12 -0500] "GET / HTTP/1.1" 200 17746 "-" "curl/7.29.0"
37.59.21.100 - - [29/Jan/2026:12:10:56 -0500] "GET /index.php/category/latin-fag-tube/feed HTTP/1.1" 200 7154 "-" "Mozilla/5.0 (X11; Linux i686) AppleWebKit/537.36 (KHTML, like Gecko) Chrome/30.0.1599.66 Safari/537.36"
74.206.190.117 - - [29/Jan/2026:12:15:14 -0500] "GET / HTTP/1.1" 200 17746 "-" "curl/7.29.0"
173.252.95.28 - - [29/Jan/2026:12:16:55 -0500] "GET /robots.txt HTTP/1.1" 206 29 "-" "facebookexternalhit/1.1 (+http://www.facebook.com/externalhit_uatext.php)"
74.206.190.117 - - [29/Jan/2026:12:20:16 -0500] "GET / HTTP/1.1" 200 17746 "-" "curl/7.29.0"
57.141.4.25 - - [29/Jan/2026:12:22:22 -0500] "GET /index.php/gay-fags/american-fag.html HTTP/1.1" 200 19137 "-" "meta-externalagent/1.1 (+https://developers.facebook.com/docs/sharing/webmasters/crawler)"
74.206.190.117 - - [29/Jan/2026:12:25:19 -0500] "POST /wp-cron.php?doing_wp_cron=1769707519.1439960002899169921875 HTTP/1.1" 200 - "http://www.fagottube.com/wp-cron.php?doing_wp_cron=1769707519.1439960002899169921875" "WordPress/5.1.8; http://www.fagottube.com"
74.206.190.117 - - [29/Jan/2026:12:25:18 -0500] "GET / HTTP/1.1" 200 17746 "-" "curl/7.29.0"
204.76.203.212 - - [29/Jan/2026:12:29:05 -0500] "GET / HTTP/1.1" 200 17746 "-" "Mozilla/5.0 (Windows NT 10.0; Win64; x64) AppleWebKit/537.36 (KHTML, like Gecko) Chrome/90.0.4430.85 Safari/537.36 Edg/90.0.818.46"
74.206.190.117 - - [29/Jan/2026:12:30:12 -0500] "GET / HTTP/1.1" 200 17746 "-" "curl/7.29.0"
74.206.190.117 - - [29/Jan/2026:12:33:04 -0500] "POST /wp-cron.php?doing_wp_cron=1769707984.5790109634399414062500 HTTP/1.1" 200 - "http://www.fagottube.com/wp-cron.php?doing_wp_cron=1769707984.5790109634399414062500" "WordPress/5.1.8; http://www.fagottube.com"
44.203.116.223 - - [29/Jan/2026:12:33:03 -0500] "GET / HTTP/1.1" 200 17746 "-" "Mozilla/5.0 (Windows NT 10.0; Win64; x64) AppleWebKit/537.36 (KHTML, like Gecko) Chrome/136.0.0.0 Safari/537.36"
193.56.28.252 - - [29/Jan/2026:12:35:11 -0500] "GET /wp-login.php HTTP/1.1" 200 2922 "-" "Mozilla/5.0 (Windows NT 10.0; Win64; x64; rv:127.0) Gecko/20100101 Firefox/127.0"
193.56.28.252 - - [29/Jan/2026:12:35:11 -0500] "POST /xmlrpc.php HTTP/1.1" 302 277 "-" "Mozilla/5.0 (Windows NT 10.0; Win64; x64; rv:127.0) Gecko/20100101 Firefox/127.0"
193.56.28.252 - - [29/Jan/2026:12:35:11 -0500] "GET / HTTP/1.1" 200 17746 "-" "Mozilla/5.0 (Windows NT 10.0; Win64; x64; rv:127.0) Gecko/20100101 Firefox/127.0"
74.206.190.117 - - [29/Jan/2026:12:35:12 -0500] "GET / HTTP/1.1" 200 17746 "-" "curl/7.29.0"
65.111.14.186 - - [29/Jan/2026:12:35:13 -0500] "POST /xmlrpc.php HTTP/1.1" 302 277 "-" "Mozilla/5.0 (Windows NT 10.0; Win64; x64) AppleWebKit/537.36 (KHTML, like Gecko) Chrome/124.0.6367.207 Safari/537.36"
65.111.14.186 - - [29/Jan/2026:12:35:13 -0500] "GET / HTTP/1.1" 200 17746 "-" "Mozilla/5.0 (Windows NT 10.0; Win64; x64) AppleWebKit/537.36 (KHTML, like Gecko) Chrome/124.0.6367.207 Safari/537.36"
209.50.184.46 - - [29/Jan/2026:12:35:14 -0500] "POST /xmlrpc.php HTTP/1.1" 302 277 "-" "Mozilla/5.0 (Windows NT 10.0; Win64; x64) AppleWebKit/537.36 (KHTML, like Gecko) Chrome/124.0.6367.207 Safari/537.36"
209.50.184.46 - - [29/Jan/2026:12:35:14 -0500] "GET / HTTP/1.1" 200 17746 "-" "Mozilla/5.0 (Windows NT 10.0; Win64; x64) AppleWebKit/537.36 (KHTML, like Gecko) Chrome/124.0.6367.207 Safari/537.36"
209.50.182.99 - - [29/Jan/2026:12:35:14 -0500] "GET /wp-login.php HTTP/1.1" 200 2922 "-" "Mozilla/5.0 (Windows NT 10.0; Win64; x64) AppleWebKit/537.36 (KHTML, like Gecko) Chrome/124.0.6367.207 Safari/537.36"
209.50.177.156 - - [29/Jan/2026:12:35:15 -0500] "GET /wp-login.php HTTP/1.1" 200 2922 "-" "Mozilla/5.0 (Windows NT 10.0; Win64; x64; rv:127.0) Gecko/20100101 Firefox/127.0"
45.3.49.83 - - [29/Jan/2026:12:35:15 -0500] "POST /xmlrpc.php HTTP/1.1" 302 277 "-" "Mozilla/5.0 (Windows NT 10.0; Win64; x64) AppleWebKit/537.36 (KHTML, like Gecko) Chrome/124.0.6367.207 Safari/537.36"
209.50.177.156 - - [29/Jan/2026:12:35:15 -0500] "POST /xmlrpc.php HTTP/1.1" 302 277 "-" "Mozilla/5.0 (Windows NT 10.0; Win64; x64; rv:127.0) Gecko/20100101 Firefox/127.0"
209.50.182.99 - - [29/Jan/2026:12:35:16 -0500] "POST /xmlrpc.php HTTP/1.1" 302 277 "-" "Mozilla/5.0 (Windows NT 10.0; Win64; x64) AppleWebKit/537.36 (KHTML, like Gecko) Chrome/124.0.6367.207 Safari/537.36"
45.3.49.83 - - [29/Jan/2026:12:35:15 -0500] "GET / HTTP/1.1" 200 17746 "-" "Mozilla/5.0 (Windows NT 10.0; Win64; x64) AppleWebKit/537.36 (KHTML, like Gecko) Chrome/124.0.6367.207 Safari/537.36"
209.50.177.156 - - [29/Jan/2026:12:35:15 -0500] "GET / HTTP/1.1" 200 17746 "-" "Mozilla/5.0 (Windows NT 10.0; Win64; x64; rv:127.0) Gecko/20100101 Firefox/127.0"
209.50.182.99 - - [29/Jan/2026:12:35:16 -0500] "GET / HTTP/1.1" 200 17746 "-" "Mozilla/5.0 (Windows NT 10.0; Win64; x64) AppleWebKit/537.36 (KHTML, like Gecko) Chrome/124.0.6367.207 Safari/537.36"
216.26.245.236 - - [29/Jan/2026:12:35:17 -0500] "POST /xmlrpc.php HTTP/1.1" 302 277 "-" "Mozilla/5.0 (Windows NT 10.0; Win64; x64) AppleWebKit/537.36 (KHTML, like Gecko) Chrome/124.0.6367.207 Safari/537.36"
154.213.163.227 - - [29/Jan/2026:12:35:17 -0500] "POST /xmlrpc.php HTTP/1.1" 302 277 "-" "Mozilla/5.0 (Windows NT 10.0; Win64; x64; rv:127.0) Gecko/20100101 Firefox/127.0"
45.3.32.103 - - [29/Jan/2026:12:35:17 -0500] "POST /xmlrpc.php HTTP/1.1" 302 277 "-" "Mozilla/5.0 (Macintosh; Intel Mac OS X 13_5) AppleWebKit/605.1.15 (KHTML, like Gecko) Version/17.5 Safari/605.1.15"
154.213.163.227 - - [29/Jan/2026:12:35:17 -0500] "GET / HTTP/1.1" 200 17746 "-" "Mozilla/5.0 (Windows NT 10.0; Win64; x64; rv:127.0) Gecko/20100101 Firefox/127.0"
216.26.245.236 - - [29/Jan/2026:12:35:17 -0500] "GET / HTTP/1.1" 200 17746 "-" "Mozilla/5.0 (Windows NT 10.0; Win64; x64) AppleWebKit/537.36 (KHTML, like Gecko) Chrome/124.0.6367.207 Safari/537.36"
216.26.241.87 - - [29/Jan/2026:12:35:18 -0500] "POST /xmlrpc.php HTTP/1.1" 302 277 "-" "Mozilla/5.0 (Macintosh; Intel Mac OS X 13_5) AppleWebKit/605.1.15 (KHTML, like Gecko) Version/17.5 Safari/605.1.15"
65.111.13.104 - - [29/Jan/2026:12:35:18 -0500] "POST /xmlrpc.php HTTP/1.1" 302 277 "-" "Mozilla/5.0 (Macintosh; Intel Mac OS X 13_5) AppleWebKit/605.1.15 (KHTML, like Gecko) Version/17.5 Safari/605.1.15"
45.3.32.103 - - [29/Jan/2026:12:35:17 -0500] "GET / HTTP/1.1" 200 17746 "-" "Mozilla/5.0 (Macintosh; Intel Mac OS X 13_5) AppleWebKit/605.1.15 (KHTML, like Gecko) Version/17.5 Safari/605.1.15"
45.3.37.231 - - [29/Jan/2026:12:35:19 -0500] "POST /xmlrpc.php HTTP/1.1" 302 277 "-" "Mozilla/5.0 (Macintosh; Intel Mac OS X 13_5) AppleWebKit/605.1.15 (KHTML, like Gecko) Version/17.5 Safari/605.1.15"
65.111.13.104 - - [29/Jan/2026:12:35:18 -0500] "GET / HTTP/1.1" 200 17746 "-" "Mozilla/5.0 (Macintosh; Intel Mac OS X 13_5) AppleWebKit/605.1.15 (KHTML, like Gecko) Version/17.5 Safari/605.1.15"
216.26.241.87 - - [29/Jan/2026:12:35:18 -0500] "GET / HTTP/1.1" 200 17746 "-" "Mozilla/5.0 (Macintosh; Intel Mac OS X 13_5) AppleWebKit/605.1.15 (KHTML, like Gecko) Version/17.5 Safari/605.1.15"
65.111.12.39 - - [29/Jan/2026:12:35:20 -0500] "POST /xmlrpc.php HTTP/1.1" 302 277 "-" "Mozilla/5.0 (Windows NT 10.0; Win64; x64) AppleWebKit/537.36 (KHTML, like Gecko) Chrome/124.0.6367.207 Safari/537.36"
104.207.62.242 - - [29/Jan/2026:12:35:20 -0500] "POST /xmlrpc.php HTTP/1.1" 302 277 "-" "Mozilla/5.0 (Windows NT 10.0; Win64; x64; rv:127.0) Gecko/20100101 Firefox/127.0"
45.3.37.231 - - [29/Jan/2026:12:35:19 -0500] "GET / HTTP/1.1" 200 17746 "-" "Mozilla/5.0 (Macintosh; Intel Mac OS X 13_5) AppleWebKit/605.1.15 (KHTML, like Gecko) Version/17.5 Safari/605.1.15"
65.111.12.39 - - [29/Jan/2026:12:35:20 -0500] "GET / HTTP/1.1" 200 17746 "-" "Mozilla/5.0 (Windows NT 10.0; Win64; x64) AppleWebKit/537.36 (KHTML, like Gecko) Chrome/124.0.6367.207 Safari/537.36"
65.111.26.140 - - [29/Jan/2026:12:35:21 -0500] "POST /xmlrpc.php HTTP/1.1" 302 277 "-" "Mozilla/5.0 (Macintosh; Intel Mac OS X 13_5) AppleWebKit/605.1.15 (KHTML, like Gecko) Version/17.5 Safari/605.1.15"
104.207.62.242 - - [29/Jan/2026:12:35:21 -0500] "GET / HTTP/1.1" 200 17746 "-" "Mozilla/5.0 (Windows NT 10.0; Win64; x64; rv:127.0) Gecko/20100101 Firefox/127.0"
216.26.254.107 - - [29/Jan/2026:12:35:21 -0500] "POST /xmlrpc.php HTTP/1.1" 302 277 "-" "Mozilla/5.0 (Macintosh; Intel Mac OS X 13_5) AppleWebKit/605.1.15 (KHTML, like Gecko) Version/17.5 Safari/605.1.15"
45.3.34.76 - - [29/Jan/2026:12:35:22 -0500] "POST /xmlrpc.php HTTP/1.1" 302 277 "-" "Mozilla/5.0 (Macintosh; Intel Mac OS X 13_5) AppleWebKit/605.1.15 (KHTML, like Gecko) Version/17.5 Safari/605.1.15"
65.111.26.140 - - [29/Jan/2026:12:35:22 -0500] "GET / HTTP/1.1" 200 17746 "-" "Mozilla/5.0 (Macintosh; Intel Mac OS X 13_5) AppleWebKit/605.1.15 (KHTML, like Gecko) Version/17.5 Safari/605.1.15"
216.26.254.107 - - [29/Jan/2026:12:35:22 -0500] "GET / HTTP/1.1" 200 17746 "-" "Mozilla/5.0 (Macintosh; Intel Mac OS X 13_5) AppleWebKit/605.1.15 (KHTML, like Gecko) Version/17.5 Safari/605.1.15"
216.26.248.58 - - [29/Jan/2026:12:35:23 -0500] "POST /xmlrpc.php HTTP/1.1" 302 277 "-" "Mozilla/5.0 (Windows NT 10.0; Win64; x64) AppleWebKit/537.36 (KHTML, like Gecko) Chrome/124.0.6367.207 Safari/537.36"
45.3.62.3 - - [29/Jan/2026:12:35:23 -0500] "POST /xmlrpc.php HTTP/1.1" 302 277 "-" "Mozilla/5.0 (Macintosh; Intel Mac OS X 13_5) AppleWebKit/605.1.15 (KHTML, like Gecko) Version/17.5 Safari/605.1.15"
45.3.34.76 - - [29/Jan/2026:12:35:23 -0500] "GET / HTTP/1.1" 200 17746 "-" "Mozilla/5.0 (Macintosh; Intel Mac OS X 13_5) AppleWebKit/605.1.15 (KHTML, like Gecko) Version/17.5 Safari/605.1.15"
65.111.12.28 - - [29/Jan/2026:12:35:25 -0500] "POST /xmlrpc.php HTTP/1.1" 302 277 "-" "Mozilla/5.0 (Windows NT 10.0; Win64; x64) AppleWebKit/537.36 (KHTML, like Gecko) Chrome/124.0.6367.207 Safari/537.36"
45.3.62.3 - - [29/Jan/2026:12:35:24 -0500] "GET / HTTP/1.1" 200 17746 "-" "Mozilla/5.0 (Macintosh; Intel Mac OS X 13_5) AppleWebKit/605.1.15 (KHTML, like Gecko) Version/17.5 Safari/605.1.15"
216.26.248.58 - - [29/Jan/2026:12:35:24 -0500] "GET / HTTP/1.1" 200 17746 "-" "Mozilla/5.0 (Windows NT 10.0; Win64; x64) AppleWebKit/537.36 (KHTML, like Gecko) Chrome/124.0.6367.207 Safari/537.36"
45.3.37.21 - - [29/Jan/2026:12:35:26 -0500] "POST /xmlrpc.php HTTP/1.1" 302 277 "-" "Mozilla/5.0 (Windows NT 10.0; Win64; x64; rv:127.0) Gecko/20100101 Firefox/127.0"
65.111.12.28 - - [29/Jan/2026:12:35:25 -0500] "GET / HTTP/1.1" 200 17746 "-" "Mozilla/5.0 (Windows NT 10.0; Win64; x64) AppleWebKit/537.36 (KHTML, like Gecko) Chrome/124.0.6367.207 Safari/537.36"
209.50.163.113 - - [29/Jan/2026:12:35:26 -0500] "POST /xmlrpc.php HTTP/1.1" 302 277 "-" "Mozilla/5.0 (Windows NT 10.0; Win64; x64) AppleWebKit/537.36 (KHTML, like Gecko) Chrome/124.0.6367.207 Safari/537.36"
45.3.37.21 - - [29/Jan/2026:12:35:26 -0500] "GET / HTTP/1.1" 200 17746 "-" "Mozilla/5.0 (Windows NT 10.0; Win64; x64; rv:127.0) Gecko/20100101 Firefox/127.0"
104.207.48.184 - - [29/Jan/2026:12:35:27 -0500] "POST /xmlrpc.php HTTP/1.1" 302 277 "-" "Mozilla/5.0 (Windows NT 10.0; Win64; x64; rv:127.0) Gecko/20100101 Firefox/127.0"
209.50.163.113 - - [29/Jan/2026:12:35:27 -0500] "GET / HTTP/1.1" 200 17746 "-" "Mozilla/5.0 (Windows NT 10.0; Win64; x64) AppleWebKit/537.36 (KHTML, like Gecko) Chrome/124.0.6367.207 Safari/537.36"
104.207.53.178 - - [29/Jan/2026:12:35:29 -0500] "POST /xmlrpc.php HTTP/1.1" 302 277 "-" "Mozilla/5.0 (Macintosh; Intel Mac OS X 13_5) AppleWebKit/605.1.15 (KHTML, like Gecko) Version/17.5 Safari/605.1.15"
209.50.175.136 - - [29/Jan/2026:12:35:29 -0500] "POST /xmlrpc.php HTTP/1.1" 302 277 "-" "Mozilla/5.0 (Windows NT 10.0; Win64; x64; rv:127.0) Gecko/20100101 Firefox/127.0"
104.207.48.184 - - [29/Jan/2026:12:35:28 -0500] "GET / HTTP/1.1" 200 17746 "-" "Mozilla/5.0 (Windows NT 10.0; Win64; x64; rv:127.0) Gecko/20100101 Firefox/127.0"
104.207.40.158 - - [29/Jan/2026:12:35:29 -0500] "POST /xmlrpc.php HTTP/1.1" 302 277 "-" "Mozilla/5.0 (Windows NT 10.0; Win64; x64) AppleWebKit/537.36 (KHTML, like Gecko) Chrome/124.0.6367.207 Safari/537.36"
104.207.53.178 - - [29/Jan/2026:12:35:29 -0500] "GET / HTTP/1.1" 200 17746 "-" "Mozilla/5.0 (Macintosh; Intel Mac OS X 13_5) AppleWebKit/605.1.15 (KHTML, like Gecko) Version/17.5 Safari/605.1.15"
209.50.175.136 - - [29/Jan/2026:12:35:29 -0500] "GET / HTTP/1.1" 200 17746 "-" "Mozilla/5.0 (Windows NT 10.0; Win64; x64; rv:127.0) Gecko/20100101 Firefox/127.0"
104.207.40.158 - - [29/Jan/2026:12:35:30 -0500] "GET / HTTP/1.1" 200 17746 "-" "Mozilla/5.0 (Windows NT 10.0; Win64; x64) AppleWebKit/537.36 (KHTML, like Gecko) Chrome/124.0.6367.207 Safari/537.36"
104.207.43.178 - - [29/Jan/2026:12:35:32 -0500] "POST /xmlrpc.php HTTP/1.1" 302 277 "-" "Mozilla/5.0 (Windows NT 10.0; Win64; x64; rv:127.0) Gecko/20100101 Firefox/127.0"
209.50.180.251 - - [29/Jan/2026:12:35:33 -0500] "POST /xmlrpc.php HTTP/1.1" 302 277 "-" "Mozilla/5.0 (Windows NT 10.0; Win64; x64; rv:127.0) Gecko/20100101 Firefox/127.0"
104.167.25.201 - - [29/Jan/2026:12:35:33 -0500] "POST /xmlrpc.php HTTP/1.1" 302 277 "-" "Mozilla/5.0 (Macintosh; Intel Mac OS X 13_5) AppleWebKit/605.1.15 (KHTML, like Gecko) Version/17.5 Safari/605.1.15"
104.207.43.178 - - [29/Jan/2026:12:35:32 -0500] "GET / HTTP/1.1" 200 17746 "-" "Mozilla/5.0 (Windows NT 10.0; Win64; x64; rv:127.0) Gecko/20100101 Firefox/127.0"
209.50.180.251 - - [29/Jan/2026:12:35:33 -0500] "GET / HTTP/1.1" 200 17746 "-" "Mozilla/5.0 (Windows NT 10.0; Win64; x64; rv:127.0) Gecko/20100101 Firefox/127.0"
216.26.239.107 - - [29/Jan/2026:12:35:35 -0500] "POST /xmlrpc.php HTTP/1.1" 302 277 "-" "Mozilla/5.0 (Windows NT 10.0; Win64; x64) AppleWebKit/537.36 (KHTML, like Gecko) Chrome/124.0.6367.207 Safari/537.36"
104.167.25.201 - - [29/Jan/2026:12:35:33 -0500] "GET / HTTP/1.1" 200 17746 "-" "Mozilla/5.0 (Macintosh; Intel Mac OS X 13_5) AppleWebKit/605.1.15 (KHTML, like Gecko) Version/17.5 Safari/605.1.15"
216.26.252.165 - - [29/Jan/2026:12:35:36 -0500] "POST /xmlrpc.php HTTP/1.1" 302 277 "-" "Mozilla/5.0 (Windows NT 10.0; Win64; x64) AppleWebKit/537.36 (KHTML, like Gecko) Chrome/124.0.6367.207 Safari/537.36"
193.56.28.252 - - [29/Jan/2026:12:35:36 -0500] "GET /wp-login.php?wp_lang=en_US HTTP/1.1" 200 2922 "-" "Mozilla/5.0 (Windows NT 10.0; Win64; x64) AppleWebKit/537.36 (KHTML, like Gecko) Chrome/124.0.6367.207 Safari/537.36"
216.26.239.107 - - [29/Jan/2026:12:35:36 -0500] "GET / HTTP/1.1" 200 17746 "-" "Mozilla/5.0 (Windows NT 10.0; Win64; x64) AppleWebKit/537.36 (KHTML, like Gecko) Chrome/124.0.6367.207 Safari/537.36"
45.3.39.112 - - [29/Jan/2026:12:35:39 -0500] "POST /xmlrpc.php HTTP/1.1" 302 277 "-" "Mozilla/5.0 (Macintosh; Intel Mac OS X 13_5) AppleWebKit/605.1.15 (KHTML, like Gecko) Version/17.5 Safari/605.1.15"
193.56.28.252 - - [29/Jan/2026:12:35:37 -0500] "POST /wp-login.php?wp_lang=en_US HTTP/1.1" 302 - "http://www.fagottube.com/wp-login.php?wp_lang=en_US" "Mozilla/5.0 (Windows NT 10.0; Win64; x64) AppleWebKit/537.36 (KHTML, like Gecko) Chrome/124.0.6367.207 Safari/537.36"
216.26.252.165 - - [29/Jan/2026:12:35:36 -0500] "GET / HTTP/1.1" 200 17746 "-" "Mozilla/5.0 (Windows NT 10.0; Win64; x64) AppleWebKit/537.36 (KHTML, like Gecko) Chrome/124.0.6367.207 Safari/537.36"
209.50.182.99 - - [29/Jan/2026:12:35:40 -0500] "GET /wp-login.php?wp_lang=en_US HTTP/1.1" 200 2922 "-" "Mozilla/5.0 (Windows NT 10.0; Win64; x64) AppleWebKit/537.36 (KHTML, like Gecko) Chrome/124.0.6367.207 Safari/537.36"
193.56.28.252 - - [29/Jan/2026:12:35:39 -0500] "GET /wp-admin/ HTTP/1.1" 200 77749 "http://www.fagottube.com/wp-login.php?wp_lang=en_US" "Mozilla/5.0 (Windows NT 10.0; Win64; x64) AppleWebKit/537.36 (KHTML, like Gecko) Chrome/124.0.6367.207 Safari/537.36"
45.3.39.112 - - [29/Jan/2026:12:35:39 -0500] "GET / HTTP/1.1" 200 17746 "-" "Mozilla/5.0 (Macintosh; Intel Mac OS X 13_5) AppleWebKit/605.1.15 (KHTML, like Gecko) Version/17.5 Safari/605.1.15"
209.50.172.234 - - [29/Jan/2026:12:35:41 -0500] "POST /xmlrpc.php HTTP/1.1" 302 277 "-" "Mozilla/5.0 (Windows NT 10.0; Win64; x64; rv:127.0) Gecko/20100101 Firefox/127.0"
209.50.182.99 - - [29/Jan/2026:12:35:41 -0500] "POST /wp-login.php?wp_lang=en_US HTTP/1.1" 302 - "http://www.fagottube.com/wp-login.php?wp_lang=en_US" "Mozilla/5.0 (Windows NT 10.0; Win64; x64) AppleWebKit/537.36 (KHTML, like Gecko) Chrome/124.0.6367.207 Safari/537.36"
209.50.172.234 - - [29/Jan/2026:12:35:41 -0500] "GET / HTTP/1.1" 200 17746 "-" "Mozilla/5.0 (Windows NT 10.0; Win64; x64; rv:127.0) Gecko/20100101 Firefox/127.0"
209.50.182.99 - - [29/Jan/2026:12:35:42 -0500] "GET /wp-admin/ HTTP/1.1" 200 77749 "http://www.fagottube.com/wp-login.php?wp_lang=en_US" "Mozilla/5.0 (Windows NT 10.0; Win64; x64) AppleWebKit/537.36 (KHTML, like Gecko) Chrome/124.0.6367.207 Safari/537.36"
193.56.28.252 - - [29/Jan/2026:12:35:42 -0500] "GET /wp-admin/admin-ajax.php?action=rest-nonce HTTP/1.1" 400 1 "-" "Mozilla/5.0 (Windows NT 10.0; Win64; x64) AppleWebKit/537.36 (KHTML, like Gecko) Chrome/124.0.6367.207 Safari/537.36"
209.50.177.156 - - [29/Jan/2026:12:35:43 -0500] "GET /wp-login.php?wp_lang=en_US HTTP/1.1" 200 2922 "-" "Mozilla/5.0 (Windows NT 10.0; Win64; x64) AppleWebKit/537.36 (KHTML, like Gecko) Chrome/124.0.6367.207 Safari/537.36"
193.56.28.252 - - [29/Jan/2026:12:35:43 -0500] "GET /wp-admin/admin-ajax.php?action=rest-nonce HTTP/1.1" 400 1 "-" "Mozilla/5.0 (Windows NT 10.0; Win64; x64) AppleWebKit/537.36 (KHTML, like Gecko) Chrome/124.0.6367.207 Safari/537.36"
209.50.182.99 - - [29/Jan/2026:12:35:43 -0500] "GET /wp-admin/admin-ajax.php?action=rest-nonce HTTP/1.1" 400 1 "-" "Mozilla/5.0 (Windows NT 10.0; Win64; x64) AppleWebKit/537.36 (KHTML, like Gecko) Chrome/124.0.6367.207 Safari/537.36"
209.50.177.156 - - [29/Jan/2026:12:35:44 -0500] "POST /wp-login.php?wp_lang=en_US HTTP/1.1" 302 - "http://www.fagottube.com/wp-login.php?wp_lang=en_US" "Mozilla/5.0 (Windows NT 10.0; Win64; x64) AppleWebKit/537.36 (KHTML, like Gecko) Chrome/124.0.6367.207 Safari/537.36"
193.56.28.252 - - [29/Jan/2026:12:35:44 -0500] "GET /wp-admin/admin-ajax.php?action=rest-nonce HTTP/1.1" 400 1 "-" "Mozilla/5.0 (Windows NT 10.0; Win64; x64) AppleWebKit/537.36 (KHTML, like Gecko) Chrome/124.0.6367.207 Safari/537.36"
209.50.182.99 - - [29/Jan/2026:12:35:44 -0500] "GET /wp-admin/admin-ajax.php?action=rest-nonce HTTP/1.1" 400 1 "-" "Mozilla/5.0 (Windows NT 10.0; Win64; x64) AppleWebKit/537.36 (KHTML, like Gecko) Chrome/124.0.6367.207 Safari/537.36"
209.50.177.156 - - [29/Jan/2026:12:35:44 -0500] "GET /wp-admin/ HTTP/1.1" 200 77749 "http://www.fagottube.com/wp-login.php?wp_lang=en_US" "Mozilla/5.0 (Windows NT 10.0; Win64; x64) AppleWebKit/537.36 (KHTML, like Gecko) Chrome/124.0.6367.207 Safari/537.36"
209.50.182.99 - - [29/Jan/2026:12:35:45 -0500] "GET /wp-admin/admin-ajax.php?action=rest-nonce HTTP/1.1" 400 1 "-" "Mozilla/5.0 (Windows NT 10.0; Win64; x64) AppleWebKit/537.36 (KHTML, like Gecko) Chrome/124.0.6367.207 Safari/537.36"
209.50.177.156 - - [29/Jan/2026:12:35:45 -0500] "GET /wp-admin/admin-ajax.php?action=rest-nonce HTTP/1.1" 400 1 "-" "Mozilla/5.0 (Windows NT 10.0; Win64; x64) AppleWebKit/537.36 (KHTML, like Gecko) Chrome/124.0.6367.207 Safari/537.36"
209.50.177.156 - - [29/Jan/2026:12:35:46 -0500] "GET /wp-admin/admin-ajax.php?action=rest-nonce HTTP/1.1" 400 1 "-" "Mozilla/5.0 (Windows NT 10.0; Win64; x64) AppleWebKit/537.36 (KHTML, like Gecko) Chrome/124.0.6367.207 Safari/537.36"
209.50.177.156 - - [29/Jan/2026:12:35:47 -0500] "GET /wp-admin/admin-ajax.php?action=rest-nonce HTTP/1.1" 400 1 "-" "Mozilla/5.0 (Windows NT 10.0; Win64; x64) AppleWebKit/537.36 (KHTML, like Gecko) Chrome/124.0.6367.207 Safari/537.36"
45.3.62.221 - - [29/Jan/2026:12:36:01 -0500] "GET /wp-login.php HTTP/1.1" 200 2922 "-" "Mozilla/5.0 (Windows NT 10.0; Win64; x64) AppleWebKit/537.36 (KHTML, like Gecko) Chrome/124.0.6367.207 Safari/537.36"
45.3.62.221 - - [29/Jan/2026:12:36:02 -0500] "POST /xmlrpc.php HTTP/1.1" 302 277 "-" "Mozilla/5.0 (Windows NT 10.0; Win64; x64) AppleWebKit/537.36 (KHTML, like Gecko) Chrome/124.0.6367.207 Safari/537.36"
45.3.62.221 - - [29/Jan/2026:12:36:03 -0500] "GET / HTTP/1.1" 200 17746 "-" "Mozilla/5.0 (Windows NT 10.0; Win64; x64) AppleWebKit/537.36 (KHTML, like Gecko) Chrome/124.0.6367.207 Safari/537.36"
216.26.225.89 - - [29/Jan/2026:12:36:04 -0500] "POST /xmlrpc.php HTTP/1.1" 302 277 "-" "Mozilla/5.0 (Windows NT 10.0; Win64; x64) AppleWebKit/537.36 (KHTML, like Gecko) Chrome/124.0.6367.207 Safari/537.36"
216.26.225.89 - - [29/Jan/2026:12:36:04 -0500] "GET / HTTP/1.1" 200 17746 "-" "Mozilla/5.0 (Windows NT 10.0; Win64; x64) AppleWebKit/537.36 (KHTML, like Gecko) Chrome/124.0.6367.207 Safari/537.36"
45.3.42.142 - - [29/Jan/2026:12:36:05 -0500] "POST /xmlrpc.php HTTP/1.1" 302 277 "-" "Mozilla/5.0 (Windows NT 10.0; Win64; x64; rv:127.0) Gecko/20100101 Firefox/127.0"
45.3.42.142 - - [29/Jan/2026:12:36:05 -0500] "GET / HTTP/1.1" 200 17746 "-" "Mozilla/5.0 (Windows NT 10.0; Win64; x64; rv:127.0) Gecko/20100101 Firefox/127.0"
45.3.43.129 - - [29/Jan/2026:12:36:06 -0500] "POST /xmlrpc.php HTTP/1.1" 302 277 "-" "Mozilla/5.0 (Windows NT 10.0; Win64; x64; rv:127.0) Gecko/20100101 Firefox/127.0"
45.3.43.129 - - [29/Jan/2026:12:36:06 -0500] "GET / HTTP/1.1" 200 17746 "-" "Mozilla/5.0 (Windows NT 10.0; Win64; x64; rv:127.0) Gecko/20100101 Firefox/127.0"
209.50.181.72 - - [29/Jan/2026:12:36:08 -0500] "POST /xmlrpc.php HTTP/1.1" 302 277 "-" "Mozilla/5.0 (Windows NT 10.0; Win64; x64) AppleWebKit/537.36 (KHTML, like Gecko) Chrome/124.0.6367.207 Safari/537.36"
209.50.181.72 - - [29/Jan/2026:12:36:08 -0500] "GET / HTTP/1.1" 200 17746 "-" "Mozilla/5.0 (Windows NT 10.0; Win64; x64) AppleWebKit/537.36 (KHTML, like Gecko) Chrome/124.0.6367.207 Safari/537.36"
65.111.11.178 - - [29/Jan/2026:12:36:09 -0500] "POST /xmlrpc.php HTTP/1.1" 302 277 "-" "Mozilla/5.0 (Windows NT 10.0; Win64; x64) AppleWebKit/537.36 (KHTML, like Gecko) Chrome/124.0.6367.207 Safari/537.36"
65.111.11.178 - - [29/Jan/2026:12:36:09 -0500] "GET / HTTP/1.1" 200 17746 "-" "Mozilla/5.0 (Windows NT 10.0; Win64; x64) AppleWebKit/537.36 (KHTML, like Gecko) Chrome/124.0.6367.207 Safari/537.36"
104.207.49.254 - - [29/Jan/2026:12:36:11 -0500] "POST /xmlrpc.php HTTP/1.1" 302 277 "-" "Mozilla/5.0 (Macintosh; Intel Mac OS X 13_5) AppleWebKit/605.1.15 (KHTML, like Gecko) Version/17.5 Safari/605.1.15"
104.207.49.254 - - [29/Jan/2026:12:36:11 -0500] "GET / HTTP/1.1" 200 17746 "-" "Mozilla/5.0 (Macintosh; Intel Mac OS X 13_5) AppleWebKit/605.1.15 (KHTML, like Gecko) Version/17.5 Safari/605.1.15"
216.26.240.206 - - [29/Jan/2026:12:36:13 -0500] "POST /xmlrpc.php HTTP/1.1" 302 277 "-" "Mozilla/5.0 (Windows NT 10.0; Win64; x64) AppleWebKit/537.36 (KHTML, like Gecko) Chrome/124.0.6367.207 Safari/537.36"
216.26.240.206 - - [29/Jan/2026:12:36:13 -0500] "GET / HTTP/1.1" 200 17746 "-" "Mozilla/5.0 (Windows NT 10.0; Win64; x64) AppleWebKit/537.36 (KHTML, like Gecko) Chrome/124.0.6367.207 Safari/537.36"
104.207.46.102 - - [29/Jan/2026:12:36:14 -0500] "POST /xmlrpc.php HTTP/1.1" 302 277 "-" "Mozilla/5.0 (Windows NT 10.0; Win64; x64; rv:127.0) Gecko/20100101 Firefox/127.0"
104.207.46.102 - - [29/Jan/2026:12:36:15 -0500] "GET / HTTP/1.1" 200 17746 "-" "Mozilla/5.0 (Windows NT 10.0; Win64; x64; rv:127.0) Gecko/20100101 Firefox/127.0"
216.26.247.82 - - [29/Jan/2026:12:36:16 -0500] "POST /xmlrpc.php HTTP/1.1" 302 277 "-" "Mozilla/5.0 (Macintosh; Intel Mac OS X 13_5) AppleWebKit/605.1.15 (KHTML, like Gecko) Version/17.5 Safari/605.1.15"
216.26.247.82 - - [29/Jan/2026:12:36:16 -0500] "GET / HTTP/1.1" 200 17746 "-" "Mozilla/5.0 (Macintosh; Intel Mac OS X 13_5) AppleWebKit/605.1.15 (KHTML, like Gecko) Version/17.5 Safari/605.1.15"
65.111.12.39 - - [29/Jan/2026:12:36:18 -0500] "POST /xmlrpc.php HTTP/1.1" 302 277 "-" "Mozilla/5.0 (Windows NT 10.0; Win64; x64; rv:127.0) Gecko/20100101 Firefox/127.0"
65.111.12.39 - - [29/Jan/2026:12:36:18 -0500] "GET / HTTP/1.1" 200 17746 "-" "Mozilla/5.0 (Windows NT 10.0; Win64; x64; rv:127.0) Gecko/20100101 Firefox/127.0"
45.3.62.221 - - [29/Jan/2026:12:36:20 -0500] "GET /wp-login.php?wp_lang=en_US HTTP/1.1" 200 2922 "-" "Mozilla/5.0 (Windows NT 10.0; Win64; x64) AppleWebKit/537.36 (KHTML, like Gecko) Chrome/124.0.6367.207 Safari/537.36"
45.3.62.221 - - [29/Jan/2026:12:36:21 -0500] "POST /wp-login.php?wp_lang=en_US HTTP/1.1" 302 - "http://www.fagottube.com/wp-login.php?wp_lang=en_US" "Mozilla/5.0 (Windows NT 10.0; Win64; x64) AppleWebKit/537.36 (KHTML, like Gecko) Chrome/124.0.6367.207 Safari/537.36"
45.3.62.221 - - [29/Jan/2026:12:36:21 -0500] "GET /wp-admin/ HTTP/1.1" 200 77749 "http://www.fagottube.com/wp-login.php?wp_lang=en_US" "Mozilla/5.0 (Windows NT 10.0; Win64; x64) AppleWebKit/537.36 (KHTML, like Gecko) Chrome/124.0.6367.207 Safari/537.36"
45.3.62.221 - - [29/Jan/2026:12:36:22 -0500] "GET /wp-admin/admin-ajax.php?action=rest-nonce HTTP/1.1" 400 1 "-" "Mozilla/5.0 (Windows NT 10.0; Win64; x64) AppleWebKit/537.36 (KHTML, like Gecko) Chrome/124.0.6367.207 Safari/537.36"
45.3.62.221 - - [29/Jan/2026:12:36:23 -0500] "GET /wp-admin/admin-ajax.php?action=rest-nonce HTTP/1.1" 400 1 "-" "Mozilla/5.0 (Windows NT 10.0; Win64; x64) AppleWebKit/537.36 (KHTML, like Gecko) Chrome/124.0.6367.207 Safari/537.36"
45.3.62.221 - - [29/Jan/2026:12:36:23 -0500] "GET /wp-admin/admin-ajax.php?action=rest-nonce HTTP/1.1" 400 1 "-" "Mozilla/5.0 (Windows NT 10.0; Win64; x64) AppleWebKit/537.36 (KHTML, like Gecko) Chrome/124.0.6367.207 Safari/537.36"
74.206.190.117 - - [29/Jan/2026:12:40:33 -0500] "GET / HTTP/1.1" 200 17746 "-" "curl/7.29.0"
74.206.190.117 - - [29/Jan/2026:12:45:17 -0500] "GET / HTTP/1.1" 200 17746 "-" "curl/7.29.0"
37.59.21.100 - - [29/Jan/2026:12:45:41 -0500] "GET /index.php/tag/creampie/feed HTTP/1.1" 200 4291 "-" "Mozilla/5.0 (X11; Linux i686) AppleWebKit/537.36 (KHTML, like Gecko) Chrome/30.0.1599.66 Safari/537.36"
159.89.12.166 - - [29/Jan/2026:12:48:36 -0500] "GET / HTTP/1.1" 200 17746 "-" "-"
159.89.12.166 - - [29/Jan/2026:12:48:37 -0500] "GET / HTTP/1.1" 200 17746 "-" "Mozilla/5.0 (l9scan/2.0.731313e2039313e2630323e24373; +https://leakix.net)"
159.89.12.166 - - [29/Jan/2026:12:48:38 -0500] "GET /server HTTP/1.1" 302 274 "-" "Mozilla/5.0 (l9scan/2.0.731313e2039313e2630323e24373; +https://leakix.net)"
159.89.12.166 - - [29/Jan/2026:12:48:39 -0500] "GET /server-status HTTP/1.1" 200 46705 "-" "Mozilla/5.0 (l9scan/2.0.731313e2039313e2630323e24373; +https://leakix.net)"
159.89.12.166 - - [29/Jan/2026:12:48:41 -0500] "GET /about HTTP/1.1" 302 274 "-" "Mozilla/5.0 (l9scan/2.0.731313e2039313e2630323e24373; +https://leakix.net)"
159.89.12.166 - - [29/Jan/2026:12:48:42 -0500] "GET /login.action HTTP/1.1" 302 274 "-" "Mozilla/5.0 (l9scan/2.0.731313e2039313e2630323e24373; +https://leakix.net)"
159.89.12.166 - - [29/Jan/2026:12:48:43 -0500] "GET /v2/_catalog HTTP/1.1" 302 274 "-" "Mozilla/5.0 (l9scan/2.0.731313e2039313e2630323e24373; +https://leakix.net)"
159.89.12.166 - - [29/Jan/2026:12:48:43 -0500] "GET /.DS_Store HTTP/1.1" 302 274 "-" "Mozilla/5.0 (l9scan/2.0.731313e2039313e2630323e24373; +https://leakix.net)"
159.89.12.166 - - [29/Jan/2026:12:48:44 -0500] "GET /.env HTTP/1.1" 302 274 "-" "Mozilla/5.0 (l9scan/2.0.731313e2039313e2630323e24373; +https://leakix.net)"
159.89.12.166 - - [29/Jan/2026:12:48:46 -0500] "GET /ecp/Current/exporttool/microsoft.exchange.ediscovery.exporttool.application HTTP/1.1" 302 274 "-" "Mozilla/5.0 (l9scan/2.0.731313e2039313e2630323e24373; +https://leakix.net)"
159.89.12.166 - - [29/Jan/2026:12:48:48 -0500] "GET /.git/config HTTP/1.1" 302 274 "-" "Mozilla/5.0 (l9scan/2.0.731313e2039313e2630323e24373; +https://leakix.net)"
159.89.12.166 - - [29/Jan/2026:12:48:49 -0500] "POST /graphql HTTP/1.1" 302 274 "-" "Mozilla/5.0 (l9scan/2.0.731313e2039313e2630323e24373; +https://leakix.net)"
159.89.12.166 - - [29/Jan/2026:12:48:49 -0500] "POST /api HTTP/1.1" 302 274 "-" "Mozilla/5.0 (l9scan/2.0.731313e2039313e2630323e24373; +https://leakix.net)"
159.89.12.166 - - [29/Jan/2026:12:48:49 -0500] "POST /api/graphql HTTP/1.1" 302 274 "-" "Mozilla/5.0 (l9scan/2.0.731313e2039313e2630323e24373; +https://leakix.net)"
159.89.12.166 - - [29/Jan/2026:12:48:50 -0500] "POST /graphql/api HTTP/1.1" 302 274 "-" "Mozilla/5.0 (l9scan/2.0.731313e2039313e2630323e24373; +https://leakix.net)"
159.89.12.166 - - [29/Jan/2026:12:48:50 -0500] "POST /api/gql HTTP/1.1" 302 274 "-" "Mozilla/5.0 (l9scan/2.0.731313e2039313e2630323e24373; +https://leakix.net)"
159.89.12.166 - - [29/Jan/2026:12:48:50 -0500] "GET /s/731313e2039313e2630323e24373/_/;/META-INF/maven/com.atlassian.jira/jira-webapp-dist/pom.properties HTTP/1.1" 302 274 "-" "Mozilla/5.0 (l9scan/2.0.731313e2039313e2630323e24373; +https://leakix.net)"
159.89.12.166 - - [29/Jan/2026:12:48:51 -0500] "GET /config.json HTTP/1.1" 302 274 "-" "Mozilla/5.0 (l9scan/2.0.731313e2039313e2630323e24373; +https://leakix.net)"
159.89.12.166 - - [29/Jan/2026:12:48:53 -0500] "GET /telescope/requests HTTP/1.1" 302 274 "-" "Mozilla/5.0 (l9scan/2.0.731313e2039313e2630323e24373; +https://leakix.net)"
159.89.12.166 - - [29/Jan/2026:12:48:53 -0500] "POST /php-cgi/php-cgi.exe?%ADd+cgi.force_redirect%3D0+%ADd+disable_functions%3D\"\"+%ADd+allow_url_include%3D1+%ADd+auto_prepend_file%3Dphp://input HTTP/1.1" 302 274 "-" "Mozilla/5.0 (l9scan/2.0.731313e2039313e2630323e24373; +https://leakix.net)"
159.89.12.166 - - [29/Jan/2026:12:48:54 -0500] "GET /info.php HTTP/1.1" 302 274 "-" "Mozilla/5.0 (l9scan/2.0.731313e2039313e2630323e24373; +https://leakix.net)"
159.89.12.166 - - [29/Jan/2026:12:48:55 -0500] "GET /actuator/env HTTP/1.1" 302 274 "-" "Mozilla/5.0 (l9scan/2.0.731313e2039313e2630323e24373; +https://leakix.net)"
159.89.12.166 - - [29/Jan/2026:12:48:57 -0500] "GET /swagger-ui.html HTTP/1.1" 302 274 "-" "Mozilla/5.0 (l9scan/2.0.731313e2039313e2630323e24373; +https://leakix.net)"
159.89.12.166 - - [29/Jan/2026:12:48:58 -0500] "GET /swagger/index.html HTTP/1.1" 302 274 "-" "Mozilla/5.0 (l9scan/2.0.731313e2039313e2630323e24373; +https://leakix.net)"
159.89.12.166 - - [29/Jan/2026:12:48:59 -0500] "GET /swagger/swagger-ui.html HTTP/1.1" 302 274 "-" "Mozilla/5.0 (l9scan/2.0.731313e2039313e2630323e24373; +https://leakix.net)"
159.89.12.166 - - [29/Jan/2026:12:49:00 -0500] "GET /webjars/swagger-ui/index.html HTTP/1.1" 302 274 "-" "Mozilla/5.0 (l9scan/2.0.731313e2039313e2630323e24373; +https://leakix.net)"
159.89.12.166 - - [29/Jan/2026:12:49:01 -0500] "GET /swagger.json HTTP/1.1" 302 274 "-" "Mozilla/5.0 (l9scan/2.0.731313e2039313e2630323e24373; +https://leakix.net)"
159.89.12.166 - - [29/Jan/2026:12:49:02 -0500] "GET /swagger/v1/swagger.json HTTP/1.1" 302 274 "-" "Mozilla/5.0 (l9scan/2.0.731313e2039313e2630323e24373; +https://leakix.net)"
159.89.12.166 - - [29/Jan/2026:12:49:03 -0500] "GET /v2/api-docs HTTP/1.1" 302 274 "-" "Mozilla/5.0 (l9scan/2.0.731313e2039313e2630323e24373; +https://leakix.net)"
159.89.12.166 - - [29/Jan/2026:12:49:04 -0500] "GET /v3/api-docs HTTP/1.1" 302 274 "-" "Mozilla/5.0 (l9scan/2.0.731313e2039313e2630323e24373; +https://leakix.net)"
159.89.12.166 - - [29/Jan/2026:12:49:05 -0500] "GET /api-docs/swagger.json HTTP/1.1" 302 274 "-" "Mozilla/5.0 (l9scan/2.0.731313e2039313e2630323e24373; +https://leakix.net)"
159.89.12.166 - - [29/Jan/2026:12:49:06 -0500] "GET /api/swagger.json HTTP/1.1" 302 274 "-" "Mozilla/5.0 (l9scan/2.0.731313e2039313e2630323e24373; +https://leakix.net)"
159.89.12.166 - - [29/Jan/2026:12:49:07 -0500] "GET /@vite/env HTTP/1.1" 302 274 "-" "Mozilla/5.0 (l9scan/2.0.731313e2039313e2630323e24373; +https://leakix.net)"
159.89.12.166 - - [29/Jan/2026:12:49:08 -0500] "GET /.vscode/sftp.json HTTP/1.1" 302 274 "-" "Mozilla/5.0 (l9scan/2.0.731313e2039313e2630323e24373; +https://leakix.net)"
159.89.12.166 - - [29/Jan/2026:12:49:09 -0500] "GET /?rest_route=/wp/v2/users/ HTTP/1.1" 200 599 "-" "Mozilla/5.0 (l9scan/2.0.731313e2039313e2630323e24373; +https://leakix.net)"
159.89.12.166 - - [29/Jan/2026:12:49:10 -0500] "GET /debug/default/view?panel=config HTTP/1.1" 302 274 "-" "Mozilla/5.0 (l9scan/2.0.731313e2039313e2630323e24373; +https://leakix.net)"
89.42.231.200 - - [29/Jan/2026:12:49:37 -0500] "GET /cgi-bin/luci/;stok=/locale HTTP/1.1" 302 274 "-" "-"
74.206.190.117 - - [29/Jan/2026:12:50:13 -0500] "GET / HTTP/1.1" 200 17746 "-" "curl/7.29.0"
209.50.176.164 - - [29/Jan/2026:12:51:55 -0500] "GET /wp-login.php HTTP/1.1" 200 2922 "-" "Mozilla/5.0 (Windows NT 10.0; Win64; x64) AppleWebKit/537.36 (KHTML, like Gecko) Chrome/124.0.6367.207 Safari/537.36"
209.50.176.164 - - [29/Jan/2026:12:51:56 -0500] "POST /xmlrpc.php HTTP/1.1" 302 277 "-" "Mozilla/5.0 (Windows NT 10.0; Win64; x64) AppleWebKit/537.36 (KHTML, like Gecko) Chrome/124.0.6367.207 Safari/537.36"
209.50.176.164 - - [29/Jan/2026:12:51:56 -0500] "GET / HTTP/1.1" 200 17746 "-" "Mozilla/5.0 (Windows NT 10.0; Win64; x64) AppleWebKit/537.36 (KHTML, like Gecko) Chrome/124.0.6367.207 Safari/537.36"
154.213.165.108 - - [29/Jan/2026:12:51:57 -0500] "POST /xmlrpc.php HTTP/1.1" 302 277 "-" "Mozilla/5.0 (Macintosh; Intel Mac OS X 13_5) AppleWebKit/605.1.15 (KHTML, like Gecko) Version/17.5 Safari/605.1.15"
154.213.165.108 - - [29/Jan/2026:12:51:57 -0500] "GET / HTTP/1.1" 200 17746 "-" "Mozilla/5.0 (Macintosh; Intel Mac OS X 13_5) AppleWebKit/605.1.15 (KHTML, like Gecko) Version/17.5 Safari/605.1.15"
65.111.30.12 - - [29/Jan/2026:12:51:58 -0500] "POST /xmlrpc.php HTTP/1.1" 302 277 "-" "Mozilla/5.0 (Windows NT 10.0; Win64; x64; rv:127.0) Gecko/20100101 Firefox/127.0"
65.111.30.12 - - [29/Jan/2026:12:51:58 -0500] "GET / HTTP/1.1" 200 17746 "-" "Mozilla/5.0 (Windows NT 10.0; Win64; x64; rv:127.0) Gecko/20100101 Firefox/127.0"
45.3.34.91 - - [29/Jan/2026:12:51:59 -0500] "POST /xmlrpc.php HTTP/1.1" 302 277 "-" "Mozilla/5.0 (Windows NT 10.0; Win64; x64; rv:127.0) Gecko/20100101 Firefox/127.0"
45.3.34.91 - - [29/Jan/2026:12:51:59 -0500] "GET / HTTP/1.1" 200 17746 "-" "Mozilla/5.0 (Windows NT 10.0; Win64; x64; rv:127.0) Gecko/20100101 Firefox/127.0"
216.26.241.112 - - [29/Jan/2026:12:52:00 -0500] "POST /xmlrpc.php HTTP/1.1" 302 277 "-" "Mozilla/5.0 (Windows NT 10.0; Win64; x64) AppleWebKit/537.36 (KHTML, like Gecko) Chrome/124.0.6367.207 Safari/537.36"
216.26.241.112 - - [29/Jan/2026:12:52:00 -0500] "GET / HTTP/1.1" 200 17746 "-" "Mozilla/5.0 (Windows NT 10.0; Win64; x64) AppleWebKit/537.36 (KHTML, like Gecko) Chrome/124.0.6367.207 Safari/537.36"
45.3.39.93 - - [29/Jan/2026:12:52:01 -0500] "POST /xmlrpc.php HTTP/1.1" 302 277 "-" "Mozilla/5.0 (Windows NT 10.0; Win64; x64; rv:127.0) Gecko/20100101 Firefox/127.0"
45.3.39.93 - - [29/Jan/2026:12:52:01 -0500] "GET / HTTP/1.1" 200 17746 "-" "Mozilla/5.0 (Windows NT 10.0; Win64; x64; rv:127.0) Gecko/20100101 Firefox/127.0"
104.167.25.136 - - [29/Jan/2026:12:52:02 -0500] "POST /xmlrpc.php HTTP/1.1" 302 277 "-" "Mozilla/5.0 (Windows NT 10.0; Win64; x64; rv:127.0) Gecko/20100101 Firefox/127.0"
104.167.25.136 - - [29/Jan/2026:12:52:02 -0500] "GET / HTTP/1.1" 200 17746 "-" "Mozilla/5.0 (Windows NT 10.0; Win64; x64; rv:127.0) Gecko/20100101 Firefox/127.0"
216.26.245.236 - - [29/Jan/2026:12:52:03 -0500] "POST /xmlrpc.php HTTP/1.1" 302 277 "-" "Mozilla/5.0 (Macintosh; Intel Mac OS X 13_5) AppleWebKit/605.1.15 (KHTML, like Gecko) Version/17.5 Safari/605.1.15"
216.26.245.236 - - [29/Jan/2026:12:52:03 -0500] "GET / HTTP/1.1" 200 17746 "-" "Mozilla/5.0 (Macintosh; Intel Mac OS X 13_5) AppleWebKit/605.1.15 (KHTML, like Gecko) Version/17.5 Safari/605.1.15"
209.50.163.169 - - [29/Jan/2026:12:52:04 -0500] "POST /xmlrpc.php HTTP/1.1" 302 277 "-" "Mozilla/5.0 (Windows NT 10.0; Win64; x64) AppleWebKit/537.36 (KHTML, like Gecko) Chrome/124.0.6367.207 Safari/537.36"
209.50.163.169 - - [29/Jan/2026:12:52:04 -0500] "GET / HTTP/1.1" 200 17746 "-" "Mozilla/5.0 (Windows NT 10.0; Win64; x64) AppleWebKit/537.36 (KHTML, like Gecko) Chrome/124.0.6367.207 Safari/537.36"
45.3.46.238 - - [29/Jan/2026:12:52:05 -0500] "POST /xmlrpc.php HTTP/1.1" 302 277 "-" "Mozilla/5.0 (Macintosh; Intel Mac OS X 13_5) AppleWebKit/605.1.15 (KHTML, like Gecko) Version/17.5 Safari/605.1.15"
45.3.46.238 - - [29/Jan/2026:12:52:05 -0500] "GET / HTTP/1.1" 200 17746 "-" "Mozilla/5.0 (Macintosh; Intel Mac OS X 13_5) AppleWebKit/605.1.15 (KHTML, like Gecko) Version/17.5 Safari/605.1.15"
209.50.164.47 - - [29/Jan/2026:12:52:06 -0500] "POST /xmlrpc.php HTTP/1.1" 302 277 "-" "Mozilla/5.0 (Windows NT 10.0; Win64; x64; rv:127.0) Gecko/20100101 Firefox/127.0"
209.50.164.47 - - [29/Jan/2026:12:52:06 -0500] "GET / HTTP/1.1" 200 17746 "-" "Mozilla/5.0 (Windows NT 10.0; Win64; x64; rv:127.0) Gecko/20100101 Firefox/127.0"
209.50.176.164 - - [29/Jan/2026:12:52:07 -0500] "GET /wp-login.php?wp_lang=en_US HTTP/1.1" 200 2922 "-" "Mozilla/5.0 (Windows NT 10.0; Win64; x64) AppleWebKit/537.36 (KHTML, like Gecko) Chrome/124.0.6367.207 Safari/537.36"
209.50.176.164 - - [29/Jan/2026:12:52:07 -0500] "POST /wp-login.php?wp_lang=en_US HTTP/1.1" 302 - "http://www.fagottube.com/wp-login.php?wp_lang=en_US" "Mozilla/5.0 (Windows NT 10.0; Win64; x64) AppleWebKit/537.36 (KHTML, like Gecko) Chrome/124.0.6367.207 Safari/537.36"
209.50.176.164 - - [29/Jan/2026:12:52:07 -0500] "GET /wp-admin/ HTTP/1.1" 200 77749 "http://www.fagottube.com/wp-login.php?wp_lang=en_US" "Mozilla/5.0 (Windows NT 10.0; Win64; x64) AppleWebKit/537.36 (KHTML, like Gecko) Chrome/124.0.6367.207 Safari/537.36"
209.50.176.164 - - [29/Jan/2026:12:52:08 -0500] "GET /wp-admin/admin-ajax.php?action=rest-nonce HTTP/1.1" 400 1 "-" "Mozilla/5.0 (Windows NT 10.0; Win64; x64) AppleWebKit/537.36 (KHTML, like Gecko) Chrome/124.0.6367.207 Safari/537.36"
209.50.176.164 - - [29/Jan/2026:12:52:08 -0500] "GET /wp-admin/admin-ajax.php?action=rest-nonce HTTP/1.1" 400 1 "-" "Mozilla/5.0 (Windows NT 10.0; Win64; x64) AppleWebKit/537.36 (KHTML, like Gecko) Chrome/124.0.6367.207 Safari/537.36"
209.50.176.164 - - [29/Jan/2026:12:52:09 -0500] "GET /wp-admin/admin-ajax.php?action=rest-nonce HTTP/1.1" 400 1 "-" "Mozilla/5.0 (Windows NT 10.0; Win64; x64) AppleWebKit/537.36 (KHTML, like Gecko) Chrome/124.0.6367.207 Safari/537.36"
37.59.21.100 - - [29/Jan/2026:12:52:13 -0500] "GET /index.php/gay-fags/gay-sex-tube-fags.html/feed HTTP/1.1" 200 828 "-" "Mozilla/5.0 (X11; Linux i686) AppleWebKit/537.36 (KHTML, like Gecko) Chrome/30.0.1599.66 Safari/537.36"
204.76.203.212 - - [29/Jan/2026:12:55:06 -0500] "GET / HTTP/1.1" 200 17746 "-" "Mozilla/5.0 (Windows NT 10.0; Win64; x64) AppleWebKit/537.36 (KHTML, like Gecko) Chrome/90.0.4430.85 Safari/537.36 Edg/90.0.818.46"
74.206.190.117 - - [29/Jan/2026:12:55:13 -0500] "GET / HTTP/1.1" 200 17746 "-" "curl/7.29.0"
74.206.190.117 - - [29/Jan/2026:13:00:18 -0500] "GET / HTTP/1.1" 200 17746 "-" "curl/7.29.0"
38.240.58.88 - - [29/Jan/2026:13:02:57 -0500] "GET /vendor/phpunit/phpunit/phpunit.xsd HTTP/1.1" 302 273 "-" "Mozilla/5.0 (X11; Linux x86_64; rv:52.0) Gecko/20100101 Firefox/52.0"
74.206.190.117 - - [29/Jan/2026:13:05:13 -0500] "GET / HTTP/1.1" 200 17746 "-" "curl/7.29.0"
35.196.200.220 - - [29/Jan/2026:13:07:18 -0500] "HEAD /wp/ HTTP/1.1" 302 - "-" "Mozilla/5.0 (X11; Linux x86_64) AppleWebKit/537.36 (KHTML, like Gecko) Chrome/125.0.6422.76 Safari/537.36"
35.196.200.220 - - [29/Jan/2026:13:07:18 -0500] "HEAD /old/ HTTP/1.1" 302 - "-" "Mozilla/5.0 (Linux; Android 12; Redmi Note 11) AppleWebKit/537.36 (KHTML, like Gecko) Chrome/123.0.6312.112 Mobile Safari/537.36"
35.196.200.220 - - [29/Jan/2026:13:07:18 -0500] "HEAD / HTTP/1.1" 301 - "-" "Mozilla/5.0 (Linux; Android 13; Infinix X688B) AppleWebKit/537.36 (KHTML, like Gecko) Chrome/124.0.6367.48 Mobile Safari/537.36"
35.196.200.220 - - [29/Jan/2026:13:07:18 -0500] "HEAD / HTTP/1.1" 200 - "http://fagottube.com/" "Mozilla/5.0 (Linux; Android 13; Infinix X688B) AppleWebKit/537.36 (KHTML, like Gecko) Chrome/124.0.6367.48 Mobile Safari/537.36"
35.196.200.220 - - [29/Jan/2026:13:07:18 -0500] "HEAD /blog/ HTTP/1.1" 302 - "-" "Mozilla/5.0 (Windows NT 10.0; Win64; x64) AppleWebKit/537.36 (KHTML, like Gecko) Chrome/127.0.6534.42 Safari/537.36"
35.196.200.220 - - [29/Jan/2026:13:07:18 -0500] "HEAD /backup/ HTTP/1.1" 302 - "-" "Mozilla/5.0 (X11; Fedora; Linux x86_64; rv:125.0) Gecko/20100101 Firefox/125.0"
35.196.200.220 - - [29/Jan/2026:13:07:18 -0500] "HEAD /new/ HTTP/1.1" 302 - "-" "Mozilla/5.0 (X11; Linux x86_64) AppleWebKit/537.36 (KHTML, like Gecko) Chrome/125.0.6422.76 Safari/537.36"
35.196.200.220 - - [29/Jan/2026:13:07:18 -0500] "HEAD /wordpress/ HTTP/1.1" 302 - "-" "Mozilla/5.0 (Linux; U; Android 10; en-US; CPH2015) AppleWebKit/537.36 (KHTML, like Gecko) UCBrowser/13.5.8.1311 Mobile Safari/537.36"
74.206.190.117 - - [29/Jan/2026:13:10:12 -0500] "GET / HTTP/1.1" 200 17746 "-" "curl/7.29.0"
107.189.11.186 - - [29/Jan/2026:13:12:19 -0500] "GET /wp-login.php HTTP/1.1" 200 2922 "-" "Mozilla/5.0 (Macintosh; Intel Mac OS X 10_10) AppleWebKit/538.46 (KHTML, like Gecko) Version/8.0 Safari/538.46"
107.189.11.186 - - [29/Jan/2026:13:12:21 -0500] "POST /wp-login.php HTTP/1.1" 200 3914 "-" "Mozilla/5.0 (Macintosh; Intel Mac OS X 10_10) AppleWebKit/538.46 (KHTML, like Gecko) Version/8.0 Safari/538.46"
74.206.190.117 - - [29/Jan/2026:13:15:11 -0500] "GET / HTTP/1.1" 200 17746 "-" "curl/7.29.0"
45.134.225.250 - - [29/Jan/2026:13:15:43 -0500] "GET / HTTP/1.1" 200 17746 "https://www.google.com" "Mozilla/5.0 (Linux; Android 7.0; SM-G892A Build/NRD90M; wv) AppleWebKit/537.36 (KHTML, like Gecko) Version/4.0 Chrome/60.0.3112.107 Mobile Safari/537.36"
204.76.203.18 - - [29/Jan/2026:13:18:22 -0500] "GET /backup/ HTTP/1.1" 302 274 "-" "-"
74.206.190.117 - - [29/Jan/2026:13:20:19 -0500] "GET / HTTP/1.1" 200 17746 "-" "curl/7.29.0"
204.76.203.212 - - [29/Jan/2026:13:20:36 -0500] "GET / HTTP/1.1" 200 17746 "-" "Mozilla/5.0 (Windows NT 10.0; Win64; x64) AppleWebKit/537.36 (KHTML, like Gecko) Chrome/90.0.4430.85 Safari/537.36 Edg/90.0.818.46"
74.206.190.117 - - [29/Jan/2026:13:25:15 -0500] "GET / HTTP/1.1" 200 17746 "-" "curl/7.29.0"
185.188.96.145 - - [29/Jan/2026:13:29:21 -0500] "GET / HTTP/1.1" 200 17746 "-" "Mozilla/5.0 (Macintosh; Intel Mac OS X 10_11_6) AppleWebKit/601.7.7 (KHTML, like Gecko) Version/9.1.2 Safari/601.7.7"
34.86.239.201 - - [29/Jan/2026:13:30:16 -0500] "GET / HTTP/1.1" 200 17746 "-" "Mozilla/5.0 (Windows NT 10.0; Win64; x64) AppleWebKit/537.36 (KHTML, like Gecko) Chrome/102.0.5005.197 Safari/537.36"
74.206.190.117 - - [29/Jan/2026:13:30:20 -0500] "GET / HTTP/1.1" 200 17746 "-" "curl/7.29.0"
74.206.190.117 - - [29/Jan/2026:13:35:11 -0500] "POST /wp-cron.php?doing_wp_cron=1769711711.8944039344787597656250 HTTP/1.1" 200 - "http://www.fagottube.com/wp-cron.php?doing_wp_cron=1769711711.8944039344787597656250" "WordPress/5.1.8; http://www.fagottube.com"
74.206.190.117 - - [29/Jan/2026:13:35:11 -0500] "GET / HTTP/1.1" 200 17746 "-" "curl/7.29.0"
74.206.190.117 - - [29/Jan/2026:13:40:18 -0500] "GET / HTTP/1.1" 200 17746 "-" "curl/7.29.0"
91.224.92.115 - - [29/Jan/2026:13:40:21 -0500] "GET /cgi-bin/luci/;stok=/locale HTTP/1.1" 302 274 "-" "-"
74.206.190.117 - - [29/Jan/2026:13:45:15 -0500] "GET / HTTP/1.1" 200 17746 "-" "curl/7.29.0"
204.76.203.212 - - [29/Jan/2026:13:45:18 -0500] "GET / HTTP/1.1" 200 17746 "-" "Mozilla/5.0 (Windows NT 10.0; Win64; x64) AppleWebKit/537.36 (KHTML, like Gecko) Chrome/90.0.4430.85 Safari/537.36 Edg/90.0.818.46"
74.206.190.117 - - [29/Jan/2026:13:50:11 -0500] "GET / HTTP/1.1" 200 17746 "-" "curl/7.29.0"
74.206.190.117 - - [29/Jan/2026:13:55:11 -0500] "GET / HTTP/1.1" 200 17746 "-" "curl/7.29.0"
45.61.134.40 - - [29/Jan/2026:13:56:29 -0500] "POST /hello.world?%ADd+allow_url_include%3d1+%ADd+auto_prepend_file%3dphp://input HTTP/1.1" 302 274 "-" "libredtail-http"
20.92.90.54 - - [29/Jan/2026:13:57:29 -0500] "GET /wp-content/plugins/hellopress/wp_filemanager.php HTTP/1.1" 302 273 "-" "-"
20.92.90.54 - - [29/Jan/2026:13:57:30 -0500] "GET /irc.js.php HTTP/1.1" 302 273 "-" "-"
20.92.90.54 - - [29/Jan/2026:13:57:31 -0500] "GET /ot_finance.php HTTP/1.1" 302 273 "-" "-"
20.92.90.54 - - [29/Jan/2026:13:57:31 -0500] "GET /param.php HTTP/1.1" 302 273 "-" "-"
20.92.90.54 - - [29/Jan/2026:13:57:32 -0500] "GET /round_robin.php HTTP/1.1" 302 273 "-" "-"
20.92.90.54 - - [29/Jan/2026:13:57:32 -0500] "GET /sung.php HTTP/1.1" 302 273 "-" "-"
20.92.90.54 - - [29/Jan/2026:13:57:32 -0500] "GET /pom.php HTTP/1.1" 302 273 "-" "-"
20.92.90.54 - - [29/Jan/2026:13:57:33 -0500] "GET /6r9.php HTTP/1.1" 302 273 "-" "-"
20.92.90.54 - - [29/Jan/2026:13:57:33 -0500] "GET /erf.php HTTP/1.1" 302 273 "-" "-"
20.92.90.54 - - [29/Jan/2026:13:57:34 -0500] "GET /ert.php HTTP/1.1" 302 273 "-" "-"
20.92.90.54 - - [29/Jan/2026:13:57:34 -0500] "GET /gf6.php HTTP/1.1" 302 273 "-" "-"
20.92.90.54 - - [29/Jan/2026:13:57:34 -0500] "GET /ghds4.php HTTP/1.1" 302 273 "-" "-"
20.92.90.54 - - [29/Jan/2026:13:57:35 -0500] "GET /xv.php HTTP/1.1" 302 273 "-" "-"
20.92.90.54 - - [29/Jan/2026:13:57:35 -0500] "GET /core.php HTTP/1.1" 302 273 "-" "-"
20.92.90.54 - - [29/Jan/2026:13:57:35 -0500] "GET /footer.php HTTP/1.1" 302 273 "-" "-"
20.92.90.54 - - [29/Jan/2026:13:57:36 -0500] "GET /global.php HTTP/1.1" 302 273 "-" "-"
20.92.90.54 - - [29/Jan/2026:13:57:36 -0500] "GET /init.php HTTP/1.1" 302 273 "-" "-"
20.92.90.54 - - [29/Jan/2026:13:57:37 -0500] "GET /pass.php HTTP/1.1" 302 273 "-" "-"
20.92.90.54 - - [29/Jan/2026:13:57:37 -0500] "GET /ws37.php HTTP/1.1" 302 273 "-" "-"
20.92.90.54 - - [29/Jan/2026:13:57:37 -0500] "GET /flex.php HTTP/1.1" 302 273 "-" "-"
20.92.90.54 - - [29/Jan/2026:13:57:38 -0500] "GET /yupepsuz.php HTTP/1.1" 302 273 "-" "-"
20.92.90.54 - - [29/Jan/2026:13:57:38 -0500] "GET /xncxcemb.php HTTP/1.1" 302 273 "-" "-"
20.92.90.54 - - [29/Jan/2026:13:57:39 -0500] "GET /efof9j.php HTTP/1.1" 302 273 "-" "-"
20.92.90.54 - - [29/Jan/2026:13:57:39 -0500] "GET /h02ugyh.php HTTP/1.1" 302 273 "-" "-"
20.92.90.54 - - [29/Jan/2026:13:57:39 -0500] "GET /sql.php HTTP/1.1" 302 273 "-" "-"
20.92.90.54 - - [29/Jan/2026:13:57:40 -0500] "GET /groupon.php HTTP/1.1" 302 273 "-" "-"
20.92.90.54 - - [29/Jan/2026:13:57:40 -0500] "GET /thoms.php HTTP/1.1" 302 273 "-" "-"
20.92.90.54 - - [29/Jan/2026:13:57:40 -0500] "GET /24.php HTTP/1.1" 302 273 "-" "-"
20.92.90.54 - - [29/Jan/2026:13:57:41 -0500] "GET /sf.php HTTP/1.1" 302 273 "-" "-"
20.92.90.54 - - [29/Jan/2026:13:57:41 -0500] "GET /adywi.php HTTP/1.1" 302 273 "-" "-"
20.92.90.54 - - [29/Jan/2026:13:57:42 -0500] "GET /ahhir.php HTTP/1.1" 302 273 "-" "-"
20.92.90.54 - - [29/Jan/2026:13:57:42 -0500] "GET /batqc.php HTTP/1.1" 302 273 "-" "-"
20.92.90.54 - - [29/Jan/2026:13:57:42 -0500] "GET /cllla.php HTTP/1.1" 302 273 "-" "-"
20.92.90.54 - - [29/Jan/2026:13:57:43 -0500] "GET /ceiif.php HTTP/1.1" 302 273 "-" "-"
20.92.90.54 - - [29/Jan/2026:13:57:43 -0500] "GET /bbtlj.php HTTP/1.1" 302 273 "-" "-"
20.92.90.54 - - [29/Jan/2026:13:57:44 -0500] "GET /ayucf.php HTTP/1.1" 302 273 "-" "-"
20.92.90.54 - - [29/Jan/2026:13:57:44 -0500] "GET /LtfWsaBI.php HTTP/1.1" 302 273 "-" "-"
20.92.90.54 - - [29/Jan/2026:13:57:44 -0500] "GET /davaa.php HTTP/1.1" 302 273 "-" "-"
20.92.90.54 - - [29/Jan/2026:13:57:45 -0500] "GET /ddxpd.php HTTP/1.1" 302 273 "-" "-"
20.92.90.54 - - [29/Jan/2026:13:57:45 -0500] "GET /fazemrx1949_r70WpvGk.php HTTP/1.1" 302 273 "-" "-"
20.92.90.54 - - [29/Jan/2026:13:57:46 -0500] "GET /fazemrx1949_si3K5Ztj.php HTTP/1.1" 302 273 "-" "-"
20.92.90.54 - - [29/Jan/2026:13:57:46 -0500] "GET /fcmuw.php HTTP/1.1" 302 273 "-" "-"
20.92.90.54 - - [29/Jan/2026:13:57:46 -0500] "GET /hrpxu.php HTTP/1.1" 302 273 "-" "-"
20.92.90.54 - - [29/Jan/2026:13:57:47 -0500] "GET /hlvkr.php HTTP/1.1" 302 273 "-" "-"
20.92.90.54 - - [29/Jan/2026:13:57:47 -0500] "GET /NSTECFM_EGiMgNHA.php HTTP/1.1" 302 273 "-" "-"
20.92.90.54 - - [29/Jan/2026:13:57:47 -0500] "GET /hqlrh.php HTTP/1.1" 302 273 "-" "-"
20.92.90.54 - - [29/Jan/2026:13:57:48 -0500] "GET /gboah.php HTTP/1.1" 302 273 "-" "-"
20.92.90.54 - - [29/Jan/2026:13:57:48 -0500] "GET /mjuej.php HTTP/1.1" 302 273 "-" "-"
20.92.90.54 - - [29/Jan/2026:13:57:49 -0500] "GET /fwyhk.php HTTP/1.1" 302 273 "-" "-"
20.92.90.54 - - [29/Jan/2026:13:57:49 -0500] "GET /fk_ouOPqGUH.php HTTP/1.1" 302 273 "-" "-"
20.92.90.54 - - [29/Jan/2026:13:57:49 -0500] "GET /fk_LNYcVN6L.php HTTP/1.1" 302 273 "-" "-"
20.92.90.54 - - [29/Jan/2026:13:57:50 -0500] "GET /dkibq.php HTTP/1.1" 302 273 "-" "-"
20.92.90.54 - - [29/Jan/2026:13:57:50 -0500] "GET /lnxny.php HTTP/1.1" 302 273 "-" "-"
20.92.90.54 - - [29/Jan/2026:13:57:51 -0500] "GET /rtx.php HTTP/1.1" 302 273 "-" "-"
20.92.90.54 - - [29/Jan/2026:13:57:51 -0500] "GET /NSTECFM_ZwJm41en.php HTTP/1.1" 302 273 "-" "-"
20.92.90.54 - - [29/Jan/2026:13:57:51 -0500] "GET /test2.php HTTP/1.1" 302 273 "-" "-"
20.92.90.54 - - [29/Jan/2026:13:57:52 -0500] "GET /nxzzg.php HTTP/1.1" 302 273 "-" "-"
20.92.90.54 - - [29/Jan/2026:13:57:52 -0500] "GET /pexhk.php HTTP/1.1" 302 273 "-" "-"
20.92.90.54 - - [29/Jan/2026:13:57:52 -0500] "GET /riqkb.php HTTP/1.1" 302 273 "-" "-"
20.92.90.54 - - [29/Jan/2026:13:57:53 -0500] "GET /ioxi-o.php HTTP/1.1" 302 273 "-" "-"
20.92.90.54 - - [29/Jan/2026:13:57:53 -0500] "GET /admin-ajax.php HTTP/1.1" 302 273 "-" "-"
20.92.90.54 - - [29/Jan/2026:13:57:54 -0500] "GET /dt-tyfe.php HTTP/1.1" 302 273 "-" "-"
