209.50.167.117 - - [29/Jan/2026:18:19:26 -0500] "POST /xmlrpc.php HTTP/1.1" 302 277 "-" "Mozilla/5.0 (Windows NT 10.0; Win64; x64; rv:127.0) Gecko/20100101 Firefox/127.0"
209.50.167.117 - - [29/Jan/2026:18:19:26 -0500] "GET / HTTP/1.1" 200 17746 "-" "Mozilla/5.0 (Windows NT 10.0; Win64; x64; rv:127.0) Gecko/20100101 Firefox/127.0"
65.111.23.13 - - [29/Jan/2026:18:19:28 -0500] "POST /xmlrpc.php HTTP/1.1" 302 277 "-" "Mozilla/5.0 (Macintosh; Intel Mac OS X 13_5) AppleWebKit/605.1.15 (KHTML, like Gecko) Version/17.5 Safari/605.1.15"
65.111.23.13 - - [29/Jan/2026:18:19:28 -0500] "GET / HTTP/1.1" 200 17746 "-" "Mozilla/5.0 (Macintosh; Intel Mac OS X 13_5) AppleWebKit/605.1.15 (KHTML, like Gecko) Version/17.5 Safari/605.1.15"
209.50.161.9 - - [29/Jan/2026:18:19:29 -0500] "GET /wp-login.php?wp_lang=en_US HTTP/1.1" 200 2922 "-" "Mozilla/5.0 (Windows NT 10.0; Win64; x64) AppleWebKit/537.36 (KHTML, like Gecko) Chrome/124.0.6367.207 Safari/537.36"
209.50.161.9 - - [29/Jan/2026:18:19:29 -0500] "POST /wp-login.php?wp_lang=en_US HTTP/1.1" 302 - "http://www.fagottube.com/wp-login.php?wp_lang=en_US" "Mozilla/5.0 (Windows NT 10.0; Win64; x64) AppleWebKit/537.36 (KHTML, like Gecko) Chrome/124.0.6367.207 Safari/537.36"
209.50.161.9 - - [29/Jan/2026:18:19:29 -0500] "GET /wp-admin/ HTTP/1.1" 200 77749 "http://www.fagottube.com/wp-login.php?wp_lang=en_US" "Mozilla/5.0 (Windows NT 10.0; Win64; x64) AppleWebKit/537.36 (KHTML, like Gecko) Chrome/124.0.6367.207 Safari/537.36"
209.50.161.9 - - [29/Jan/2026:18:19:31 -0500] "GET /wp-admin/admin-ajax.php?action=rest-nonce HTTP/1.1" 400 1 "-" "Mozilla/5.0 (Windows NT 10.0; Win64; x64) AppleWebKit/537.36 (KHTML, like Gecko) Chrome/124.0.6367.207 Safari/537.36"
209.50.161.9 - - [29/Jan/2026:18:19:32 -0500] "GET /wp-admin/admin-ajax.php?action=rest-nonce HTTP/1.1" 400 1 "-" "Mozilla/5.0 (Windows NT 10.0; Win64; x64) AppleWebKit/537.36 (KHTML, like Gecko) Chrome/124.0.6367.207 Safari/537.36"
209.50.161.9 - - [29/Jan/2026:18:19:32 -0500] "GET /wp-admin/admin-ajax.php?action=rest-nonce HTTP/1.1" 400 1 "-" "Mozilla/5.0 (Windows NT 10.0; Win64; x64) AppleWebKit/537.36 (KHTML, like Gecko) Chrome/124.0.6367.207 Safari/537.36"
89.42.231.200 - - [29/Jan/2026:18:20:10 -0500] "GET /cgi-bin/luci/;stok=/locale HTTP/1.1" 302 274 "-" "-"
74.206.190.117 - - [29/Jan/2026:18:20:21 -0500] "GET / HTTP/1.1" 200 17746 "-" "curl/7.29.0"
204.76.203.212 - - [29/Jan/2026:18:23:15 -0500] "GET / HTTP/1.1" 200 17746 "-" "Mozilla/5.0 (Windows NT 10.0; Win64; x64) AppleWebKit/537.36 (KHTML, like Gecko) Chrome/90.0.4430.85 Safari/537.36 Edg/90.0.818.46"
74.206.190.117 - - [29/Jan/2026:18:25:15 -0500] "GET / HTTP/1.1" 200 17746 "-" "curl/7.29.0"
209.141.52.212 - - [29/Jan/2026:18:26:40 -0500] "GET /wp-login.php HTTP/1.1" 200 2922 "-" "Mozilla/5.0 (Macintosh; Intel Mac OS X 10_8_5) AppleWebKit/537.77.4 (KHTML, like Gecko) Version/6.1.5 Safari/537.77.4"
209.141.52.212 - - [29/Jan/2026:18:26:44 -0500] "POST /wp-login.php HTTP/1.1" 200 3932 "-" "Mozilla/5.0 (Macintosh; Intel Mac OS X 10_8_5) AppleWebKit/537.77.4 (KHTML, like Gecko) Version/6.1.5 Safari/537.77.4"
204.76.203.69 - - [29/Jan/2026:18:28:00 -0500] "GET / HTTP/1.1" 200 17746 "-" "Mozilla/5.0 (Windows NT 10.0; Win64; x64) AppleWebKit/537.36 (KHTML, like Gecko) Chrome/90.0.4430.85 Safari/537.36 Edg/90.0.818.46"
34.86.239.201 - - [29/Jan/2026:18:28:09 -0500] "GET / HTTP/1.1" 200 17746 "-" "Mozilla/5.0 (Windows NT 10.0; Win64; x64) AppleWebKit/537.36 (KHTML, like Gecko) Chrome/102.0.5005.197 Safari/537.36"
74.206.190.117 - - [29/Jan/2026:18:30:12 -0500] "GET / HTTP/1.1" 200 17746 "-" "curl/7.29.0"
74.206.190.117 - - [29/Jan/2026:18:32:31 -0500] "POST /wp-cron.php?doing_wp_cron=1769729550.9432439804077148437500 HTTP/1.1" 200 - "http://www.fagottube.com/wp-cron.php?doing_wp_cron=1769729550.9432439804077148437500" "WordPress/5.1.8; http://www.fagottube.com"
193.24.211.22 - - [29/Jan/2026:18:32:30 -0500] "GET /wp-login.php HTTP/1.1" 200 2922 "-" "Mozilla/5.0 (Windows NT 10.0; Win64; x64; rv:127.0) Gecko/20100101 Firefox/127.0"
193.24.211.22 - - [29/Jan/2026:18:32:32 -0500] "GET /wp-login.php?wp_lang=en_US HTTP/1.1" 200 2922 "-" "Mozilla/5.0 (Windows NT 10.0; Win64; x64) AppleWebKit/537.36 (KHTML, like Gecko) Chrome/124.0.6367.207 Safari/537.36"
193.24.211.22 - - [29/Jan/2026:18:32:33 -0500] "POST /wp-login.php?wp_lang=en_US HTTP/1.1" 302 - "http://www.fagottube.com/wp-login.php?wp_lang=en_US" "Mozilla/5.0 (Windows NT 10.0; Win64; x64) AppleWebKit/537.36 (KHTML, like Gecko) Chrome/124.0.6367.207 Safari/537.36"
193.24.211.22 - - [29/Jan/2026:18:32:35 -0500] "GET /wp-admin/ HTTP/1.1" 200 77749 "http://www.fagottube.com/wp-login.php?wp_lang=en_US" "Mozilla/5.0 (Windows NT 10.0; Win64; x64) AppleWebKit/537.36 (KHTML, like Gecko) Chrome/124.0.6367.207 Safari/537.36"
193.24.211.22 - - [29/Jan/2026:18:32:38 -0500] "GET /wp-admin/plugin-install.php HTTP/1.1" 200 84054 "-" "Mozilla/5.0 (Windows NT 10.0; Win64; x64) AppleWebKit/537.36 (KHTML, like Gecko) Chrome/124.0.6367.207 Safari/537.36"
193.24.211.22 - - [29/Jan/2026:18:32:42 -0500] "POST /wp-admin/update.php?action=upload-plugin HTTP/1.1" 500 2798 "http://www.fagottube.com/wp-admin/update.php?action=upload-plugin" "Mozilla/5.0 (Windows NT 10.0; Win64; x64) AppleWebKit/537.36 (KHTML, like Gecko) Chrome/124.0.6367.207 Safari/537.36"
193.24.211.22 - - [29/Jan/2026:18:32:45 -0500] "POST /wp-admin/update.php?action=upload-plugin HTTP/1.1" 500 2798 "http://www.fagottube.com/wp-admin/update.php?action=upload-plugin" "Mozilla/5.0 (Windows NT 10.0; Win64; x64) AppleWebKit/537.36 (KHTML, like Gecko) Chrome/124.0.6367.207 Safari/537.36"
193.24.211.22 - - [29/Jan/2026:18:32:47 -0500] "POST /wp-admin/update.php?action=upload-plugin HTTP/1.1" 500 2798 "http://www.fagottube.com/wp-admin/update.php?action=upload-plugin" "Mozilla/5.0 (Windows NT 10.0; Win64; x64) AppleWebKit/537.36 (KHTML, like Gecko) Chrome/124.0.6367.207 Safari/537.36"
193.24.211.22 - - [29/Jan/2026:18:32:48 -0500] "POST /wp-admin/update.php?action=upload-plugin HTTP/1.1" 500 2798 "http://www.fagottube.com/wp-admin/update.php?action=upload-plugin" "Mozilla/5.0 (Windows NT 10.0; Win64; x64) AppleWebKit/537.36 (KHTML, like Gecko) Chrome/124.0.6367.207 Safari/537.36"
193.24.211.22 - - [29/Jan/2026:18:32:49 -0500] "POST /wp-admin/update.php?action=upload-plugin HTTP/1.1" 500 2798 "http://www.fagottube.com/wp-admin/update.php?action=upload-plugin" "Mozilla/5.0 (Windows NT 10.0; Win64; x64) AppleWebKit/537.36 (KHTML, like Gecko) Chrome/124.0.6367.207 Safari/537.36"
193.24.211.22 - - [29/Jan/2026:18:32:50 -0500] "GET /wp-admin/theme-editor.php HTTP/1.1" 200 48553 "-" "Mozilla/5.0 (Windows NT 10.0; Win64; x64) AppleWebKit/537.36 (KHTML, like Gecko) Chrome/124.0.6367.207 Safari/537.36"
193.24.211.22 - - [29/Jan/2026:18:32:51 -0500] "GET /wp-admin/plugins.php HTTP/1.1" 200 52063 "-" "Mozilla/5.0 (Windows NT 10.0; Win64; x64) AppleWebKit/537.36 (KHTML, like Gecko) Chrome/124.0.6367.207 Safari/537.36"
193.24.211.22 - - [29/Jan/2026:18:32:52 -0500] "GET /wp-admin/theme-editor.php?file=functions.php&theme=tubetheme-2017-v3-gay-filled HTTP/1.1" 200 65663 "-" "Mozilla/5.0 (Windows NT 10.0; Win64; x64) AppleWebKit/537.36 (KHTML, like Gecko) Chrome/124.0.6367.207 Safari/537.36"
193.24.211.22 - - [29/Jan/2026:18:32:54 -0500] "POST /wp-admin/admin-ajax.php HTTP/1.1" 200 66 "http://www.fagottube.com/wp-admin/admin-ajax.php" "Mozilla/5.0 (Windows NT 10.0; Win64; x64) AppleWebKit/537.36 (KHTML, like Gecko) Chrome/124.0.6367.207 Safari/537.36"
193.24.211.22 - - [29/Jan/2026:18:32:55 -0500] "GET /wp-admin/theme-editor.php?file=custom%2Fmeta.php&theme=tubetheme-2017-v3-gay-filled HTTP/1.1" 200 49374 "-" "Mozilla/5.0 (Windows NT 10.0; Win64; x64) AppleWebKit/537.36 (KHTML, like Gecko) Chrome/124.0.6367.207 Safari/537.36"
193.24.211.22 - - [29/Jan/2026:18:32:55 -0500] "POST /wp-admin/admin-ajax.php HTTP/1.1" 200 66 "http://www.fagottube.com/wp-admin/admin-ajax.php" "Mozilla/5.0 (Windows NT 10.0; Win64; x64) AppleWebKit/537.36 (KHTML, like Gecko) Chrome/124.0.6367.207 Safari/537.36"
193.24.211.22 - - [29/Jan/2026:18:32:56 -0500] "GET /wp-admin/theme-editor.php?file=sidebar.php&theme=tubetheme-2017-v3-gay-filled HTTP/1.1" 200 50236 "-" "Mozilla/5.0 (Windows NT 10.0; Win64; x64) AppleWebKit/537.36 (KHTML, like Gecko) Chrome/124.0.6367.207 Safari/537.36"
193.24.211.22 - - [29/Jan/2026:18:32:57 -0500] "POST /wp-admin/admin-ajax.php HTTP/1.1" 200 66 "http://www.fagottube.com/wp-admin/admin-ajax.php" "Mozilla/5.0 (Windows NT 10.0; Win64; x64) AppleWebKit/537.36 (KHTML, like Gecko) Chrome/124.0.6367.207 Safari/537.36"
193.24.211.22 - - [29/Jan/2026:18:32:58 -0500] "GET /wp-admin/theme-editor.php?file=page.php&theme=tubetheme-2017-v3-gay-filled HTTP/1.1" 200 49779 "-" "Mozilla/5.0 (Windows NT 10.0; Win64; x64) AppleWebKit/537.36 (KHTML, like Gecko) Chrome/124.0.6367.207 Safari/537.36"
193.24.211.22 - - [29/Jan/2026:18:33:00 -0500] "POST /wp-admin/admin-ajax.php HTTP/1.1" 200 66 "http://www.fagottube.com/wp-admin/admin-ajax.php" "Mozilla/5.0 (Windows NT 10.0; Win64; x64) AppleWebKit/537.36 (KHTML, like Gecko) Chrome/124.0.6367.207 Safari/537.36"
193.24.211.22 - - [29/Jan/2026:18:33:01 -0500] "GET /wp-admin/theme-editor.php?file=header.php&theme=tubetheme-2017-v3-gay-filled HTTP/1.1" 200 53902 "-" "Mozilla/5.0 (Windows NT 10.0; Win64; x64) AppleWebKit/537.36 (KHTML, like Gecko) Chrome/124.0.6367.207 Safari/537.36"
193.24.211.22 - - [29/Jan/2026:18:33:02 -0500] "POST /wp-admin/admin-ajax.php HTTP/1.1" 200 66 "http://www.fagottube.com/wp-admin/admin-ajax.php" "Mozilla/5.0 (Windows NT 10.0; Win64; x64) AppleWebKit/537.36 (KHTML, like Gecko) Chrome/124.0.6367.207 Safari/537.36"
193.24.211.22 - - [29/Jan/2026:18:33:03 -0500] "GET /wp-admin/theme-editor.php?file=single.php&theme=tubetheme-2017-v3-gay-filled HTTP/1.1" 200 54736 "-" "Mozilla/5.0 (Windows NT 10.0; Win64; x64) AppleWebKit/537.36 (KHTML, like Gecko) Chrome/124.0.6367.207 Safari/537.36"
193.24.211.22 - - [29/Jan/2026:18:33:04 -0500] "POST /wp-admin/admin-ajax.php HTTP/1.1" 200 66 "http://www.fagottube.com/wp-admin/admin-ajax.php" "Mozilla/5.0 (Windows NT 10.0; Win64; x64) AppleWebKit/537.36 (KHTML, like Gecko) Chrome/124.0.6367.207 Safari/537.36"
193.24.211.22 - - [29/Jan/2026:18:33:05 -0500] "GET /wp-admin/theme-editor.php?file=searchform.php&theme=tubetheme-2017-v3-gay-filled HTTP/1.1" 200 48988 "-" "Mozilla/5.0 (Windows NT 10.0; Win64; x64) AppleWebKit/537.36 (KHTML, like Gecko) Chrome/124.0.6367.207 Safari/537.36"
193.24.211.22 - - [29/Jan/2026:18:33:06 -0500] "POST /wp-admin/admin-ajax.php HTTP/1.1" 200 66 "http://www.fagottube.com/wp-admin/admin-ajax.php" "Mozilla/5.0 (Windows NT 10.0; Win64; x64) AppleWebKit/537.36 (KHTML, like Gecko) Chrome/124.0.6367.207 Safari/537.36"
193.24.211.22 - - [29/Jan/2026:18:33:07 -0500] "GET /wp-admin/theme-editor.php?file=home.php&theme=tubetheme-2017-v3-gay-filled HTTP/1.1" 200 51709 "-" "Mozilla/5.0 (Windows NT 10.0; Win64; x64) AppleWebKit/537.36 (KHTML, like Gecko) Chrome/124.0.6367.207 Safari/537.36"
193.24.211.22 - - [29/Jan/2026:18:33:08 -0500] "POST /wp-admin/admin-ajax.php HTTP/1.1" 200 66 "http://www.fagottube.com/wp-admin/admin-ajax.php" "Mozilla/5.0 (Windows NT 10.0; Win64; x64) AppleWebKit/537.36 (KHTML, like Gecko) Chrome/124.0.6367.207 Safari/537.36"
193.24.211.22 - - [29/Jan/2026:18:33:09 -0500] "GET /wp-admin/theme-editor.php?file=index.php&theme=tubetheme-2017-v3-gay-filled HTTP/1.1" 200 51728 "-" "Mozilla/5.0 (Windows NT 10.0; Win64; x64) AppleWebKit/537.36 (KHTML, like Gecko) Chrome/124.0.6367.207 Safari/537.36"
193.24.211.22 - - [29/Jan/2026:18:33:10 -0500] "POST /wp-admin/admin-ajax.php HTTP/1.1" 200 66 "http://www.fagottube.com/wp-admin/admin-ajax.php" "Mozilla/5.0 (Windows NT 10.0; Win64; x64) AppleWebKit/537.36 (KHTML, like Gecko) Chrome/124.0.6367.207 Safari/537.36"
193.24.211.22 - - [29/Jan/2026:18:33:11 -0500] "GET /wp-admin/theme-editor.php?file=404.php&theme=tubetheme-2017-v3-gay-filled HTTP/1.1" 200 49380 "-" "Mozilla/5.0 (Windows NT 10.0; Win64; x64) AppleWebKit/537.36 (KHTML, like Gecko) Chrome/124.0.6367.207 Safari/537.36"
193.24.211.22 - - [29/Jan/2026:18:33:12 -0500] "POST /wp-admin/admin-ajax.php HTTP/1.1" 200 66 "http://www.fagottube.com/wp-admin/admin-ajax.php" "Mozilla/5.0 (Windows NT 10.0; Win64; x64) AppleWebKit/537.36 (KHTML, like Gecko) Chrome/124.0.6367.207 Safari/537.36"
193.24.211.22 - - [29/Jan/2026:18:33:13 -0500] "GET /wp-admin/theme-editor.php?file=comments.php&theme=tubetheme-2017-v3-gay-filled HTTP/1.1" 200 56547 "-" "Mozilla/5.0 (Windows NT 10.0; Win64; x64) AppleWebKit/537.36 (KHTML, like Gecko) Chrome/124.0.6367.207 Safari/537.36"
193.24.211.22 - - [29/Jan/2026:18:33:14 -0500] "POST /wp-admin/admin-ajax.php HTTP/1.1" 200 66 "http://www.fagottube.com/wp-admin/admin-ajax.php" "Mozilla/5.0 (Windows NT 10.0; Win64; x64) AppleWebKit/537.36 (KHTML, like Gecko) Chrome/124.0.6367.207 Safari/537.36"
193.24.211.22 - - [29/Jan/2026:18:33:15 -0500] "GET /wp-admin/theme-editor.php?file=footer.php&theme=tubetheme-2017-v3-gay-filled HTTP/1.1" 200 49872 "-" "Mozilla/5.0 (Windows NT 10.0; Win64; x64) AppleWebKit/537.36 (KHTML, like Gecko) Chrome/124.0.6367.207 Safari/537.36"
193.24.211.22 - - [29/Jan/2026:18:33:16 -0500] "POST /wp-admin/admin-ajax.php HTTP/1.1" 200 66 "http://www.fagottube.com/wp-admin/admin-ajax.php" "Mozilla/5.0 (Windows NT 10.0; Win64; x64) AppleWebKit/537.36 (KHTML, like Gecko) Chrome/124.0.6367.207 Safari/537.36"
193.24.211.22 - - [29/Jan/2026:18:33:17 -0500] "GET /wp-admin/theme-editor.php?file=sidebar_single.php&theme=tubetheme-2017-v3-gay-filled HTTP/1.1" 200 50248 "-" "Mozilla/5.0 (Windows NT 10.0; Win64; x64) AppleWebKit/537.36 (KHTML, like Gecko) Chrome/124.0.6367.207 Safari/537.36"
193.24.211.22 - - [29/Jan/2026:18:33:18 -0500] "POST /wp-admin/admin-ajax.php HTTP/1.1" 200 66 "http://www.fagottube.com/wp-admin/admin-ajax.php" "Mozilla/5.0 (Windows NT 10.0; Win64; x64) AppleWebKit/537.36 (KHTML, like Gecko) Chrome/124.0.6367.207 Safari/537.36"
193.24.211.22 - - [29/Jan/2026:18:33:19 -0500] "GET /wp-login.php HTTP/1.1" 200 2922 "-" "Mozilla/5.0 (Windows NT 10.0; Win64; x64) AppleWebKit/537.36 (KHTML, like Gecko) Chrome/124.0.6367.207 Safari/537.36"
193.24.211.22 - - [29/Jan/2026:18:33:20 -0500] "GET /wp-login.php?wp_lang=en_US HTTP/1.1" 200 2922 "-" "Mozilla/5.0 (Windows NT 10.0; Win64; x64) AppleWebKit/537.36 (KHTML, like Gecko) Chrome/124.0.6367.207 Safari/537.36"
193.24.211.22 - - [29/Jan/2026:18:33:20 -0500] "POST /wp-login.php?wp_lang=en_US HTTP/1.1" 302 - "http://www.fagottube.com/wp-login.php?wp_lang=en_US" "Mozilla/5.0 (Windows NT 10.0; Win64; x64) AppleWebKit/537.36 (KHTML, like Gecko) Chrome/124.0.6367.207 Safari/537.36"
193.24.211.22 - - [29/Jan/2026:18:33:21 -0500] "GET /wp-admin/ HTTP/1.1" 200 77749 "http://www.fagottube.com/wp-login.php?wp_lang=en_US" "Mozilla/5.0 (Windows NT 10.0; Win64; x64) AppleWebKit/537.36 (KHTML, like Gecko) Chrome/124.0.6367.207 Safari/537.36"
193.24.211.22 - - [29/Jan/2026:18:33:22 -0500] "GET /wp-admin/plugin-install.php HTTP/1.1" 200 84054 "-" "Mozilla/5.0 (Windows NT 10.0; Win64; x64) AppleWebKit/537.36 (KHTML, like Gecko) Chrome/124.0.6367.207 Safari/537.36"
193.24.211.22 - - [29/Jan/2026:18:33:23 -0500] "POST /wp-admin/update.php?action=upload-plugin HTTP/1.1" 500 2798 "http://www.fagottube.com/wp-admin/update.php?action=upload-plugin" "Mozilla/5.0 (Windows NT 10.0; Win64; x64) AppleWebKit/537.36 (KHTML, like Gecko) Chrome/124.0.6367.207 Safari/537.36"
193.24.211.22 - - [29/Jan/2026:18:33:24 -0500] "POST /wp-admin/update.php?action=upload-plugin HTTP/1.1" 500 2798 "http://www.fagottube.com/wp-admin/update.php?action=upload-plugin" "Mozilla/5.0 (Windows NT 10.0; Win64; x64) AppleWebKit/537.36 (KHTML, like Gecko) Chrome/124.0.6367.207 Safari/537.36"
193.24.211.22 - - [29/Jan/2026:18:33:24 -0500] "POST /wp-admin/update.php?action=upload-plugin HTTP/1.1" 500 2798 "http://www.fagottube.com/wp-admin/update.php?action=upload-plugin" "Mozilla/5.0 (Windows NT 10.0; Win64; x64) AppleWebKit/537.36 (KHTML, like Gecko) Chrome/124.0.6367.207 Safari/537.36"
193.24.211.22 - - [29/Jan/2026:18:33:25 -0500] "POST /wp-admin/update.php?action=upload-plugin HTTP/1.1" 500 2798 "http://www.fagottube.com/wp-admin/update.php?action=upload-plugin" "Mozilla/5.0 (Windows NT 10.0; Win64; x64) AppleWebKit/537.36 (KHTML, like Gecko) Chrome/124.0.6367.207 Safari/537.36"
193.24.211.22 - - [29/Jan/2026:18:33:25 -0500] "POST /wp-admin/update.php?action=upload-plugin HTTP/1.1" 500 2798 "http://www.fagottube.com/wp-admin/update.php?action=upload-plugin" "Mozilla/5.0 (Windows NT 10.0; Win64; x64) AppleWebKit/537.36 (KHTML, like Gecko) Chrome/124.0.6367.207 Safari/537.36"
114.119.133.191 - - [29/Jan/2026:18:34:52 -0500] "GET /index.php/gay-fags/gay-fagtube-2.html HTTP/1.1" 200 19086 "http://www.fagottube.com/index.php/gay-fags/porngay-tube.html" "Mozilla/5.0 (Linux; Android 7.0;) AppleWebKit/537.36 (KHTML, like Gecko) Mobile Safari/537.36 (compatible; PetalBot;+https://webmaster.petalsearch.com/site/petalbot)"
74.206.190.117 - - [29/Jan/2026:18:35:12 -0500] "GET / HTTP/1.1" 200 17746 "-" "curl/7.29.0"
45.134.225.250 - - [29/Jan/2026:18:37:45 -0500] "GET /wp-includes/ HTTP/1.1" 302 277 "https://www.google.com/" "Mozilla/5.0 (Windows NT 10.0; Win64; x64) AppleWebKit/537.36 (KHTML, like Gecko) Chrome/121.0.0.0 Safari/537.36"
45.134.225.250 - - [29/Jan/2026:18:37:46 -0500] "GET /wp-content/uploads/ HTTP/1.1" 302 277 "-" "Mozilla/5.0 (Macintosh; Intel Mac OS X 10_15_7) AppleWebKit/537.36 (KHTML, like Gecko) Chrome/120.0.0.0 Safari/537.36"
45.134.225.250 - - [29/Jan/2026:18:37:47 -0500] "GET /wp-admin/includes/ HTTP/1.1" 302 277 "https://www.google.com/" "Mozilla/5.0 (Windows NT 10.0; Win64; x64) AppleWebKit/537.36 (KHTML, like Gecko) Chrome/121.0.0.0 Safari/537.36"
45.134.225.250 - - [29/Jan/2026:18:37:48 -0500] "GET /wp-content/plugins/ HTTP/1.1" 200 - "-" "Mozilla/5.0 (Macintosh; Intel Mac OS X 10_15_7) AppleWebKit/605.1.15 (KHTML, like Gecko) Version/17.2 Safari/605.1.15"
45.134.225.250 - - [29/Jan/2026:18:37:49 -0500] "GET /wp-content/themes/ HTTP/1.1" 200 - "-" "Mozilla/5.0 (Macintosh; Intel Mac OS X 10_15_7) AppleWebKit/605.1.15 (KHTML, like Gecko) Version/17.2 Safari/605.1.15"
45.134.225.250 - - [29/Jan/2026:18:37:50 -0500] "GET /images/ HTTP/1.1" 302 277 "-" "Mozilla/5.0 (Windows NT 10.0; Win64; x64; rv:122.0) Gecko/20100101 Firefox/122.0"
45.134.225.250 - - [29/Jan/2026:18:37:51 -0500] "GET /assets/ HTTP/1.1" 302 277 "-" "Mozilla/5.0 (Windows NT 10.0; Win64; x64; rv:122.0) Gecko/20100101 Firefox/122.0"
43.130.102.223 - - [29/Jan/2026:18:37:52 -0500] "GET / HTTP/1.1" 200 17746 "-" "Mozilla/5.0 (iPhone; CPU iPhone OS 13_2_3 like Mac OS X) AppleWebKit/605.1.15 (KHTML, like Gecko) Version/13.0.3 Mobile/15E148 Safari/604.1"
45.134.225.250 - - [29/Jan/2026:18:37:52 -0500] "GET /uploads/ HTTP/1.1" 302 277 "-" "Mozilla/5.0 (Windows NT 10.0; Win64; x64; rv:122.0) Gecko/20100101 Firefox/122.0"
45.134.225.250 - - [29/Jan/2026:18:37:54 -0500] "GET /files/ HTTP/1.1" 302 277 "https://www.google.com/" "Mozilla/5.0 (Windows NT 10.0; Win64; x64) AppleWebKit/537.36 (KHTML, like Gecko) Chrome/121.0.0.0 Safari/537.36"
45.134.225.250 - - [29/Jan/2026:18:37:55 -0500] "GET /backup/ HTTP/1.1" 302 277 "-" "Mozilla/5.0 (X11; Linux x86_64; rv:121.0) Gecko/20100101 Firefox/121.0"
45.134.225.250 - - [29/Jan/2026:18:37:56 -0500] "GET /tmp/ HTTP/1.1" 302 277 "-" "Mozilla/5.0 (Macintosh; Intel Mac OS X 10_15_7) AppleWebKit/605.1.15 (KHTML, like Gecko) Version/17.2 Safari/605.1.15"
45.134.225.250 - - [29/Jan/2026:18:37:57 -0500] "GET /media/ HTTP/1.1" 302 277 "-" "Mozilla/5.0 (Macintosh; Intel Mac OS X 10_15_7) AppleWebKit/537.36 (KHTML, like Gecko) Chrome/120.0.0.0 Safari/537.36"
45.134.225.250 - - [29/Jan/2026:18:37:58 -0500] "GET /public/ HTTP/1.1" 302 277 "-" "Mozilla/5.0 (Macintosh; Intel Mac OS X 10_15_7) AppleWebKit/605.1.15 (KHTML, like Gecko) Version/17.2 Safari/605.1.15"
45.134.225.250 - - [29/Jan/2026:18:38:00 -0500] "GET /wp-content/uploads/2020/ HTTP/1.1" 302 277 "https://www.google.com/" "Mozilla/5.0 (Windows NT 10.0; Win64; x64) AppleWebKit/537.36 (KHTML, like Gecko) Chrome/121.0.0.0 Safari/537.36"
45.134.225.250 - - [29/Jan/2026:18:38:01 -0500] "GET /wp-content/uploads/2021/ HTTP/1.1" 302 277 "-" "Mozilla/5.0 (Macintosh; Intel Mac OS X 10_15_7) AppleWebKit/605.1.15 (KHTML, like Gecko) Version/17.2 Safari/605.1.15"
45.134.225.250 - - [29/Jan/2026:18:38:02 -0500] "GET /wp-content/uploads/2022/ HTTP/1.1" 302 277 "https://www.google.com/" "Mozilla/5.0 (Windows NT 10.0; Win64; x64) AppleWebKit/537.36 (KHTML, like Gecko) Chrome/121.0.0.0 Safari/537.36"
45.134.225.250 - - [29/Jan/2026:18:38:03 -0500] "GET /wp-content/uploads/2023/ HTTP/1.1" 302 277 "https://www.google.com/" "Mozilla/5.0 (Windows NT 10.0; Win64; x64) AppleWebKit/537.36 (KHTML, like Gecko) Chrome/121.0.0.0 Safari/537.36"
45.134.225.250 - - [29/Jan/2026:18:38:04 -0500] "GET /wp-content/uploads/2024/ HTTP/1.1" 302 277 "-" "Mozilla/5.0 (Windows NT 10.0; Win64; x64; rv:122.0) Gecko/20100101 Firefox/122.0"
45.134.225.250 - - [29/Jan/2026:18:38:05 -0500] "GET /wp-content/uploads/2025/ HTTP/1.1" 302 277 "-" "Mozilla/5.0 (Windows NT 10.0; Win64; x64; rv:122.0) Gecko/20100101 Firefox/122.0"
45.134.225.250 - - [29/Jan/2026:18:38:06 -0500] "GET /wp-content/uploads/2026/ HTTP/1.1" 302 277 "-" "Mozilla/5.0 (Windows NT 10.0; Win64; x64; rv:122.0) Gecko/20100101 Firefox/122.0"
74.206.190.117 - - [29/Jan/2026:18:40:20 -0500] "GET / HTTP/1.1" 200 17746 "-" "curl/7.29.0"
74.206.190.117 - - [29/Jan/2026:18:45:17 -0500] "GET / HTTP/1.1" 200 17746 "-" "curl/7.29.0"
204.76.203.212 - - [29/Jan/2026:18:48:06 -0500] "GET / HTTP/1.1" 200 17746 "-" "Mozilla/5.0 (Windows NT 10.0; Win64; x64) AppleWebKit/537.36 (KHTML, like Gecko) Chrome/90.0.4430.85 Safari/537.36 Edg/90.0.818.46"
74.206.190.117 - - [29/Jan/2026:18:50:12 -0500] "GET / HTTP/1.1" 200 17746 "-" "curl/7.29.0"
37.59.21.100 - - [29/Jan/2026:18:50:53 -0500] "GET /index.php/gay-fags/53.html/feed HTTP/1.1" 200 793 "-" "Mozilla/5.0 (X11; Linux i686) AppleWebKit/537.36 (KHTML, like Gecko) Chrome/30.0.1599.66 Safari/537.36"
74.206.190.117 - - [29/Jan/2026:18:55:12 -0500] "GET / HTTP/1.1" 200 17746 "-" "curl/7.29.0"
74.206.190.117 - - [29/Jan/2026:19:00:17 -0500] "GET / HTTP/1.1" 200 17746 "-" "curl/7.29.0"
193.142.147.209 - - [29/Jan/2026:19:00:25 -0500] "POST / HTTP/1.1" 200 17746 "-" "Mozilla/5.0 (Windows NT 10.0; Win64; x64) AppleWebKit/537.36"
74.206.190.117 - - [29/Jan/2026:19:05:16 -0500] "GET / HTTP/1.1" 200 17746 "-" "curl/7.29.0"
74.206.190.117 - - [29/Jan/2026:19:10:11 -0500] "GET / HTTP/1.1" 200 17746 "-" "curl/7.29.0"
204.76.203.212 - - [29/Jan/2026:19:13:12 -0500] "GET / HTTP/1.1" 200 17746 "-" "Mozilla/5.0 (Windows NT 10.0; Win64; x64) AppleWebKit/537.36 (KHTML, like Gecko) Chrome/90.0.4430.85 Safari/537.36 Edg/90.0.818.46"
93.123.109.175 - - [29/Jan/2026:19:13:19 -0500] "GET /.git/config HTTP/1.1" 302 277 "-" "Mozilla/5.0 (Macintosh; Intel Mac OS X 10_15_7) AppleWebKit/605.1.15 (KHTML, like Gecko) Version/16.4 Mobile/15E148 Safari/604.1"
74.206.190.117 - - [29/Jan/2026:19:15:17 -0500] "GET / HTTP/1.1" 200 17746 "-" "curl/7.29.0"
114.119.146.94 - - [29/Jan/2026:19:15:48 -0500] "GET /index.php/gay-fags/gay-tube-porn.html HTTP/1.1" 200 19512 "http://www.fagottube.com/index.php/category/gay-fags/page/2" "Mozilla/5.0 (Linux; Android 7.0;) AppleWebKit/537.36 (KHTML, like Gecko) Mobile Safari/537.36 (compatible; PetalBot;+https://webmaster.petalsearch.com/site/petalbot)"
114.119.133.191 - - [29/Jan/2026:19:17:11 -0500] "GET /index.php/gay-fags/american-fag.html HTTP/1.1" 200 19137 "http://www.fagottube.com/index.php/gay-fags/porngay-tube.html" "Mozilla/5.0 (Linux; Android 7.0;) AppleWebKit/537.36 (KHTML, like Gecko) Mobile Safari/537.36 (compatible; PetalBot;+https://webmaster.petalsearch.com/site/petalbot)"
40.124.175.234 - - [29/Jan/2026:19:19:43 -0500] "GET / HTTP/1.1" 200 17746 "-" "Mozilla/5.0 zgrab/0.x"
74.206.190.117 - - [29/Jan/2026:19:20:43 -0500] "GET / HTTP/1.1" 200 17746 "-" "curl/7.29.0"
104.244.75.208 - - [29/Jan/2026:19:21:24 -0500] "GET /wp-login.php HTTP/1.1" 200 2922 "-" "Mozilla/5.0 (Macintosh; Intel Mac OS X 10_9_3) AppleWebKit/537.36 (KHTML, like Gecko) Chrome/35.0.1916.153 Safari/537.36"
104.244.75.208 - - [29/Jan/2026:19:21:24 -0500] "POST /wp-login.php HTTP/1.1" 200 3910 "-" "Mozilla/5.0 (Macintosh; Intel Mac OS X 10_9_3) AppleWebKit/537.36 (KHTML, like Gecko) Chrome/35.0.1916.153 Safari/537.36"
74.206.190.117 - - [29/Jan/2026:19:25:11 -0500] "GET / HTTP/1.1" 200 17746 "-" "curl/7.29.0"
74.206.190.117 - - [29/Jan/2026:19:30:11 -0500] "GET / HTTP/1.1" 200 17746 "-" "curl/7.29.0"
74.206.190.117 - - [29/Jan/2026:19:33:12 -0500] "POST /wp-cron.php?doing_wp_cron=1769733192.7123880386352539062500 HTTP/1.1" 200 - "http://www.fagottube.com/wp-cron.php?doing_wp_cron=1769733192.7123880386352539062500" "WordPress/5.1.8; http://www.fagottube.com"
72.11.155.223 - - [29/Jan/2026:19:33:12 -0500] "GET / HTTP/1.1" 301 - "-" "Mozilla/5.0 (Macintosh; Intel Mac OS X 15_7_3) AppleWebKit/605.1.15 (KHTML, like Gecko) Version/26.0 Safari/605.1.15"
72.11.155.223 - - [29/Jan/2026:19:33:13 -0500] "GET / HTTP/1.1" 200 17746 "http://fagottube.com/" "Mozilla/5.0 (Macintosh; Intel Mac OS X 15_7_3) AppleWebKit/605.1.15 (KHTML, like Gecko) Version/26.0 Safari/605.1.15"
74.206.190.117 - - [29/Jan/2026:19:35:12 -0500] "GET / HTTP/1.1" 200 17746 "-" "curl/7.29.0"
89.42.231.200 - - [29/Jan/2026:19:36:17 -0500] "GET /cgi-bin/luci/;stok=/locale HTTP/1.1" 302 274 "-" "-"
204.76.203.212 - - [29/Jan/2026:19:38:19 -0500] "GET / HTTP/1.1" 200 17746 "-" "Mozilla/5.0 (Windows NT 10.0; Win64; x64) AppleWebKit/537.36 (KHTML, like Gecko) Chrome/90.0.4430.85 Safari/537.36 Edg/90.0.818.46"
74.206.190.117 - - [29/Jan/2026:19:40:17 -0500] "GET / HTTP/1.1" 200 17746 "-" "curl/7.29.0"
118.89.243.189 - - [29/Jan/2026:19:41:46 -0500] "GET / HTTP/1.1" 200 17746 "-" "Go-http-client/1.1"
74.206.190.117 - - [29/Jan/2026:19:45:13 -0500] "GET / HTTP/1.1" 200 17746 "-" "curl/7.29.0"
74.206.190.117 - - [29/Jan/2026:19:50:11 -0500] "GET / HTTP/1.1" 200 17746 "-" "curl/7.29.0"
64.112.126.83 - - [29/Jan/2026:19:53:42 -0500] "GET /.cursorrules HTTP/1.1" 302 274 "-" "Mozilla/5.0 (Windows NT 10.0; Win64; x64) AppleWebKit/537.36 (KHTML, like Gecko) Chrome/124.0.0.0 Safari/537.36"
74.206.190.117 - - [29/Jan/2026:19:55:10 -0500] "GET / HTTP/1.1" 200 17746 "-" "curl/7.29.0"
74.206.190.117 - - [29/Jan/2026:20:00:18 -0500] "GET / HTTP/1.1" 200 17746 "-" "curl/7.29.0"
204.76.203.212 - - [29/Jan/2026:20:01:43 -0500] "GET / HTTP/1.1" 200 17746 "-" "Mozilla/5.0 (Windows NT 10.0; Win64; x64) AppleWebKit/537.36 (KHTML, like Gecko) Chrome/90.0.4430.85 Safari/537.36 Edg/90.0.818.46"
74.206.190.117 - - [29/Jan/2026:20:05:18 -0500] "GET / HTTP/1.1" 200 17746 "-" "curl/7.29.0"
45.61.188.5 - - [29/Jan/2026:20:08:36 -0500] "GET /wp-login.php HTTP/1.1" 200 2922 "-" "Mozilla/5.0 (Windows NT 6.2; WOW64; rv:30.0) Gecko/20100101 Firefox/30.0"
45.61.188.5 - - [29/Jan/2026:20:08:37 -0500] "POST /wp-login.php HTTP/1.1" 200 3914 "-" "Mozilla/5.0 (Windows NT 6.2; WOW64; rv:30.0) Gecko/20100101 Firefox/30.0"
74.206.190.117 - - [29/Jan/2026:20:10:14 -0500] "GET / HTTP/1.1" 200 17746 "-" "curl/7.29.0"
74.206.190.117 - - [29/Jan/2026:20:15:17 -0500] "GET / HTTP/1.1" 200 17746 "-" "curl/7.29.0"
74.206.190.117 - - [29/Jan/2026:20:20:17 -0500] "GET / HTTP/1.1" 200 17746 "-" "curl/7.29.0"
193.142.146.230 - - [29/Jan/2026:20:24:55 -0500] "GET /login HTTP/1.1" 302 274 "-" "Go-http-client/1.1"
74.206.190.117 - - [29/Jan/2026:20:25:14 -0500] "GET / HTTP/1.1" 200 17746 "-" "curl/7.29.0"
204.76.203.212 - - [29/Jan/2026:20:27:57 -0500] "GET / HTTP/1.1" 200 17746 "-" "Mozilla/5.0 (Windows NT 10.0; Win64; x64) AppleWebKit/537.36 (KHTML, like Gecko) Chrome/90.0.4430.85 Safari/537.36 Edg/90.0.818.46"
74.206.190.117 - - [29/Jan/2026:20:30:12 -0500] "GET / HTTP/1.1" 200 17746 "-" "curl/7.29.0"
74.206.190.117 - - [29/Jan/2026:20:35:12 -0500] "POST /wp-cron.php?doing_wp_cron=1769736912.5256340503692626953125 HTTP/1.1" 200 - "http://www.fagottube.com/wp-cron.php?doing_wp_cron=1769736912.5256340503692626953125" "WordPress/5.1.8; http://www.fagottube.com"
74.206.190.117 - - [29/Jan/2026:20:35:12 -0500] "GET / HTTP/1.1" 200 17746 "-" "curl/7.29.0"
74.206.190.117 - - [29/Jan/2026:20:40:16 -0500] "GET / HTTP/1.1" 200 17746 "-" "curl/7.29.0"
74.206.190.117 - - [29/Jan/2026:20:45:16 -0500] "GET / HTTP/1.1" 200 17746 "-" "curl/7.29.0"
65.111.3.124 - - [29/Jan/2026:20:46:20 -0500] "GET /wp-login.php HTTP/1.1" 200 2922 "-" "Mozilla/5.0 (Windows NT 10.0; Win64; x64) AppleWebKit/537.36 (KHTML, like Gecko) Chrome/124.0.6367.207 Safari/537.36"
65.111.3.124 - - [29/Jan/2026:20:46:21 -0500] "POST /xmlrpc.php HTTP/1.1" 302 277 "-" "Mozilla/5.0 (Windows NT 10.0; Win64; x64) AppleWebKit/537.36 (KHTML, like Gecko) Chrome/124.0.6367.207 Safari/537.36"
65.111.3.124 - - [29/Jan/2026:20:46:21 -0500] "GET / HTTP/1.1" 200 17746 "-" "Mozilla/5.0 (Windows NT 10.0; Win64; x64) AppleWebKit/537.36 (KHTML, like Gecko) Chrome/124.0.6367.207 Safari/537.36"
216.26.230.15 - - [29/Jan/2026:20:46:22 -0500] "POST /xmlrpc.php HTTP/1.1" 302 277 "-" "Mozilla/5.0 (Windows NT 10.0; Win64; x64) AppleWebKit/537.36 (KHTML, like Gecko) Chrome/124.0.6367.207 Safari/537.36"
216.26.230.15 - - [29/Jan/2026:20:46:22 -0500] "GET / HTTP/1.1" 200 17746 "-" "Mozilla/5.0 (Windows NT 10.0; Win64; x64) AppleWebKit/537.36 (KHTML, like Gecko) Chrome/124.0.6367.207 Safari/537.36"
104.167.19.67 - - [29/Jan/2026:20:46:23 -0500] "POST /xmlrpc.php HTTP/1.1" 302 277 "-" "Mozilla/5.0 (Windows NT 10.0; Win64; x64; rv:127.0) Gecko/20100101 Firefox/127.0"
104.167.19.67 - - [29/Jan/2026:20:46:23 -0500] "GET / HTTP/1.1" 200 17746 "-" "Mozilla/5.0 (Windows NT 10.0; Win64; x64; rv:127.0) Gecko/20100101 Firefox/127.0"
65.111.24.183 - - [29/Jan/2026:20:46:24 -0500] "POST /xmlrpc.php HTTP/1.1" 302 277 "-" "Mozilla/5.0 (Macintosh; Intel Mac OS X 13_5) AppleWebKit/605.1.15 (KHTML, like Gecko) Version/17.5 Safari/605.1.15"
65.111.24.183 - - [29/Jan/2026:20:46:25 -0500] "GET / HTTP/1.1" 200 17746 "-" "Mozilla/5.0 (Macintosh; Intel Mac OS X 13_5) AppleWebKit/605.1.15 (KHTML, like Gecko) Version/17.5 Safari/605.1.15"
104.207.48.146 - - [29/Jan/2026:20:46:26 -0500] "POST /xmlrpc.php HTTP/1.1" 302 277 "-" "Mozilla/5.0 (Windows NT 10.0; Win64; x64; rv:127.0) Gecko/20100101 Firefox/127.0"
104.207.48.146 - - [29/Jan/2026:20:46:26 -0500] "GET / HTTP/1.1" 200 17746 "-" "Mozilla/5.0 (Windows NT 10.0; Win64; x64; rv:127.0) Gecko/20100101 Firefox/127.0"
216.26.241.15 - - [29/Jan/2026:20:46:27 -0500] "POST /xmlrpc.php HTTP/1.1" 302 277 "-" "Mozilla/5.0 (Windows NT 10.0; Win64; x64; rv:127.0) Gecko/20100101 Firefox/127.0"
216.26.241.15 - - [29/Jan/2026:20:46:28 -0500] "GET / HTTP/1.1" 200 17746 "-" "Mozilla/5.0 (Windows NT 10.0; Win64; x64; rv:127.0) Gecko/20100101 Firefox/127.0"
104.207.35.232 - - [29/Jan/2026:20:46:29 -0500] "POST /xmlrpc.php HTTP/1.1" 302 277 "-" "Mozilla/5.0 (Windows NT 10.0; Win64; x64; rv:127.0) Gecko/20100101 Firefox/127.0"
104.207.35.232 - - [29/Jan/2026:20:46:29 -0500] "GET / HTTP/1.1" 200 17746 "-" "Mozilla/5.0 (Windows NT 10.0; Win64; x64; rv:127.0) Gecko/20100101 Firefox/127.0"
65.111.29.179 - - [29/Jan/2026:20:46:30 -0500] "POST /xmlrpc.php HTTP/1.1" 302 277 "-" "Mozilla/5.0 (Windows NT 10.0; Win64; x64) AppleWebKit/537.36 (KHTML, like Gecko) Chrome/124.0.6367.207 Safari/537.36"
65.111.29.179 - - [29/Jan/2026:20:46:30 -0500] "GET / HTTP/1.1" 200 17746 "-" "Mozilla/5.0 (Windows NT 10.0; Win64; x64) AppleWebKit/537.36 (KHTML, like Gecko) Chrome/124.0.6367.207 Safari/537.36"
104.207.61.154 - - [29/Jan/2026:20:46:31 -0500] "POST /xmlrpc.php HTTP/1.1" 302 277 "-" "Mozilla/5.0 (Windows NT 10.0; Win64; x64) AppleWebKit/537.36 (KHTML, like Gecko) Chrome/124.0.6367.207 Safari/537.36"
104.207.61.154 - - [29/Jan/2026:20:46:32 -0500] "GET / HTTP/1.1" 200 17746 "-" "Mozilla/5.0 (Windows NT 10.0; Win64; x64) AppleWebKit/537.36 (KHTML, like Gecko) Chrome/124.0.6367.207 Safari/537.36"
209.50.165.95 - - [29/Jan/2026:20:46:33 -0500] "POST /xmlrpc.php HTTP/1.1" 302 277 "-" "Mozilla/5.0 (Windows NT 10.0; Win64; x64; rv:127.0) Gecko/20100101 Firefox/127.0"
209.50.165.95 - - [29/Jan/2026:20:46:33 -0500] "GET / HTTP/1.1" 200 17746 "-" "Mozilla/5.0 (Windows NT 10.0; Win64; x64; rv:127.0) Gecko/20100101 Firefox/127.0"
104.207.54.27 - - [29/Jan/2026:20:46:34 -0500] "POST /xmlrpc.php HTTP/1.1" 302 277 "-" "Mozilla/5.0 (Windows NT 10.0; Win64; x64) AppleWebKit/537.36 (KHTML, like Gecko) Chrome/124.0.6367.207 Safari/537.36"
104.207.54.27 - - [29/Jan/2026:20:46:34 -0500] "GET / HTTP/1.1" 200 17746 "-" "Mozilla/5.0 (Windows NT 10.0; Win64; x64) AppleWebKit/537.36 (KHTML, like Gecko) Chrome/124.0.6367.207 Safari/537.36"
65.111.3.124 - - [29/Jan/2026:20:46:35 -0500] "GET /wp-login.php HTTP/1.1" 200 2922 "-" "Mozilla/5.0 (Windows NT 10.0; Win64; x64) AppleWebKit/537.36 (KHTML, like Gecko) Chrome/124.0.6367.207 Safari/537.36"
65.111.3.124 - - [29/Jan/2026:20:46:36 -0500] "POST /wp-login.php HTTP/1.1" 302 - "http://www.fagottube.com/wp-login.php" "Mozilla/5.0 (Windows NT 10.0; Win64; x64) AppleWebKit/537.36 (KHTML, like Gecko) Chrome/124.0.6367.207 Safari/537.36"
65.111.3.124 - - [29/Jan/2026:20:46:37 -0500] "GET /wp-admin/ HTTP/1.1" 200 77749 "http://www.fagottube.com/wp-login.php" "Mozilla/5.0 (Windows NT 10.0; Win64; x64) AppleWebKit/537.36 (KHTML, like Gecko) Chrome/124.0.6367.207 Safari/537.36"
65.111.3.124 - - [29/Jan/2026:20:46:38 -0500] "GET /wp-admin/admin-ajax.php?action=rest-nonce HTTP/1.1" 400 1 "-" "Mozilla/5.0 (Windows NT 10.0; Win64; x64) AppleWebKit/537.36 (KHTML, like Gecko) Chrome/124.0.6367.207 Safari/537.36"
65.111.3.124 - - [29/Jan/2026:20:46:39 -0500] "GET /wp-admin/admin-ajax.php?action=rest-nonce HTTP/1.1" 400 1 "-" "Mozilla/5.0 (Windows NT 10.0; Win64; x64) AppleWebKit/537.36 (KHTML, like Gecko) Chrome/124.0.6367.207 Safari/537.36"
65.111.3.124 - - [29/Jan/2026:20:46:40 -0500] "GET /wp-admin/admin-ajax.php?action=rest-nonce HTTP/1.1" 400 1 "-" "Mozilla/5.0 (Windows NT 10.0; Win64; x64) AppleWebKit/537.36 (KHTML, like Gecko) Chrome/124.0.6367.207 Safari/537.36"
65.111.3.124 - - [29/Jan/2026:20:46:41 -0500] "GET /wp-admin/admin-ajax.php?action=rest-nonce HTTP/1.1" 400 1 "-" "Mozilla/5.0 (Windows NT 10.0; Win64; x64) AppleWebKit/537.36 (KHTML, like Gecko) Chrome/124.0.6367.207 Safari/537.36"
65.111.3.124 - - [29/Jan/2026:20:46:41 -0500] "GET /wp-admin/admin-ajax.php?action=rest-nonce HTTP/1.1" 400 1 "-" "Mozilla/5.0 (Windows NT 10.0; Win64; x64) AppleWebKit/537.36 (KHTML, like Gecko) Chrome/124.0.6367.207 Safari/537.36"
65.111.3.124 - - [29/Jan/2026:20:46:42 -0500] "GET /wp-json/wp/v2/users/me HTTP/1.1" 302 277 "-" "Mozilla/5.0 (Windows NT 10.0; Win64; x64) AppleWebKit/537.36 (KHTML, like Gecko) Chrome/124.0.6367.207 Safari/537.36"
65.111.3.124 - - [29/Jan/2026:20:46:42 -0500] "GET / HTTP/1.1" 200 17746 "-" "Mozilla/5.0 (Windows NT 10.0; Win64; x64) AppleWebKit/537.36 (KHTML, like Gecko) Chrome/124.0.6367.207 Safari/537.36"
65.111.3.124 - - [29/Jan/2026:20:46:43 -0500] "GET /wp-json/wp/v2/users/me HTTP/1.1" 302 277 "-" "Mozilla/5.0 (Windows NT 10.0; Win64; x64) AppleWebKit/537.36 (KHTML, like Gecko) Chrome/124.0.6367.207 Safari/537.36"
65.111.3.124 - - [29/Jan/2026:20:46:43 -0500] "GET / HTTP/1.1" 200 17746 "-" "Mozilla/5.0 (Windows NT 10.0; Win64; x64) AppleWebKit/537.36 (KHTML, like Gecko) Chrome/124.0.6367.207 Safari/537.36"
65.111.3.124 - - [29/Jan/2026:20:46:44 -0500] "GET /wp-json/wp/v2/users/me HTTP/1.1" 302 277 "-" "Mozilla/5.0 (Windows NT 10.0; Win64; x64) AppleWebKit/537.36 (KHTML, like Gecko) Chrome/124.0.6367.207 Safari/537.36"
65.111.3.124 - - [29/Jan/2026:20:46:44 -0500] "GET / HTTP/1.1" 200 17746 "-" "Mozilla/5.0 (Windows NT 10.0; Win64; x64) AppleWebKit/537.36 (KHTML, like Gecko) Chrome/124.0.6367.207 Safari/537.36"
65.111.3.124 - - [29/Jan/2026:20:46:45 -0500] "GET /wp-json/wp/v2/users/me HTTP/1.1" 302 277 "-" "Mozilla/5.0 (Windows NT 10.0; Win64; x64) AppleWebKit/537.36 (KHTML, like Gecko) Chrome/124.0.6367.207 Safari/537.36"
65.111.3.124 - - [29/Jan/2026:20:46:45 -0500] "GET / HTTP/1.1" 200 17746 "-" "Mozilla/5.0 (Windows NT 10.0; Win64; x64) AppleWebKit/537.36 (KHTML, like Gecko) Chrome/124.0.6367.207 Safari/537.36"
65.111.3.124 - - [29/Jan/2026:20:46:46 -0500] "GET /wp-json/wp/v2/users/me HTTP/1.1" 302 277 "-" "Mozilla/5.0 (Windows NT 10.0; Win64; x64) AppleWebKit/537.36 (KHTML, like Gecko) Chrome/124.0.6367.207 Safari/537.36"
65.111.3.124 - - [29/Jan/2026:20:46:46 -0500] "GET / HTTP/1.1" 200 17746 "-" "Mozilla/5.0 (Windows NT 10.0; Win64; x64) AppleWebKit/537.36 (KHTML, like Gecko) Chrome/124.0.6367.207 Safari/537.36"
65.111.3.124 - - [29/Jan/2026:20:46:47 -0500] "GET /wp-admin/theme-editor.php HTTP/1.1" 200 48553 "-" "Mozilla/5.0 (Windows NT 10.0; Win64; x64) AppleWebKit/537.36 (KHTML, like Gecko) Chrome/124.0.6367.207 Safari/537.36"
65.111.3.124 - - [29/Jan/2026:20:46:48 -0500] "GET /wp-admin/plugin-editor.php HTTP/1.1" 200 84311 "-" "Mozilla/5.0 (Windows NT 10.0; Win64; x64) AppleWebKit/537.36 (KHTML, like Gecko) Chrome/124.0.6367.207 Safari/537.36"
65.111.3.124 - - [29/Jan/2026:20:46:49 -0500] "GET /wp-admin/theme-install.php HTTP/1.1" 200 46541 "-" "Mozilla/5.0 (Windows NT 10.0; Win64; x64) AppleWebKit/537.36 (KHTML, like Gecko) Chrome/124.0.6367.207 Safari/537.36"
65.111.3.124 - - [29/Jan/2026:20:46:50 -0500] "GET /wp-admin/plugin-install.php HTTP/1.1" 200 84054 "-" "Mozilla/5.0 (Windows NT 10.0; Win64; x64) AppleWebKit/537.36 (KHTML, like Gecko) Chrome/124.0.6367.207 Safari/537.36"
65.111.3.124 - - [29/Jan/2026:20:46:51 -0500] "POST /wp-admin/update.php?action=upload-plugin HTTP/1.1" 500 2798 "http://www.fagottube.com/wp-admin/update.php?action=upload-plugin" "Mozilla/5.0 (Windows NT 10.0; Win64; x64) AppleWebKit/537.36 (KHTML, like Gecko) Chrome/124.0.6367.207 Safari/537.36"
65.111.3.124 - - [29/Jan/2026:20:46:53 -0500] "GET /wp-admin/plugins.php?plugin_status=all HTTP/1.1" 200 52121 "-" "Mozilla/5.0 (Windows NT 10.0; Win64; x64) AppleWebKit/537.36 (KHTML, like Gecko) Chrome/124.0.6367.207 Safari/537.36"
65.111.3.124 - - [29/Jan/2026:20:46:54 -0500] "GET /wp-admin/plugins.php?plugin_status=all HTTP/1.1" 200 52121 "-" "Mozilla/5.0 (Windows NT 10.0; Win64; x64) AppleWebKit/537.36 (KHTML, like Gecko) Chrome/124.0.6367.207 Safari/537.36"
65.111.3.124 - - [29/Jan/2026:20:46:55 -0500] "GET /wp-admin/plugins.php?plugin_status=all HTTP/1.1" 200 52121 "-" "Mozilla/5.0 (Windows NT 10.0; Win64; x64) AppleWebKit/537.36 (KHTML, like Gecko) Chrome/124.0.6367.207 Safari/537.36"
65.111.3.124 - - [29/Jan/2026:20:46:55 -0500] "GET /wp-admin/plugins.php?plugin_status=all HTTP/1.1" 200 52121 "-" "Mozilla/5.0 (Windows NT 10.0; Win64; x64) AppleWebKit/537.36 (KHTML, like Gecko) Chrome/124.0.6367.207 Safari/537.36"
65.111.3.124 - - [29/Jan/2026:20:46:56 -0500] "GET /wp-admin/plugins.php?plugin_status=all HTTP/1.1" 200 52121 "-" "Mozilla/5.0 (Windows NT 10.0; Win64; x64) AppleWebKit/537.36 (KHTML, like Gecko) Chrome/124.0.6367.207 Safari/537.36"
65.111.3.124 - - [29/Jan/2026:20:46:57 -0500] "GET /wp-admin/plugins.php HTTP/1.1" 200 52063 "-" "Mozilla/5.0 (Windows NT 10.0; Win64; x64) AppleWebKit/537.36 (KHTML, like Gecko) Chrome/124.0.6367.207 Safari/537.36"
37.59.21.100 - - [29/Jan/2026:20:47:24 -0500] "GET /index.php/tag/barebacked/feed HTTP/1.1" 200 5291 "-" "Mozilla/5.0 (X11; Linux i686) AppleWebKit/537.36 (KHTML, like Gecko) Chrome/30.0.1599.66 Safari/537.36"
74.206.190.117 - - [29/Jan/2026:20:50:12 -0500] "GET / HTTP/1.1" 200 17746 "-" "curl/7.29.0"
204.76.203.212 - - [29/Jan/2026:20:50:37 -0500] "GET / HTTP/1.1" 200 17746 "-" "Mozilla/5.0 (Windows NT 10.0; Win64; x64) AppleWebKit/537.36 (KHTML, like Gecko) Chrome/90.0.4430.85 Safari/537.36 Edg/90.0.818.46"
103.138.185.185 - - [29/Jan/2026:20:55:06 -0500] "GET / HTTP/1.1" 200 17746 "-" "Mozilla/5.0 (Windows NT 10.0; WOW64) AppleWebKit/537.36 (KHTML, like Gecko) Chrome/51.0.2704.103 Safari/537.36"
74.206.190.117 - - [29/Jan/2026:20:55:13 -0500] "GET / HTTP/1.1" 200 17746 "-" "curl/7.29.0"
74.206.190.117 - - [29/Jan/2026:21:00:17 -0500] "GET / HTTP/1.1" 200 17746 "-" "curl/7.29.0"
147.185.132.56 - - [29/Jan/2026:21:00:22 -0500] "GET / HTTP/1.1" 200 17746 "-" "Hello from Palo Alto Networks, find out more about our scans in https://docs-cortex.paloaltonetworks.com/r/1/Cortex-Xpanse/Scanning-activity"
74.206.190.117 - - [29/Jan/2026:21:05:12 -0500] "GET / HTTP/1.1" 200 17746 "-" "curl/7.29.0"
89.42.231.200 - - [29/Jan/2026:21:08:42 -0500] "GET /cgi-bin/luci/;stok=/locale HTTP/1.1" 302 274 "-" "-"
37.59.21.100 - - [29/Jan/2026:21:09:33 -0500] "GET /index.php/category/gay-fags/feed HTTP/1.1" 200 8686 "-" "Mozilla/5.0 (X11; Linux i686) AppleWebKit/537.36 (KHTML, like Gecko) Chrome/30.0.1599.66 Safari/537.36"
74.206.190.117 - - [29/Jan/2026:21:10:11 -0500] "GET / HTTP/1.1" 200 17746 "-" "curl/7.29.0"
193.142.147.209 - - [29/Jan/2026:21:11:06 -0500] "POST / HTTP/1.1" 200 17746 "-" "Mozilla/5.0 (Windows NT 10.0; Win64; x64) AppleWebKit/537.36"
74.206.190.117 - - [29/Jan/2026:21:15:11 -0500] "GET / HTTP/1.1" 200 17746 "-" "curl/7.29.0"
176.65.139.8 - - [29/Jan/2026:21:15:24 -0500] "GET / HTTP/1.1" 200 17746 "-" "Mozilla/5.0 (Windows NT 10.0; Win64; x64) AppleWebKit/537.36 (KHTML, like Gecko) Chrome/90.0.4430.85 Safari/537.36 Edg/90.0.818.46"
204.76.203.212 - - [29/Jan/2026:21:15:49 -0500] "GET / HTTP/1.1" 200 17746 "-" "Mozilla/5.0 (Windows NT 10.0; Win64; x64) AppleWebKit/537.36 (KHTML, like Gecko) Chrome/90.0.4430.85 Safari/537.36 Edg/90.0.818.46"
74.206.190.117 - - [29/Jan/2026:21:20:24 -0500] "GET / HTTP/1.1" 200 17746 "-" "curl/7.29.0"
112.86.165.53 - - [29/Jan/2026:21:24:15 -0500] "POST /hello.world?%ADd+allow_url_include%3d1+%ADd+auto_prepend_file%3dphp://input HTTP/1.1" 302 274 "-" "libredtail-http"
74.206.190.117 - - [29/Jan/2026:21:25:14 -0500] "GET / HTTP/1.1" 200 17746 "-" "curl/7.29.0"
185.12.251.124 - - [29/Jan/2026:21:27:53 -0500] "GET /robots.txt HTTP/1.1" 200 29 "-" "Mozilla/5.0 (iPhone; CPU iPhone OS 17_1_2 like Mac OS X) AppleWebKit/605.1.15 (KHTML, like Gecko) Version/17.1.2 Mobile/15E148 Safari/604"
5.133.192.184 - - [29/Jan/2026:21:27:53 -0500] "GET / HTTP/1.1" 301 - "-" "Mozilla/5.0 (iPhone; CPU iPhone OS 17_1_2 like Mac OS X) AppleWebKit/605.1.15 (KHTML, like Gecko) Version/17.1.2 Mobile/15E148 Safari/604"
5.133.192.187 - - [29/Jan/2026:21:27:54 -0500] "GET / HTTP/1.1" 200 17746 "http://fagottube.com/" "Mozilla/5.0 (iPhone; CPU iPhone OS 17_1_2 like Mac OS X) AppleWebKit/605.1.15 (KHTML, like Gecko) Version/17.1.2 Mobile/15E148 Safari/604"
74.206.190.117 - - [29/Jan/2026:21:30:13 -0500] "GET / HTTP/1.1" 200 17746 "-" "curl/7.29.0"
74.206.190.117 - - [29/Jan/2026:21:35:11 -0500] "POST /wp-cron.php?doing_wp_cron=1769740511.9265890121459960937500 HTTP/1.1" 200 - "http://www.fagottube.com/wp-cron.php?doing_wp_cron=1769740511.9265890121459960937500" "WordPress/5.1.8; http://www.fagottube.com"
74.206.190.117 - - [29/Jan/2026:21:35:11 -0500] "GET / HTTP/1.1" 200 17746 "-" "curl/7.29.0"
37.59.21.100 - - [29/Jan/2026:21:37:00 -0500] "GET /index.php/tag/raw-papi/feed HTTP/1.1" 200 6446 "-" "Mozilla/5.0 (X11; Linux i686) AppleWebKit/537.36 (KHTML, like Gecko) Chrome/30.0.1599.66 Safari/537.36"
74.206.190.117 - - [29/Jan/2026:21:40:23 -0500] "GET / HTTP/1.1" 200 17746 "-" "curl/7.29.0"
107.189.31.222 - - [29/Jan/2026:21:41:00 -0500] "GET /wp-login.php HTTP/1.1" 200 2922 "-" "Mozilla/5.0 (Windows NT 6.1) AppleWebKit/537.36 (KHTML, like Gecko) Chrome/36.0.1985.143 Safari/537.36"
107.189.31.222 - - [29/Jan/2026:21:41:01 -0500] "POST /wp-login.php HTTP/1.1" 200 3914 "-" "Mozilla/5.0 (Windows NT 6.1) AppleWebKit/537.36 (KHTML, like Gecko) Chrome/36.0.1985.143 Safari/537.36"
204.76.203.212 - - [29/Jan/2026:21:42:37 -0500] "GET / HTTP/1.1" 200 17746 "-" "Mozilla/5.0 (Windows NT 10.0; Win64; x64) AppleWebKit/537.36 (KHTML, like Gecko) Chrome/90.0.4430.85 Safari/537.36 Edg/90.0.818.46"
74.206.190.117 - - [29/Jan/2026:21:45:12 -0500] "GET / HTTP/1.1" 200 17746 "-" "curl/7.29.0"
37.59.21.100 - - [29/Jan/2026:21:47:56 -0500] "GET /index.php/gay-fags/gay-fags-tube.html/feed HTTP/1.1" 200 1580 "-" "Mozilla/5.0 (X11; Linux i686) AppleWebKit/537.36 (KHTML, like Gecko) Chrome/30.0.1599.66 Safari/537.36"
34.86.239.201 - - [29/Jan/2026:21:48:23 -0500] "GET / HTTP/1.1" 200 17746 "-" "Mozilla/5.0 (Windows NT 10.0; Win64; x64) AppleWebKit/537.36 (KHTML, like Gecko) Chrome/102.0.5005.197 Safari/537.36"
74.206.190.117 - - [29/Jan/2026:21:50:14 -0500] "GET / HTTP/1.1" 200 17746 "-" "curl/7.29.0"
20.169.49.41 - - [29/Jan/2026:21:51:47 -0500] "GET /developmentserver/metadatauploader HTTP/1.1" 302 274 "-" "Mozilla/5.0 zgrab/0.x"
74.206.190.117 - - [29/Jan/2026:21:55:13 -0500] "GET / HTTP/1.1" 200 17746 "-" "curl/7.29.0"
74.206.190.117 - - [29/Jan/2026:22:00:20 -0500] "GET / HTTP/1.1" 200 17746 "-" "curl/7.29.0"
68.131.46.212 - - [29/Jan/2026:22:01:52 -0500] "GET /index.php/gay-fags/american-fag.html HTTP/1.1" 200 19137 "https://www.google.com/" "Mozilla/5.0 (Linux; Android 10; K) AppleWebKit/537.36 (KHTML, like Gecko) SamsungBrowser/29.0 Chrome/136.0.0.0 Mobile Safari/537.36"
74.206.190.117 - - [29/Jan/2026:22:05:12 -0500] "GET / HTTP/1.1" 200 17746 "-" "curl/7.29.0"
204.76.203.212 - - [29/Jan/2026:22:08:57 -0500] "GET / HTTP/1.1" 200 17746 "-" "Mozilla/5.0 (Windows NT 10.0; Win64; x64) AppleWebKit/537.36 (KHTML, like Gecko) Chrome/90.0.4430.85 Safari/537.36 Edg/90.0.818.46"
74.206.190.117 - - [29/Jan/2026:22:10:12 -0500] "GET / HTTP/1.1" 200 17746 "-" "curl/7.29.0"
52.167.144.197 - - [29/Jan/2026:22:13:59 -0500] "GET /index.php/page/2?Submit=Search&s HTTP/1.1" 200 17816 "-" "Mozilla/5.0 AppleWebKit/537.36 (KHTML, like Gecko; compatible; bingbot/2.0; +http://www.bing.com/bingbot.htm) Chrome/116.0.1938.76 Safari/537.36"
74.206.190.117 - - [29/Jan/2026:22:15:13 -0500] "GET / HTTP/1.1" 200 17746 "-" "curl/7.29.0"
74.206.190.117 - - [29/Jan/2026:22:20:19 -0500] "GET / HTTP/1.1" 200 17746 "-" "curl/7.29.0"
74.206.190.117 - - [29/Jan/2026:22:25:15 -0500] "GET / HTTP/1.1" 200 17746 "-" "curl/7.29.0"
51.68.39.135 - - [29/Jan/2026:22:29:01 -0500] "GET /index.php/gay-fags/gay-porntube.html HTTP/1.1" 200 19301 "http://www.fagottube.com/" "Mozilla/5.0 (X11; Ubuntu; Linux i686; rv:114.0) Gecko/20100101 Firefox/114.0"
104.207.45.53 - - [29/Jan/2026:22:29:06 -0500] "GET /wp-login.php?action=register HTTP/1.1" 302 - "http://www.fagottube.com/index.php/gay-fags/gay-porntube.html" "Mozilla/5.0 (Windows NT 6.3; Win64; x64) AppleWebKit/537.36 (KHTML, like Gecko) Chrome/103.0.0.0 Safari/537.36"
104.207.45.53 - - [29/Jan/2026:22:29:07 -0500] "GET /wp-login.php?registration=disabled HTTP/1.1" 200 3064 "http://www.fagottube.com/wp-login.php?action=register" "Mozilla/5.0 (Windows NT 6.3; Win64; x64) AppleWebKit/537.36 (KHTML, like Gecko) Chrome/103.0.0.0 Safari/537.36"
74.206.190.117 - - [29/Jan/2026:22:30:12 -0500] "GET / HTTP/1.1" 200 17746 "-" "curl/7.29.0"
89.42.231.200 - - [29/Jan/2026:22:31:54 -0500] "GET /cgi-bin/luci/;stok=/locale HTTP/1.1" 302 274 "-" "-"
74.206.190.117 - - [29/Jan/2026:22:32:43 -0500] "POST /wp-cron.php?doing_wp_cron=1769743963.3777821063995361328125 HTTP/1.1" 200 - "http://www.fagottube.com/wp-cron.php?doing_wp_cron=1769743963.3777821063995361328125" "WordPress/5.1.8; http://www.fagottube.com"
204.76.203.212 - - [29/Jan/2026:22:32:43 -0500] "GET / HTTP/1.1" 200 17746 "-" "Mozilla/5.0 (Windows NT 10.0; Win64; x64) AppleWebKit/537.36 (KHTML, like Gecko) Chrome/90.0.4430.85 Safari/537.36 Edg/90.0.818.46"
74.206.190.117 - - [29/Jan/2026:22:35:12 -0500] "GET / HTTP/1.1" 200 17746 "-" "curl/7.29.0"
74.206.190.117 - - [29/Jan/2026:22:40:17 -0500] "GET / HTTP/1.1" 200 17746 "-" "curl/7.29.0"
74.206.190.117 - - [29/Jan/2026:22:45:12 -0500] "GET / HTTP/1.1" 200 17746 "-" "curl/7.29.0"
107.189.1.179 - - [29/Jan/2026:22:47:47 -0500] "GET /wp-login.php HTTP/1.1" 200 2922 "-" "Mozilla/5.0 (X11; Linux x86_64) AppleWebKit/537.36 (KHTML, like Gecko) Chrome/36.0.1985.143 Safari/537.36"
107.189.1.179 - - [29/Jan/2026:22:47:48 -0500] "POST /wp-login.php HTTP/1.1" 200 3914 "-" "Mozilla/5.0 (X11; Linux x86_64) AppleWebKit/537.36 (KHTML, like Gecko) Chrome/36.0.1985.143 Safari/537.36"
124.223.190.240 - - [29/Jan/2026:22:49:20 -0500] "GET / HTTP/1.1" 200 17746 "-" "Go-http-client/1.1"
74.206.190.117 - - [29/Jan/2026:22:50:11 -0500] "GET / HTTP/1.1" 200 17746 "-" "curl/7.29.0"
107.189.30.53 - - [29/Jan/2026:22:53:42 -0500] "GET /wp-login.php HTTP/1.1" 200 2922 "https://www.bing.com/" "Mozilla/5.0 (X11; Linux x86_64) AppleWebKit/537.36 (KHTML, like Gecko) Chrome/131.0.0.0 Safari/537.36"
107.189.30.53 - - [29/Jan/2026:22:53:44 -0500] "POST /wp-login.php HTTP/1.1" 200 3928 "https://www.bing.com/" "Mozilla/5.0 (X11; Linux x86_64) AppleWebKit/537.36 (KHTML, like Gecko) Chrome/131.0.0.0 Safari/537.36"
74.206.190.117 - - [29/Jan/2026:22:55:15 -0500] "GET / HTTP/1.1" 200 17746 "-" "curl/7.29.0"
204.76.203.212 - - [29/Jan/2026:22:59:07 -0500] "GET / HTTP/1.1" 200 17746 "-" "Mozilla/5.0 (Windows NT 10.0; Win64; x64) AppleWebKit/537.36 (KHTML, like Gecko) Chrome/90.0.4430.85 Safari/537.36 Edg/90.0.818.46"
74.206.190.117 - - [29/Jan/2026:23:00:18 -0500] "GET / HTTP/1.1" 200 17746 "-" "curl/7.29.0"
74.206.190.117 - - [29/Jan/2026:23:05:13 -0500] "POST /wp-cron.php?doing_wp_cron=1769745913.7728939056396484375000 HTTP/1.1" 200 - "http://www.fagottube.com/wp-cron.php?doing_wp_cron=1769745913.7728939056396484375000" "WordPress/5.1.8; http://www.fagottube.com"
74.206.190.117 - - [29/Jan/2026:23:05:13 -0500] "GET / HTTP/1.1" 200 17746 "-" "curl/7.29.0"
43.167.239.66 - - [29/Jan/2026:23:07:40 -0500] "GET / HTTP/1.1" 200 17746 "-" "Mozilla/5.0 (iPhone; CPU iPhone OS 13_2_3 like Mac OS X) AppleWebKit/605.1.15 (KHTML, like Gecko) Version/13.0.3 Mobile/15E148 Safari/604.1"
74.206.190.117 - - [29/Jan/2026:23:10:12 -0500] "GET / HTTP/1.1" 200 17746 "-" "curl/7.29.0"
74.206.190.117 - - [29/Jan/2026:23:15:13 -0500] "GET / HTTP/1.1" 200 17746 "-" "curl/7.29.0"
