64.62.156.182 - - [29/Jan/2026:23:17:16 -0500] "GET / HTTP/1.1" 200 17746 "-" "Mozilla/5.0 (Macintosh; Intel Mac OS X 10.15; rv:125.0) Gecko/20100101 Firefox/125.0"
64.62.156.182 - - [29/Jan/2026:23:18:16 -0500] "GET /webui/ HTTP/1.1" 302 274 "-" "Mozilla/5.0 (Macintosh; Intel Mac OS X 10.15; rv:140.0) Gecko/20100101 Firefox/140.0"
74.206.190.117 - - [29/Jan/2026:23:20:34 -0500] "GET / HTTP/1.1" 200 17746 "-" "curl/7.29.0"
64.62.156.182 - - [29/Jan/2026:23:20:39 -0500] "GET /geoserver/web/ HTTP/1.1" 302 274 "-" "Mozilla/5.0 (Macintosh; Intel Mac OS X 10.15; rv:125.0) Gecko/20100101 Firefox/125.0"
204.76.203.212 - - [29/Jan/2026:23:22:24 -0500] "GET / HTTP/1.1" 200 17746 "-" "Mozilla/5.0 (Windows NT 10.0; Win64; x64) AppleWebKit/537.36 (KHTML, like Gecko) Chrome/90.0.4430.85 Safari/537.36 Edg/90.0.818.46"
74.206.190.117 - - [29/Jan/2026:23:25:11 -0500] "GET / HTTP/1.1" 200 17746 "-" "curl/7.29.0"
147.185.132.114 - - [29/Jan/2026:23:28:42 -0500] "GET / HTTP/1.1" 200 17746 "-" "Hello from Palo Alto Networks, find out more about our scans in https://docs-cortex.paloaltonetworks.com/r/1/Cortex-Xpanse/Scanning-activity"
74.206.190.117 - - [29/Jan/2026:23:30:11 -0500] "POST /wp-cron.php?doing_wp_cron=1769747411.8450560569763183593750 HTTP/1.1" 200 - "http://www.fagottube.com/wp-cron.php?doing_wp_cron=1769747411.8450560569763183593750" "WordPress/5.1.8; http://www.fagottube.com"
74.206.190.117 - - [29/Jan/2026:23:30:11 -0500] "GET / HTTP/1.1" 200 17746 "-" "curl/7.29.0"
74.206.190.117 - - [29/Jan/2026:23:35:14 -0500] "POST /wp-cron.php?doing_wp_cron=1769747714.3208529949188232421875 HTTP/1.1" 200 - "http://www.fagottube.com/wp-cron.php?doing_wp_cron=1769747714.3208529949188232421875" "WordPress/5.1.8; http://www.fagottube.com"
74.206.190.117 - - [29/Jan/2026:23:35:14 -0500] "GET / HTTP/1.1" 200 17746 "-" "curl/7.29.0"
193.142.147.209 - - [29/Jan/2026:23:38:15 -0500] "POST / HTTP/1.1" 200 17746 "-" "Mozilla/5.0 (Windows NT 10.0; Win64; x64) AppleWebKit/537.36"
74.206.190.117 - - [29/Jan/2026:23:40:23 -0500] "GET / HTTP/1.1" 200 17746 "-" "curl/7.29.0"
69.171.231.24 - - [29/Jan/2026:23:42:24 -0500] "GET /robots.txt HTTP/1.1" 206 29 "-" "facebookexternalhit/1.1 (+http://www.facebook.com/externalhit_uatext.php)"
34.86.239.201 - - [29/Jan/2026:23:43:58 -0500] "GET / HTTP/1.1" 200 17746 "-" "Mozilla/5.0 (Windows NT 10.0; Win64; x64) AppleWebKit/537.36 (KHTML, like Gecko) Chrome/102.0.5005.197 Safari/537.36"
74.206.190.117 - - [29/Jan/2026:23:45:11 -0500] "GET / HTTP/1.1" 200 17746 "-" "curl/7.29.0"
204.76.203.212 - - [29/Jan/2026:23:46:57 -0500] "GET / HTTP/1.1" 200 17746 "-" "Mozilla/5.0 (Windows NT 10.0; Win64; x64) AppleWebKit/537.36 (KHTML, like Gecko) Chrome/90.0.4430.85 Safari/537.36 Edg/90.0.818.46"
74.206.190.117 - - [29/Jan/2026:23:50:13 -0500] "GET / HTTP/1.1" 200 17746 "-" "curl/7.29.0"
204.76.203.69 - - [29/Jan/2026:23:52:41 -0500] "GET / HTTP/1.1" 200 17746 "-" "-"
74.206.190.117 - - [29/Jan/2026:23:55:19 -0500] "GET / HTTP/1.1" 200 17746 "-" "curl/7.29.0"
89.42.231.200 - - [29/Jan/2026:23:59:09 -0500] "GET /cgi-bin/luci/;stok=/locale HTTP/1.1" 302 274 "-" "-"
74.206.190.117 - - [30/Jan/2026:00:00:20 -0500] "GET / HTTP/1.1" 200 17746 "-" "curl/7.29.0"
176.65.148.220 - - [30/Jan/2026:00:01:54 -0500] "GET / HTTP/1.1" 200 17746 "-" "Mozilla/5.0 (Windows NT 10.0; Win64; x64) AppleWebKit/537.36 (KHTML, like Gecko) Chrome/90.0.4430.85 Safari/537.36 Edg/90.0.818.46"
78.153.140.203 - - [30/Jan/2026:00:02:19 -0500] "GET /.env HTTP/1.1" 302 274 "-" "Mozilla/5.0 (Macintosh; Intel Mac OS X 10_12) AppleWebKit/602.3.12 (KHTML, like Gecko) Version/10.0 Safari/602.1.31"
78.153.140.203 - - [30/Jan/2026:00:02:19 -0500] "GET /admin/.env HTTP/1.1" 302 274 "-" "Mozilla/5.0 (Linux; Android 7.0; SM-G930V Build/NRD90M) AppleWebKit/537.36 (KHTML, like Gecko) Chrome/58.0.3029.83 Mobile Safari/537.36"
78.153.140.203 - - [30/Jan/2026:00:02:20 -0500] "GET /api/.env HTTP/1.1" 302 274 "-" "More Firefox 2.0.0.14 user agents strings -->>"
78.153.140.203 - - [30/Jan/2026:00:02:20 -0500] "GET /app/.env HTTP/1.1" 302 274 "-" "Mozilla/5.0 (Windows NT 6.1; rv:7.0) Gecko/20100101 Firefox/7.0"
78.153.140.203 - - [30/Jan/2026:00:02:20 -0500] "GET /backend/.env HTTP/1.1" 302 274 "-" "Mozilla/5.0 (Linux; U; Android 4.0.4; en-ca; GT-S7560M-parrot Build/IMM76I) AppleWebKit/534.30 (KHTML, like Gecko) Version/4.0 Mobile Safari/534.30"
78.153.140.203 - - [30/Jan/2026:00:02:21 -0500] "GET /demo/.env HTTP/1.1" 302 274 "-" "Mozilla/5.0 (X11; Ubuntu; Linux i686; rv:59.0) Gecko/20100101 Firefox/59.0"
78.153.140.203 - - [30/Jan/2026:00:02:21 -0500] "GET /dev/.env HTTP/1.1" 302 274 "-" "More Firefox 3.5.6 user agents strings -->>"
78.153.140.203 - - [30/Jan/2026:00:02:21 -0500] "GET /staging/.env HTTP/1.1" 302 274 "-" "Mozilla/4.0 (compatible; MSIE 6.0b; Windows 98; YComp 5.0.0.0)"
78.153.140.203 - - [30/Jan/2026:00:02:22 -0500] "GET /mail/.env HTTP/1.1" 302 274 "-" "Mozilla/5.0 (Linux; U; Android 2.3.4; en-us; LGL75C Build/GRJ22) AppleWebKit/533.1 (KHTML, like Gecko) Version/4.0 Mobile Safari/533.1"
78.153.140.203 - - [30/Jan/2026:00:02:22 -0500] "GET /m/.env HTTP/1.1" 302 274 "-" "Mozilla/4.0 PPC (compatible; MSIE 4.01; Windows CE; PPC; 240x320; Sprint:PPC-6700; PPC; 240x320)"
78.153.140.203 - - [30/Jan/2026:00:02:22 -0500] "GET /remote/.env HTTP/1.1" 302 274 "-" "Opera/9.80 (Windows NT 6.1; U; en-GB) Presto/2.7.62 Version/11.00"
78.153.140.203 - - [30/Jan/2026:00:02:23 -0500] "GET /webmail/.env HTTP/1.1" 302 274 "-" "Mozilla/5.0 (X11; U; Linux i686; ru; rv:1.9b5) Gecko/2008032600 SUSE/2.9.95-25.1 Firefox/3.0b5"
78.153.140.203 - - [30/Jan/2026:00:02:23 -0500] "GET /server/.env HTTP/1.1" 302 274 "-" "Mozilla/5.0 (X11; Linux x86_64) AppleWebKit/537.36 (KHTML, like Gecko) Chrome/65.0.3325.146 Safari/537.36"
78.153.140.203 - - [30/Jan/2026:00:02:23 -0500] "GET /vpn/.env HTTP/1.1" 302 274 "-" "Mozilla/5.0 (Linux; U; Android 1.6; es-es; SonyEricssonX10i Build/R1FA016) AppleWebKit/528.5 (KHTML, like Gecko) Version/3.1.2 Mobile Safari/525.20.1"
78.153.140.203 - - [30/Jan/2026:00:02:24 -0500] "GET /secure/.env HTTP/1.1" 302 274 "-" "Mozilla/5.0 (Windows NT 6.3) AppleWebKit/537.36 (KHTML, like Gecko) Chrome/48.0.2564.116 Safari/537.36 OPR/35.0.2066.92"
78.153.140.203 - - [30/Jan/2026:00:02:24 -0500] "GET /shop/.env HTTP/1.1" 302 274 "-" "Mozilla/5.0 (iPad; CPU OS 5_1_1 like Mac OS X) AppleWebKit/534.46 (KHTML, like Gecko) CriOS/29.0.1547.11 Mobile/9B206 Safari/7534.48.3"
78.153.140.203 - - [30/Jan/2026:00:02:24 -0500] "GET /cloud/.env HTTP/1.1" 302 274 "-" "Mozilla/5.0 (Linux; U; Android 4.1.2; zh-cn; HW-HUAWEI_G730-C00/G730-C00V100R001C92B154; 540*960; CTC/2.0) AppleWebKit/534.30 (KHTML, like Gecko) Mobile Safari/534.30"
78.153.140.203 - - [30/Jan/2026:00:02:25 -0500] "GET /portal/.env HTTP/1.1" 302 274 "-" "Mozilla/4.0 (compatible; MSIE 5.0; Windows NT)"
78.153.140.203 - - [30/Jan/2026:00:02:25 -0500] "GET /host/.env HTTP/1.1" 302 274 "-" "Mozilla/5.0 (Linux; U; Android 4.3; en-us; ZTE-Z777 Build/JLS36C) AppleWebKit/534.30 (KHTML, like Gecko) Version/4.0 Mobile Safari/534.30"
78.153.140.203 - - [30/Jan/2026:00:02:25 -0500] "GET /support/.env HTTP/1.1" 302 274 "-" "Mozilla/5.0 (Linux; U; Android 4.2.2; es-us; HTC_C525c Build/JDQ39) AppleWebKit/534.30 (KHTML, like Gecko) Version/4.0 Mobile Safari/534.30"
78.153.140.203 - - [30/Jan/2026:00:02:26 -0500] "GET /pop/.env HTTP/1.1" 302 274 "-" "Mozilla/5.0 (Windows; U; Windows NT 5.1; zh-TW) AppleWebKit/533.19.4 (KHTML, like Gecko) Version/5.0.2 Safari/533.18.5"
78.153.140.203 - - [30/Jan/2026:00:02:26 -0500] "GET /store/.env HTTP/1.1" 302 274 "-" "Mozilla/4.0 (compatible; MSIE 8.0; Windows NT 6.1; WOW64; Trident/4.0; SLCC2; .NET CLR 2.0.50727; .NET CLR 3.5.30729; .NET CLR 3.0.30729; Media Center PC 6.0; InfoPath.3; .NET4.0C; .NET4.0E; CoxIE55)"
78.153.140.203 - - [30/Jan/2026:00:02:26 -0500] "GET /cdn/.env HTTP/1.1" 302 274 "-" "Mozilla/5.0 (Windows NT 6.2; ARM; Trident/7.0; Touch; rv:11.0; WPDesktop; Lumia 640 LTE) like Gecko"
78.153.140.203 - - [30/Jan/2026:00:02:27 -0500] "GET /dashboard/.env HTTP/1.1" 302 274 "-" "Mozilla/5.0 (Linux; U; Android 4.4.2; en-us; SCH-R530U Build/KOT49H) AppleWebKit/534.30 (KHTML, like Gecko) Version/4.0 Mobile Safari/534.30 USCC-R530U"
78.153.140.203 - - [30/Jan/2026:00:02:27 -0500] "GET /test/.env HTTP/1.1" 302 274 "-" "Mozilla/5.0 (Windows NT 10.0; WOW64) AppleWebKit/537.36 (KHTML, like Gecko) Chrome/51.0.2704.84 Safari/537.36"
78.153.140.203 - - [30/Jan/2026:00:02:27 -0500] "GET /smtp/.env HTTP/1.1" 302 274 "-" "Mozilla/5.0 (Macintosh; Intel Mac OS X 10_11_3) AppleWebKit/537.36 (KHTML, like Gecko) Chrome/51.0.2704.106 Safari/537.36 OPR/38.0.2220.41"
78.153.140.203 - - [30/Jan/2026:00:02:28 -0500] "GET /ftp/.env HTTP/1.1" 302 274 "-" "Mozilla/5.0 (Windows NT 6.1; WOW64; rv:55.0) Gecko/20100101 Firefox/55.0"
78.153.140.203 - - [30/Jan/2026:00:02:28 -0500] "GET /wiki/.env HTTP/1.1" 302 274 "-" "Mozilla/5.0 (Windows NT 6.1; rv:1.9) Gecko/20100101 Firefox/4.0"
78.153.140.203 - - [30/Jan/2026:00:02:28 -0500] "GET /help/.env HTTP/1.1" 302 274 "-" "Mozilla/5.0 (Macintosh; Intel Mac OS X 10.11; rv:42.0) Gecko/20100101 Firefox/42.0"
78.153.140.203 - - [30/Jan/2026:00:02:29 -0500] "GET /blog/.env HTTP/1.1" 302 274 "-" "Opera/6.05 (Windows 98; U) [en]"
107.189.5.231 - - [30/Jan/2026:00:02:50 -0500] "GET /wp-login.php HTTP/1.1" 200 2922 "-" "Mozilla/5.0 (X11; Linux x86_64)"
107.189.5.231 - - [30/Jan/2026:00:02:51 -0500] "POST /wp-login.php HTTP/1.1" 200 3914 "-" "Mozilla/5.0 (X11; Linux x86_64)"
74.206.190.117 - - [30/Jan/2026:00:05:10 -0500] "GET / HTTP/1.1" 200 17746 "-" "curl/7.29.0"
74.206.190.117 - - [30/Jan/2026:00:10:11 -0500] "GET / HTTP/1.1" 200 17746 "-" "curl/7.29.0"
143.198.203.123 - - [30/Jan/2026:00:10:27 -0500] "GET /wp-json/wp/v2/posts HTTP/1.1" 302 273 "-" "Mozilla/5.0 (Windows NT 10.0; Win64; x64) AppleWebKit/537.36 (KHTML, like Gecko) Chrome/120.0.0.0 Safari/537.36"
204.76.203.212 - - [30/Jan/2026:00:11:49 -0500] "GET / HTTP/1.1" 200 17746 "-" "Mozilla/5.0 (Windows NT 10.0; Win64; x64) AppleWebKit/537.36 (KHTML, like Gecko) Chrome/90.0.4430.85 Safari/537.36 Edg/90.0.818.46"
209.141.47.166 - - [30/Jan/2026:00:12:30 -0500] "GET /wp-login.php HTTP/1.1" 200 2922 "-" "Mozilla/5.0 (iPad; CPU OS 7_1_2 like Mac OS X) AppleWebKit/537.51.2 (KHTML, like Gecko) Version/7.0 Mobile/11D257 Safari/9537.53"
209.141.47.166 - - [30/Jan/2026:00:12:31 -0500] "POST /wp-login.php HTTP/1.1" 200 3914 "-" "Mozilla/5.0 (iPad; CPU OS 7_1_2 like Mac OS X) AppleWebKit/537.51.2 (KHTML, like Gecko) Version/7.0 Mobile/11D257 Safari/9537.53"
103.167.222.70 - - [30/Jan/2026:00:14:43 -0500] "GET /wp-json/wp/v2/posts HTTP/1.1" 302 273 "-" "Mozilla/5.0 (Windows NT 10.0; Win64; x64) AppleWebKit/537.36 (KHTML, like Gecko) Chrome/120.0.0.0 Safari/537.36"
103.167.222.70 - - [30/Jan/2026:00:14:43 -0500] "GET /wp-json/wp/v2/posts HTTP/1.1" 302 273 "-" "Mozilla/5.0 (Windows NT 10.0; Win64; x64) AppleWebKit/537.36 (KHTML, like Gecko) Chrome/120.0.0.0 Safari/537.36"
74.206.190.117 - - [30/Jan/2026:00:15:12 -0500] "GET / HTTP/1.1" 200 17746 "-" "curl/7.29.0"
114.119.146.94 - - [30/Jan/2026:00:17:07 -0500] "GET /index.php/category/gay-fags/page/3 HTTP/1.1" 200 13162 "http://www.fagottube.com/index.php/category/gay-fags/page/1" "Mozilla/5.0 (Linux; Android 7.0;) AppleWebKit/537.36 (KHTML, like Gecko) Mobile Safari/537.36 (compatible; PetalBot;+https://webmaster.petalsearch.com/site/petalbot)"
223.244.35.77 - - [30/Jan/2026:00:18:41 -0500] "GET / HTTP/1.1" 200 17746 "-" "Mozilla/5.0 (iPhone; CPU iPhone OS 13_2_3 like Mac OS X) AppleWebKit/605.1.15 (KHTML, like Gecko) Version/13.0.3 Mobile/15E148 Safari/604.1"
74.206.190.117 - - [30/Jan/2026:00:20:24 -0500] "GET / HTTP/1.1" 200 17746 "-" "curl/7.29.0"
74.206.190.117 - - [30/Jan/2026:00:25:12 -0500] "GET / HTTP/1.1" 200 17746 "-" "curl/7.29.0"
74.206.190.117 - - [30/Jan/2026:00:30:11 -0500] "GET / HTTP/1.1" 200 17746 "-" "curl/7.29.0"
104.131.60.16 - - [30/Jan/2026:00:33:19 -0500] "GET /mifs/c/windows/api/v2/device/registration HTTP/1.1" 302 274 "-" "Mozilla/5.0 (Kubuntu; Linux x86_64; rv:134.0) Gecko/20100101 Firefox/134.0"
104.131.60.16 - - [30/Jan/2026:00:33:20 -0500] "GET /mifs/rs/api/v2/device/registration HTTP/1.1" 302 274 "-" "Mozilla/5.0 (ZZ; Linux x86_64) AppleWebKit/537.36 (KHTML, like Gecko) Chrome/120.0.0.0 Safari/537.36"
74.206.190.117 - - [30/Jan/2026:00:33:33 -0500] "POST /wp-cron.php?doing_wp_cron=1769751213.9722859859466552734375 HTTP/1.1" 200 - "http://www.fagottube.com/wp-cron.php?doing_wp_cron=1769751213.9722859859466552734375" "WordPress/5.1.8; http://www.fagottube.com"
37.59.21.100 - - [30/Jan/2026:00:33:33 -0500] "GET /index.php/category/gay-fags/feed HTTP/1.1" 200 8686 "-" "Mozilla/5.0 (X11; Linux i686) AppleWebKit/537.36 (KHTML, like Gecko) Chrome/30.0.1599.66 Safari/537.36"
74.206.190.117 - - [30/Jan/2026:00:35:11 -0500] "GET / HTTP/1.1" 200 17746 "-" "curl/7.29.0"
204.76.203.212 - - [30/Jan/2026:00:39:05 -0500] "GET / HTTP/1.1" 200 17746 "-" "Mozilla/5.0 (Windows NT 10.0; Win64; x64) AppleWebKit/537.36 (KHTML, like Gecko) Chrome/90.0.4430.85 Safari/537.36 Edg/90.0.818.46"
74.206.190.117 - - [30/Jan/2026:00:40:21 -0500] "GET / HTTP/1.1" 200 17746 "-" "curl/7.29.0"
37.59.21.100 - - [30/Jan/2026:00:43:39 -0500] "GET /index.php/tag/porntube/feed HTTP/1.1" 200 1955 "-" "Mozilla/5.0 (X11; Linux i686) AppleWebKit/537.36 (KHTML, like Gecko) Chrome/30.0.1599.66 Safari/537.36"
74.206.190.117 - - [30/Jan/2026:00:45:12 -0500] "GET / HTTP/1.1" 200 17746 "-" "curl/7.29.0"
87.121.84.30 - - [30/Jan/2026:00:45:21 -0500] "GET /public/admin/assets/plugins/jquery-file-upload/server/php/index.php?file=tf2rghf.jpg HTTP/1.1" 302 273 "-" "ALittle Client"
74.206.190.117 - - [30/Jan/2026:00:50:11 -0500] "GET / HTTP/1.1" 200 17746 "-" "curl/7.29.0"
74.206.190.117 - - [30/Jan/2026:00:55:13 -0500] "GET / HTTP/1.1" 200 17746 "-" "curl/7.29.0"
37.59.21.100 - - [30/Jan/2026:00:57:00 -0500] "GET /index.php/tag/raw-papi/feed HTTP/1.1" 200 6446 "-" "Mozilla/5.0 (X11; Linux i686) AppleWebKit/537.36 (KHTML, like Gecko) Chrome/30.0.1599.66 Safari/537.36"
74.206.190.117 - - [30/Jan/2026:01:00:21 -0500] "GET / HTTP/1.1" 200 17746 "-" "curl/7.29.0"
43.166.128.86 - - [30/Jan/2026:01:00:38 -0500] "GET / HTTP/1.1" 301 - "-" "Mozilla/5.0 (iPhone; CPU iPhone OS 13_2_3 like Mac OS X) AppleWebKit/605.1.15 (KHTML, like Gecko) Version/13.0.3 Mobile/15E148 Safari/604.1"
43.166.128.86 - - [30/Jan/2026:01:00:40 -0500] "GET / HTTP/1.1" 200 17746 "http://fagottube.com" "Mozilla/5.0 (iPhone; CPU iPhone OS 13_2_3 like Mac OS X) AppleWebKit/605.1.15 (KHTML, like Gecko) Version/13.0.3 Mobile/15E148 Safari/604.1"
204.76.203.212 - - [30/Jan/2026:01:02:33 -0500] "GET / HTTP/1.1" 200 17746 "-" "Mozilla/5.0 (Windows NT 10.0; Win64; x64) AppleWebKit/537.36 (KHTML, like Gecko) Chrome/90.0.4430.85 Safari/537.36 Edg/90.0.818.46"
74.206.190.117 - - [30/Jan/2026:01:05:13 -0500] "GET / HTTP/1.1" 200 17746 "-" "curl/7.29.0"
74.206.190.117 - - [30/Jan/2026:01:10:10 -0500] "GET / HTTP/1.1" 200 17746 "-" "curl/7.29.0"
121.229.156.24 - - [30/Jan/2026:01:10:43 -0500] "GET /robots.txt HTTP/1.1" 302 277 "-" "Sogou web spider/4.0(+http://www.sogou.com/docs/help/webmasters.htm#07)"
43.166.131.228 - - [30/Jan/2026:01:12:06 -0500] "GET / HTTP/1.1" 200 17746 "-" "Mozilla/5.0 (iPhone; CPU iPhone OS 13_2_3 like Mac OS X) AppleWebKit/605.1.15 (KHTML, like Gecko) Version/13.0.3 Mobile/15E148 Safari/604.1"
89.42.231.200 - - [30/Jan/2026:01:13:29 -0500] "GET /cgi-bin/luci/;stok=/locale HTTP/1.1" 302 274 "-" "-"
74.206.190.117 - - [30/Jan/2026:01:15:15 -0500] "GET / HTTP/1.1" 200 17746 "-" "curl/7.29.0"
176.65.139.8 - - [30/Jan/2026:01:16:32 -0500] "GET / HTTP/1.1" 200 17746 "-" "-"
74.206.190.117 - - [30/Jan/2026:01:20:53 -0500] "GET / HTTP/1.1" 200 17746 "-" "curl/7.29.0"
74.206.190.117 - - [30/Jan/2026:01:25:20 -0500] "GET / HTTP/1.1" 200 17746 "-" "curl/7.29.0"
204.76.203.212 - - [30/Jan/2026:01:26:46 -0500] "GET / HTTP/1.1" 200 17746 "-" "Mozilla/5.0 (Windows NT 10.0; Win64; x64) AppleWebKit/537.36 (KHTML, like Gecko) Chrome/90.0.4430.85 Safari/537.36 Edg/90.0.818.46"
147.185.132.229 - - [30/Jan/2026:01:28:40 -0500] "GET /wp-login.php HTTP/1.1" 200 2922 "-" "Hello from Palo Alto Networks, find out more about our scans in https://docs-cortex.paloaltonetworks.com/r/1/Cortex-Xpanse/Scanning-activity"
74.206.190.117 - - [30/Jan/2026:01:30:17 -0500] "GET / HTTP/1.1" 200 17746 "-" "curl/7.29.0"
74.206.190.117 - - [30/Jan/2026:01:35:15 -0500] "POST /wp-cron.php?doing_wp_cron=1769754915.0834379196166992187500 HTTP/1.1" 200 - "http://www.fagottube.com/wp-cron.php?doing_wp_cron=1769754915.0834379196166992187500" "WordPress/5.1.8; http://www.fagottube.com"
74.206.190.117 - - [30/Jan/2026:01:35:14 -0500] "GET / HTTP/1.1" 200 17746 "-" "curl/7.29.0"
74.206.190.117 - - [30/Jan/2026:01:40:18 -0500] "GET / HTTP/1.1" 200 17746 "-" "curl/7.29.0"
107.189.29.231 - - [30/Jan/2026:01:40:57 -0500] "GET /wp-login.php HTTP/1.1" 200 2922 "-" "Mozilla/5.0 (X11; Linux x86_64; rv:31.0) Gecko/20100101 Firefox/31.0"
107.189.29.231 - - [30/Jan/2026:01:40:58 -0500] "POST /wp-login.php HTTP/1.1" 200 3910 "-" "Mozilla/5.0 (X11; Linux x86_64; rv:31.0) Gecko/20100101 Firefox/31.0"
192.71.12.112 - - [30/Jan/2026:01:43:21 -0500] "GET / HTTP/1.1" 301 - "-" "Mozilla/5.0 (Windows NT 6.1; Win64; x64; rv:109.0) Gecko/20100101 Firefox/115"
192.71.142.176 - - [30/Jan/2026:01:43:22 -0500] "GET / HTTP/1.1" 200 17746 "http://fagottube.com/" "Mozilla/5.0 (Windows NT 6.1; Win64; x64; rv:109.0) Gecko/20100101 Firefox/115"
192.71.12.112 - - [30/Jan/2026:01:43:23 -0500] "GET /index.php/latin-fag-tube/gay-fag-tube.html HTTP/1.1" 200 14836 "-" "Mozilla/5.0 (Windows NT 6.1; Win64; x64; rv:109.0) Gecko/20100101 Firefox/115"
192.71.142.232 - - [30/Jan/2026:01:43:24 -0500] "GET /index.php/latin-fag-tube/porn-tube-faggot.html HTTP/1.1" 200 19944 "-" "Mozilla/5.0 (Windows NT 6.1; Win64; x64; rv:109.0) Gecko/20100101 Firefox/115"
192.71.126.53 - - [30/Jan/2026:01:43:24 -0500] "GET /index.php/latin-fag-tube/fag-tube-porn.html HTTP/1.1" 200 16099 "-" "Mozilla/5.0 (Windows NT 6.1; Win64; x64; rv:109.0) Gecko/20100101 Firefox/115"
193.142.147.209 - - [30/Jan/2026:01:43:26 -0500] "POST / HTTP/1.1" 200 17746 "-" "Mozilla/5.0 (Windows NT 10.0; Win64; x64) AppleWebKit/537.36"
74.206.190.117 - - [30/Jan/2026:01:45:12 -0500] "GET / HTTP/1.1" 200 17746 "-" "curl/7.29.0"
74.206.190.117 - - [30/Jan/2026:01:50:12 -0500] "GET / HTTP/1.1" 200 17746 "-" "curl/7.29.0"
204.76.203.212 - - [30/Jan/2026:01:54:13 -0500] "GET / HTTP/1.1" 200 17746 "-" "Mozilla/5.0 (Windows NT 10.0; Win64; x64) AppleWebKit/537.36 (KHTML, like Gecko) Chrome/90.0.4430.85 Safari/537.36 Edg/90.0.818.46"
74.206.190.117 - - [30/Jan/2026:01:55:21 -0500] "GET / HTTP/1.1" 200 17746 "-" "curl/7.29.0"
74.206.190.117 - - [30/Jan/2026:02:00:21 -0500] "GET / HTTP/1.1" 200 17746 "-" "curl/7.29.0"
43.153.10.13 - - [30/Jan/2026:02:00:42 -0500] "GET / HTTP/1.1" 200 17746 "-" "Mozilla/5.0 (iPhone; CPU iPhone OS 13_2_3 like Mac OS X) AppleWebKit/605.1.15 (KHTML, like Gecko) Version/13.0.3 Mobile/15E148 Safari/604.1"
74.206.190.117 - - [30/Jan/2026:02:05:11 -0500] "GET / HTTP/1.1" 200 17746 "-" "curl/7.29.0"
74.206.190.117 - - [30/Jan/2026:02:10:12 -0500] "GET / HTTP/1.1" 200 17746 "-" "curl/7.29.0"
74.206.190.117 - - [30/Jan/2026:02:15:13 -0500] "GET / HTTP/1.1" 200 17746 "-" "curl/7.29.0"
204.76.203.212 - - [30/Jan/2026:02:20:03 -0500] "GET / HTTP/1.1" 200 17746 "-" "Mozilla/5.0 (Windows NT 10.0; Win64; x64) AppleWebKit/537.36 (KHTML, like Gecko) Chrome/90.0.4430.85 Safari/537.36 Edg/90.0.818.46"
74.206.190.117 - - [30/Jan/2026:02:20:21 -0500] "GET / HTTP/1.1" 200 17746 "-" "curl/7.29.0"
74.206.190.117 - - [30/Jan/2026:02:25:11 -0500] "GET / HTTP/1.1" 200 17746 "-" "curl/7.29.0"
74.206.190.117 - - [30/Jan/2026:02:27:46 -0500] "POST /wp-cron.php?doing_wp_cron=1769758066.2808310985565185546875 HTTP/1.1" 200 - "http://www.fagottube.com/wp-cron.php?doing_wp_cron=1769758066.2808310985565185546875" "WordPress/5.1.8; http://www.fagottube.com"
141.255.164.211 - - [30/Jan/2026:02:27:46 -0500] "GET /index.php/gay-fags/ HTTP/1.1" 301 - "-" "Mozilla/5.0 (Windows NT 10.0; Win64; x64) AppleWebKit/537.36 (KHTML, like Gecko) Chrome/118.0.0.0 Safari/537.36"
141.255.164.211 - - [30/Jan/2026:02:27:48 -0500] "GET /index.php/gay-fags HTTP/1.1" 200 17720 "-" "Mozilla/5.0 (Windows NT 10.0; Win64; x64) AppleWebKit/537.36 (KHTML, like Gecko) Chrome/118.0.0.0 Safari/537.36"
89.42.231.200 - - [30/Jan/2026:02:28:40 -0500] "GET /cgi-bin/luci/;stok=/locale HTTP/1.1" 302 274 "-" "-"
74.206.190.117 - - [30/Jan/2026:02:30:11 -0500] "GET / HTTP/1.1" 200 17746 "-" "curl/7.29.0"
74.206.190.117 - - [30/Jan/2026:02:35:13 -0500] "POST /wp-cron.php?doing_wp_cron=1769758513.5153989791870117187500 HTTP/1.1" 200 - "http://www.fagottube.com/wp-cron.php?doing_wp_cron=1769758513.5153989791870117187500" "WordPress/5.1.8; http://www.fagottube.com"
74.206.190.117 - - [30/Jan/2026:02:35:13 -0500] "GET / HTTP/1.1" 200 17746 "-" "curl/7.29.0"
87.121.84.115 - - [30/Jan/2026:02:39:58 -0500] "GET /admin/assets/jquery-file-upload/server/php/index.php?file=tf2rghf.jpg HTTP/1.1" 302 273 "-" "ALittle Client"
74.206.190.117 - - [30/Jan/2026:02:40:21 -0500] "GET / HTTP/1.1" 200 17746 "-" "curl/7.29.0"
37.14.10.106 - - [30/Jan/2026:02:41:13 -0500] "GET / HTTP/1.1" 200 17746 "-" "Mozilla/5.0 (Windows NT 10.0; Win64; x64) AppleWebKit/537.36 (KHTML, like Gecko) Chrome/120.0.0.0 Safari/537.36"
90.27.69.38 - - [30/Jan/2026:02:41:16 -0500] "GET /wp-login.php HTTP/1.1" 200 2922 "-" "Mozilla/5.0 (Windows NT 10.0; Win64; x64) AppleWebKit/537.36 (KHTML, like Gecko) Chrome/120.0.0.0 Safari/537.36"
90.27.69.38 - - [30/Jan/2026:02:41:17 -0500] "POST /wp-login.php HTTP/1.1" 302 - "http://www.fagottube.com/wp-login.php" "Mozilla/5.0 (Windows NT 10.0; Win64; x64) AppleWebKit/537.36 (KHTML, like Gecko) Chrome/120.0.0.0 Safari/537.36"
90.27.69.38 - - [30/Jan/2026:02:41:17 -0500] "GET /wp-admin/ HTTP/1.1" 200 77749 "http://www.fagottube.com/wp-login.php" "Mozilla/5.0 (Windows NT 10.0; Win64; x64) AppleWebKit/537.36 (KHTML, like Gecko) Chrome/120.0.0.0 Safari/537.36"
85.138.235.51 - - [30/Jan/2026:02:41:19 -0500] "POST /xmlrpc.php HTTP/1.1" 302 277 "-" "WordPress/5.0; http://www.fagottube.com"
31.47.149.59 - - [30/Jan/2026:02:41:36 -0500] "GET /wp-admin/admin-ajax.php?action=rest-nonce HTTP/1.1" 400 1 "-" "Mozilla/5.0 (Windows NT 10.0; Win64; x64) AppleWebKit/537.36 (KHTML, like Gecko) Chrome/120.0.0.0 Safari/537.36"
31.47.149.59 - - [30/Jan/2026:02:41:37 -0500] "GET /wp-admin/ HTTP/1.1" 200 77749 "-" "Mozilla/5.0 (Windows NT 10.0; Win64; x64) AppleWebKit/537.36 (KHTML, like Gecko) Chrome/120.0.0.0 Safari/537.36"
204.76.203.212 - - [30/Jan/2026:02:43:11 -0500] "GET / HTTP/1.1" 200 17746 "-" "Mozilla/5.0 (Windows NT 10.0; Win64; x64) AppleWebKit/537.36 (KHTML, like Gecko) Chrome/90.0.4430.85 Safari/537.36 Edg/90.0.818.46"
74.206.190.117 - - [30/Jan/2026:02:45:11 -0500] "GET / HTTP/1.1" 200 17746 "-" "curl/7.29.0"
74.206.190.117 - - [30/Jan/2026:02:50:20 -0500] "GET / HTTP/1.1" 200 17746 "-" "curl/7.29.0"
74.206.190.117 - - [30/Jan/2026:02:55:11 -0500] "GET / HTTP/1.1" 200 17746 "-" "curl/7.29.0"
74.206.190.117 - - [30/Jan/2026:03:00:19 -0500] "GET / HTTP/1.1" 200 17746 "-" "curl/7.29.0"
74.206.190.117 - - [30/Jan/2026:03:05:11 -0500] "GET / HTTP/1.1" 200 17746 "-" "curl/7.29.0"
74.206.190.117 - - [30/Jan/2026:03:10:12 -0500] "GET / HTTP/1.1" 200 17746 "-" "curl/7.29.0"
204.76.203.212 - - [30/Jan/2026:03:11:01 -0500] "GET / HTTP/1.1" 200 17746 "-" "Mozilla/5.0 (Windows NT 10.0; Win64; x64) AppleWebKit/537.36 (KHTML, like Gecko) Chrome/90.0.4430.85 Safari/537.36 Edg/90.0.818.46"
74.206.190.117 - - [30/Jan/2026:03:15:16 -0500] "GET / HTTP/1.1" 200 17746 "-" "curl/7.29.0"
209.141.32.196 - - [30/Jan/2026:03:17:44 -0500] "GET /wp-login.php HTTP/1.1" 200 2922 "-" "Mozilla/5.0 (Windows NT 6.2; WOW64; rv:31.0) Gecko/20100101 Firefox/31.0"
209.141.32.196 - - [30/Jan/2026:03:17:44 -0500] "POST /wp-login.php HTTP/1.1" 200 3928 "-" "Mozilla/5.0 (Windows NT 6.2; WOW64; rv:31.0) Gecko/20100101 Firefox/31.0"
107.189.14.25 - - [30/Jan/2026:03:17:55 -0500] "GET /wp-login.php HTTP/1.1" 200 2922 "-" "Mozilla/5.0 (iPhone; CPU iPhone OS 7_1_2 like Mac OS X) AppleWebKit/537.51.1 (KHTML, like Gecko) GSA/4.1.0.31802 Mobile/11D257 Safari/9537.53"
107.189.14.25 - - [30/Jan/2026:03:17:57 -0500] "POST /wp-login.php HTTP/1.1" 200 3914 "-" "Mozilla/5.0 (iPhone; CPU iPhone OS 7_1_2 like Mac OS X) AppleWebKit/537.51.1 (KHTML, like Gecko) GSA/4.1.0.31802 Mobile/11D257 Safari/9537.53"
74.206.190.117 - - [30/Jan/2026:03:20:19 -0500] "GET / HTTP/1.1" 200 17746 "-" "curl/7.29.0"
3.134.148.59 - - [30/Jan/2026:03:20:48 -0500] "GET / HTTP/1.1" 200 17746 "-" "cypex.ai/scanning Mozilla/5.0 (Macintosh; Intel Mac OS X 10_15_7) Chrome/126.0.0.0 Safari/537.36"
74.206.190.117 - - [30/Jan/2026:03:25:16 -0500] "GET / HTTP/1.1" 200 17746 "-" "curl/7.29.0"
204.76.203.69 - - [30/Jan/2026:03:29:31 -0500] "GET / HTTP/1.1" 200 17746 "-" "Mozilla/5.0 (Windows NT 10.0; Win64; x64) AppleWebKit/537.36 (KHTML, like Gecko) Chrome/90.0.4430.85 Safari/537.36 Edg/90.0.818.46"
74.206.190.117 - - [30/Jan/2026:03:30:14 -0500] "GET / HTTP/1.1" 200 17746 "-" "curl/7.29.0"
74.206.190.117 - - [30/Jan/2026:03:33:32 -0500] "POST /wp-cron.php?doing_wp_cron=1769762012.6322019100189208984375 HTTP/1.1" 200 - "http://www.fagottube.com/wp-cron.php?doing_wp_cron=1769762012.6322019100189208984375" "WordPress/5.1.8; http://www.fagottube.com"
204.76.203.212 - - [30/Jan/2026:03:33:32 -0500] "GET / HTTP/1.1" 200 17746 "-" "Mozilla/5.0 (Windows NT 10.0; Win64; x64) AppleWebKit/537.36 (KHTML, like Gecko) Chrome/90.0.4430.85 Safari/537.36 Edg/90.0.818.46"
74.206.190.117 - - [30/Jan/2026:03:35:11 -0500] "GET / HTTP/1.1" 200 17746 "-" "curl/7.29.0"
74.206.190.117 - - [30/Jan/2026:03:40:19 -0500] "GET / HTTP/1.1" 200 17746 "-" "curl/7.29.0"
204.76.203.46 - - [30/Jan/2026:03:43:01 -0500] "GET / HTTP/1.1" 200 17746 "-" "Mozilla/5.0 (Windows NT 10.0; Win64; x64) AppleWebKit/537.36"
74.206.190.117 - - [30/Jan/2026:03:45:16 -0500] "GET / HTTP/1.1" 200 17746 "-" "curl/7.29.0"
74.244.135.37 - - [30/Jan/2026:03:49:32 -0500] "GET /wp-login.php HTTP/1.1" 200 2922 "-" "Mozilla/5.0 (Windows NT 10.0; Win64; x64) AppleWebKit/537.36 (KHTML, like Gecko) Chrome/124.0.0.0 Safari/537.36 WP-Bot/1.0 (+https://support.wordpress.com)"
74.244.135.37 - - [30/Jan/2026:03:49:33 -0500] "POST /wp-login.php HTTP/1.1" 200 3190 "http://www.fagottube.com/wp-login.php" "Mozilla/5.0 (Windows NT 10.0; Win64; x64) AppleWebKit/537.36 (KHTML, like Gecko) Chrome/124.0.0.0 Safari/537.36 WP-Bot/1.0 (+https://support.wordpress.com)"
74.244.135.37 - - [30/Jan/2026:03:49:33 -0500] "GET /wp-admin/ HTTP/1.1" 302 - "http://www.fagottube.com/wp-login.php" "Mozilla/5.0 (Windows NT 10.0; Win64; x64) AppleWebKit/537.36 (KHTML, like Gecko) Chrome/124.0.0.0 Safari/537.36 WP-Bot/1.0 (+https://support.wordpress.com)"
74.244.135.37 - - [30/Jan/2026:03:49:34 -0500] "GET /wp-login.php?redirect_to=http%3A%2F%2Fwww.fagottube.com%2Fwp-admin%2F&reauth=1 HTTP/1.1" 200 2922 "http://www.fagottube.com/wp-login.php" "Mozilla/5.0 (Windows NT 10.0; Win64; x64) AppleWebKit/537.36 (KHTML, like Gecko) Chrome/124.0.0.0 Safari/537.36 WP-Bot/1.0 (+https://support.wordpress.com)"
74.244.135.37 - - [30/Jan/2026:03:49:35 -0500] "GET / HTTP/1.1" 200 17746 "http://www.fagottube.com/wp-login.php" "Mozilla/5.0 (Windows NT 10.0; Win64; x64) AppleWebKit/537.36 (KHTML, like Gecko) Chrome/124.0.0.0 Safari/537.36 WP-Bot/1.0 (+https://support.wordpress.com)"
74.244.135.37 - - [30/Jan/2026:03:49:36 -0500] "POST /xmlrpc.php HTTP/1.1" 302 273 "-" "WP-XMLRPC/1.0"
74.244.135.37 - - [30/Jan/2026:03:49:37 -0500] "GET / HTTP/1.1" 200 17746 "-" "WP-XMLRPC/1.0"
74.206.190.117 - - [30/Jan/2026:03:50:18 -0500] "GET / HTTP/1.1" 200 17746 "-" "curl/7.29.0"
37.59.21.100 - - [30/Jan/2026:03:52:01 -0500] "GET /index.php/tag/raw-papi/feed HTTP/1.1" 200 6446 "-" "Mozilla/5.0 (X11; Linux i686) AppleWebKit/537.36 (KHTML, like Gecko) Chrome/30.0.1599.66 Safari/537.36"
37.59.21.100 - - [30/Jan/2026:03:52:34 -0500] "GET /index.php/category/gay-fags/feed HTTP/1.1" 200 8686 "-" "Mozilla/5.0 (X11; Linux i686) AppleWebKit/537.36 (KHTML, like Gecko) Chrome/30.0.1599.66 Safari/537.36"
201.192.156.208 - - [30/Jan/2026:03:53:33 -0500] "GET / HTTP/1.1" 200 17746 "-" "Mozilla/5.0 (Macintosh; Intel Mac OS X 10_15_3) AppleWebKit/537.36 (KHTML, like Gecko) Chrome/92.0.4515.107 Safari/537.36"
189.111.213.171 - - [30/Jan/2026:03:53:57 -0500] "GET / HTTP/1.1" 200 17746 "-" "Mozilla/5.0 (Macintosh; Intel Mac OS X 10_15_3) AppleWebKit/537.36 (KHTML, like Gecko) Chrome/92.0.4515.107 Safari/537.36"