HEX
Server: Apache
System: Linux msm5694.mjhst.com 3.10.0-1160.119.1.el7.x86_64 #1 SMP Tue Jun 4 14:43:51 UTC 2024 x86_64
User: camjab_ssh (1000)
PHP: 5.3.29
Disabled: NONE
Upload Files
File: //home/httpd/logs/fagottube.com_access_log
74.206.190.117 - - [30/Jan/2026:03:55:18 -0500] "GET / HTTP/1.1" 200 17746 "-" "curl/7.29.0"
204.76.203.212 - - [30/Jan/2026:03:58:24 -0500] "GET / HTTP/1.1" 200 17746 "-" "Mozilla/5.0 (Windows NT 10.0; Win64; x64) AppleWebKit/537.36 (KHTML, like Gecko) Chrome/90.0.4430.85 Safari/537.36 Edg/90.0.818.46"
20.168.121.1 - - [30/Jan/2026:03:58:33 -0500] "GET /manager/html HTTP/1.1" 302 274 "-" "Mozilla/5.0 zgrab/0.x"
118.89.95.56 - - [30/Jan/2026:03:59:02 -0500] "GET / HTTP/1.1" 200 17746 "-" "Go-http-client/1.1"
74.206.190.117 - - [30/Jan/2026:04:00:26 -0500] "GET / HTTP/1.1" 200 17746 "-" "curl/7.29.0"
74.12.120.230 - - [30/Jan/2026:04:00:47 -0500] "GET / HTTP/1.1" 200 17746 "-" "Mozilla/5.0 (Windows NT 10.0; Win64; x64) AppleWebKit/537.36 (KHTML, like Gecko) Chrome/120.0.0.0 Safari/537.36"
86.27.229.122 - - [30/Jan/2026:04:00:50 -0500] "GET /wp-login.php HTTP/1.1" 200 2922 "-" "Mozilla/5.0 (Windows NT 10.0; Win64; x64) AppleWebKit/537.36 (KHTML, like Gecko) Chrome/120.0.0.0 Safari/537.36"
86.27.229.122 - - [30/Jan/2026:04:00:51 -0500] "POST /wp-login.php HTTP/1.1" 302 - "http://www.fagottube.com/wp-login.php" "Mozilla/5.0 (Windows NT 10.0; Win64; x64) AppleWebKit/537.36 (KHTML, like Gecko) Chrome/120.0.0.0 Safari/537.36"
86.27.229.122 - - [30/Jan/2026:04:00:52 -0500] "GET /wp-admin/ HTTP/1.1" 200 77749 "http://www.fagottube.com/wp-login.php" "Mozilla/5.0 (Windows NT 10.0; Win64; x64) AppleWebKit/537.36 (KHTML, like Gecko) Chrome/120.0.0.0 Safari/537.36"
89.188.179.197 - - [30/Jan/2026:04:00:54 -0500] "POST /xmlrpc.php HTTP/1.1" 302 277 "-" "WordPress/5.0; http://www.fagottube.com"
89.188.179.197 - - [30/Jan/2026:04:00:58 -0500] "GET /wp-admin/admin-ajax.php?action=rest-nonce HTTP/1.1" 400 1 "-" "Mozilla/5.0 (Windows NT 10.0; Win64; x64) AppleWebKit/537.36 (KHTML, like Gecko) Chrome/120.0.0.0 Safari/537.36"
89.188.179.197 - - [30/Jan/2026:04:00:59 -0500] "GET /wp-admin/ HTTP/1.1" 200 77749 "-" "Mozilla/5.0 (Windows NT 10.0; Win64; x64) AppleWebKit/537.36 (KHTML, like Gecko) Chrome/120.0.0.0 Safari/537.36"
74.206.190.117 - - [30/Jan/2026:04:05:16 -0500] "GET / HTTP/1.1" 200 17746 "-" "curl/7.29.0"
5.61.209.92 - - [30/Jan/2026:04:05:39 -0500] "GET /SDK/webLanguage HTTP/1.1" 302 274 "-" "Mozilla/5.0 (Windows NT 10.0; Win64; x64) AppleWebKit/537.36 (KHTML, like Gecko) Chrome/90.0.4430.85 Safari/537.36 Edg/90.0.818.46"
193.142.147.209 - - [30/Jan/2026:04:07:12 -0500] "POST / HTTP/1.1" 200 17746 "-" "Mozilla/5.0 (Windows NT 10.0; Win64; x64) AppleWebKit/537.36"
74.206.190.117 - - [30/Jan/2026:04:10:11 -0500] "GET / HTTP/1.1" 200 17746 "-" "curl/7.29.0"
147.185.132.108 - - [30/Jan/2026:04:12:34 -0500] "GET /wp-login.php HTTP/1.1" 200 2922 "-" "Hello from Palo Alto Networks, find out more about our scans in https://docs-cortex.paloaltonetworks.com/r/1/Cortex-Xpanse/Scanning-activity"
74.206.190.117 - - [30/Jan/2026:04:15:11 -0500] "GET / HTTP/1.1" 200 17746 "-" "curl/7.29.0"
74.206.190.117 - - [30/Jan/2026:04:20:19 -0500] "GET / HTTP/1.1" 200 17746 "-" "curl/7.29.0"
204.76.203.212 - - [30/Jan/2026:04:24:37 -0500] "GET / HTTP/1.1" 200 17746 "-" "Mozilla/5.0 (Windows NT 10.0; Win64; x64) AppleWebKit/537.36 (KHTML, like Gecko) Chrome/90.0.4430.85 Safari/537.36 Edg/90.0.818.46"
74.206.190.117 - - [30/Jan/2026:04:25:11 -0500] "GET / HTTP/1.1" 200 17746 "-" "curl/7.29.0"
74.206.190.117 - - [30/Jan/2026:04:30:10 -0500] "GET / HTTP/1.1" 200 17746 "-" "curl/7.29.0"
93.123.109.125 - - [30/Jan/2026:04:31:11 -0500] "GET / HTTP/1.1" 301 - "-" "Mozilla/5.0 (Windows NT 10.0; Win64; x64) AppleWebKit/537.36 (KHTML, like Gecko) Chrome/142.0.0.0 Safari/537.36"
93.123.109.125 - - [30/Jan/2026:04:31:11 -0500] "GET / HTTP/1.1" 200 17746 "-" "Mozilla/5.0 (Windows NT 10.0; Win64; x64) AppleWebKit/537.36 (KHTML, like Gecko) Chrome/142.0.0.0 Safari/537.36"
74.206.190.117 - - [30/Jan/2026:04:31:14 -0500] "POST /wp-cron.php?doing_wp_cron=1769765473.5977599620819091796875 HTTP/1.1" 200 - "http://www.fagottube.com/wp-cron.php?doing_wp_cron=1769765473.5977599620819091796875" "WordPress/5.1.8; http://www.fagottube.com"
93.123.109.125 - - [30/Jan/2026:04:31:11 -0500] "GET / HTTP/1.1" 200 17746 "-" "Mozilla/5.0 (Windows NT 10.0; Win64; x64) AppleWebKit/537.36 (KHTML, like Gecko) Chrome/142.0.0.0 Safari/537.36"
74.206.190.117 - - [30/Jan/2026:04:35:12 -0500] "GET / HTTP/1.1" 200 17746 "-" "curl/7.29.0"
74.206.190.117 - - [30/Jan/2026:04:40:17 -0500] "GET / HTTP/1.1" 200 17746 "-" "curl/7.29.0"
74.206.190.117 - - [30/Jan/2026:04:45:11 -0500] "GET / HTTP/1.1" 200 17746 "-" "curl/7.29.0"
89.42.231.200 - - [30/Jan/2026:04:47:19 -0500] "GET /cgi-bin/luci/;stok=/locale HTTP/1.1" 302 274 "-" "-"
74.206.190.117 - - [30/Jan/2026:04:50:11 -0500] "GET / HTTP/1.1" 200 17746 "-" "curl/7.29.0"
204.76.203.212 - - [30/Jan/2026:04:50:29 -0500] "GET / HTTP/1.1" 200 17746 "-" "Mozilla/5.0 (Windows NT 10.0; Win64; x64) AppleWebKit/537.36 (KHTML, like Gecko) Chrome/90.0.4430.85 Safari/537.36 Edg/90.0.818.46"
74.206.190.117 - - [30/Jan/2026:04:55:10 -0500] "GET / HTTP/1.1" 200 17746 "-" "curl/7.29.0"
74.206.190.117 - - [30/Jan/2026:05:00:21 -0500] "GET / HTTP/1.1" 200 17746 "-" "curl/7.29.0"
74.206.190.117 - - [30/Jan/2026:05:05:13 -0500] "GET / HTTP/1.1" 200 17746 "-" "curl/7.29.0"
74.206.190.117 - - [30/Jan/2026:05:10:11 -0500] "GET / HTTP/1.1" 200 17746 "-" "curl/7.29.0"
27.125.248.110 - - [30/Jan/2026:05:12:44 -0500] "GET /index.php/gay-fags/gayporntube-free.html HTTP/1.1" 200 19145 "https://www.google.com/" "Mozilla/5.0 (Linux; Android 10; K) AppleWebKit/537.36 (KHTML, like Gecko) Chrome/142.0.0.0 Mobile Safari/537.36"
74.206.190.117 - - [30/Jan/2026:05:15:12 -0500] "GET / HTTP/1.1" 200 17746 "-" "curl/7.29.0"
204.76.203.18 - - [30/Jan/2026:05:16:42 -0500] "GET / HTTP/1.1" 200 17746 "-" "-"
204.76.203.212 - - [30/Jan/2026:05:17:37 -0500] "GET / HTTP/1.1" 200 17746 "-" "Mozilla/5.0 (Windows NT 10.0; Win64; x64) AppleWebKit/537.36 (KHTML, like Gecko) Chrome/90.0.4430.85 Safari/537.36 Edg/90.0.818.46"
5.183.209.196 - - [30/Jan/2026:05:20:04 -0500] "GET /SDK/webLanguage HTTP/1.1" 302 274 "-" "Mozilla/5.0 (Windows NT 10.0; Win64; x64) AppleWebKit/537.36 (KHTML, like Gecko) Chrome/90.0.4430.85 Safari/537.36 Edg/90.0.818.46"
74.206.190.117 - - [30/Jan/2026:05:20:18 -0500] "GET / HTTP/1.1" 200 17746 "-" "curl/7.29.0"
204.76.203.69 - - [30/Jan/2026:05:22:36 -0500] "GET / HTTP/1.1" 200 17746 "-" "-"
74.206.190.117 - - [30/Jan/2026:05:25:11 -0500] "GET / HTTP/1.1" 200 17746 "-" "curl/7.29.0"
74.206.190.117 - - [30/Jan/2026:05:30:11 -0500] "GET / HTTP/1.1" 200 17746 "-" "curl/7.29.0"
74.206.190.117 - - [30/Jan/2026:05:35:13 -0500] "POST /wp-cron.php?doing_wp_cron=1769769313.8203430175781250000000 HTTP/1.1" 200 - "http://www.fagottube.com/wp-cron.php?doing_wp_cron=1769769313.8203430175781250000000" "WordPress/5.1.8; http://www.fagottube.com"
74.206.190.117 - - [30/Jan/2026:05:35:13 -0500] "GET / HTTP/1.1" 200 17746 "-" "curl/7.29.0"
37.59.21.100 - - [30/Jan/2026:05:38:38 -0500] "GET /index.php/gay-fags/gay-cum-fart.html/feed HTTP/1.1" 200 1313 "-" "Mozilla/5.0 (X11; Linux i686) AppleWebKit/537.36 (KHTML, like Gecko) Chrome/30.0.1599.66 Safari/537.36"
5.61.209.92 - - [30/Jan/2026:05:38:46 -0500] "GET /SDK/webLanguage HTTP/1.1" 302 274 "-" "Mozilla/5.0 (Windows NT 10.0; Win64; x64) AppleWebKit/537.36 (KHTML, like Gecko) Chrome/90.0.4430.85 Safari/537.36 Edg/90.0.818.46"
17.246.19.7 - - [30/Jan/2026:05:39:30 -0500] "GET /robots.txt HTTP/1.1" 200 29 "-" "Mozilla/5.0 (Macintosh; Intel Mac OS X 10_15_7) AppleWebKit/605.1.15 (KHTML, like Gecko) Version/17.4 Safari/605.1.15 (Applebot/0.1; +http://www.apple.com/go/applebot)"
17.246.19.7 - - [30/Jan/2026:05:39:30 -0500] "GET /index.php/feed HTTP/1.1" 200 8660 "-" "Mozilla/5.0 (Macintosh; Intel Mac OS X 10_15_7) AppleWebKit/605.1.15 (KHTML, like Gecko) Version/17.4 Safari/605.1.15 (Applebot/0.1; +http://www.apple.com/go/applebot)"
74.206.190.117 - - [30/Jan/2026:05:40:21 -0500] "GET / HTTP/1.1" 200 17746 "-" "curl/7.29.0"
204.76.203.212 - - [30/Jan/2026:05:41:31 -0500] "GET / HTTP/1.1" 200 17746 "-" "Mozilla/5.0 (Windows NT 10.0; Win64; x64) AppleWebKit/537.36 (KHTML, like Gecko) Chrome/90.0.4430.85 Safari/537.36 Edg/90.0.818.46"
74.206.190.117 - - [30/Jan/2026:05:45:12 -0500] "GET / HTTP/1.1" 200 17746 "-" "curl/7.29.0"
74.206.190.117 - - [30/Jan/2026:05:50:11 -0500] "GET / HTTP/1.1" 200 17746 "-" "curl/7.29.0"
45.156.87.161 - - [30/Jan/2026:05:53:32 -0500] "GET /frontend/.env HTTP/1.1" 302 274 "-" "Mozilla/5.0 (compatible; Googlebot/2.1; +http://www.google.com/bot.html)"
74.206.190.117 - - [30/Jan/2026:05:55:10 -0500] "GET / HTTP/1.1" 200 17746 "-" "curl/7.29.0"
74.206.190.117 - - [30/Jan/2026:06:00:20 -0500] "POST /wp-cron.php?doing_wp_cron=1769770820.6476519107818603515625 HTTP/1.1" 200 - "http://www.fagottube.com/wp-cron.php?doing_wp_cron=1769770820.6476519107818603515625" "WordPress/5.1.8; http://www.fagottube.com"
74.206.190.117 - - [30/Jan/2026:06:00:20 -0500] "GET / HTTP/1.1" 200 17746 "-" "curl/7.29.0"
65.111.5.247 - - [30/Jan/2026:06:03:19 -0500] "GET /wp-login.php HTTP/1.1" 200 2922 "-" "Mozilla/5.0 (Windows NT 10.0; Win64; x64; rv:127.0) Gecko/20100101 Firefox/127.0"
65.111.5.247 - - [30/Jan/2026:06:03:20 -0500] "POST /xmlrpc.php HTTP/1.1" 302 277 "-" "Mozilla/5.0 (Windows NT 10.0; Win64; x64; rv:127.0) Gecko/20100101 Firefox/127.0"
65.111.5.247 - - [30/Jan/2026:06:03:21 -0500] "GET / HTTP/1.1" 200 17746 "-" "Mozilla/5.0 (Windows NT 10.0; Win64; x64; rv:127.0) Gecko/20100101 Firefox/127.0"
209.50.160.173 - - [30/Jan/2026:06:03:22 -0500] "POST /xmlrpc.php HTTP/1.1" 302 277 "-" "Mozilla/5.0 (Windows NT 10.0; Win64; x64) AppleWebKit/537.36 (KHTML, like Gecko) Chrome/124.0.6367.207 Safari/537.36"
209.50.160.173 - - [30/Jan/2026:06:03:22 -0500] "GET / HTTP/1.1" 200 17746 "-" "Mozilla/5.0 (Windows NT 10.0; Win64; x64) AppleWebKit/537.36 (KHTML, like Gecko) Chrome/124.0.6367.207 Safari/537.36"
104.207.49.254 - - [30/Jan/2026:06:03:24 -0500] "POST /xmlrpc.php HTTP/1.1" 302 277 "-" "Mozilla/5.0 (Macintosh; Intel Mac OS X 13_5) AppleWebKit/605.1.15 (KHTML, like Gecko) Version/17.5 Safari/605.1.15"
104.207.49.254 - - [30/Jan/2026:06:03:24 -0500] "GET / HTTP/1.1" 200 17746 "-" "Mozilla/5.0 (Macintosh; Intel Mac OS X 13_5) AppleWebKit/605.1.15 (KHTML, like Gecko) Version/17.5 Safari/605.1.15"
209.50.163.46 - - [30/Jan/2026:06:03:25 -0500] "POST /xmlrpc.php HTTP/1.1" 302 277 "-" "Mozilla/5.0 (Windows NT 10.0; Win64; x64) AppleWebKit/537.36 (KHTML, like Gecko) Chrome/124.0.6367.207 Safari/537.36"
209.50.163.46 - - [30/Jan/2026:06:03:25 -0500] "GET / HTTP/1.1" 200 17746 "-" "Mozilla/5.0 (Windows NT 10.0; Win64; x64) AppleWebKit/537.36 (KHTML, like Gecko) Chrome/124.0.6367.207 Safari/537.36"
216.26.229.130 - - [30/Jan/2026:06:03:27 -0500] "POST /xmlrpc.php HTTP/1.1" 302 277 "-" "Mozilla/5.0 (Windows NT 10.0; Win64; x64; rv:127.0) Gecko/20100101 Firefox/127.0"
216.26.229.130 - - [30/Jan/2026:06:03:27 -0500] "GET / HTTP/1.1" 200 17746 "-" "Mozilla/5.0 (Windows NT 10.0; Win64; x64; rv:127.0) Gecko/20100101 Firefox/127.0"
104.207.48.221 - - [30/Jan/2026:06:03:29 -0500] "POST /xmlrpc.php HTTP/1.1" 302 277 "-" "Mozilla/5.0 (Windows NT 10.0; Win64; x64; rv:127.0) Gecko/20100101 Firefox/127.0"
104.207.48.221 - - [30/Jan/2026:06:03:30 -0500] "GET / HTTP/1.1" 200 17746 "-" "Mozilla/5.0 (Windows NT 10.0; Win64; x64; rv:127.0) Gecko/20100101 Firefox/127.0"
209.50.164.26 - - [30/Jan/2026:06:03:32 -0500] "POST /xmlrpc.php HTTP/1.1" 302 277 "-" "Mozilla/5.0 (Macintosh; Intel Mac OS X 13_5) AppleWebKit/605.1.15 (KHTML, like Gecko) Version/17.5 Safari/605.1.15"
209.50.164.26 - - [30/Jan/2026:06:03:32 -0500] "GET / HTTP/1.1" 200 17746 "-" "Mozilla/5.0 (Macintosh; Intel Mac OS X 13_5) AppleWebKit/605.1.15 (KHTML, like Gecko) Version/17.5 Safari/605.1.15"
209.50.189.248 - - [30/Jan/2026:06:03:35 -0500] "POST /xmlrpc.php HTTP/1.1" 302 277 "-" "Mozilla/5.0 (Windows NT 10.0; Win64; x64) AppleWebKit/537.36 (KHTML, like Gecko) Chrome/124.0.6367.207 Safari/537.36"
209.50.189.248 - - [30/Jan/2026:06:03:36 -0500] "GET / HTTP/1.1" 200 17746 "-" "Mozilla/5.0 (Windows NT 10.0; Win64; x64) AppleWebKit/537.36 (KHTML, like Gecko) Chrome/124.0.6367.207 Safari/537.36"
45.3.41.110 - - [30/Jan/2026:06:03:38 -0500] "POST /xmlrpc.php HTTP/1.1" 302 277 "-" "Mozilla/5.0 (Windows NT 10.0; Win64; x64; rv:127.0) Gecko/20100101 Firefox/127.0"
45.3.41.110 - - [30/Jan/2026:06:03:38 -0500] "GET / HTTP/1.1" 200 17746 "-" "Mozilla/5.0 (Windows NT 10.0; Win64; x64; rv:127.0) Gecko/20100101 Firefox/127.0"
65.111.12.157 - - [30/Jan/2026:06:03:41 -0500] "POST /xmlrpc.php HTTP/1.1" 302 277 "-" "Mozilla/5.0 (Windows NT 10.0; Win64; x64) AppleWebKit/537.36 (KHTML, like Gecko) Chrome/124.0.6367.207 Safari/537.36"
65.111.12.157 - - [30/Jan/2026:06:03:41 -0500] "GET / HTTP/1.1" 200 17746 "-" "Mozilla/5.0 (Windows NT 10.0; Win64; x64) AppleWebKit/537.36 (KHTML, like Gecko) Chrome/124.0.6367.207 Safari/537.36"
154.213.163.250 - - [30/Jan/2026:06:03:44 -0500] "POST /xmlrpc.php HTTP/1.1" 302 277 "-" "Mozilla/5.0 (Windows NT 10.0; Win64; x64; rv:127.0) Gecko/20100101 Firefox/127.0"
154.213.163.250 - - [30/Jan/2026:06:03:44 -0500] "GET / HTTP/1.1" 200 17746 "-" "Mozilla/5.0 (Windows NT 10.0; Win64; x64; rv:127.0) Gecko/20100101 Firefox/127.0"
65.111.5.247 - - [30/Jan/2026:06:03:47 -0500] "GET /wp-login.php HTTP/1.1" 200 2922 "-" "Mozilla/5.0 (Windows NT 10.0; Win64; x64) AppleWebKit/537.36 (KHTML, like Gecko) Chrome/124.0.6367.207 Safari/537.36"
65.111.5.247 - - [30/Jan/2026:06:03:49 -0500] "POST /wp-login.php HTTP/1.1" 302 - "http://www.fagottube.com/wp-login.php" "Mozilla/5.0 (Windows NT 10.0; Win64; x64) AppleWebKit/537.36 (KHTML, like Gecko) Chrome/124.0.6367.207 Safari/537.36"
65.111.5.247 - - [30/Jan/2026:06:03:49 -0500] "GET /wp-admin/ HTTP/1.1" 200 77749 "http://www.fagottube.com/wp-login.php" "Mozilla/5.0 (Windows NT 10.0; Win64; x64) AppleWebKit/537.36 (KHTML, like Gecko) Chrome/124.0.6367.207 Safari/537.36"
65.111.5.247 - - [30/Jan/2026:06:03:52 -0500] "GET /wp-admin/admin-ajax.php?action=rest-nonce HTTP/1.1" 400 1 "-" "Mozilla/5.0 (Windows NT 10.0; Win64; x64) AppleWebKit/537.36 (KHTML, like Gecko) Chrome/124.0.6367.207 Safari/537.36"
65.111.5.247 - - [30/Jan/2026:06:03:54 -0500] "GET /wp-admin/admin-ajax.php?action=rest-nonce HTTP/1.1" 400 1 "-" "Mozilla/5.0 (Windows NT 10.0; Win64; x64) AppleWebKit/537.36 (KHTML, like Gecko) Chrome/124.0.6367.207 Safari/537.36"
65.111.5.247 - - [30/Jan/2026:06:03:55 -0500] "GET /wp-admin/admin-ajax.php?action=rest-nonce HTTP/1.1" 400 1 "-" "Mozilla/5.0 (Windows NT 10.0; Win64; x64) AppleWebKit/537.36 (KHTML, like Gecko) Chrome/124.0.6367.207 Safari/537.36"
65.111.5.247 - - [30/Jan/2026:06:03:57 -0500] "GET /wp-admin/admin-ajax.php?action=rest-nonce HTTP/1.1" 400 1 "-" "Mozilla/5.0 (Windows NT 10.0; Win64; x64) AppleWebKit/537.36 (KHTML, like Gecko) Chrome/124.0.6367.207 Safari/537.36"
65.111.5.247 - - [30/Jan/2026:06:03:58 -0500] "GET /wp-admin/admin-ajax.php?action=rest-nonce HTTP/1.1" 400 1 "-" "Mozilla/5.0 (Windows NT 10.0; Win64; x64) AppleWebKit/537.36 (KHTML, like Gecko) Chrome/124.0.6367.207 Safari/537.36"
65.111.5.247 - - [30/Jan/2026:06:04:00 -0500] "GET /wp-json/wp/v2/users/me HTTP/1.1" 302 277 "-" "Mozilla/5.0 (Windows NT 10.0; Win64; x64) AppleWebKit/537.36 (KHTML, like Gecko) Chrome/124.0.6367.207 Safari/537.36"
65.111.5.247 - - [30/Jan/2026:06:04:00 -0500] "GET / HTTP/1.1" 200 17746 "-" "Mozilla/5.0 (Windows NT 10.0; Win64; x64) AppleWebKit/537.36 (KHTML, like Gecko) Chrome/124.0.6367.207 Safari/537.36"
65.111.5.247 - - [30/Jan/2026:06:04:01 -0500] "GET /wp-json/wp/v2/users/me HTTP/1.1" 302 277 "-" "Mozilla/5.0 (Windows NT 10.0; Win64; x64) AppleWebKit/537.36 (KHTML, like Gecko) Chrome/124.0.6367.207 Safari/537.36"
65.111.5.247 - - [30/Jan/2026:06:04:02 -0500] "GET / HTTP/1.1" 200 17746 "-" "Mozilla/5.0 (Windows NT 10.0; Win64; x64) AppleWebKit/537.36 (KHTML, like Gecko) Chrome/124.0.6367.207 Safari/537.36"
65.111.5.247 - - [30/Jan/2026:06:04:04 -0500] "GET /wp-json/wp/v2/users/me HTTP/1.1" 302 277 "-" "Mozilla/5.0 (Windows NT 10.0; Win64; x64) AppleWebKit/537.36 (KHTML, like Gecko) Chrome/124.0.6367.207 Safari/537.36"
65.111.5.247 - - [30/Jan/2026:06:04:05 -0500] "GET / HTTP/1.1" 200 17746 "-" "Mozilla/5.0 (Windows NT 10.0; Win64; x64) AppleWebKit/537.36 (KHTML, like Gecko) Chrome/124.0.6367.207 Safari/537.36"
65.111.5.247 - - [30/Jan/2026:06:04:07 -0500] "GET /wp-json/wp/v2/users/me HTTP/1.1" 302 277 "-" "Mozilla/5.0 (Windows NT 10.0; Win64; x64) AppleWebKit/537.36 (KHTML, like Gecko) Chrome/124.0.6367.207 Safari/537.36"
65.111.5.247 - - [30/Jan/2026:06:04:08 -0500] "GET / HTTP/1.1" 200 17746 "-" "Mozilla/5.0 (Windows NT 10.0; Win64; x64) AppleWebKit/537.36 (KHTML, like Gecko) Chrome/124.0.6367.207 Safari/537.36"
65.111.5.247 - - [30/Jan/2026:06:04:09 -0500] "GET /wp-json/wp/v2/users/me HTTP/1.1" 302 277 "-" "Mozilla/5.0 (Windows NT 10.0; Win64; x64) AppleWebKit/537.36 (KHTML, like Gecko) Chrome/124.0.6367.207 Safari/537.36"
65.111.5.247 - - [30/Jan/2026:06:04:09 -0500] "GET / HTTP/1.1" 200 17746 "-" "Mozilla/5.0 (Windows NT 10.0; Win64; x64) AppleWebKit/537.36 (KHTML, like Gecko) Chrome/124.0.6367.207 Safari/537.36"
65.111.5.247 - - [30/Jan/2026:06:04:12 -0500] "GET /wp-admin/theme-editor.php HTTP/1.1" 200 48553 "-" "Mozilla/5.0 (Windows NT 10.0; Win64; x64) AppleWebKit/537.36 (KHTML, like Gecko) Chrome/124.0.6367.207 Safari/537.36"
65.111.5.247 - - [30/Jan/2026:06:04:13 -0500] "GET /wp-admin/plugin-editor.php HTTP/1.1" 200 84311 "-" "Mozilla/5.0 (Windows NT 10.0; Win64; x64) AppleWebKit/537.36 (KHTML, like Gecko) Chrome/124.0.6367.207 Safari/537.36"
65.111.5.247 - - [30/Jan/2026:06:04:14 -0500] "GET /wp-admin/theme-install.php HTTP/1.1" 200 46541 "-" "Mozilla/5.0 (Windows NT 10.0; Win64; x64) AppleWebKit/537.36 (KHTML, like Gecko) Chrome/124.0.6367.207 Safari/537.36"
65.111.5.247 - - [30/Jan/2026:06:04:15 -0500] "GET /wp-admin/plugin-install.php HTTP/1.1" 200 84053 "-" "Mozilla/5.0 (Windows NT 10.0; Win64; x64) AppleWebKit/537.36 (KHTML, like Gecko) Chrome/124.0.6367.207 Safari/537.36"
65.111.5.247 - - [30/Jan/2026:06:04:17 -0500] "POST /wp-admin/update.php?action=upload-plugin HTTP/1.1" 500 2798 "http://www.fagottube.com/wp-admin/update.php?action=upload-plugin" "Mozilla/5.0 (Windows NT 10.0; Win64; x64) AppleWebKit/537.36 (KHTML, like Gecko) Chrome/124.0.6367.207 Safari/537.36"
65.111.5.247 - - [30/Jan/2026:06:04:18 -0500] "GET /wp-admin/plugins.php?plugin_status=all HTTP/1.1" 200 52121 "-" "Mozilla/5.0 (Windows NT 10.0; Win64; x64) AppleWebKit/537.36 (KHTML, like Gecko) Chrome/124.0.6367.207 Safari/537.36"
65.111.5.247 - - [30/Jan/2026:06:04:19 -0500] "GET /wp-admin/plugins.php?plugin_status=all HTTP/1.1" 200 52121 "-" "Mozilla/5.0 (Windows NT 10.0; Win64; x64) AppleWebKit/537.36 (KHTML, like Gecko) Chrome/124.0.6367.207 Safari/537.36"
65.111.5.247 - - [30/Jan/2026:06:04:20 -0500] "GET /wp-admin/plugins.php?plugin_status=all HTTP/1.1" 200 52121 "-" "Mozilla/5.0 (Windows NT 10.0; Win64; x64) AppleWebKit/537.36 (KHTML, like Gecko) Chrome/124.0.6367.207 Safari/537.36"
65.111.5.247 - - [30/Jan/2026:06:04:21 -0500] "GET /wp-admin/plugins.php?plugin_status=all HTTP/1.1" 200 52121 "-" "Mozilla/5.0 (Windows NT 10.0; Win64; x64) AppleWebKit/537.36 (KHTML, like Gecko) Chrome/124.0.6367.207 Safari/537.36"
65.111.5.247 - - [30/Jan/2026:06:04:23 -0500] "GET /wp-admin/plugins.php?plugin_status=all HTTP/1.1" 200 52121 "-" "Mozilla/5.0 (Windows NT 10.0; Win64; x64) AppleWebKit/537.36 (KHTML, like Gecko) Chrome/124.0.6367.207 Safari/537.36"
65.111.5.247 - - [30/Jan/2026:06:04:25 -0500] "GET /wp-admin/plugins.php HTTP/1.1" 200 52063 "-" "Mozilla/5.0 (Windows NT 10.0; Win64; x64) AppleWebKit/537.36 (KHTML, like Gecko) Chrome/124.0.6367.207 Safari/537.36"
204.76.203.212 - - [30/Jan/2026:06:05:05 -0500] "GET / HTTP/1.1" 200 17746 "-" "Mozilla/5.0 (Windows NT 10.0; Win64; x64) AppleWebKit/537.36 (KHTML, like Gecko) Chrome/90.0.4430.85 Safari/537.36 Edg/90.0.818.46"
74.206.190.117 - - [30/Jan/2026:06:05:13 -0500] "GET / HTTP/1.1" 200 17746 "-" "curl/7.29.0"
74.206.190.117 - - [30/Jan/2026:06:10:11 -0500] "GET / HTTP/1.1" 200 17746 "-" "curl/7.29.0"
74.206.190.117 - - [30/Jan/2026:06:15:14 -0500] "GET / HTTP/1.1" 200 17746 "-" "curl/7.29.0"
74.206.190.117 - - [30/Jan/2026:06:20:20 -0500] "GET / HTTP/1.1" 200 17746 "-" "curl/7.29.0"
193.142.147.209 - - [30/Jan/2026:06:20:27 -0500] "POST / HTTP/1.1" 200 17746 "-" "Mozilla/5.0 (Windows NT 10.0; Win64; x64) AppleWebKit/537.36"
74.206.190.117 - - [30/Jan/2026:06:25:15 -0500] "GET / HTTP/1.1" 200 17746 "-" "curl/7.29.0"
37.59.21.100 - - [30/Jan/2026:06:27:35 -0500] "GET /index.php/category/gay-fags/feed HTTP/1.1" 200 8686 "-" "Mozilla/5.0 (X11; Linux i686) AppleWebKit/537.36 (KHTML, like Gecko) Chrome/30.0.1599.66 Safari/537.36"
74.206.190.117 - - [30/Jan/2026:06:30:10 -0500] "GET / HTTP/1.1" 200 17746 "-" "curl/7.29.0"
74.206.190.117 - - [30/Jan/2026:06:32:39 -0500] "POST /wp-cron.php?doing_wp_cron=1769772759.9757649898529052734375 HTTP/1.1" 200 - "http://www.fagottube.com/wp-cron.php?doing_wp_cron=1769772759.9757649898529052734375" "WordPress/5.1.8; http://www.fagottube.com"
204.76.203.212 - - [30/Jan/2026:06:32:39 -0500] "GET / HTTP/1.1" 200 17746 "-" "Mozilla/5.0 (Windows NT 10.0; Win64; x64) AppleWebKit/537.36 (KHTML, like Gecko) Chrome/90.0.4430.85 Safari/537.36 Edg/90.0.818.46"
134.209.238.145 - - [30/Jan/2026:06:34:46 -0500] "GET /solr/admin/info/system HTTP/1.1" 302 274 "-" "Go-http-client/1.1"
134.209.238.145 - - [30/Jan/2026:06:34:47 -0500] "GET /solr/admin/info/system HTTP/1.1" 302 274 "-" "Go-http-client/1.1"
134.209.238.145 - - [30/Jan/2026:06:34:51 -0500] "GET /solr/admin/cores?action=STATUS&wt=json HTTP/1.1" 302 274 "-" "Go-http-client/1.1"
74.206.190.117 - - [30/Jan/2026:06:35:12 -0500] "GET / HTTP/1.1" 200 17746 "-" "curl/7.29.0"
74.206.190.117 - - [30/Jan/2026:06:40:20 -0500] "GET / HTTP/1.1" 200 17746 "-" "curl/7.29.0"
74.206.190.117 - - [30/Jan/2026:06:45:10 -0500] "GET / HTTP/1.1" 200 17746 "-" "curl/7.29.0"
167.94.138.36 - - [30/Jan/2026:06:48:48 -0500] "GET / HTTP/1.1" 200 17746 "-" "Mozilla/5.0 (compatible; CensysInspect/1.1; +https://about.censys.io/)"
192.144.148.122 - - [30/Jan/2026:06:49:39 -0500] "GET / HTTP/1.1" 301 - "-" "Mozilla/5.0 (iPhone; CPU iPhone OS 13_2_3 like Mac OS X) AppleWebKit/605.1.15 (KHTML, like Gecko) Version/13.0.3 Mobile/15E148 Safari/604.1"
192.144.148.122 - - [30/Jan/2026:06:49:42 -0500] "GET / HTTP/1.1" 200 17746 "http://fagottube.com" "Mozilla/5.0 (iPhone; CPU iPhone OS 13_2_3 like Mac OS X) AppleWebKit/605.1.15 (KHTML, like Gecko) Version/13.0.3 Mobile/15E148 Safari/604.1"
74.206.190.117 - - [30/Jan/2026:06:50:11 -0500] "GET / HTTP/1.1" 200 17746 "-" "curl/7.29.0"
167.94.138.36 - - [30/Jan/2026:06:50:22 -0500] "GET /robots.txt HTTP/1.1" 200 29 "-" "Mozilla/5.0 (compatible; CensysInspect/1.1; +https://about.censys.io/)"
167.94.138.36 - - [30/Jan/2026:06:50:31 -0500] "GET /12tkchw65xz HTTP/1.1" 302 274 "-" "Mozilla/5.0 (compatible; CensysInspect/1.1; +https://about.censys.io/)"
43.155.140.157 - - [30/Jan/2026:06:51:16 -0500] "GET / HTTP/1.1" 200 17746 "-" "Mozilla/5.0 (iPhone; CPU iPhone OS 13_2_3 like Mac OS X) AppleWebKit/605.1.15 (KHTML, like Gecko) Version/13.0.3 Mobile/15E148 Safari/604.1"
74.206.190.117 - - [30/Jan/2026:06:55:11 -0500] "GET / HTTP/1.1" 200 17746 "-" "curl/7.29.0"
204.76.203.212 - - [30/Jan/2026:06:55:43 -0500] "GET / HTTP/1.1" 200 17746 "-" "Mozilla/5.0 (Windows NT 10.0; Win64; x64) AppleWebKit/537.36 (KHTML, like Gecko) Chrome/90.0.4430.85 Safari/537.36 Edg/90.0.818.46"
74.206.190.117 - - [30/Jan/2026:07:00:17 -0500] "GET / HTTP/1.1" 200 17746 "-" "curl/7.29.0"
179.62.44.231 - - [30/Jan/2026:07:03:16 -0500] "GET / HTTP/1.1" 200 17746 "-" "Mozilla/5.0 (Windows NT 10.0; Win64; x64) AppleWebKit/537.36 (KHTML, like Gecko) Chrome/120.0.0.0 Safari/537.36"
181.116.57.42 - - [30/Jan/2026:07:03:19 -0500] "GET /wp-login.php HTTP/1.1" 200 2922 "-" "Mozilla/5.0 (Windows NT 10.0; Win64; x64) AppleWebKit/537.36 (KHTML, like Gecko) Chrome/120.0.0.0 Safari/537.36"
181.116.57.42 - - [30/Jan/2026:07:03:19 -0500] "POST /wp-login.php HTTP/1.1" 302 - "http://www.fagottube.com/wp-login.php" "Mozilla/5.0 (Windows NT 10.0; Win64; x64) AppleWebKit/537.36 (KHTML, like Gecko) Chrome/120.0.0.0 Safari/537.36"
181.116.57.42 - - [30/Jan/2026:07:03:20 -0500] "GET /wp-admin/ HTTP/1.1" 200 77749 "http://www.fagottube.com/wp-login.php" "Mozilla/5.0 (Windows NT 10.0; Win64; x64) AppleWebKit/537.36 (KHTML, like Gecko) Chrome/120.0.0.0 Safari/537.36"
187.19.185.124 - - [30/Jan/2026:07:03:25 -0500] "POST /xmlrpc.php HTTP/1.1" 302 277 "-" "WordPress/5.0; http://www.fagottube.com"
187.19.185.124 - - [30/Jan/2026:07:03:30 -0500] "GET /wp-admin/admin-ajax.php?action=rest-nonce HTTP/1.1" 400 1 "-" "Mozilla/5.0 (Windows NT 10.0; Win64; x64) AppleWebKit/537.36 (KHTML, like Gecko) Chrome/120.0.0.0 Safari/537.36"
187.19.185.124 - - [30/Jan/2026:07:03:31 -0500] "GET /wp-admin/ HTTP/1.1" 200 77749 "-" "Mozilla/5.0 (Windows NT 10.0; Win64; x64) AppleWebKit/537.36 (KHTML, like Gecko) Chrome/120.0.0.0 Safari/537.36"
74.206.190.117 - - [30/Jan/2026:07:05:11 -0500] "GET / HTTP/1.1" 200 17746 "-" "curl/7.29.0"
5.61.209.92 - - [30/Jan/2026:07:05:54 -0500] "GET /SDK/webLanguage HTTP/1.1" 302 274 "-" "Mozilla/5.0 (Windows NT 10.0; Win64; x64) AppleWebKit/537.36 (KHTML, like Gecko) Chrome/90.0.4430.85 Safari/537.36 Edg/90.0.818.46"
37.59.21.100 - - [30/Jan/2026:07:08:02 -0500] "GET /index.php/tag/raw-papi/feed HTTP/1.1" 200 6446 "-" "Mozilla/5.0 (X11; Linux i686) AppleWebKit/537.36 (KHTML, like Gecko) Chrome/30.0.1599.66 Safari/537.36"
74.206.190.117 - - [30/Jan/2026:07:10:12 -0500] "GET / HTTP/1.1" 200 17746 "-" "curl/7.29.0"
74.206.190.117 - - [30/Jan/2026:07:15:11 -0500] "GET / HTTP/1.1" 200 17746 "-" "curl/7.29.0"
204.76.203.18 - - [30/Jan/2026:07:15:42 -0500] "GET /bins/ HTTP/1.1" 302 274 "-" "-"
74.206.190.117 - - [30/Jan/2026:07:20:16 -0500] "GET / HTTP/1.1" 200 17746 "-" "curl/7.29.0"
204.76.203.212 - - [30/Jan/2026:07:22:38 -0500] "GET / HTTP/1.1" 200 17746 "-" "Mozilla/5.0 (Windows NT 10.0; Win64; x64) AppleWebKit/537.36 (KHTML, like Gecko) Chrome/90.0.4430.85 Safari/537.36 Edg/90.0.818.46"
74.206.190.117 - - [30/Jan/2026:07:25:10 -0500] "GET / HTTP/1.1" 200 17746 "-" "curl/7.29.0"
74.206.190.117 - - [30/Jan/2026:07:30:11 -0500] "GET / HTTP/1.1" 200 17746 "-" "curl/7.29.0"
47.128.60.188 - - [30/Jan/2026:07:32:06 -0500] "GET /robots.txt HTTP/1.1" 200 29 "-" "Mozilla/5.0 (Linux; Android 5.0) AppleWebKit/537.36 (KHTML, like Gecko) Mobile Safari/537.36 (compatible; Bytespider; spider-feedback@bytedance.com)"
74.206.190.117 - - [30/Jan/2026:07:32:37 -0500] "POST /wp-cron.php?doing_wp_cron=1769776357.4363799095153808593750 HTTP/1.1" 200 - "http://www.fagottube.com/wp-cron.php?doing_wp_cron=1769776357.4363799095153808593750" "WordPress/5.1.8; http://www.fagottube.com"
192.227.159.122 - - [30/Jan/2026:07:32:37 -0500] "GET / HTTP/1.1" 200 17746 "-" "Mozilla/5.0 (Macintosh; Intel Mac OS X 15_7_3) AppleWebKit/605.1.15 (KHTML, like Gecko) Version/26.0 Safari/605.1.15"
74.206.190.117 - - [30/Jan/2026:07:35:11 -0500] "GET / HTTP/1.1" 200 17746 "-" "curl/7.29.0"
74.206.190.117 - - [30/Jan/2026:07:40:21 -0500] "GET / HTTP/1.1" 200 17746 "-" "curl/7.29.0"
119.28.140.106 - - [30/Jan/2026:07:43:21 -0500] "GET / HTTP/1.1" 301 - "-" "Mozilla/5.0 (iPhone; CPU iPhone OS 13_2_3 like Mac OS X) AppleWebKit/605.1.15 (KHTML, like Gecko) Version/13.0.3 Mobile/15E148 Safari/604.1"
119.28.140.106 - - [30/Jan/2026:07:43:23 -0500] "GET / HTTP/1.1" 200 17746 "http://fagottube.com" "Mozilla/5.0 (iPhone; CPU iPhone OS 13_2_3 like Mac OS X) AppleWebKit/605.1.15 (KHTML, like Gecko) Version/13.0.3 Mobile/15E148 Safari/604.1"
74.206.190.117 - - [30/Jan/2026:07:45:12 -0500] "GET / HTTP/1.1" 200 17746 "-" "curl/7.29.0"
204.76.203.212 - - [30/Jan/2026:07:45:28 -0500] "GET / HTTP/1.1" 200 17746 "-" "Mozilla/5.0 (Windows NT 10.0; Win64; x64) AppleWebKit/537.36 (KHTML, like Gecko) Chrome/90.0.4430.85 Safari/537.36 Edg/90.0.818.46"
74.206.190.117 - - [30/Jan/2026:07:50:11 -0500] "GET / HTTP/1.1" 200 17746 "-" "curl/7.29.0"
74.206.190.117 - - [30/Jan/2026:07:55:11 -0500] "GET / HTTP/1.1" 200 17746 "-" "curl/7.29.0"
5.61.209.92 - - [30/Jan/2026:07:57:49 -0500] "GET /SDK/webLanguage HTTP/1.1" 302 274 "-" "Mozilla/5.0 (Windows NT 10.0; Win64; x64) AppleWebKit/537.36 (KHTML, like Gecko) Chrome/90.0.4430.85 Safari/537.36 Edg/90.0.818.46"
74.206.190.117 - - [30/Jan/2026:08:00:21 -0500] "GET / HTTP/1.1" 200 17746 "-" "curl/7.29.0"
74.206.190.117 - - [30/Jan/2026:08:05:12 -0500] "GET / HTTP/1.1" 200 17746 "-" "curl/7.29.0"
89.42.231.200 - - [30/Jan/2026:08:06:48 -0500] "GET /SDK/webLanguage HTTP/1.1" 302 274 "-" "Mozilla/5.0 (Windows NT 10.0; Win64; x64) AppleWebKit/537.36 (KHTML, like Gecko) Chrome/90.0.4430.85 Safari/537.36 Edg/90.0.818.46"
154.58.142.108 - - [30/Jan/2026:08:08:54 -0500] "POST /hello.world?%ADd+allow_url_include%3d1+%ADd+auto_prepend_file%3dphp://input HTTP/1.1" 302 274 "-" "libredtail-http"
74.206.190.117 - - [30/Jan/2026:08:10:10 -0500] "GET / HTTP/1.1" 200 17746 "-" "curl/7.29.0"
204.76.203.212 - - [30/Jan/2026:08:12:42 -0500] "GET / HTTP/1.1" 200 17746 "-" "Mozilla/5.0 (Windows NT 10.0; Win64; x64) AppleWebKit/537.36 (KHTML, like Gecko) Chrome/90.0.4430.85 Safari/537.36 Edg/90.0.818.46"
74.206.190.117 - - [30/Jan/2026:08:15:12 -0500] "GET / HTTP/1.1" 200 17746 "-" "curl/7.29.0"
74.206.190.117 - - [30/Jan/2026:08:20:24 -0500] "GET / HTTP/1.1" 200 17746 "-" "curl/7.29.0"
74.206.190.117 - - [30/Jan/2026:08:25:11 -0500] "GET / HTTP/1.1" 200 17746 "-" "curl/7.29.0"
85.217.149.9 - - [30/Jan/2026:08:25:42 -0500] "GET / HTTP/1.1" 200 17746 "-" "Mozilla/5.0 (compatible; ModatScanner/1.2; +https://modat.io/)"
74.206.190.117 - - [30/Jan/2026:08:30:11 -0500] "GET / HTTP/1.1" 200 17746 "-" "curl/7.29.0"
176.65.139.8 - - [30/Jan/2026:08:33:28 -0500] "GET /system.ini?loginuse&loginpas HTTP/1.1" 302 274 "-" "Python-urllib/3.10"
74.206.190.117 - - [30/Jan/2026:08:35:12 -0500] "POST /wp-cron.php?doing_wp_cron=1769780112.8609330654144287109375 HTTP/1.1" 200 - "http://www.fagottube.com/wp-cron.php?doing_wp_cron=1769780112.8609330654144287109375" "WordPress/5.1.8; http://www.fagottube.com"
74.206.190.117 - - [30/Jan/2026:08:35:12 -0500] "GET / HTTP/1.1" 200 17746 "-" "curl/7.29.0"
204.76.203.212 - - [30/Jan/2026:08:37:40 -0500] "GET / HTTP/1.1" 200 17746 "-" "Mozilla/5.0 (Windows NT 10.0; Win64; x64) AppleWebKit/537.36 (KHTML, like Gecko) Chrome/90.0.4430.85 Safari/537.36 Edg/90.0.818.46"
74.206.190.117 - - [30/Jan/2026:08:40:16 -0500] "GET / HTTP/1.1" 200 17746 "-" "curl/7.29.0"
43.153.104.196 - - [30/Jan/2026:08:41:23 -0500] "GET / HTTP/1.1" 200 17746 "-" "Mozilla/5.0 (iPhone; CPU iPhone OS 13_2_3 like Mac OS X) AppleWebKit/605.1.15 (KHTML, like Gecko) Version/13.0.3 Mobile/15E148 Safari/604.1"
43.157.46.118 - - [30/Jan/2026:08:41:48 -0500] "GET / HTTP/1.1" 200 17746 "-" "Mozilla/5.0 (iPhone; CPU iPhone OS 13_2_3 like Mac OS X) AppleWebKit/605.1.15 (KHTML, like Gecko) Version/13.0.3 Mobile/15E148 Safari/604.1"
193.142.147.209 - - [30/Jan/2026:08:42:13 -0500] "POST / HTTP/1.1" 200 17746 "-" "Mozilla/5.0 (Windows NT 10.0; Win64; x64) AppleWebKit/537.36"
74.206.190.117 - - [30/Jan/2026:08:45:13 -0500] "GET / HTTP/1.1" 200 17746 "-" "curl/7.29.0"
74.206.190.117 - - [30/Jan/2026:08:50:11 -0500] "GET / HTTP/1.1" 200 17746 "-" "curl/7.29.0"
74.206.190.117 - - [30/Jan/2026:08:55:11 -0500] "GET / HTTP/1.1" 200 17746 "-" "curl/7.29.0"
79.124.40.174 - - [30/Jan/2026:08:55:48 -0500] "GET /?XDEBUG_SESSION_START=phpstorm HTTP/1.1" 200 17866 "-" "Mozilla/5.0 (Windows NT 10.0; Win64; x64) AppleWebKit/537.36 (KHTML, like Gecko) Chrome/78.0.3904.108 Safari/537.36"
74.206.190.117 - - [30/Jan/2026:09:00:19 -0500] "GET / HTTP/1.1" 200 17746 "-" "curl/7.29.0"
204.76.203.212 - - [30/Jan/2026:09:02:48 -0500] "GET / HTTP/1.1" 200 17746 "-" "Mozilla/5.0 (Windows NT 10.0; Win64; x64) AppleWebKit/537.36 (KHTML, like Gecko) Chrome/90.0.4430.85 Safari/537.36 Edg/90.0.818.46"
20.105.123.181 - - [30/Jan/2026:09:03:25 -0500] "GET /index.php/feed HTTP/1.1" 200 8660 "-" "Mozilla/5.0 (Macintosh; Intel Mac OS X 10.15; rv:92.0) Gecko/20100101 Firefox/92.0"
74.206.190.117 - - [30/Jan/2026:09:05:12 -0500] "GET / HTTP/1.1" 200 17746 "-" "curl/7.29.0"
74.206.190.117 - - [30/Jan/2026:09:10:13 -0500] "GET / HTTP/1.1" 200 17746 "-" "curl/7.29.0"
93.131.25.167 - - [30/Jan/2026:09:14:32 -0500] "GET / HTTP/1.1" 200 17746 "-" "Mozilla/5.0 (Windows NT 10.0; Win64; x64) AppleWebKit/537.36 (KHTML, like Gecko) Chrome/120.0.0.0 Safari/537.36"
186.158.144.105 - - [30/Jan/2026:09:14:36 -0500] "GET /wp-login.php HTTP/1.1" 200 2922 "-" "Mozilla/5.0 (Windows NT 10.0; Win64; x64) AppleWebKit/537.36 (KHTML, like Gecko) Chrome/120.0.0.0 Safari/537.36"
186.158.144.105 - - [30/Jan/2026:09:14:36 -0500] "POST /wp-login.php HTTP/1.1" 302 - "http://www.fagottube.com/wp-login.php" "Mozilla/5.0 (Windows NT 10.0; Win64; x64) AppleWebKit/537.36 (KHTML, like Gecko) Chrome/120.0.0.0 Safari/537.36"
186.158.144.105 - - [30/Jan/2026:09:14:37 -0500] "GET /wp-admin/ HTTP/1.1" 200 77749 "http://www.fagottube.com/wp-login.php" "Mozilla/5.0 (Windows NT 10.0; Win64; x64) AppleWebKit/537.36 (KHTML, like Gecko) Chrome/120.0.0.0 Safari/537.36"
179.95.174.39 - - [30/Jan/2026:09:14:40 -0500] "POST /xmlrpc.php HTTP/1.1" 302 277 "-" "WordPress/5.0; http://www.fagottube.com"
179.95.174.39 - - [30/Jan/2026:09:14:43 -0500] "GET /wp-admin/admin-ajax.php?action=rest-nonce HTTP/1.1" 400 1 "-" "Mozilla/5.0 (Windows NT 10.0; Win64; x64) AppleWebKit/537.36 (KHTML, like Gecko) Chrome/120.0.0.0 Safari/537.36"
179.95.174.39 - - [30/Jan/2026:09:14:44 -0500] "GET /wp-admin/ HTTP/1.1" 200 77749 "-" "Mozilla/5.0 (Windows NT 10.0; Win64; x64) AppleWebKit/537.36 (KHTML, like Gecko) Chrome/120.0.0.0 Safari/537.36"
74.206.190.117 - - [30/Jan/2026:09:15:12 -0500] "GET / HTTP/1.1" 200 17746 "-" "curl/7.29.0"
74.206.190.117 - - [30/Jan/2026:09:20:18 -0500] "GET / HTTP/1.1" 200 17746 "-" "curl/7.29.0"
74.206.190.117 - - [30/Jan/2026:09:25:12 -0500] "GET / HTTP/1.1" 200 17746 "-" "curl/7.29.0"
37.59.21.100 - - [30/Jan/2026:09:25:18 -0500] "GET /index.php/gay-fags/gay-porn-fags.html/feed HTTP/1.1" 200 812 "-" "Mozilla/5.0 (X11; Linux i686) AppleWebKit/537.36 (KHTML, like Gecko) Chrome/30.0.1599.66 Safari/537.36"
93.174.93.12 - - [30/Jan/2026:09:27:46 -0500] "GET / HTTP/1.1" 200 17746 "-" "Mozilla/4.0 (compatible; MSIE 4.01; Windows CE; PPC; MDA Pro/1.0 Profile/MIDP-2.0 Configuration/CLDC-1.1)"
204.76.203.212 - - [30/Jan/2026:09:29:53 -0500] "GET / HTTP/1.1" 200 17746 "-" "Mozilla/5.0 (Windows NT 10.0; Win64; x64) AppleWebKit/537.36 (KHTML, like Gecko) Chrome/90.0.4430.85 Safari/537.36 Edg/90.0.818.46"
74.206.190.117 - - [30/Jan/2026:09:30:11 -0500] "GET / HTTP/1.1" 200 17746 "-" "curl/7.29.0"
74.206.190.117 - - [30/Jan/2026:09:32:57 -0500] "POST /wp-cron.php?doing_wp_cron=1769783577.8770339488983154296875 HTTP/1.1" 200 - "http://www.fagottube.com/wp-cron.php?doing_wp_cron=1769783577.8770339488983154296875" "WordPress/5.1.8; http://www.fagottube.com"
192.227.159.123 - - [30/Jan/2026:09:32:57 -0500] "GET / HTTP/1.1" 200 17746 "-" "Mozilla/5.0 (Macintosh; Intel Mac OS X 15_7_3) AppleWebKit/605.1.15 (KHTML, like Gecko) Version/26.0 Safari/605.1.15"
74.206.190.117 - - [30/Jan/2026:09:35:11 -0500] "GET / HTTP/1.1" 200 17746 "-" "curl/7.29.0"
74.206.190.117 - - [30/Jan/2026:09:40:23 -0500] "GET / HTTP/1.1" 200 17746 "-" "curl/7.29.0"
74.206.190.117 - - [30/Jan/2026:09:45:12 -0500] "GET / HTTP/1.1" 200 17746 "-" "curl/7.29.0"
74.206.190.117 - - [30/Jan/2026:09:50:14 -0500] "GET / HTTP/1.1" 200 17746 "-" "curl/7.29.0"
37.59.21.100 - - [30/Jan/2026:09:52:03 -0500] "GET /index.php/tag/raw-papi/feed HTTP/1.1" 200 6446 "-" "Mozilla/5.0 (X11; Linux i686) AppleWebKit/537.36 (KHTML, like Gecko) Chrome/30.0.1599.66 Safari/537.36"
204.76.203.212 - - [30/Jan/2026:09:52:52 -0500] "GET / HTTP/1.1" 200 17746 "-" "Mozilla/5.0 (Windows NT 10.0; Win64; x64) AppleWebKit/537.36 (KHTML, like Gecko) Chrome/90.0.4430.85 Safari/537.36 Edg/90.0.818.46"
37.59.21.100 - - [30/Jan/2026:09:54:36 -0500] "GET /index.php/category/gay-fags/feed HTTP/1.1" 200 8686 "-" "Mozilla/5.0 (X11; Linux i686) AppleWebKit/537.36 (KHTML, like Gecko) Chrome/30.0.1599.66 Safari/537.36"
74.206.190.117 - - [30/Jan/2026:09:55:16 -0500] "GET / HTTP/1.1" 200 17746 "-" "curl/7.29.0"
45.142.154.89 - - [30/Jan/2026:09:57:31 -0500] "GET /version HTTP/1.1" 302 274 "-" "-"
45.142.154.89 - - [30/Jan/2026:09:57:31 -0500] "GET / HTTP/1.1" 200 17746 "-" "-"
45.142.154.89 - - [30/Jan/2026:09:57:33 -0500] "GET / HTTP/1.1" 200 17746 "-" "-"
45.142.154.89 - - [30/Jan/2026:09:57:34 -0500] "GET /v1 HTTP/1.1" 302 274 "-" "-"
45.142.154.89 - - [30/Jan/2026:09:57:35 -0500] "GET / HTTP/1.1" 200 17746 "-" "-"
45.142.154.89 - - [30/Jan/2026:09:57:36 -0500] "GET / HTTP/1.1" 200 17746 "-" "Mozilla/5.0 (Windows NT 6.1) AppleWebKit/537.36 (KHTML, like Gecko) Chrome/49.0.2623.112 Safari/537.36"
79.124.40.174 - - [30/Jan/2026:09:59:01 -0500] "GET /actuator/gateway/routes HTTP/1.1" 302 274 "-" "Mozilla/5.0 (Windows NT 10.0; Win64; x64) AppleWebKit/537.36 (KHTML, like Gecko) Chrome/78.0.3904.108 Safari/537.36"
74.206.190.117 - - [30/Jan/2026:10:00:21 -0500] "GET / HTTP/1.1" 200 17746 "-" "curl/7.29.0"
74.206.190.117 - - [30/Jan/2026:10:05:13 -0500] "GET / HTTP/1.1" 200 17746 "-" "curl/7.29.0"
74.206.190.117 - - [30/Jan/2026:10:10:11 -0500] "GET / HTTP/1.1" 200 17746 "-" "curl/7.29.0"
176.65.148.66 - - [30/Jan/2026:10:11:08 -0500] "HEAD / HTTP/1.1" 200 - "-" "Mozilla/5.0 (compatible; Let's Encrypt validation server; +https://www.letsencrypt.org  )"
176.65.148.66 - - [30/Jan/2026:10:11:09 -0500] "GET / HTTP/1.1" 200 17746 "-" "Mozilla/5.0 (compatible; Let's Encrypt validation server; +https://www.letsencrypt.org  )"
176.65.148.66 - - [30/Jan/2026:10:11:10 -0500] "HEAD /_next HTTP/1.1" 302 - "-" "Mozilla/5.0 (compatible; Let's Encrypt validation server; +https://www.letsencrypt.org  )"
176.65.148.66 - - [30/Jan/2026:10:11:12 -0500] "POST / HTTP/1.1" 200 17746 "-" "Mozilla/5.0 (compatible; Let's Encrypt validation server; +https://www.letsencrypt.org  )"
176.65.148.66 - - [30/Jan/2026:10:11:14 -0500] "POST /_next HTTP/1.1" 302 274 "-" "Mozilla/5.0 (compatible; Let's Encrypt validation server; +https://www.letsencrypt.org  )"
74.206.190.117 - - [30/Jan/2026:10:15:13 -0500] "GET / HTTP/1.1" 200 17746 "-" "curl/7.29.0"
204.76.203.212 - - [30/Jan/2026:10:18:02 -0500] "GET / HTTP/1.1" 200 17746 "-" "Mozilla/5.0 (Windows NT 10.0; Win64; x64) AppleWebKit/537.36 (KHTML, like Gecko) Chrome/90.0.4430.85 Safari/537.36 Edg/90.0.818.46"
74.206.190.117 - - [30/Jan/2026:10:20:34 -0500] "GET / HTTP/1.1" 200 17746 "-" "curl/7.29.0"
74.206.190.117 - - [30/Jan/2026:10:25:13 -0500] "GET / HTTP/1.1" 200 17746 "-" "curl/7.29.0"
74.206.190.117 - - [30/Jan/2026:10:30:11 -0500] "GET / HTTP/1.1" 200 17746 "-" "curl/7.29.0"
59.92.169.171 - - [30/Jan/2026:10:32:13 -0500] "GET /boaform/admin/formLogin?username=user&psd=user HTTP/1.1" 302 277 "-" "-"
74.206.190.117 - - [30/Jan/2026:10:33:17 -0500] "POST /wp-cron.php?doing_wp_cron=1769787197.4531669616699218750000 HTTP/1.1" 200 - "http://www.fagottube.com/wp-cron.php?doing_wp_cron=1769787197.4531669616699218750000" "WordPress/5.1.8; http://www.fagottube.com"
34.86.239.201 - - [30/Jan/2026:10:33:17 -0500] "GET / HTTP/1.1" 200 17746 "-" "Mozilla/5.0 (Windows NT 10.0; Win64; x64) AppleWebKit/537.36 (KHTML, like Gecko) Chrome/102.0.5005.197 Safari/537.36"
74.206.190.117 - - [30/Jan/2026:10:35:11 -0500] "GET / HTTP/1.1" 200 17746 "-" "curl/7.29.0"
102.22.20.125 - - [30/Jan/2026:10:38:03 -0500] "GET /admin/config.php HTTP/1.1" 302 274 "-" "xfa1,nvdorz,nvd0rz"
74.206.190.117 - - [30/Jan/2026:10:40:16 -0500] "GET / HTTP/1.1" 200 17746 "-" "curl/7.29.0"
204.76.203.212 - - [30/Jan/2026:10:41:38 -0500] "GET / HTTP/1.1" 200 17746 "-" "Mozilla/5.0 (Windows NT 10.0; Win64; x64) AppleWebKit/537.36 (KHTML, like Gecko) Chrome/90.0.4430.85 Safari/537.36 Edg/90.0.818.46"
74.206.190.117 - - [30/Jan/2026:10:45:11 -0500] "GET / HTTP/1.1" 200 17746 "-" "curl/7.29.0"
69.171.231.125 - - [30/Jan/2026:10:45:44 -0500] "GET /robots.txt HTTP/1.1" 206 29 "-" "facebookexternalhit/1.1 (+http://www.facebook.com/externalhit_uatext.php)"
74.206.190.117 - - [30/Jan/2026:10:50:11 -0500] "GET / HTTP/1.1" 200 17746 "-" "curl/7.29.0"
102.22.20.125 - - [30/Jan/2026:10:50:26 -0500] "GET /robots.txt HTTP/1.1" 200 29 "-" "Mozilla/5.0 (compatible; FreePBX-Scanner/1.0)"
74.206.190.117 - - [30/Jan/2026:10:55:18 -0500] "GET / HTTP/1.1" 200 17746 "-" "curl/7.29.0"
74.206.190.117 - - [30/Jan/2026:11:00:21 -0500] "GET / HTTP/1.1" 200 17746 "-" "curl/7.29.0"
74.206.190.117 - - [30/Jan/2026:11:05:13 -0500] "GET / HTTP/1.1" 200 17746 "-" "curl/7.29.0"
74.206.190.117 - - [30/Jan/2026:11:05:13 -0500] "POST /wp-cron.php?doing_wp_cron=1769789113.5335700511932373046875 HTTP/1.1" 200 - "http://www.fagottube.com/wp-cron.php?doing_wp_cron=1769789113.5335700511932373046875" "WordPress/5.1.8; http://www.fagottube.com"
93.123.109.205 - - [30/Jan/2026:11:05:12 -0500] "GET / HTTP/1.1" 200 17746 "-" "Mozilla/5.0 (Knoppix; Linux i686) AppleWebKit/537.36 (KHTML, like Gecko) Chrome/135.0.0.0 Safari/537.36"
204.76.203.212 - - [30/Jan/2026:11:07:24 -0500] "GET / HTTP/1.1" 200 17746 "-" "Mozilla/5.0 (Windows NT 10.0; Win64; x64) AppleWebKit/537.36 (KHTML, like Gecko) Chrome/90.0.4430.85 Safari/537.36 Edg/90.0.818.46"
74.206.190.117 - - [30/Jan/2026:11:10:11 -0500] "GET / HTTP/1.1" 200 17746 "-" "curl/7.29.0"
193.142.147.209 - - [30/Jan/2026:11:13:59 -0500] "POST / HTTP/1.1" 200 17746 "-" "Mozilla/5.0 (Windows NT 10.0; Win64; x64) AppleWebKit/537.36"
74.206.190.117 - - [30/Jan/2026:11:15:12 -0500] "GET / HTTP/1.1" 200 17746 "-" "curl/7.29.0"
74.206.190.117 - - [30/Jan/2026:11:20:23 -0500] "GET / HTTP/1.1" 200 17746 "-" "curl/7.29.0"
64.31.20.24 - - [30/Jan/2026:11:23:57 -0500] "GET / HTTP/1.1" 301 - "http://fagottube.com/" "Mozilla/5.0 (Windows NT 10.0; Win64; x64) AppleWebKit/537.36 (KHTML, like Gecko) Chrome/131.0.0.0 Safari/537.36"
64.31.20.24 - - [30/Jan/2026:11:23:58 -0500] "GET / HTTP/1.1" 200 17746 "http://www.fagottube.com/" "Mozilla/5.0 (Windows NT 10.0; Win64; x64) AppleWebKit/537.36 (KHTML, like Gecko) Chrome/131.0.0.0 Safari/537.36"
64.31.20.24 - - [30/Jan/2026:11:23:59 -0500] "GET / HTTP/1.1" 301 - "http://fagottube.com/" "Mozilla/5.0 (Windows NT 10.0; Win64; x64) AppleWebKit/537.36 (KHTML, like Gecko) Chrome/130.0.0.0 Safari/537.36"
64.31.20.24 - - [30/Jan/2026:11:23:59 -0500] "GET / HTTP/1.1" 200 17746 "http://www.fagottube.com/" "Mozilla/5.0 (Windows NT 10.0; Win64; x64) AppleWebKit/537.36 (KHTML, like Gecko) Chrome/130.0.0.0 Safari/537.36"
74.206.190.117 - - [30/Jan/2026:11:25:11 -0500] "GET / HTTP/1.1" 200 17746 "-" "curl/7.29.0"
204.76.203.69 - - [30/Jan/2026:11:25:16 -0500] "GET / HTTP/1.1" 200 17746 "-" "Mozilla/5.0 (Windows NT 10.0; Win64; x64) AppleWebKit/537.36 (KHTML, like Gecko) Chrome/90.0.4430.85 Safari/537.36 Edg/90.0.818.46"
104.244.72.189 - - [30/Jan/2026:11:26:11 -0500] "GET / HTTP/1.1" 301 - "http://fagottube.com/wp-login.php" "Mozilla/5.0 (Windows NT 10.0; Win64; x64) AppleWebKit/537.36 (KHTML, like Gecko) Chrome/120.0.0.0 Safari/537.36"
104.244.72.189 - - [30/Jan/2026:11:28:44 -0500] "GET / HTTP/1.1" 200 17746 "http://fagottube.com/wp-login.php" "Mozilla/5.0 (Windows NT 10.0; Win64; x64) AppleWebKit/537.36 (KHTML, like Gecko) Chrome/120.0.0.0 Safari/537.36"
74.206.190.117 - - [30/Jan/2026:11:30:11 -0500] "POST /wp-cron.php?doing_wp_cron=1769790611.3065440654754638671875 HTTP/1.1" 200 - "http://www.fagottube.com/wp-cron.php?doing_wp_cron=1769790611.3065440654754638671875" "WordPress/5.1.8; http://www.fagottube.com"
74.206.190.117 - - [30/Jan/2026:11:30:11 -0500] "GET / HTTP/1.1" 200 17746 "-" "curl/7.29.0"
74.206.190.117 - - [30/Jan/2026:11:32:02 -0500] "POST /wp-cron.php?doing_wp_cron=1769790722.2720520496368408203125 HTTP/1.1" 200 - "http://www.fagottube.com/wp-cron.php?doing_wp_cron=1769790722.2720520496368408203125" "WordPress/5.1.8; http://www.fagottube.com"
104.244.72.189 - - [30/Jan/2026:11:32:02 -0500] "GET /wp-login.php HTTP/1.1" 200 2922 "http://fagottube.com/wp-login.php" "Mozilla/5.0 (Windows NT 10.0; Win64; x64) AppleWebKit/537.36 (KHTML, like Gecko) Chrome/120.0.0.0 Safari/537.36"
204.76.203.212 - - [30/Jan/2026:11:33:10 -0500] "GET / HTTP/1.1" 200 17746 "-" "Mozilla/5.0 (Windows NT 10.0; Win64; x64) AppleWebKit/537.36 (KHTML, like Gecko) Chrome/90.0.4430.85 Safari/537.36 Edg/90.0.818.46"
74.206.190.117 - - [30/Jan/2026:11:35:10 -0500] "GET / HTTP/1.1" 200 17746 "-" "curl/7.29.0"
104.244.72.189 - - [30/Jan/2026:11:35:23 -0500] "POST /wp-login.php HTTP/1.1" 200 3932 "http://fagottube.com/wp-login.php" "Mozilla/5.0 (Windows NT 10.0; Win64; x64) AppleWebKit/537.36 (KHTML, like Gecko) Chrome/120.0.0.0 Safari/537.36"
64.31.20.24 - - [30/Jan/2026:11:37:11 -0500] "GET / HTTP/1.1" 301 - "http://fagottube.com/" "Mozilla/5.0 (Windows NT 10.0; Win64; x64) AppleWebKit/537.36 (KHTML, like Gecko) Chrome/130.0.0.0 Safari/537.36 CCleaner/130.0.0.0"
64.31.20.24 - - [30/Jan/2026:11:37:12 -0500] "GET / HTTP/1.1" 200 17746 "http://www.fagottube.com/" "Mozilla/5.0 (Windows NT 10.0; Win64; x64) AppleWebKit/537.36 (KHTML, like Gecko) Chrome/130.0.0.0 Safari/537.36 CCleaner/130.0.0.0"
172.125.254.73 - - [30/Jan/2026:11:37:33 -0500] "GET / HTTP/1.1" 301 - "-" "Mozilla/5.0 (Windows NT 10.0; Win64; x64) AppleWebKit/537.36 (KHTML, like Gecko) Chrome/120.0.0.0 Safari/537.36"
99.3.186.168 - - [30/Jan/2026:11:37:34 -0500] "GET / HTTP/1.1" 200 17746 "-" "Mozilla/5.0 (Windows NT 10.0; Win64; x64) AppleWebKit/537.36 (KHTML, like Gecko) Chrome/120.0.0.0 Safari/537.36"
191.219.14.89 - - [30/Jan/2026:11:37:52 -0500] "POST /wp-login.php HTTP/1.1" 200 3876 "http://www.fagottube.com/wp-login.php" "Mozilla/5.0 (Windows NT 10.0; Win64; x64) AppleWebKit/537.36 (KHTML, like Gecko) Chrome/120.0.0.0 Safari/537.36"
176.108.66.179 - - [30/Jan/2026:11:37:55 -0500] "POST /xmlrpc.php HTTP/1.1" 302 277 "-" "WordPress/5.0; http://www.fagottube.com"
74.206.190.117 - - [30/Jan/2026:11:40:24 -0500] "GET / HTTP/1.1" 200 17746 "-" "curl/7.29.0"
74.206.190.117 - - [30/Jan/2026:11:45:11 -0500] "GET / HTTP/1.1" 200 17746 "-" "curl/7.29.0"
87.121.84.172 - - [30/Jan/2026:11:46:57 -0500] "GET /ip HTTP/1.1" 302 271 "-" "ProxyPool-Scanner/2.0"
87.121.84.172 - - [30/Jan/2026:11:46:57 -0500] "GET / HTTP/1.1" 200 17746 "http://httpbin.org/ip" "ProxyPool-Scanner/2.0"
74.206.190.117 - - [30/Jan/2026:11:50:11 -0500] "GET / HTTP/1.1" 200 17746 "-" "curl/7.29.0"
74.206.190.117 - - [30/Jan/2026:11:55:15 -0500] "GET / HTTP/1.1" 200 17746 "-" "curl/7.29.0"
204.76.203.212 - - [30/Jan/2026:11:57:28 -0500] "GET / HTTP/1.1" 200 17746 "-" "Mozilla/5.0 (Windows NT 10.0; Win64; x64) AppleWebKit/537.36 (KHTML, like Gecko) Chrome/90.0.4430.85 Safari/537.36 Edg/90.0.818.46"
74.206.190.117 - - [30/Jan/2026:12:00:18 -0500] "GET / HTTP/1.1" 200 17746 "-" "curl/7.29.0"
74.206.190.117 - - [30/Jan/2026:12:05:11 -0500] "GET / HTTP/1.1" 200 17746 "-" "curl/7.29.0"
74.206.190.117 - - [30/Jan/2026:12:10:11 -0500] "GET / HTTP/1.1" 200 17746 "-" "curl/7.29.0"
64.31.20.24 - - [30/Jan/2026:12:12:21 -0500] "GET / HTTP/1.1" 301 - "http://fagottube.com/" "Mozilla/5.0 (Windows NT 10.0; Win64; x64) AppleWebKit/537.36 (KHTML, like Gecko) Chrome/131.0.0.0 Safari/537.36"
64.31.20.24 - - [30/Jan/2026:12:12:21 -0500] "GET / HTTP/1.1" 200 17746 "http://www.fagottube.com/" "Mozilla/5.0 (Windows NT 10.0; Win64; x64) AppleWebKit/537.36 (KHTML, like Gecko) Chrome/131.0.0.0 Safari/537.36"
74.206.190.117 - - [30/Jan/2026:12:15:12 -0500] "GET / HTTP/1.1" 200 17746 "-" "curl/7.29.0"
74.206.190.117 - - [30/Jan/2026:12:20:22 -0500] "GET / HTTP/1.1" 200 17746 "-" "curl/7.29.0"
74.206.190.117 - - [30/Jan/2026:12:23:05 -0500] "POST /wp-cron.php?doing_wp_cron=1769793785.3383760452270507812500 HTTP/1.1" 200 - "http://www.fagottube.com/wp-cron.php?doing_wp_cron=1769793785.3383760452270507812500" "WordPress/5.1.8; http://www.fagottube.com"
204.76.203.212 - - [30/Jan/2026:12:23:05 -0500] "GET / HTTP/1.1" 200 17746 "-" "Mozilla/5.0 (Windows NT 10.0; Win64; x64) AppleWebKit/537.36 (KHTML, like Gecko) Chrome/90.0.4430.85 Safari/537.36 Edg/90.0.818.46"
74.206.190.117 - - [30/Jan/2026:12:25:14 -0500] "GET / HTTP/1.1" 200 17746 "-" "curl/7.29.0"
37.59.21.100 - - [30/Jan/2026:12:28:36 -0500] "GET /index.php/category/gay-fags/feed HTTP/1.1" 200 8686 "-" "Mozilla/5.0 (X11; Linux i686) AppleWebKit/537.36 (KHTML, like Gecko) Chrome/30.0.1599.66 Safari/537.36"
74.206.190.117 - - [30/Jan/2026:12:30:16 -0500] "GET / HTTP/1.1" 200 17746 "-" "curl/7.29.0"
74.206.190.117 - - [30/Jan/2026:12:32:03 -0500] "POST /wp-cron.php?doing_wp_cron=1769794323.9002959728240966796875 HTTP/1.1" 200 - "http://www.fagottube.com/wp-cron.php?doing_wp_cron=1769794323.9002959728240966796875" "WordPress/5.1.8; http://www.fagottube.com"
37.59.21.100 - - [30/Jan/2026:12:32:03 -0500] "GET /index.php/tag/raw-papi/feed HTTP/1.1" 200 6446 "-" "Mozilla/5.0 (X11; Linux i686) AppleWebKit/537.36 (KHTML, like Gecko) Chrome/30.0.1599.66 Safari/537.36"
57.141.4.45 - - [30/Jan/2026:12:34:29 -0500] "GET /wp-content/plugins/flash-video-player/flvplayer.swf HTTP/1.1" 302 277 "-" "meta-externalagent/1.1 (+https://developers.facebook.com/docs/sharing/webmasters/crawler)"
74.206.190.117 - - [30/Jan/2026:12:35:13 -0500] "GET / HTTP/1.1" 200 17746 "-" "curl/7.29.0"
44.212.68.158 - - [30/Jan/2026:12:36:16 -0500] "GET / HTTP/1.1" 200 17746 "-" "Mozilla/5.0 (Windows NT 10.0; Win64; x64) AppleWebKit/537.36 (KHTML, like Gecko) Chrome/136.0.0.0 Safari/537.36"
74.206.190.117 - - [30/Jan/2026:12:40:30 -0500] "GET / HTTP/1.1" 200 17746 "-" "curl/7.29.0"
