64.89.160.178 - - [26/Jan/2026:18:54:21 -0500] "POST /alfacgiapi/perl.alfa HTTP/1.1" 302 278 "www.google.com" "Mozlila/5.0 (Linux; Android 7.0; SM-G892A Bulid/NRD90M; wv) AppleWebKit/537.36 (KHTML, like Gecko) Version/4.0 Chrome/60.0.3112.107 Moblie Safari/537.36"
74.206.190.116 - - [26/Jan/2026:18:55:13 -0500] "GET / HTTP/1.1" 200 27813 "-" "curl/7.29.0"
74.206.190.116 - - [26/Jan/2026:19:00:16 -0500] "GET / HTTP/1.1" 200 27813 "-" "curl/7.29.0"
74.206.190.116 - - [26/Jan/2026:19:05:11 -0500] "POST /wp-cron.php?doing_wp_cron=1769472311.3422980308532714843750 HTTP/1.1" 200 - "http://www.drunkmovies.com/wp-cron.php?doing_wp_cron=1769472311.3422980308532714843750" "WordPress/4.9.16; http://www.drunkmovies.com"
74.206.190.116 - - [26/Jan/2026:19:05:11 -0500] "GET / HTTP/1.1" 200 27813 "-" "curl/7.29.0"
74.206.190.116 - - [26/Jan/2026:19:10:10 -0500] "GET / HTTP/1.1" 200 27813 "-" "curl/7.29.0"
74.206.190.116 - - [26/Jan/2026:19:15:11 -0500] "POST /wp-cron.php?doing_wp_cron=1769472911.8179590702056884765625 HTTP/1.1" 200 - "http://www.drunkmovies.com/wp-cron.php?doing_wp_cron=1769472911.8179590702056884765625" "WordPress/4.9.16; http://www.drunkmovies.com"
74.206.190.116 - - [26/Jan/2026:19:15:11 -0500] "GET / HTTP/1.1" 200 27813 "-" "curl/7.29.0"
74.206.190.116 - - [26/Jan/2026:19:20:22 -0500] "GET / HTTP/1.1" 200 27813 "-" "curl/7.29.0"
74.206.190.116 - - [26/Jan/2026:19:25:09 -0500] "GET / HTTP/1.1" 200 27813 "-" "curl/7.29.0"
114.119.141.40 - - [26/Jan/2026:19:30:08 -0500] "GET /index.php/blonde-teen/play-with-paris-movie.html HTTP/1.1" 200 27008 "http://www.drunkmovies.com/index.php/blonde-teen/xxx-amateur-tube.html" "Mozilla/5.0 (Linux; Android 7.0;) AppleWebKit/537.36 (KHTML, like Gecko) Mobile Safari/537.36 (compatible; PetalBot;+https://webmaster.petalsearch.com/site/petalbot)"
74.206.190.116 - - [26/Jan/2026:19:30:10 -0500] "GET / HTTP/1.1" 200 27813 "-" "curl/7.29.0"
116.76.36.249 - - [26/Jan/2026:19:33:34 -0500] "GET /robots.txt HTTP/1.1" 200 29 "-" "Mozilla/5.0 (Windows NT 10.0; WOW64) AppleWebKit/537.36 (KHTML, like Gecko) Chrome/81.0.3174.51 Safari/537.36 Core/1.70.3722.400 QQBrowser/10.5.3739.400"
74.206.190.116 - - [26/Jan/2026:19:35:09 -0500] "GET / HTTP/1.1" 200 27813 "-" "curl/7.29.0"
74.206.190.116 - - [26/Jan/2026:19:40:22 -0500] "GET / HTTP/1.1" 200 27813 "-" "curl/7.29.0"
74.206.190.116 - - [26/Jan/2026:19:45:10 -0500] "GET / HTTP/1.1" 200 27813 "-" "curl/7.29.0"
74.206.190.116 - - [26/Jan/2026:19:50:11 -0500] "GET / HTTP/1.1" 200 27813 "-" "curl/7.29.0"
74.206.190.116 - - [26/Jan/2026:19:55:09 -0500] "GET / HTTP/1.1" 200 27813 "-" "curl/7.29.0"
74.206.190.116 - - [26/Jan/2026:20:00:17 -0500] "GET / HTTP/1.1" 200 27813 "-" "curl/7.29.0"
51.210.214.160 - - [26/Jan/2026:20:02:17 -0500] "GET /index.php/category/big-breast-teen/feed HTTP/1.1" 200 3538 "-" "Mozilla/5.0 (X11; Linux i686) AppleWebKit/537.36 (KHTML, like Gecko) Chrome/30.0.1599.66 Safari/537.36"
74.206.190.116 - - [26/Jan/2026:20:05:10 -0500] "POST /wp-cron.php?doing_wp_cron=1769475910.8958671092987060546875 HTTP/1.1" 200 - "http://www.drunkmovies.com/wp-cron.php?doing_wp_cron=1769475910.8958671092987060546875" "WordPress/4.9.16; http://www.drunkmovies.com"
74.206.190.116 - - [26/Jan/2026:20:05:10 -0500] "GET / HTTP/1.1" 200 27813 "-" "curl/7.29.0"
74.206.190.116 - - [26/Jan/2026:20:10:11 -0500] "POST /wp-cron.php?doing_wp_cron=1769476211.0175659656524658203125 HTTP/1.1" 200 - "http://www.drunkmovies.com/wp-cron.php?doing_wp_cron=1769476211.0175659656524658203125" "WordPress/4.9.16; http://www.drunkmovies.com"
74.206.190.116 - - [26/Jan/2026:20:10:10 -0500] "GET / HTTP/1.1" 200 27813 "-" "curl/7.29.0"
74.206.190.116 - - [26/Jan/2026:20:15:10 -0500] "POST /wp-cron.php?doing_wp_cron=1769476510.9138989448547363281250 HTTP/1.1" 200 - "http://www.drunkmovies.com/wp-cron.php?doing_wp_cron=1769476510.9138989448547363281250" "WordPress/4.9.16; http://www.drunkmovies.com"
74.206.190.116 - - [26/Jan/2026:20:15:10 -0500] "GET / HTTP/1.1" 200 27813 "-" "curl/7.29.0"
74.206.190.116 - - [26/Jan/2026:20:20:19 -0500] "GET / HTTP/1.1" 200 27813 "-" "curl/7.29.0"
74.206.190.116 - - [26/Jan/2026:20:25:09 -0500] "GET / HTTP/1.1" 200 27813 "-" "curl/7.29.0"
74.206.190.116 - - [26/Jan/2026:20:30:09 -0500] "POST /wp-cron.php?doing_wp_cron=1769477409.9252510070800781250000 HTTP/1.1" 200 - "http://www.drunkmovies.com/wp-cron.php?doing_wp_cron=1769477409.9252510070800781250000" "WordPress/4.9.16; http://www.drunkmovies.com"
74.206.190.116 - - [26/Jan/2026:20:30:09 -0500] "GET / HTTP/1.1" 200 27813 "-" "curl/7.29.0"
51.210.214.160 - - [26/Jan/2026:20:31:59 -0500] "GET /index.php/category/brunette-teen/feed HTTP/1.1" 200 7544 "-" "Mozilla/5.0 (X11; Linux i686) AppleWebKit/537.36 (KHTML, like Gecko) Chrome/30.0.1599.66 Safari/537.36"
74.206.190.116 - - [26/Jan/2026:20:35:10 -0500] "GET / HTTP/1.1" 200 27813 "-" "curl/7.29.0"
114.119.149.228 - - [26/Jan/2026:20:39:13 -0500] "GET /index.php/uncategorized/pretty-amateur-teen.html HTTP/1.1" 301 - "http://www.drunkmovies.com/index.php/tag/teen-tube" "Mozilla/5.0 (Linux; Android 7.0;) AppleWebKit/537.36 (KHTML, like Gecko) Mobile Safari/537.36 (compatible; PetalBot;+https://webmaster.petalsearch.com/site/petalbot)"
114.119.149.228 - - [26/Jan/2026:20:39:13 -0500] "GET /index.php/brunette-teen/pretty-amateur-teen.html HTTP/1.1" 200 28182 "http://www.drunkmovies.com/index.php/tag/teen-tube" "Mozilla/5.0 (Linux; Android 7.0;) AppleWebKit/537.36 (KHTML, like Gecko) Mobile Safari/537.36 (compatible; PetalBot;+https://webmaster.petalsearch.com/site/petalbot)"
74.206.190.116 - - [26/Jan/2026:20:40:20 -0500] "GET / HTTP/1.1" 200 27813 "-" "curl/7.29.0"
114.119.156.44 - - [26/Jan/2026:20:40:36 -0500] "GET /index.php/tag/teen-tube/page/1 HTTP/1.1" 301 - "http://www.drunkmovies.com/index.php/tag/teen-tube/page/2" "Mozilla/5.0 (Linux; Android 7.0;) AppleWebKit/537.36 (KHTML, like Gecko) Mobile Safari/537.36 (compatible; PetalBot;+https://webmaster.petalsearch.com/site/petalbot)"
114.119.156.44 - - [26/Jan/2026:20:40:37 -0500] "GET /index.php/tag/teen-tube HTTP/1.1" 200 27829 "http://www.drunkmovies.com/index.php/tag/teen-tube/page/2" "Mozilla/5.0 (Linux; Android 7.0;) AppleWebKit/537.36 (KHTML, like Gecko) Mobile Safari/537.36 (compatible; PetalBot;+https://webmaster.petalsearch.com/site/petalbot)"
114.119.143.11 - - [26/Jan/2026:20:42:00 -0500] "GET /index.php/blonde-teen/sex-tape-movies.html HTTP/1.1" 200 27102 "http://www.drunkmovies.com/index.php/tag/sex-tape-movies" "Mozilla/5.0 (Linux; Android 7.0;) AppleWebKit/537.36 (KHTML, like Gecko) Mobile Safari/537.36 (compatible; PetalBot;+https://webmaster.petalsearch.com/site/petalbot)"
74.206.190.116 - - [26/Jan/2026:20:45:14 -0500] "GET / HTTP/1.1" 200 27813 "-" "curl/7.29.0"
74.206.190.116 - - [26/Jan/2026:20:50:10 -0500] "GET / HTTP/1.1" 200 27813 "-" "curl/7.29.0"
114.119.157.214 - - [26/Jan/2026:20:51:35 -0500] "GET /index.php/brunette-teen/teen-dog-style-tube.html HTTP/1.1" 200 26980 "http://www.drunkmovies.com/index.php/brunette-teen/drunk-birthday-girl-tube.html" "Mozilla/5.0 (Linux; Android 7.0;) AppleWebKit/537.36 (KHTML, like Gecko) Mobile Safari/537.36 (compatible; PetalBot;+https://webmaster.petalsearch.com/site/petalbot)"
74.206.190.116 - - [26/Jan/2026:20:55:11 -0500] "GET / HTTP/1.1" 200 27813 "-" "curl/7.29.0"
74.206.190.116 - - [26/Jan/2026:21:00:15 -0500] "GET / HTTP/1.1" 200 27813 "-" "curl/7.29.0"
74.206.190.116 - - [26/Jan/2026:21:05:11 -0500] "POST /wp-cron.php?doing_wp_cron=1769479511.0639719963073730468750 HTTP/1.1" 200 - "http://www.drunkmovies.com/wp-cron.php?doing_wp_cron=1769479511.0639719963073730468750" "WordPress/4.9.16; http://www.drunkmovies.com"
74.206.190.116 - - [26/Jan/2026:21:05:10 -0500] "GET / HTTP/1.1" 200 27813 "-" "curl/7.29.0"
74.206.190.116 - - [26/Jan/2026:21:10:12 -0500] "POST /wp-cron.php?doing_wp_cron=1769479812.6224300861358642578125 HTTP/1.1" 200 - "http://www.drunkmovies.com/wp-cron.php?doing_wp_cron=1769479812.6224300861358642578125" "WordPress/4.9.16; http://www.drunkmovies.com"
74.206.190.116 - - [26/Jan/2026:21:10:12 -0500] "GET / HTTP/1.1" 200 27813 "-" "curl/7.29.0"
74.206.190.116 - - [26/Jan/2026:21:15:10 -0500] "GET / HTTP/1.1" 200 27813 "-" "curl/7.29.0"
51.210.214.160 - - [26/Jan/2026:21:19:18 -0500] "GET /index.php/category/blonde-teen/feed HTTP/1.1" 200 7898 "-" "Mozilla/5.0 (X11; Linux i686) AppleWebKit/537.36 (KHTML, like Gecko) Chrome/30.0.1599.66 Safari/537.36"
74.206.190.116 - - [26/Jan/2026:21:20:20 -0500] "GET / HTTP/1.1" 200 27813 "-" "curl/7.29.0"
114.119.150.196 - - [26/Jan/2026:21:21:38 -0500] "GET /index.php/latina-teen/young-attractive-latina-gets-dildo.html HTTP/1.1" 200 28003 "http://www.drunkmovies.com/index.php/brunette-teen/drunk-birthday-girl-tube.html" "Mozilla/5.0 (Linux; Android 7.0;) AppleWebKit/537.36 (KHTML, like Gecko) Mobile Safari/537.36 (compatible; PetalBot;+https://webmaster.petalsearch.com/site/petalbot)"
74.206.190.116 - - [26/Jan/2026:21:25:10 -0500] "GET / HTTP/1.1" 200 27813 "-" "curl/7.29.0"
51.210.214.160 - - [26/Jan/2026:21:29:04 -0500] "GET /index.php/tag/nude/feed HTTP/1.1" 200 7928 "-" "Mozilla/5.0 (X11; Linux i686) AppleWebKit/537.36 (KHTML, like Gecko) Chrome/30.0.1599.66 Safari/537.36"
74.206.190.116 - - [26/Jan/2026:21:30:09 -0500] "GET / HTTP/1.1" 200 27813 "-" "curl/7.29.0"
74.206.190.116 - - [26/Jan/2026:21:35:10 -0500] "GET / HTTP/1.1" 200 27813 "-" "curl/7.29.0"
74.206.190.116 - - [26/Jan/2026:21:40:21 -0500] "GET / HTTP/1.1" 200 27813 "-" "curl/7.29.0"
74.206.190.116 - - [26/Jan/2026:21:45:09 -0500] "GET / HTTP/1.1" 200 27813 "-" "curl/7.29.0"
45.61.187.77 - - [26/Jan/2026:21:49:21 -0500] "GET /wp-login.php HTTP/1.1" 200 2424 "-" "Mozilla/5.0 (Macintosh; Intel Mac OS X 10_9_2) AppleWebKit/537.75.14 (KHTML, like Gecko) Version/7.0.3 Safari/537.75.14"
45.61.187.77 - - [26/Jan/2026:21:49:28 -0500] "POST /wp-login.php HTTP/1.1" 200 3387 "-" "Mozilla/5.0 (Macintosh; Intel Mac OS X 10_9_2) AppleWebKit/537.75.14 (KHTML, like Gecko) Version/7.0.3 Safari/537.75.14"
74.206.190.116 - - [26/Jan/2026:21:50:12 -0500] "GET / HTTP/1.1" 200 27813 "-" "curl/7.29.0"
45.138.16.159 - - [26/Jan/2026:21:54:19 -0500] "GET /ss.php?f_c=1 HTTP/1.1" 302 282 "-" "Mozilla/5.0 (Linux; Android 7.0; SM-G892A Build/NRD90M; wv) AppleWebKit/537.36 (KHTML, like Gecko) Version/4.0 Chrome/60.0.3112.107 Mobile Safari/537.36"
74.206.190.116 - - [26/Jan/2026:21:55:13 -0500] "GET / HTTP/1.1" 200 27813 "-" "curl/7.29.0"
74.206.190.116 - - [26/Jan/2026:22:00:23 -0500] "GET / HTTP/1.1" 200 27813 "-" "curl/7.29.0"
74.206.190.116 - - [26/Jan/2026:22:05:11 -0500] "POST /wp-cron.php?doing_wp_cron=1769483111.1683599948883056640625 HTTP/1.1" 200 - "http://www.drunkmovies.com/wp-cron.php?doing_wp_cron=1769483111.1683599948883056640625" "WordPress/4.9.16; http://www.drunkmovies.com"
74.206.190.116 - - [26/Jan/2026:22:05:11 -0500] "GET / HTTP/1.1" 200 27813 "-" "curl/7.29.0"
74.206.190.116 - - [26/Jan/2026:22:10:10 -0500] "GET / HTTP/1.1" 200 27813 "-" "curl/7.29.0"
74.206.190.116 - - [26/Jan/2026:22:15:11 -0500] "POST /wp-cron.php?doing_wp_cron=1769483711.9760808944702148437500 HTTP/1.1" 200 - "http://www.drunkmovies.com/wp-cron.php?doing_wp_cron=1769483711.9760808944702148437500" "WordPress/4.9.16; http://www.drunkmovies.com"
74.206.190.116 - - [26/Jan/2026:22:15:11 -0500] "GET / HTTP/1.1" 200 27813 "-" "curl/7.29.0"
74.206.190.116 - - [26/Jan/2026:22:20:20 -0500] "GET / HTTP/1.1" 200 27813 "-" "curl/7.29.0"
74.206.190.116 - - [26/Jan/2026:22:25:10 -0500] "GET / HTTP/1.1" 200 27813 "-" "curl/7.29.0"
107.189.29.155 - - [26/Jan/2026:22:29:03 -0500] "GET /wp-login.php HTTP/1.1" 200 2424 "-" "Mozilla/5.0 (Windows NT 6.3; WOW64) AppleWebKit/537.36 (KHTML, like Gecko) Chrome/36.0.1985.143 Safari/537.36"
107.189.29.155 - - [26/Jan/2026:22:29:05 -0500] "POST /wp-login.php HTTP/1.1" 200 3414 "-" "Mozilla/5.0 (Windows NT 6.3; WOW64) AppleWebKit/537.36 (KHTML, like Gecko) Chrome/36.0.1985.143 Safari/537.36"
74.206.190.116 - - [26/Jan/2026:22:30:09 -0500] "GET / HTTP/1.1" 200 27813 "-" "curl/7.29.0"
74.206.190.116 - - [26/Jan/2026:22:35:11 -0500] "GET / HTTP/1.1" 200 27813 "-" "curl/7.29.0"
209.141.47.166 - - [26/Jan/2026:22:37:38 -0500] "GET /wp-login.php HTTP/1.1" 200 2424 "-" "Mozilla/5.0 (Macintosh; Intel Mac OS X 10_9_4) AppleWebKit/537.77.4 (KHTML, like Gecko) Version/7.0.5 Safari/537.77.4"
209.141.47.166 - - [26/Jan/2026:22:37:40 -0500] "POST /wp-login.php HTTP/1.1" 200 3369 "-" "Mozilla/5.0 (Macintosh; Intel Mac OS X 10_9_4) AppleWebKit/537.77.4 (KHTML, like Gecko) Version/7.0.5 Safari/537.77.4"
114.119.156.44 - - [26/Jan/2026:22:37:48 -0500] "GET /index.php/category/big-breast-teen HTTP/1.1" 200 19840 "http://www.drunkmovies.com/index.php/brunette-teen/drunk-birthday-girl-tube.html" "Mozilla/5.0 (Linux; Android 7.0;) AppleWebKit/537.36 (KHTML, like Gecko) Mobile Safari/537.36 (compatible; PetalBot;+https://webmaster.petalsearch.com/site/petalbot)"
74.206.190.116 - - [26/Jan/2026:22:40:21 -0500] "GET / HTTP/1.1" 200 27813 "-" "curl/7.29.0"
74.206.190.116 - - [26/Jan/2026:22:45:14 -0500] "GET / HTTP/1.1" 200 27813 "-" "curl/7.29.0"
74.206.190.116 - - [26/Jan/2026:22:50:10 -0500] "GET / HTTP/1.1" 200 27813 "-" "curl/7.29.0"
74.206.190.116 - - [26/Jan/2026:22:55:14 -0500] "GET / HTTP/1.1" 200 27813 "-" "curl/7.29.0"
74.206.190.116 - - [26/Jan/2026:23:00:17 -0500] "GET / HTTP/1.1" 200 27813 "-" "curl/7.29.0"
51.210.214.160 - - [26/Jan/2026:23:01:17 -0500] "GET /index.php/category/big-breast-teen/feed HTTP/1.1" 200 3538 "-" "Mozilla/5.0 (X11; Linux i686) AppleWebKit/537.36 (KHTML, like Gecko) Chrome/30.0.1599.66 Safari/537.36"
74.206.190.116 - - [26/Jan/2026:23:05:13 -0500] "POST /wp-cron.php?doing_wp_cron=1769486713.1340289115905761718750 HTTP/1.1" 200 - "http://www.drunkmovies.com/wp-cron.php?doing_wp_cron=1769486713.1340289115905761718750" "WordPress/4.9.16; http://www.drunkmovies.com"
74.206.190.116 - - [26/Jan/2026:23:05:12 -0500] "GET / HTTP/1.1" 200 27813 "-" "curl/7.29.0"
51.210.214.160 - - [26/Jan/2026:23:09:38 -0500] "GET /index.php/tag/girlfriend-movies-tube/feed HTTP/1.1" 200 1673 "-" "Mozilla/5.0 (X11; Linux i686) AppleWebKit/537.36 (KHTML, like Gecko) Chrome/30.0.1599.66 Safari/537.36"
74.206.190.116 - - [26/Jan/2026:23:10:11 -0500] "POST /wp-cron.php?doing_wp_cron=1769487011.3107180595397949218750 HTTP/1.1" 200 - "http://www.drunkmovies.com/wp-cron.php?doing_wp_cron=1769487011.3107180595397949218750" "WordPress/4.9.16; http://www.drunkmovies.com"
74.206.190.116 - - [26/Jan/2026:23:10:11 -0500] "GET / HTTP/1.1" 200 27813 "-" "curl/7.29.0"
74.206.190.116 - - [26/Jan/2026:23:15:11 -0500] "GET / HTTP/1.1" 200 27813 "-" "curl/7.29.0"
74.206.190.116 - - [26/Jan/2026:23:20:18 -0500] "GET / HTTP/1.1" 200 27813 "-" "curl/7.29.0"
74.206.190.116 - - [26/Jan/2026:23:25:10 -0500] "GET / HTTP/1.1" 200 27813 "-" "curl/7.29.0"
51.210.214.160 - - [26/Jan/2026:23:29:00 -0500] "GET /index.php/category/brunette-teen/feed HTTP/1.1" 200 7544 "-" "Mozilla/5.0 (X11; Linux i686) AppleWebKit/537.36 (KHTML, like Gecko) Chrome/30.0.1599.66 Safari/537.36"
74.206.190.116 - - [26/Jan/2026:23:30:10 -0500] "GET / HTTP/1.1" 200 27813 "-" "curl/7.29.0"
74.206.190.116 - - [26/Jan/2026:23:35:09 -0500] "GET / HTTP/1.1" 200 27813 "-" "curl/7.29.0"
107.189.29.155 - - [26/Jan/2026:23:39:03 -0500] "GET /wp-login.php HTTP/1.1" 200 2424 "-" "Mozilla/5.0 (Windows NT 6.1; WOW64; rv:24.0) Gecko/20100101 Firefox/24.0"
107.189.29.155 - - [26/Jan/2026:23:39:03 -0500] "POST /wp-login.php HTTP/1.1" 200 3369 "-" "Mozilla/5.0 (Windows NT 6.1; WOW64; rv:24.0) Gecko/20100101 Firefox/24.0"
74.206.190.116 - - [26/Jan/2026:23:40:18 -0500] "GET / HTTP/1.1" 200 27813 "-" "curl/7.29.0"
74.206.190.116 - - [26/Jan/2026:23:45:12 -0500] "GET / HTTP/1.1" 200 27813 "-" "curl/7.29.0"
43.167.241.46 - - [26/Jan/2026:23:46:04 -0500] "GET / HTTP/1.1" 200 27813 "-" "Mozilla/5.0 (iPhone; CPU iPhone OS 13_2_3 like Mac OS X) AppleWebKit/605.1.15 (KHTML, like Gecko) Version/13.0.3 Mobile/15E148 Safari/604.1"
74.206.190.116 - - [26/Jan/2026:23:50:10 -0500] "GET / HTTP/1.1" 200 27813 "-" "curl/7.29.0"
74.206.190.116 - - [26/Jan/2026:23:55:11 -0500] "GET / HTTP/1.1" 200 27813 "-" "curl/7.29.0"
43.165.65.75 - - [26/Jan/2026:23:55:47 -0500] "GET / HTTP/1.1" 301 - "-" "Mozilla/5.0 (iPhone; CPU iPhone OS 13_2_3 like Mac OS X) AppleWebKit/605.1.15 (KHTML, like Gecko) Version/13.0.3 Mobile/15E148 Safari/604.1"
43.165.65.75 - - [26/Jan/2026:23:55:48 -0500] "GET / HTTP/1.1" 200 27813 "http://drunkmovies.com" "Mozilla/5.0 (iPhone; CPU iPhone OS 13_2_3 like Mac OS X) AppleWebKit/605.1.15 (KHTML, like Gecko) Version/13.0.3 Mobile/15E148 Safari/604.1"
74.206.190.116 - - [27/Jan/2026:00:00:17 -0500] "GET / HTTP/1.1" 200 27813 "-" "curl/7.29.0"
74.206.190.116 - - [27/Jan/2026:00:05:11 -0500] "POST /wp-cron.php?doing_wp_cron=1769490311.6413071155548095703125 HTTP/1.1" 200 - "http://www.drunkmovies.com/wp-cron.php?doing_wp_cron=1769490311.6413071155548095703125" "WordPress/4.9.16; http://www.drunkmovies.com"
74.206.190.116 - - [27/Jan/2026:00:05:11 -0500] "GET / HTTP/1.1" 200 27813 "-" "curl/7.29.0"
74.206.190.116 - - [27/Jan/2026:00:10:10 -0500] "GET / HTTP/1.1" 200 27813 "-" "curl/7.29.0"
74.206.190.116 - - [27/Jan/2026:00:11:16 -0500] "POST /wp-cron.php?doing_wp_cron=1769490676.0909268856048583984375 HTTP/1.1" 200 - "http://www.drunkmovies.com/wp-cron.php?doing_wp_cron=1769490676.0909268856048583984375" "WordPress/4.9.16; http://www.drunkmovies.com"
196.196.53.109 - - [27/Jan/2026:00:11:15 -0500] "GET / HTTP/1.1" 301 - "http://drunkmovies.com/" "Mozilla/5.0 (Windows NT 6.1; WOW64) AppleWebKit/537.36 (KHTML, like Gecko) Chrome/103.0.0.0 Safari/537.36"
196.196.53.109 - - [27/Jan/2026:00:11:16 -0500] "GET / HTTP/1.1" 200 27813 "http://www.drunkmovies.com/" "Mozilla/5.0 (Windows NT 6.1; WOW64) AppleWebKit/537.36 (KHTML, like Gecko) Chrome/103.0.0.0 Safari/537.36"
51.210.214.160 - - [27/Jan/2026:00:12:19 -0500] "GET /index.php/category/blonde-teen/feed HTTP/1.1" 200 7898 "-" "Mozilla/5.0 (X11; Linux i686) AppleWebKit/537.36 (KHTML, like Gecko) Chrome/30.0.1599.66 Safari/537.36"
74.206.190.116 - - [27/Jan/2026:00:15:09 -0500] "GET / HTTP/1.1" 200 27813 "-" "curl/7.29.0"
74.206.190.116 - - [27/Jan/2026:00:20:19 -0500] "GET / HTTP/1.1" 200 27813 "-" "curl/7.29.0"
51.210.214.160 - - [27/Jan/2026:00:24:04 -0500] "GET /index.php/tag/nude/feed HTTP/1.1" 200 7928 "-" "Mozilla/5.0 (X11; Linux i686) AppleWebKit/537.36 (KHTML, like Gecko) Chrome/30.0.1599.66 Safari/537.36"
74.206.190.116 - - [27/Jan/2026:00:25:09 -0500] "GET / HTTP/1.1" 200 27813 "-" "curl/7.29.0"
74.206.190.116 - - [27/Jan/2026:00:30:10 -0500] "GET / HTTP/1.1" 200 27813 "-" "curl/7.29.0"
74.206.190.116 - - [27/Jan/2026:00:35:10 -0500] "GET / HTTP/1.1" 200 27813 "-" "curl/7.29.0"
74.206.190.116 - - [27/Jan/2026:00:40:23 -0500] "GET / HTTP/1.1" 200 27813 "-" "curl/7.29.0"
74.206.190.116 - - [27/Jan/2026:00:45:10 -0500] "GET / HTTP/1.1" 200 27813 "-" "curl/7.29.0"
5.9.120.88 - - [27/Jan/2026:00:49:20 -0500] "GET /robots.txt HTTP/1.1" 200 29 "-" "Mozilla/5.0 (compatible; SERankingBacklinksBot/1.0; +https://seranking.com/backlinks-crawler)"
5.9.120.88 - - [27/Jan/2026:00:49:20 -0500] "GET /index.php/tag/nude/page/1 HTTP/1.1" 301 - "-" "Mozilla/5.0 (compatible; SERankingBacklinksBot/1.0; +https://seranking.com/backlinks-crawler)"
5.9.120.88 - - [27/Jan/2026:00:49:20 -0500] "GET /robots.txt HTTP/1.1" 200 29 "-" "Mozilla/5.0 (compatible; SERankingBacklinksBot/1.0; +https://seranking.com/backlinks-crawler)"
5.9.120.88 - - [27/Jan/2026:00:49:20 -0500] "GET /robots.txt HTTP/1.1" 200 29 "-" "Mozilla/5.0 (compatible; SERankingBacklinksBot/1.0; +https://seranking.com/backlinks-crawler)"
5.9.120.88 - - [27/Jan/2026:00:49:21 -0500] "GET /robots.txt HTTP/1.1" 200 29 "-" "Mozilla/5.0 (compatible; SERankingBacklinksBot/1.0; +https://seranking.com/backlinks-crawler)"
5.9.120.88 - - [27/Jan/2026:00:49:21 -0500] "GET /robots.txt HTTP/1.1" 200 29 "-" "Mozilla/5.0 (compatible; SERankingBacklinksBot/1.0; +https://seranking.com/backlinks-crawler)"
5.9.120.88 - - [27/Jan/2026:00:49:21 -0500] "GET /robots.txt HTTP/1.1" 200 29 "-" "Mozilla/5.0 (compatible; SERankingBacklinksBot/1.0; +https://seranking.com/backlinks-crawler)"
5.9.120.88 - - [27/Jan/2026:00:49:21 -0500] "GET /index.php/tag/nude HTTP/1.1" 200 27794 "-" "Mozilla/5.0 (compatible; SERankingBacklinksBot/1.0; +https://seranking.com/backlinks-crawler)"
5.9.120.88 - - [27/Jan/2026:00:49:27 -0500] "GET /index.php/tag/teentube/page/1 HTTP/1.1" 301 - "-" "Mozilla/5.0 (compatible; SERankingBacklinksBot/1.0; +https://seranking.com/backlinks-crawler)"
5.9.120.88 - - [27/Jan/2026:00:49:27 -0500] "GET /index.php/tag/teentube HTTP/1.1" 200 27822 "-" "Mozilla/5.0 (compatible; SERankingBacklinksBot/1.0; +https://seranking.com/backlinks-crawler)"
5.9.120.88 - - [27/Jan/2026:00:49:32 -0500] "GET /index.php/tag/teen-tube/page/1 HTTP/1.1" 301 - "-" "Mozilla/5.0 (compatible; SERankingBacklinksBot/1.0; +https://seranking.com/backlinks-crawler)"
5.9.120.88 - - [27/Jan/2026:00:49:33 -0500] "GET /index.php/tag/teen-tube HTTP/1.1" 200 27829 "-" "Mozilla/5.0 (compatible; SERankingBacklinksBot/1.0; +https://seranking.com/backlinks-crawler)"
74.206.190.116 - - [27/Jan/2026:00:50:09 -0500] "GET / HTTP/1.1" 200 27813 "-" "curl/7.29.0"
74.206.190.116 - - [27/Jan/2026:00:55:20 -0500] "GET / HTTP/1.1" 200 27813 "-" "curl/7.29.0"
74.206.190.116 - - [27/Jan/2026:00:55:21 -0500] "POST /wp-cron.php?doing_wp_cron=1769493321.2164790630340576171875 HTTP/1.1" 200 - "http://www.drunkmovies.com/wp-cron.php?doing_wp_cron=1769493321.2164790630340576171875" "WordPress/4.9.16; http://www.drunkmovies.com"
74.206.190.116 - - [27/Jan/2026:01:00:15 -0500] "GET / HTTP/1.1" 200 27813 "-" "curl/7.29.0"
74.206.190.116 - - [27/Jan/2026:01:05:09 -0500] "POST /wp-cron.php?doing_wp_cron=1769493909.7333190441131591796875 HTTP/1.1" 200 - "http://www.drunkmovies.com/wp-cron.php?doing_wp_cron=1769493909.7333190441131591796875" "WordPress/4.9.16; http://www.drunkmovies.com"
74.206.190.116 - - [27/Jan/2026:01:05:09 -0500] "GET / HTTP/1.1" 200 27813 "-" "curl/7.29.0"
114.96.103.33 - - [27/Jan/2026:01:09:59 -0500] "GET / HTTP/1.1" 200 27813 "-" "Mozilla/5.0 (iPhone; CPU iPhone OS 13_2_3 like Mac OS X) AppleWebKit/605.1.15 (KHTML, like Gecko) Version/13.0.3 Mobile/15E148 Safari/604.1"
74.206.190.116 - - [27/Jan/2026:01:10:09 -0500] "GET / HTTP/1.1" 200 27813 "-" "curl/7.29.0"
74.206.190.116 - - [27/Jan/2026:01:11:07 -0500] "POST /wp-cron.php?doing_wp_cron=1769494267.4683330059051513671875 HTTP/1.1" 200 - "http://www.drunkmovies.com/wp-cron.php?doing_wp_cron=1769494267.4683330059051513671875" "WordPress/4.9.16; http://www.drunkmovies.com"
114.119.157.214 - - [27/Jan/2026:01:11:07 -0500] "GET /index.php/tag/ashleys-candy HTTP/1.1" 200 17518 "http://www.drunkmovies.com/index.php/brunette-teen/ashleys-candy-tube.html" "Mozilla/5.0 (Linux; Android 7.0;) AppleWebKit/537.36 (KHTML, like Gecko) Mobile Safari/537.36 (compatible; PetalBot;+https://webmaster.petalsearch.com/site/petalbot)"
74.206.190.116 - - [27/Jan/2026:01:15:12 -0500] "GET / HTTP/1.1" 200 27813 "-" "curl/7.29.0"
178.128.42.23 - - [27/Jan/2026:01:19:46 -0500] "GET / HTTP/1.1" 301 - "-" "Mozilla/5.0 (X11; Linux x86_64) AppleWebKit/537.36 (KHTML, like Gecko) Chrome/142.0.0.0 Safari/537.36"
74.206.190.116 - - [27/Jan/2026:01:20:51 -0500] "GET / HTTP/1.1" 200 27813 "-" "curl/7.29.0"
159.69.88.228 - - [27/Jan/2026:01:21:04 -0500] "GET /?route=checkout/cart HTTP/1.1" 200 27857 "-" "Mozilla/5.0 (Windows NT 10.0; Win64; x64) AppleWebKit/537.36 (KHTML, like Gecko) Chrome/91.0.4472.124 Safari/537.36"
74.206.190.116 - - [27/Jan/2026:01:25:17 -0500] "GET / HTTP/1.1" 200 27813 "-" "curl/7.29.0"
51.210.214.160 - - [27/Jan/2026:01:30:11 -0500] "GET /index.php/blonde-teen/blonde-movies-tube.html/feed HTTP/1.1" 200 855 "-" "Mozilla/5.0 (X11; Linux i686) AppleWebKit/537.36 (KHTML, like Gecko) Chrome/30.0.1599.66 Safari/537.36"
74.206.190.116 - - [27/Jan/2026:01:30:16 -0500] "GET / HTTP/1.1" 200 27813 "-" "curl/7.29.0"
74.206.190.116 - - [27/Jan/2026:01:35:15 -0500] "GET / HTTP/1.1" 200 27813 "-" "curl/7.29.0"
74.206.190.116 - - [27/Jan/2026:01:40:17 -0500] "GET / HTTP/1.1" 200 27813 "-" "curl/7.29.0"
74.206.190.116 - - [27/Jan/2026:01:45:11 -0500] "GET / HTTP/1.1" 200 27813 "-" "curl/7.29.0"
74.206.190.116 - - [27/Jan/2026:01:50:10 -0500] "GET / HTTP/1.1" 200 27813 "-" "curl/7.29.0"
74.206.190.116 - - [27/Jan/2026:01:55:10 -0500] "GET / HTTP/1.1" 200 27813 "-" "curl/7.29.0"
74.206.190.116 - - [27/Jan/2026:02:00:16 -0500] "GET / HTTP/1.1" 200 27813 "-" "curl/7.29.0"
51.210.214.160 - - [27/Jan/2026:02:04:18 -0500] "GET /index.php/category/big-breast-teen/feed HTTP/1.1" 200 3538 "-" "Mozilla/5.0 (X11; Linux i686) AppleWebKit/537.36 (KHTML, like Gecko) Chrome/30.0.1599.66 Safari/537.36"
74.206.190.116 - - [27/Jan/2026:02:05:09 -0500] "POST /wp-cron.php?doing_wp_cron=1769497509.9316709041595458984375 HTTP/1.1" 200 - "http://www.drunkmovies.com/wp-cron.php?doing_wp_cron=1769497509.9316709041595458984375" "WordPress/4.9.16; http://www.drunkmovies.com"
74.206.190.116 - - [27/Jan/2026:02:05:09 -0500] "GET / HTTP/1.1" 200 27813 "-" "curl/7.29.0"
74.206.190.116 - - [27/Jan/2026:02:10:09 -0500] "GET / HTTP/1.1" 200 27813 "-" "curl/7.29.0"
74.206.190.116 - - [27/Jan/2026:02:15:11 -0500] "POST /wp-cron.php?doing_wp_cron=1769498111.0088241100311279296875 HTTP/1.1" 200 - "http://www.drunkmovies.com/wp-cron.php?doing_wp_cron=1769498111.0088241100311279296875" "WordPress/4.9.16; http://www.drunkmovies.com"
74.206.190.116 - - [27/Jan/2026:02:15:10 -0500] "GET / HTTP/1.1" 200 27813 "-" "curl/7.29.0"
74.206.190.116 - - [27/Jan/2026:02:20:19 -0500] "GET / HTTP/1.1" 200 27813 "-" "curl/7.29.0"
13.74.146.113 - - [27/Jan/2026:02:22:07 -0500] "GET /wp-content/plugins/hellopress/wp_filemanager.php HTTP/1.1" 302 278 "-" "-"
74.206.190.116 - - [27/Jan/2026:02:25:09 -0500] "GET / HTTP/1.1" 200 27813 "-" "curl/7.29.0"
74.206.190.116 - - [27/Jan/2026:02:30:09 -0500] "GET / HTTP/1.1" 200 27813 "-" "curl/7.29.0"
74.206.190.116 - - [27/Jan/2026:02:35:09 -0500] "GET / HTTP/1.1" 200 27813 "-" "curl/7.29.0"
134.199.160.117 - - [27/Jan/2026:02:37:26 -0500] "GET /.env HTTP/1.1" 302 278 "-" "Mozilla/5.0 (X11; Linux x86_64; rv:83.0) Gecko/20100101 Firefox/83.0"
134.199.160.117 - - [27/Jan/2026:02:37:27 -0500] "POST / HTTP/1.1" 200 27813 "-" "Mozilla/5.0 (X11; Linux x86_64; rv:83.0) Gecko/20100101 Firefox/83.0"
74.206.190.116 - - [27/Jan/2026:02:40:18 -0500] "GET / HTTP/1.1" 200 27813 "-" "curl/7.29.0"
74.206.190.116 - - [27/Jan/2026:02:45:09 -0500] "GET / HTTP/1.1" 200 27813 "-" "curl/7.29.0"
74.206.190.116 - - [27/Jan/2026:02:50:10 -0500] "GET / HTTP/1.1" 200 27813 "-" "curl/7.29.0"
74.206.190.116 - - [27/Jan/2026:02:55:11 -0500] "GET / HTTP/1.1" 200 27813 "-" "curl/7.29.0"
51.210.214.160 - - [27/Jan/2026:02:58:01 -0500] "GET /index.php/category/brunette-teen/feed HTTP/1.1" 200 7544 "-" "Mozilla/5.0 (X11; Linux i686) AppleWebKit/537.36 (KHTML, like Gecko) Chrome/30.0.1599.66 Safari/537.36"
74.206.190.116 - - [27/Jan/2026:03:00:14 -0500] "GET / HTTP/1.1" 200 27813 "-" "curl/7.29.0"
74.206.190.116 - - [27/Jan/2026:03:05:10 -0500] "POST /wp-cron.php?doing_wp_cron=1769501110.5168941020965576171875 HTTP/1.1" 200 - "http://www.drunkmovies.com/wp-cron.php?doing_wp_cron=1769501110.5168941020965576171875" "WordPress/4.9.16; http://www.drunkmovies.com"
74.206.190.116 - - [27/Jan/2026:03:05:10 -0500] "GET / HTTP/1.1" 200 27813 "-" "curl/7.29.0"
74.206.190.116 - - [27/Jan/2026:03:10:10 -0500] "GET / HTTP/1.1" 200 27813 "-" "curl/7.29.0"
74.206.190.116 - - [27/Jan/2026:03:15:13 -0500] "POST /wp-cron.php?doing_wp_cron=1769501713.0271968841552734375000 HTTP/1.1" 200 - "http://www.drunkmovies.com/wp-cron.php?doing_wp_cron=1769501713.0271968841552734375000" "WordPress/4.9.16; http://www.drunkmovies.com"
74.206.190.116 - - [27/Jan/2026:03:15:12 -0500] "GET / HTTP/1.1" 200 27813 "-" "curl/7.29.0"
74.206.190.116 - - [27/Jan/2026:03:20:20 -0500] "GET / HTTP/1.1" 200 27813 "-" "curl/7.29.0"
74.206.190.116 - - [27/Jan/2026:03:25:10 -0500] "GET / HTTP/1.1" 200 27813 "-" "curl/7.29.0"
51.210.214.160 - - [27/Jan/2026:03:29:04 -0500] "GET /index.php/tag/nude/feed HTTP/1.1" 200 7928 "-" "Mozilla/5.0 (X11; Linux i686) AppleWebKit/537.36 (KHTML, like Gecko) Chrome/30.0.1599.66 Safari/537.36"
136.144.19.161 - - [27/Jan/2026:03:29:50 -0500] "GET /txets.php HTTP/1.1" 302 278 "-" "Go-http-client/1.1"
104.234.19.17 - - [27/Jan/2026:03:29:52 -0500] "GET /wp-content/txets.php HTTP/1.1" 302 278 "-" "Go-http-client/1.1"
104.234.19.17 - - [27/Jan/2026:03:29:53 -0500] "GET /wp-admin/txets.php HTTP/1.1" 302 278 "-" "Go-http-client/1.1"
74.206.190.116 - - [27/Jan/2026:03:30:11 -0500] "GET / HTTP/1.1" 200 27813 "-" "curl/7.29.0"
51.210.214.160 - - [27/Jan/2026:03:30:20 -0500] "GET /index.php/category/blonde-teen/feed HTTP/1.1" 200 7898 "-" "Mozilla/5.0 (X11; Linux i686) AppleWebKit/537.36 (KHTML, like Gecko) Chrome/30.0.1599.66 Safari/537.36"
74.206.190.116 - - [27/Jan/2026:03:35:10 -0500] "GET / HTTP/1.1" 200 27813 "-" "curl/7.29.0"
74.206.190.116 - - [27/Jan/2026:03:40:20 -0500] "GET / HTTP/1.1" 200 27813 "-" "curl/7.29.0"
51.210.214.160 - - [27/Jan/2026:03:45:10 -0500] "GET /index.php/brunette-teen/teen-sweet-krissy-nude-ass.html/feed HTTP/1.1" 200 883 "-" "Mozilla/5.0 (X11; Linux i686) AppleWebKit/537.36 (KHTML, like Gecko) Chrome/30.0.1599.66 Safari/537.36"
74.206.190.116 - - [27/Jan/2026:03:45:25 -0500] "GET / HTTP/1.1" 200 27813 "-" "curl/7.29.0"
74.206.190.116 - - [27/Jan/2026:03:50:11 -0500] "GET / HTTP/1.1" 200 27813 "-" "curl/7.29.0"
104.244.74.96 - - [27/Jan/2026:03:51:16 -0500] "GET /wp-login.php HTTP/1.1" 200 2424 "-" "Mozilla/5.0 (Windows NT 6.1; rv:24.0) Gecko/20100101 Firefox/24.0"
104.244.74.96 - - [27/Jan/2026:03:51:17 -0500] "POST /wp-login.php HTTP/1.1" 200 3432 "-" "Mozilla/5.0 (Windows NT 6.1; rv:24.0) Gecko/20100101 Firefox/24.0"
74.206.190.116 - - [27/Jan/2026:03:55:10 -0500] "GET / HTTP/1.1" 200 27813 "-" "curl/7.29.0"
114.119.141.40 - - [27/Jan/2026:03:59:05 -0500] "GET /index.php/brunette-teen/kates-playground-naked.html HTTP/1.1" 200 27274 "http://www.drunkmovies.com/index.php/brunette-teen/drunk-birthday-girl-tube.html" "Mozilla/5.0 (Linux; Android 7.0;) AppleWebKit/537.36 (KHTML, like Gecko) Mobile Safari/537.36 (compatible; PetalBot;+https://webmaster.petalsearch.com/site/petalbot)"
74.206.190.116 - - [27/Jan/2026:04:00:19 -0500] "POST /wp-cron.php?doing_wp_cron=1769504419.3567960262298583984375 HTTP/1.1" 200 - "http://www.drunkmovies.com/wp-cron.php?doing_wp_cron=1769504419.3567960262298583984375" "WordPress/4.9.16; http://www.drunkmovies.com"
74.206.190.116 - - [27/Jan/2026:04:00:19 -0500] "GET / HTTP/1.1" 200 27813 "-" "curl/7.29.0"
114.119.143.11 - - [27/Jan/2026:04:00:29 -0500] "GET /index.php/uncategorized/teen-sweet-krissy-nude-ass.html HTTP/1.1" 301 - "http://www.drunkmovies.com/index.php/tag/teen-tube" "Mozilla/5.0 (Linux; Android 7.0;) AppleWebKit/537.36 (KHTML, like Gecko) Mobile Safari/537.36 (compatible; PetalBot;+https://webmaster.petalsearch.com/site/petalbot)"
114.119.143.11 - - [27/Jan/2026:04:00:29 -0500] "GET /index.php/brunette-teen/teen-sweet-krissy-nude-ass.html HTTP/1.1" 200 27020 "http://www.drunkmovies.com/index.php/tag/teen-tube" "Mozilla/5.0 (Linux; Android 7.0;) AppleWebKit/537.36 (KHTML, like Gecko) Mobile Safari/537.36 (compatible; PetalBot;+https://webmaster.petalsearch.com/site/petalbot)"
74.206.190.116 - - [27/Jan/2026:04:05:11 -0500] "POST /wp-cron.php?doing_wp_cron=1769504711.1550319194793701171875 HTTP/1.1" 200 - "http://www.drunkmovies.com/wp-cron.php?doing_wp_cron=1769504711.1550319194793701171875" "WordPress/4.9.16; http://www.drunkmovies.com"
74.206.190.116 - - [27/Jan/2026:04:05:11 -0500] "GET / HTTP/1.1" 200 27813 "-" "curl/7.29.0"
17.22.253.197 - - [27/Jan/2026:04:09:05 -0500] "GET /robots.txt HTTP/1.1" 200 29 "-" "Mozilla/5.0 (Macintosh; Intel Mac OS X 10_15_7) AppleWebKit/605.1.15 (KHTML, like Gecko) Version/17.4 Safari/605.1.15 (Applebot/0.1; +http://www.apple.com/go/applebot)"
17.22.253.197 - - [27/Jan/2026:04:09:05 -0500] "GET /index.php/category/latina-teen/feed HTTP/1.1" 200 1624 "-" "Mozilla/5.0 (Macintosh; Intel Mac OS X 10_15_7) AppleWebKit/605.1.15 (KHTML, like Gecko) Version/17.4 Safari/605.1.15 (Applebot/0.1; +http://www.apple.com/go/applebot)"
74.206.190.116 - - [27/Jan/2026:04:10:10 -0500] "GET / HTTP/1.1" 200 27813 "-" "curl/7.29.0"
74.206.190.116 - - [27/Jan/2026:04:15:11 -0500] "POST /wp-cron.php?doing_wp_cron=1769505311.3811209201812744140625 HTTP/1.1" 200 - "http://www.drunkmovies.com/wp-cron.php?doing_wp_cron=1769505311.3811209201812744140625" "WordPress/4.9.16; http://www.drunkmovies.com"
74.206.190.116 - - [27/Jan/2026:04:15:11 -0500] "GET / HTTP/1.1" 200 27813 "-" "curl/7.29.0"
103.217.98.196 - - [27/Jan/2026:04:20:17 -0500] "GET /wp-json/wp/v2/posts HTTP/1.1" 302 278 "-" "Mozilla/5.0 (Windows NT 10.0; Win64; x64) AppleWebKit/537.36 (KHTML, like Gecko) Chrome/120.0.0.0 Safari/537.36"