51.75.119.168 - - [27/Jan/2026:19:06:55 -0500] "GET /robots.txt HTTP/1.1" 302 282 "-" "Mozilla/5.0 (compatible; MJ12bot/v1.4.8; http://mj12bot.com/)"
51.75.119.168 - - [27/Jan/2026:19:06:57 -0500] "GET /'http://wfs.hinet.net?flag=D&url=http://www.drunkmovies.com/function.include'/ HTTP/1.1" 302 282 "-" "Mozilla/5.0 (compatible; MJ12bot/v1.4.8; http://mj12bot.com/)"
51.75.119.168 - - [27/Jan/2026:19:07:01 -0500] "GET /?p=13/ HTTP/1.1" 302 282 "-" "Mozilla/5.0 (compatible; MJ12bot/v1.4.8; http://mj12bot.com/)"
51.75.119.168 - - [27/Jan/2026:19:07:05 -0500] "GET /?p=20/ HTTP/1.1" 302 282 "-" "Mozilla/5.0 (compatible; MJ12bot/v1.4.8; http://mj12bot.com/)"
51.75.119.168 - - [27/Jan/2026:19:07:51 -0500] "GET /?p=6/ HTTP/1.1" 302 282 "-" "Mozilla/5.0 (compatible; MJ12bot/v1.4.8; http://mj12bot.com/)"
74.206.190.116 - - [27/Jan/2026:19:10:10 -0500] "GET / HTTP/1.1" 200 27813 "-" "curl/7.29.0"
74.206.190.116 - - [27/Jan/2026:19:12:08 -0500] "POST /wp-cron.php?doing_wp_cron=1769559128.5029571056365966796875 HTTP/1.1" 200 - "http://www.drunkmovies.com/wp-cron.php?doing_wp_cron=1769559128.5029571056365966796875" "WordPress/4.9.16; http://www.drunkmovies.com"
51.210.214.160 - - [27/Jan/2026:19:12:08 -0500] "GET /index.php/tag/nude/feed HTTP/1.1" 200 7928 "-" "Mozilla/5.0 (X11; Linux i686) AppleWebKit/537.36 (KHTML, like Gecko) Chrome/30.0.1599.66 Safari/537.36"
74.206.190.116 - - [27/Jan/2026:19:15:12 -0500] "GET / HTTP/1.1" 200 27813 "-" "curl/7.29.0"
51.210.214.160 - - [27/Jan/2026:19:20:05 -0500] "GET /index.php/tag/kates-playground/feed HTTP/1.1" 200 1656 "-" "Mozilla/5.0 (X11; Linux i686) AppleWebKit/537.36 (KHTML, like Gecko) Chrome/30.0.1599.66 Safari/537.36"
74.206.190.116 - - [27/Jan/2026:19:20:19 -0500] "GET / HTTP/1.1" 200 27813 "-" "curl/7.29.0"
74.206.190.116 - - [27/Jan/2026:19:25:10 -0500] "GET / HTTP/1.1" 200 27813 "-" "curl/7.29.0"
74.206.190.116 - - [27/Jan/2026:19:30:09 -0500] "GET / HTTP/1.1" 200 27813 "-" "curl/7.29.0"
74.206.190.116 - - [27/Jan/2026:19:35:11 -0500] "GET / HTTP/1.1" 200 27813 "-" "curl/7.29.0"
74.206.190.116 - - [27/Jan/2026:19:40:18 -0500] "GET / HTTP/1.1" 200 27813 "-" "curl/7.29.0"
74.206.190.116 - - [27/Jan/2026:19:45:10 -0500] "GET / HTTP/1.1" 200 27813 "-" "curl/7.29.0"
51.210.214.160 - - [27/Jan/2026:19:48:27 -0500] "GET /index.php/brunette-teen/pretty-amateur-teen.html/feed HTTP/1.1" 200 1350 "-" "Mozilla/5.0 (X11; Linux i686) AppleWebKit/537.36 (KHTML, like Gecko) Chrome/30.0.1599.66 Safari/537.36"
74.206.190.116 - - [27/Jan/2026:19:50:11 -0500] "GET / HTTP/1.1" 200 27813 "-" "curl/7.29.0"
51.210.214.160 - - [27/Jan/2026:19:52:22 -0500] "GET /index.php/category/big-breast-teen/feed HTTP/1.1" 200 3538 "-" "Mozilla/5.0 (X11; Linux i686) AppleWebKit/537.36 (KHTML, like Gecko) Chrome/30.0.1599.66 Safari/537.36"
74.206.190.116 - - [27/Jan/2026:19:55:11 -0500] "GET / HTTP/1.1" 200 27813 "-" "curl/7.29.0"
74.206.190.116 - - [27/Jan/2026:20:00:16 -0500] "GET / HTTP/1.1" 200 27813 "-" "curl/7.29.0"
74.206.190.116 - - [27/Jan/2026:20:05:09 -0500] "POST /wp-cron.php?doing_wp_cron=1769562309.6351571083068847656250 HTTP/1.1" 200 - "http://www.drunkmovies.com/wp-cron.php?doing_wp_cron=1769562309.6351571083068847656250" "WordPress/4.9.16; http://www.drunkmovies.com"
74.206.190.116 - - [27/Jan/2026:20:05:09 -0500] "GET / HTTP/1.1" 200 27813 "-" "curl/7.29.0"
74.206.190.116 - - [27/Jan/2026:20:10:10 -0500] "GET / HTTP/1.1" 200 27813 "-" "curl/7.29.0"
74.206.190.116 - - [27/Jan/2026:20:12:16 -0500] "POST /wp-cron.php?doing_wp_cron=1769562736.0524029731750488281250 HTTP/1.1" 200 - "http://www.drunkmovies.com/wp-cron.php?doing_wp_cron=1769562736.0524029731750488281250" "WordPress/4.9.16; http://www.drunkmovies.com"
51.210.214.160 - - [27/Jan/2026:20:12:15 -0500] "GET /index.php/blonde-teen/sex-tape-movies.html/feed HTTP/1.1" 200 846 "-" "Mozilla/5.0 (X11; Linux i686) AppleWebKit/537.36 (KHTML, like Gecko) Chrome/30.0.1599.66 Safari/537.36"
74.206.190.116 - - [27/Jan/2026:20:15:10 -0500] "GET / HTTP/1.1" 200 27813 "-" "curl/7.29.0"
74.206.190.116 - - [27/Jan/2026:20:20:21 -0500] "GET / HTTP/1.1" 200 27813 "-" "curl/7.29.0"
49.233.45.47 - - [27/Jan/2026:20:21:40 -0500] "GET / HTTP/1.1" 301 - "-" "Mozilla/5.0 (iPhone; CPU iPhone OS 13_2_3 like Mac OS X) AppleWebKit/605.1.15 (KHTML, like Gecko) Version/13.0.3 Mobile/15E148 Safari/604.1"
49.233.45.47 - - [27/Jan/2026:20:21:42 -0500] "GET / HTTP/1.1" 200 27813 "http://drunkmovies.com" "Mozilla/5.0 (iPhone; CPU iPhone OS 13_2_3 like Mac OS X) AppleWebKit/605.1.15 (KHTML, like Gecko) Version/13.0.3 Mobile/15E148 Safari/604.1"
74.206.190.116 - - [27/Jan/2026:20:25:11 -0500] "GET / HTTP/1.1" 200 27813 "-" "curl/7.29.0"
74.206.190.116 - - [27/Jan/2026:20:30:09 -0500] "POST /wp-cron.php?doing_wp_cron=1769563809.9087760448455810546875 HTTP/1.1" 200 - "http://www.drunkmovies.com/wp-cron.php?doing_wp_cron=1769563809.9087760448455810546875" "WordPress/4.9.16; http://www.drunkmovies.com"
74.206.190.116 - - [27/Jan/2026:20:30:09 -0500] "GET / HTTP/1.1" 200 27813 "-" "curl/7.29.0"
198.98.51.43 - - [27/Jan/2026:20:33:15 -0500] "GET /wp-login.php HTTP/1.1" 200 2424 "-" "Mozilla/5.0 (X11; Linux x86_64) AppleWebKit/537.36 (KHTML, like Gecko) Chrome/35.0.1916.153 Safari/537.36"
198.98.51.43 - - [27/Jan/2026:20:33:15 -0500] "POST /wp-login.php HTTP/1.1" 200 3387 "-" "Mozilla/5.0 (X11; Linux x86_64) AppleWebKit/537.36 (KHTML, like Gecko) Chrome/35.0.1916.153 Safari/537.36"
74.206.190.116 - - [27/Jan/2026:20:35:14 -0500] "GET / HTTP/1.1" 200 27813 "-" "curl/7.29.0"
107.189.29.155 - - [27/Jan/2026:20:36:00 -0500] "GET /wp-login.php HTTP/1.1" 200 2424 "-" "Mozilla/5.0 (Macintosh; Intel Mac OS X 10.9; rv:30.0) Gecko/20100101 Firefox/30.0"
107.189.29.155 - - [27/Jan/2026:20:36:01 -0500] "POST /wp-login.php HTTP/1.1" 200 3414 "-" "Mozilla/5.0 (Macintosh; Intel Mac OS X 10.9; rv:30.0) Gecko/20100101 Firefox/30.0"
74.206.190.116 - - [27/Jan/2026:20:40:19 -0500] "GET / HTTP/1.1" 200 27813 "-" "curl/7.29.0"
74.206.190.116 - - [27/Jan/2026:20:45:10 -0500] "GET / HTTP/1.1" 200 27813 "-" "curl/7.29.0"
74.206.190.116 - - [27/Jan/2026:20:50:10 -0500] "GET / HTTP/1.1" 200 27813 "-" "curl/7.29.0"
74.206.190.116 - - [27/Jan/2026:20:55:11 -0500] "GET / HTTP/1.1" 200 27813 "-" "curl/7.29.0"
74.206.190.116 - - [27/Jan/2026:21:00:19 -0500] "GET / HTTP/1.1" 200 27813 "-" "curl/7.29.0"
74.206.190.116 - - [27/Jan/2026:21:05:11 -0500] "POST /wp-cron.php?doing_wp_cron=1769565911.6963140964508056640625 HTTP/1.1" 200 - "http://www.drunkmovies.com/wp-cron.php?doing_wp_cron=1769565911.6963140964508056640625" "WordPress/4.9.16; http://www.drunkmovies.com"
74.206.190.116 - - [27/Jan/2026:21:05:11 -0500] "GET / HTTP/1.1" 200 27813 "-" "curl/7.29.0"
66.249.65.199 - - [27/Jan/2026:21:06:04 -0500] "GET /robots.txt HTTP/1.1" 200 29 "-" "Mozilla/5.0 (compatible; Googlebot/2.1; +http://www.google.com/bot.html)"
66.249.65.201 - - [27/Jan/2026:21:06:04 -0500] "GET /m/ HTTP/1.1" 302 282 "-" "Mozilla/5.0 (Linux; Android 6.0.1; Nexus 5X Build/MMB29P) AppleWebKit/537.36 (KHTML, like Gecko) Chrome/143.0.7499.192 Mobile Safari/537.36 (compatible; Googlebot/2.1; +http://www.google.com/bot.html)"
74.206.190.116 - - [27/Jan/2026:21:10:11 -0500] "POST /wp-cron.php?doing_wp_cron=1769566211.8696410655975341796875 HTTP/1.1" 200 - "http://www.drunkmovies.com/wp-cron.php?doing_wp_cron=1769566211.8696410655975341796875" "WordPress/4.9.16; http://www.drunkmovies.com"
74.206.190.116 - - [27/Jan/2026:21:10:11 -0500] "GET / HTTP/1.1" 200 27813 "-" "curl/7.29.0"
74.206.190.116 - - [27/Jan/2026:21:15:11 -0500] "GET / HTTP/1.1" 200 27813 "-" "curl/7.29.0"
74.206.190.116 - - [27/Jan/2026:21:20:21 -0500] "GET / HTTP/1.1" 200 27813 "-" "curl/7.29.0"
51.210.214.160 - - [27/Jan/2026:21:20:25 -0500] "GET /index.php/category/blonde-teen/feed HTTP/1.1" 200 7898 "-" "Mozilla/5.0 (X11; Linux i686) AppleWebKit/537.36 (KHTML, like Gecko) Chrome/30.0.1599.66 Safari/537.36"
74.206.190.116 - - [27/Jan/2026:21:25:11 -0500] "GET / HTTP/1.1" 200 27813 "-" "curl/7.29.0"
74.206.190.116 - - [27/Jan/2026:21:30:10 -0500] "GET / HTTP/1.1" 200 27813 "-" "curl/7.29.0"
74.206.190.116 - - [27/Jan/2026:21:35:10 -0500] "GET / HTTP/1.1" 200 27813 "-" "curl/7.29.0"
74.206.190.116 - - [27/Jan/2026:21:40:23 -0500] "GET / HTTP/1.1" 200 27813 "-" "curl/7.29.0"
74.206.190.116 - - [27/Jan/2026:21:45:11 -0500] "GET / HTTP/1.1" 200 27813 "-" "curl/7.29.0"
74.206.190.116 - - [27/Jan/2026:21:50:18 -0500] "GET / HTTP/1.1" 200 27813 "-" "curl/7.29.0"
114.119.145.175 - - [27/Jan/2026:21:52:42 -0500] "GET /robots.txt HTTP/1.1" 200 29 "-" "Mozilla/5.0 (compatible;PetalBot;+https://webmaster.petalsearch.com/site/petalbot)"
74.206.190.116 - - [27/Jan/2026:21:55:11 -0500] "GET / HTTP/1.1" 200 27813 "-" "curl/7.29.0"
51.210.214.160 - - [27/Jan/2026:22:00:09 -0500] "GET /index.php/tag/nude/feed HTTP/1.1" 200 7928 "-" "Mozilla/5.0 (X11; Linux i686) AppleWebKit/537.36 (KHTML, like Gecko) Chrome/30.0.1599.66 Safari/537.36"
74.206.190.116 - - [27/Jan/2026:22:00:20 -0500] "GET / HTTP/1.1" 200 27813 "-" "curl/7.29.0"
74.206.190.116 - - [27/Jan/2026:22:05:12 -0500] "POST /wp-cron.php?doing_wp_cron=1769569512.7455580234527587890625 HTTP/1.1" 200 - "http://www.drunkmovies.com/wp-cron.php?doing_wp_cron=1769569512.7455580234527587890625" "WordPress/4.9.16; http://www.drunkmovies.com"
74.206.190.116 - - [27/Jan/2026:22:05:12 -0500] "GET / HTTP/1.1" 200 27813 "-" "curl/7.29.0"
74.206.190.116 - - [27/Jan/2026:22:10:09 -0500] "GET / HTTP/1.1" 200 27813 "-" "curl/7.29.0"
74.206.190.116 - - [27/Jan/2026:22:15:11 -0500] "POST /wp-cron.php?doing_wp_cron=1769570111.3529350757598876953125 HTTP/1.1" 200 - "http://www.drunkmovies.com/wp-cron.php?doing_wp_cron=1769570111.3529350757598876953125" "WordPress/4.9.16; http://www.drunkmovies.com"
74.206.190.116 - - [27/Jan/2026:22:15:11 -0500] "GET / HTTP/1.1" 200 27813 "-" "curl/7.29.0"
74.206.190.116 - - [27/Jan/2026:22:20:19 -0500] "GET / HTTP/1.1" 200 27813 "-" "curl/7.29.0"
74.206.190.116 - - [27/Jan/2026:22:25:15 -0500] "GET / HTTP/1.1" 200 27813 "-" "curl/7.29.0"
74.206.190.116 - - [27/Jan/2026:22:30:11 -0500] "GET / HTTP/1.1" 200 27813 "-" "curl/7.29.0"
104.248.41.155 - - [27/Jan/2026:22:35:09 -0500] "GET /wp-json/wp/v2/posts HTTP/1.1" 302 278 "-" "Mozilla/5.0 (Windows NT 10.0; Win64; x64) AppleWebKit/537.36 (KHTML, like Gecko) Chrome/120.0.0.0 Safari/537.36"
74.206.190.116 - - [27/Jan/2026:22:35:09 -0500] "GET / HTTP/1.1" 200 27813 "-" "curl/7.29.0"
74.206.190.116 - - [27/Jan/2026:22:40:17 -0500] "GET / HTTP/1.1" 200 27813 "-" "curl/7.29.0"
66.249.65.200 - - [27/Jan/2026:22:42:52 -0500] "GET /xmlrpc.php HTTP/1.1" 302 282 "-" "Mozilla/5.0 (Linux; Android 6.0.1; Nexus 5X Build/MMB29P) AppleWebKit/537.36 (KHTML, like Gecko) Chrome/143.0.7499.192 Mobile Safari/537.36 (compatible; Googlebot/2.1; +http://www.google.com/bot.html)"
74.206.190.116 - - [27/Jan/2026:22:45:10 -0500] "GET / HTTP/1.1" 200 27813 "-" "curl/7.29.0"
74.206.190.116 - - [27/Jan/2026:22:50:10 -0500] "GET / HTTP/1.1" 200 27813 "-" "curl/7.29.0"
74.206.190.116 - - [27/Jan/2026:22:55:11 -0500] "GET / HTTP/1.1" 200 27813 "-" "curl/7.29.0"
74.206.190.116 - - [27/Jan/2026:23:00:21 -0500] "GET / HTTP/1.1" 200 27813 "-" "curl/7.29.0"
209.141.52.212 - - [27/Jan/2026:23:02:29 -0500] "GET /wp-login.php HTTP/1.1" 200 2424 "-" "Mozilla/5.0 (compatible; MSIE 9.0; Windows NT 6.1; WOW64; Trident/5.0)"
74.206.190.116 - - [27/Jan/2026:23:05:11 -0500] "POST /wp-cron.php?doing_wp_cron=1769573111.0828280448913574218750 HTTP/1.1" 200 - "http://www.drunkmovies.com/wp-cron.php?doing_wp_cron=1769573111.0828280448913574218750" "WordPress/4.9.16; http://www.drunkmovies.com"
74.206.190.116 - - [27/Jan/2026:23:05:10 -0500] "GET / HTTP/1.1" 200 27813 "-" "curl/7.29.0"
74.206.190.116 - - [27/Jan/2026:23:10:10 -0500] "GET / HTTP/1.1" 200 27813 "-" "curl/7.29.0"
74.206.190.116 - - [27/Jan/2026:23:10:28 -0500] "POST /wp-cron.php?doing_wp_cron=1769573428.3132910728454589843750 HTTP/1.1" 200 - "http://www.drunkmovies.com/wp-cron.php?doing_wp_cron=1769573428.3132910728454589843750" "WordPress/4.9.16; http://www.drunkmovies.com"
51.210.214.160 - - [27/Jan/2026:23:10:28 -0500] "GET /index.php/brunette-teen/pretty-amateur-teen.html/feed HTTP/1.1" 200 1350 "-" "Mozilla/5.0 (X11; Linux i686) AppleWebKit/537.36 (KHTML, like Gecko) Chrome/30.0.1599.66 Safari/537.36"
74.206.190.116 - - [27/Jan/2026:23:15:12 -0500] "GET / HTTP/1.1" 200 27813 "-" "curl/7.29.0"
43.130.26.3 - - [27/Jan/2026:23:18:01 -0500] "GET / HTTP/1.1" 200 27813 "-" "Mozilla/5.0 (iPhone; CPU iPhone OS 13_2_3 like Mac OS X) AppleWebKit/605.1.15 (KHTML, like Gecko) Version/13.0.3 Mobile/15E148 Safari/604.1"
74.206.190.116 - - [27/Jan/2026:23:20:16 -0500] "GET / HTTP/1.1" 200 27813 "-" "curl/7.29.0"
51.210.214.160 - - [27/Jan/2026:23:21:23 -0500] "GET /index.php/category/big-breast-teen/feed HTTP/1.1" 200 3538 "-" "Mozilla/5.0 (X11; Linux i686) AppleWebKit/537.36 (KHTML, like Gecko) Chrome/30.0.1599.66 Safari/537.36"
74.206.190.116 - - [27/Jan/2026:23:25:10 -0500] "GET / HTTP/1.1" 200 27813 "-" "curl/7.29.0"
43.131.23.154 - - [27/Jan/2026:23:28:11 -0500] "GET / HTTP/1.1" 301 - "-" "Mozilla/5.0 (iPhone; CPU iPhone OS 13_2_3 like Mac OS X) AppleWebKit/605.1.15 (KHTML, like Gecko) Version/13.0.3 Mobile/15E148 Safari/604.1"
43.131.23.154 - - [27/Jan/2026:23:28:12 -0500] "GET / HTTP/1.1" 200 27813 "http://drunkmovies.com" "Mozilla/5.0 (iPhone; CPU iPhone OS 13_2_3 like Mac OS X) AppleWebKit/605.1.15 (KHTML, like Gecko) Version/13.0.3 Mobile/15E148 Safari/604.1"
74.206.190.116 - - [27/Jan/2026:23:30:10 -0500] "GET / HTTP/1.1" 200 27813 "-" "curl/7.29.0"
74.206.190.116 - - [27/Jan/2026:23:35:10 -0500] "GET / HTTP/1.1" 200 27813 "-" "curl/7.29.0"
74.206.190.116 - - [27/Jan/2026:23:40:23 -0500] "GET / HTTP/1.1" 200 27813 "-" "curl/7.29.0"
74.206.190.116 - - [27/Jan/2026:23:45:09 -0500] "GET / HTTP/1.1" 200 27813 "-" "curl/7.29.0"
74.206.190.116 - - [27/Jan/2026:23:50:10 -0500] "GET / HTTP/1.1" 200 27813 "-" "curl/7.29.0"
74.206.190.116 - - [27/Jan/2026:23:55:11 -0500] "GET / HTTP/1.1" 200 27813 "-" "curl/7.29.0"
74.206.190.116 - - [28/Jan/2026:00:00:19 -0500] "GET / HTTP/1.1" 200 27813 "-" "curl/7.29.0"
74.206.190.116 - - [28/Jan/2026:00:05:10 -0500] "POST /wp-cron.php?doing_wp_cron=1769576710.3458490371704101562500 HTTP/1.1" 200 - "http://www.drunkmovies.com/wp-cron.php?doing_wp_cron=1769576710.3458490371704101562500" "WordPress/4.9.16; http://www.drunkmovies.com"
74.206.190.116 - - [28/Jan/2026:00:05:10 -0500] "GET / HTTP/1.1" 200 27813 "-" "curl/7.29.0"
217.113.25.196 - - [28/Jan/2026:00:08:32 -0500] "GET //wp-json/wp/v2/posts HTTP/1.1" 302 278 "-" "Mozilla/5.0 (Windows NT 10.0; Win64; x64) AppleWebKit/537.36 (KHTML, like Gecko) Chrome/120.0.0.0 Safari/537.36"
74.206.190.116 - - [28/Jan/2026:00:10:10 -0500] "GET / HTTP/1.1" 200 27813 "-" "curl/7.29.0"
74.206.190.116 - - [28/Jan/2026:00:15:13 -0500] "POST /wp-cron.php?doing_wp_cron=1769577313.5918650627136230468750 HTTP/1.1" 200 - "http://www.drunkmovies.com/wp-cron.php?doing_wp_cron=1769577313.5918650627136230468750" "WordPress/4.9.16; http://www.drunkmovies.com"
74.206.190.116 - - [28/Jan/2026:00:15:13 -0500] "GET / HTTP/1.1" 200 27813 "-" "curl/7.29.0"
74.206.190.116 - - [28/Jan/2026:00:20:23 -0500] "GET / HTTP/1.1" 200 27813 "-" "curl/7.29.0"
51.210.214.160 - - [28/Jan/2026:00:24:26 -0500] "GET /index.php/category/blonde-teen/feed HTTP/1.1" 200 7898 "-" "Mozilla/5.0 (X11; Linux i686) AppleWebKit/537.36 (KHTML, like Gecko) Chrome/30.0.1599.66 Safari/537.36"
74.206.190.116 - - [28/Jan/2026:00:25:17 -0500] "GET / HTTP/1.1" 200 27813 "-" "curl/7.29.0"
74.206.190.116 - - [28/Jan/2026:00:30:11 -0500] "GET / HTTP/1.1" 200 27813 "-" "curl/7.29.0"
74.206.190.116 - - [28/Jan/2026:00:35:09 -0500] "GET / HTTP/1.1" 200 27813 "-" "curl/7.29.0"
74.206.190.116 - - [28/Jan/2026:00:40:16 -0500] "GET / HTTP/1.1" 200 27813 "-" "curl/7.29.0"
74.206.190.116 - - [28/Jan/2026:00:45:13 -0500] "GET / HTTP/1.1" 200 27813 "-" "curl/7.29.0"
74.206.190.116 - - [28/Jan/2026:00:50:10 -0500] "GET / HTTP/1.1" 200 27813 "-" "curl/7.29.0"
74.206.190.116 - - [28/Jan/2026:00:55:26 -0500] "GET / HTTP/1.1" 200 27813 "-" "curl/7.29.0"
74.206.190.116 - - [28/Jan/2026:00:55:26 -0500] "POST /wp-cron.php?doing_wp_cron=1769579726.6307001113891601562500 HTTP/1.1" 200 - "http://www.drunkmovies.com/wp-cron.php?doing_wp_cron=1769579726.6307001113891601562500" "WordPress/4.9.16; http://www.drunkmovies.com"
74.206.190.116 - - [28/Jan/2026:01:00:17 -0500] "GET / HTTP/1.1" 200 27813 "-" "curl/7.29.0"
164.68.99.221 - - [28/Jan/2026:01:03:37 -0500] "GET /wp-admin/css/ HTTP/1.1" 302 278 "binance.com" "Mozilla/5.0 (Windows NT 10.0; Win64; x64) AppleWebKit/537.36 (KHTML, like Gecko) Chrome/90.0.4430.85 Safari/537.36"
74.206.190.116 - - [28/Jan/2026:01:05:12 -0500] "POST /wp-cron.php?doing_wp_cron=1769580312.1871891021728515625000 HTTP/1.1" 200 - "http://www.drunkmovies.com/wp-cron.php?doing_wp_cron=1769580312.1871891021728515625000" "WordPress/4.9.16; http://www.drunkmovies.com"
74.206.190.116 - - [28/Jan/2026:01:05:12 -0500] "GET / HTTP/1.1" 200 27813 "-" "curl/7.29.0"
74.206.190.116 - - [28/Jan/2026:01:10:17 -0500] "POST /wp-cron.php?doing_wp_cron=1769580617.6563251018524169921875 HTTP/1.1" 200 - "http://www.drunkmovies.com/wp-cron.php?doing_wp_cron=1769580617.6563251018524169921875" "WordPress/4.9.16; http://www.drunkmovies.com"
74.206.190.116 - - [28/Jan/2026:01:10:17 -0500] "GET / HTTP/1.1" 200 27813 "-" "curl/7.29.0"
209.141.52.212 - - [28/Jan/2026:01:12:27 -0500] "GET /wp-login.php HTTP/1.1" 200 2424 "-" "Mozilla/5.0 (Windows NT 5.1; rv:30.0) Gecko/20100101 Firefox/30.0"
27.46.125.84 - - [28/Jan/2026:01:14:26 -0500] "GET /robots.txt HTTP/1.1" 200 29 "-" "Mozilla/5.0 (Windows NT 10.0; WOW64) AppleWebKit/537.36 (KHTML, like Gecko) Chrome/47.0.4165.41 Safari/537.36 QIHU 360SE"
74.206.190.116 - - [28/Jan/2026:01:15:12 -0500] "GET / HTTP/1.1" 200 27813 "-" "curl/7.29.0"
209.141.52.212 - - [28/Jan/2026:01:15:34 -0500] "POST /wp-login.php HTTP/1.1" 200 3432 "-" "Mozilla/5.0 (Windows NT 5.1; rv:30.0) Gecko/20100101 Firefox/30.0"
45.148.10.166 - - [28/Jan/2026:01:19:51 -0500] "GET /.svn/wc.db HTTP/1.1" 302 278 "-" "Mozilla/5.0"
45.148.10.166 - - [28/Jan/2026:01:19:52 -0500] "GET /.svn/entries HTTP/1.1" 302 278 "-" "Mozilla/5.0"
74.206.190.116 - - [28/Jan/2026:01:20:56 -0500] "GET / HTTP/1.1" 200 27813 "-" "curl/7.29.0"
104.244.74.96 - - [28/Jan/2026:01:23:21 -0500] "GET /wp-login.php HTTP/1.1" 200 2424 "-" "Mozilla/5.0 (Windows NT 5.1; rv:30.0) Gecko/20100101 Firefox/30.0"
104.244.74.96 - - [28/Jan/2026:01:23:22 -0500] "POST /wp-login.php HTTP/1.1" 200 3387 "-" "Mozilla/5.0 (Windows NT 5.1; rv:30.0) Gecko/20100101 Firefox/30.0"
198.98.51.43 - - [28/Jan/2026:01:23:31 -0500] "GET /wp-login.php HTTP/1.1" 200 2424 "-" "Mozilla/5.0 (X11; Linux x86_64) AppleWebKit/537.36 (KHTML, like Gecko) Chrome/35.0.1916.153 Safari/537.36"
198.98.51.43 - - [28/Jan/2026:01:24:59 -0500] "POST /wp-login.php HTTP/1.1" 200 3387 "-" "Mozilla/5.0 (X11; Linux x86_64) AppleWebKit/537.36 (KHTML, like Gecko) Chrome/35.0.1916.153 Safari/537.36"
74.206.190.116 - - [28/Jan/2026:01:25:22 -0500] "GET / HTTP/1.1" 200 27813 "-" "curl/7.29.0"
74.206.190.116 - - [28/Jan/2026:01:30:14 -0500] "GET / HTTP/1.1" 200 27813 "-" "curl/7.29.0"
74.206.190.116 - - [28/Jan/2026:01:35:10 -0500] "GET / HTTP/1.1" 200 27813 "-" "curl/7.29.0"
74.206.190.116 - - [28/Jan/2026:01:40:18 -0500] "GET / HTTP/1.1" 200 27813 "-" "curl/7.29.0"
74.206.190.116 - - [28/Jan/2026:01:45:12 -0500] "GET / HTTP/1.1" 200 27813 "-" "curl/7.29.0"
74.206.190.116 - - [28/Jan/2026:01:50:10 -0500] "GET / HTTP/1.1" 200 27813 "-" "curl/7.29.0"
149.50.204.70 - - [28/Jan/2026:01:54:58 -0500] "GET /index.php/brunette-teen/kate-licking-her-tits.html HTTP/1.1" 200 27003 "https://www.google.com/" "Mozilla/5.0 (Macintosh; Intel Mac OS X 10_15_7) AppleWebKit/537.36 (KHTML, like Gecko) Chrome/128.0.4104.83 Safari/537.36"
74.206.190.116 - - [28/Jan/2026:01:55:11 -0500] "GET / HTTP/1.1" 200 27813 "-" "curl/7.29.0"
74.206.190.116 - - [28/Jan/2026:02:00:16 -0500] "GET / HTTP/1.1" 200 27813 "-" "curl/7.29.0"
74.206.190.116 - - [28/Jan/2026:02:05:11 -0500] "POST /wp-cron.php?doing_wp_cron=1769583911.1389429569244384765625 HTTP/1.1" 200 - "http://www.drunkmovies.com/wp-cron.php?doing_wp_cron=1769583911.1389429569244384765625" "WordPress/4.9.16; http://www.drunkmovies.com"
74.206.190.116 - - [28/Jan/2026:02:05:10 -0500] "GET / HTTP/1.1" 200 27813 "-" "curl/7.29.0"
51.210.214.160 - - [28/Jan/2026:02:06:29 -0500] "GET /index.php/brunette-teen/pretty-amateur-teen.html/feed HTTP/1.1" 200 1350 "-" "Mozilla/5.0 (X11; Linux i686) AppleWebKit/537.36 (KHTML, like Gecko) Chrome/30.0.1599.66 Safari/537.36"
74.206.190.116 - - [28/Jan/2026:02:10:11 -0500] "POST /wp-cron.php?doing_wp_cron=1769584211.6280260086059570312500 HTTP/1.1" 200 - "http://www.drunkmovies.com/wp-cron.php?doing_wp_cron=1769584211.6280260086059570312500" "WordPress/4.9.16; http://www.drunkmovies.com"
74.206.190.116 - - [28/Jan/2026:02:10:11 -0500] "GET / HTTP/1.1" 200 27813 "-" "curl/7.29.0"
114.119.145.198 - - [28/Jan/2026:02:10:54 -0500] "GET /index.php/uncategorized/blonde-lesbians.html HTTP/1.1" 200 20033 "http://www.drunkmovies.com/index.php/page/1" "Mozilla/5.0 (Linux; Android 7.0;) AppleWebKit/537.36 (KHTML, like Gecko) Mobile Safari/537.36 (compatible; PetalBot;+https://webmaster.petalsearch.com/site/petalbot)"
74.206.190.116 - - [28/Jan/2026:02:15:13 -0500] "GET / HTTP/1.1" 200 27813 "-" "curl/7.29.0"
74.206.190.116 - - [28/Jan/2026:02:20:21 -0500] "GET / HTTP/1.1" 200 27813 "-" "curl/7.29.0"
74.206.190.116 - - [28/Jan/2026:02:25:10 -0500] "GET / HTTP/1.1" 200 27813 "-" "curl/7.29.0"
74.206.190.116 - - [28/Jan/2026:02:30:10 -0500] "GET / HTTP/1.1" 200 27813 "-" "curl/7.29.0"
114.119.145.198 - - [28/Jan/2026:02:32:07 -0500] "GET /index.php/category/blonde-teen/page/1 HTTP/1.1" 301 - "http://www.drunkmovies.com/index.php/category/blonde-teen/page/2" "Mozilla/5.0 (Linux; Android 7.0;) AppleWebKit/537.36 (KHTML, like Gecko) Mobile Safari/537.36 (compatible; PetalBot;+https://webmaster.petalsearch.com/site/petalbot)"
114.119.145.198 - - [28/Jan/2026:02:32:08 -0500] "GET /index.php/category/blonde-teen HTTP/1.1" 200 25105 "http://www.drunkmovies.com/index.php/category/blonde-teen/page/2" "Mozilla/5.0 (Linux; Android 7.0;) AppleWebKit/537.36 (KHTML, like Gecko) Mobile Safari/537.36 (compatible; PetalBot;+https://webmaster.petalsearch.com/site/petalbot)"
74.206.190.116 - - [28/Jan/2026:02:35:16 -0500] "GET / HTTP/1.1" 200 27813 "-" "curl/7.29.0"
45.61.188.177 - - [28/Jan/2026:02:38:22 -0500] "GET /wp-login.php HTTP/1.1" 200 2424 "-" "Mozilla/5.0 (X11; Ubuntu; Linux x86_64; rv:31.0) Gecko/20100101 Firefox/31.0"
45.61.188.177 - - [28/Jan/2026:02:38:22 -0500] "POST /wp-login.php HTTP/1.1" 200 3414 "-" "Mozilla/5.0 (X11; Ubuntu; Linux x86_64; rv:31.0) Gecko/20100101 Firefox/31.0"
74.206.190.116 - - [28/Jan/2026:02:40:23 -0500] "GET / HTTP/1.1" 200 27813 "-" "curl/7.29.0"
51.210.214.160 - - [28/Jan/2026:02:43:24 -0500] "GET /index.php/category/big-breast-teen/feed HTTP/1.1" 200 3538 "-" "Mozilla/5.0 (X11; Linux i686) AppleWebKit/537.36 (KHTML, like Gecko) Chrome/30.0.1599.66 Safari/537.36"
223.15.245.170 - - [28/Jan/2026:02:44:06 -0500] "GET / HTTP/1.1" 200 27813 "-" "Mozilla/5.0 (iPhone; CPU iPhone OS 13_2_3 like Mac OS X) AppleWebKit/605.1.15 (KHTML, like Gecko) Version/13.0.3 Mobile/15E148 Safari/604.1"
74.206.190.116 - - [28/Jan/2026:02:45:11 -0500] "GET / HTTP/1.1" 200 27813 "-" "curl/7.29.0"
120.240.110.112 - - [28/Jan/2026:02:45:35 -0500] "GET /wp-json/wp/v2/posts HTTP/1.1" 302 278 "-" "Mozilla/5.0 (Windows NT 10.0; Win64; x64) AppleWebKit/537.36 (KHTML, like Gecko) Chrome/120.0.0.0 Safari/537.36"
74.206.190.116 - - [28/Jan/2026:02:50:10 -0500] "GET / HTTP/1.1" 200 27813 "-" "curl/7.29.0"
74.206.190.116 - - [28/Jan/2026:02:55:10 -0500] "GET / HTTP/1.1" 200 27813 "-" "curl/7.29.0"
51.210.214.160 - - [28/Jan/2026:02:56:28 -0500] "GET /index.php/category/blonde-teen/feed HTTP/1.1" 200 7898 "-" "Mozilla/5.0 (X11; Linux i686) AppleWebKit/537.36 (KHTML, like Gecko) Chrome/30.0.1599.66 Safari/537.36"
74.206.190.116 - - [28/Jan/2026:03:00:16 -0500] "GET / HTTP/1.1" 200 27813 "-" "curl/7.29.0"
74.206.190.116 - - [28/Jan/2026:03:05:11 -0500] "POST /wp-cron.php?doing_wp_cron=1769587511.3812460899353027343750 HTTP/1.1" 200 - "http://www.drunkmovies.com/wp-cron.php?doing_wp_cron=1769587511.3812460899353027343750" "WordPress/4.9.16; http://www.drunkmovies.com"
74.206.190.116 - - [28/Jan/2026:03:05:11 -0500] "GET / HTTP/1.1" 200 27813 "-" "curl/7.29.0"
74.206.190.116 - - [28/Jan/2026:03:10:10 -0500] "GET / HTTP/1.1" 200 27813 "-" "curl/7.29.0"
74.206.190.116 - - [28/Jan/2026:03:14:15 -0500] "POST /wp-cron.php?doing_wp_cron=1769588055.4276390075683593750000 HTTP/1.1" 200 - "http://www.drunkmovies.com/wp-cron.php?doing_wp_cron=1769588055.4276390075683593750000" "WordPress/4.9.16; http://www.drunkmovies.com"
51.210.214.160 - - [28/Jan/2026:03:14:15 -0500] "GET /index.php/blonde-teen/girlfriend-movies-tube.html/feed HTTP/1.1" 200 867 "-" "Mozilla/5.0 (X11; Linux i686) AppleWebKit/537.36 (KHTML, like Gecko) Chrome/30.0.1599.66 Safari/537.36"
74.206.190.116 - - [28/Jan/2026:03:15:10 -0500] "GET / HTTP/1.1" 200 27813 "-" "curl/7.29.0"
74.206.190.116 - - [28/Jan/2026:03:20:19 -0500] "GET / HTTP/1.1" 200 27813 "-" "curl/7.29.0"
74.206.190.116 - - [28/Jan/2026:03:25:09 -0500] "GET / HTTP/1.1" 200 27813 "-" "curl/7.29.0"
74.206.190.116 - - [28/Jan/2026:03:30:09 -0500] "GET / HTTP/1.1" 200 27813 "-" "curl/7.29.0"
107.189.14.99 - - [28/Jan/2026:03:34:30 -0500] "GET /wp-login.php HTTP/1.1" 200 2424 "-" "Mozilla/5.0 (Macintosh; Intel Mac OS X 10.9; rv:31.0) Gecko/20100101 Firefox/31.0"
107.189.14.99 - - [28/Jan/2026:03:34:31 -0500] "POST /wp-login.php HTTP/1.1" 200 3414 "-" "Mozilla/5.0 (Macintosh; Intel Mac OS X 10.9; rv:31.0) Gecko/20100101 Firefox/31.0"
74.206.190.116 - - [28/Jan/2026:03:35:22 -0500] "GET / HTTP/1.1" 200 27813 "-" "curl/7.29.0"
74.206.190.116 - - [28/Jan/2026:03:40:44 -0500] "GET / HTTP/1.1" 200 27813 "-" "curl/7.29.0"
74.206.190.116 - - [28/Jan/2026:03:45:13 -0500] "GET / HTTP/1.1" 200 27813 "-" "curl/7.29.0"
83.217.208.0 - - [28/Jan/2026:03:47:23 -0500] "GET /wp-login.php HTTP/1.1" 200 2424 "-" "Mozilla/5.0 (X11; Linux x86_64) AppleWebKit/537.36 (KHTML, like Gecko) Chrome/35.0.1916.153 Safari/537.36"
83.217.208.0 - - [28/Jan/2026:03:47:24 -0500] "POST /wp-login.php HTTP/1.1" 200 3369 "-" "Mozilla/5.0 (X11; Linux x86_64) AppleWebKit/537.36 (KHTML, like Gecko) Chrome/35.0.1916.153 Safari/537.36"
74.206.190.116 - - [28/Jan/2026:03:50:10 -0500] "GET / HTTP/1.1" 200 27813 "-" "curl/7.29.0"
74.206.190.116 - - [28/Jan/2026:03:55:11 -0500] "GET / HTTP/1.1" 200 27813 "-" "curl/7.29.0"
74.206.190.116 - - [28/Jan/2026:04:00:22 -0500] "POST /wp-cron.php?doing_wp_cron=1769590822.0414071083068847656250 HTTP/1.1" 200 - "http://www.drunkmovies.com/wp-cron.php?doing_wp_cron=1769590822.0414071083068847656250" "WordPress/4.9.16; http://www.drunkmovies.com"
74.206.190.116 - - [28/Jan/2026:04:00:21 -0500] "GET / HTTP/1.1" 200 27813 "-" "curl/7.29.0"
74.206.190.116 - - [28/Jan/2026:04:05:12 -0500] "POST /wp-cron.php?doing_wp_cron=1769591112.2420260906219482421875 HTTP/1.1" 200 - "http://www.drunkmovies.com/wp-cron.php?doing_wp_cron=1769591112.2420260906219482421875" "WordPress/4.9.16; http://www.drunkmovies.com"
74.206.190.116 - - [28/Jan/2026:04:05:12 -0500] "GET / HTTP/1.1" 200 27813 "-" "curl/7.29.0"
74.206.190.116 - - [28/Jan/2026:04:10:11 -0500] "POST /wp-cron.php?doing_wp_cron=1769591411.6713430881500244140625 HTTP/1.1" 200 - "http://www.drunkmovies.com/wp-cron.php?doing_wp_cron=1769591411.6713430881500244140625" "WordPress/4.9.16; http://www.drunkmovies.com"
74.206.190.116 - - [28/Jan/2026:04:10:11 -0500] "GET / HTTP/1.1" 200 27813 "-" "curl/7.29.0"
89.110.107.19 - - [28/Jan/2026:04:10:51 -0500] "GET / HTTP/1.1" 301 - "-" "Mozilla/5.0 (Windows NT 10.0; Win64; x64) Chrome/120.0.0.0 Safari/537.36"
89.110.107.19 - - [28/Jan/2026:04:10:51 -0500] "GET / HTTP/1.1" 200 27813 "-" "Mozilla/5.0 (Windows NT 10.0; Win64; x64) Chrome/120.0.0.0 Safari/537.36"
74.206.190.116 - - [28/Jan/2026:04:15:19 -0500] "GET / HTTP/1.1" 200 27813 "-" "curl/7.29.0"