HEX
Server: Apache
System: Linux msm5694.mjhst.com 3.10.0-1160.119.1.el7.x86_64 #1 SMP Tue Jun 4 14:43:51 UTC 2024 x86_64
User: camjab_ssh (1000)
PHP: 5.3.29
Disabled: NONE
Upload Files
File: //home/httpd/logs/drunkmovies.com_access_log.3
74.206.190.116 - - [27/Jan/2026:04:20:42 -0500] "GET / HTTP/1.1" 200 27813 "-" "curl/7.29.0"
62.84.185.60 - - [27/Jan/2026:04:21:39 -0500] "GET /robots.txt HTTP/1.1" 302 278 "-" "Mozilla/5.0 (compatible; MJ12bot/v1.4.8; http://mj12bot.com/)"
62.84.185.60 - - [27/Jan/2026:04:21:40 -0500] "GET /fiona.php?r=&xit=&nt=/ HTTP/1.1" 302 278 "-" "Mozilla/5.0 (compatible; MJ12bot/v1.4.8; http://mj12bot.com/)"
62.84.185.60 - - [27/Jan/2026:04:21:56 -0500] "GET /foam.php?r=&xit=&nt=/ HTTP/1.1" 302 278 "-" "Mozilla/5.0 (compatible; MJ12bot/v1.4.8; http://mj12bot.com/)"
62.84.185.60 - - [27/Jan/2026:04:21:57 -0500] "GET /robots.txt HTTP/1.1" 302 282 "-" "Mozilla/5.0 (compatible; MJ12bot/v1.4.8; http://mj12bot.com/)"
62.84.185.60 - - [27/Jan/2026:04:21:59 -0500] "GET /'http://wfs.hinet.net?flag=D&url=http://www.drunkmovies.com/function.include'/ HTTP/1.1" 302 282 "-" "Mozilla/5.0 (compatible; MJ12bot/v1.4.8; http://mj12bot.com/)"
62.84.185.60 - - [27/Jan/2026:04:22:01 -0500] "GET /?p=13/ HTTP/1.1" 302 282 "-" "Mozilla/5.0 (compatible; MJ12bot/v1.4.8; http://mj12bot.com/)"
62.84.185.60 - - [27/Jan/2026:04:22:03 -0500] "GET /?p=20/ HTTP/1.1" 302 282 "-" "Mozilla/5.0 (compatible; MJ12bot/v1.4.8; http://mj12bot.com/)"
62.84.185.60 - - [27/Jan/2026:04:22:05 -0500] "GET /?p=36/ HTTP/1.1" 302 282 "-" "Mozilla/5.0 (compatible; MJ12bot/v1.4.8; http://mj12bot.com/)"
62.84.185.60 - - [27/Jan/2026:04:22:07 -0500] "GET /?p=6/ HTTP/1.1" 302 282 "-" "Mozilla/5.0 (compatible; MJ12bot/v1.4.8; http://mj12bot.com/)"
74.206.190.116 - - [27/Jan/2026:04:25:13 -0500] "GET / HTTP/1.1" 200 27813 "-" "curl/7.29.0"
45.148.10.160 - - [27/Jan/2026:04:28:49 -0500] "GET /.svn/wc.db HTTP/1.1" 302 278 "-" "Mozilla/5.0"
45.148.10.160 - - [27/Jan/2026:04:28:49 -0500] "GET /.svn/entries HTTP/1.1" 302 278 "-" "Mozilla/5.0"
74.206.190.116 - - [27/Jan/2026:04:30:09 -0500] "GET / HTTP/1.1" 200 27813 "-" "curl/7.29.0"
27.46.125.14 - - [27/Jan/2026:04:35:03 -0500] "GET /robots.txt HTTP/1.1" 200 29 "-" "Mozilla/5.0 (Windows NT 10.0; WOW64) AppleWebKit/537.36 (KHTML, like Gecko) Chrome/76.0.2920.127 Safari/537.36 QIHU 360EE"
74.206.190.116 - - [27/Jan/2026:04:35:10 -0500] "GET / HTTP/1.1" 200 27813 "-" "curl/7.29.0"
194.187.171.149 - - [27/Jan/2026:04:36:17 -0500] "GET /robots.txt HTTP/1.1" 200 29 "-" "Mozilla/5.0 (compatible; Qwantbot/1.0; +https://help.qwant.com/bot/)"
194.187.171.157 - - [27/Jan/2026:04:36:20 -0500] "GET / HTTP/1.1" 200 27813 "-" "Mozilla/5.0 (compatible; Qwantbot/1.0_4812600; +https://help.qwant.com/bot/)"
74.206.190.116 - - [27/Jan/2026:04:40:15 -0500] "GET / HTTP/1.1" 200 27813 "-" "curl/7.29.0"
74.206.190.116 - - [27/Jan/2026:04:45:09 -0500] "GET / HTTP/1.1" 200 27813 "-" "curl/7.29.0"
74.206.190.116 - - [27/Jan/2026:04:50:09 -0500] "GET / HTTP/1.1" 200 27813 "-" "curl/7.29.0"
74.206.190.116 - - [27/Jan/2026:04:55:11 -0500] "GET / HTTP/1.1" 200 27813 "-" "curl/7.29.0"
74.206.190.116 - - [27/Jan/2026:05:00:20 -0500] "GET / HTTP/1.1" 200 27813 "-" "curl/7.29.0"
45.138.16.159 - - [27/Jan/2026:05:01:21 -0500] "GET /ss.php?f_c=1 HTTP/1.1" 302 282 "-" "Mozilla/5.0 (Linux; Android 7.0; SM-G892A Build/NRD90M; wv) AppleWebKit/537.36 (KHTML, like Gecko) Version/4.0 Chrome/60.0.3112.107 Mobile Safari/537.36"
74.206.190.116 - - [27/Jan/2026:05:05:10 -0500] "POST /wp-cron.php?doing_wp_cron=1769508310.6774270534515380859375 HTTP/1.1" 200 - "http://www.drunkmovies.com/wp-cron.php?doing_wp_cron=1769508310.6774270534515380859375" "WordPress/4.9.16; http://www.drunkmovies.com"
74.206.190.116 - - [27/Jan/2026:05:05:10 -0500] "GET / HTTP/1.1" 200 27813 "-" "curl/7.29.0"
51.210.214.160 - - [27/Jan/2026:05:07:19 -0500] "GET /index.php/category/big-breast-teen/feed HTTP/1.1" 200 3538 "-" "Mozilla/5.0 (X11; Linux i686) AppleWebKit/537.36 (KHTML, like Gecko) Chrome/30.0.1599.66 Safari/537.36"
74.206.190.116 - - [27/Jan/2026:05:10:09 -0500] "GET / HTTP/1.1" 200 27813 "-" "curl/7.29.0"
74.206.190.116 - - [27/Jan/2026:05:15:10 -0500] "POST /wp-cron.php?doing_wp_cron=1769508910.5030488967895507812500 HTTP/1.1" 200 - "http://www.drunkmovies.com/wp-cron.php?doing_wp_cron=1769508910.5030488967895507812500" "WordPress/4.9.16; http://www.drunkmovies.com"
74.206.190.116 - - [27/Jan/2026:05:15:10 -0500] "GET / HTTP/1.1" 200 27813 "-" "curl/7.29.0"
74.206.190.116 - - [27/Jan/2026:05:20:21 -0500] "GET / HTTP/1.1" 200 27813 "-" "curl/7.29.0"
74.206.190.116 - - [27/Jan/2026:05:25:10 -0500] "POST /wp-cron.php?doing_wp_cron=1769509510.8582971096038818359375 HTTP/1.1" 200 - "http://www.drunkmovies.com/wp-cron.php?doing_wp_cron=1769509510.8582971096038818359375" "WordPress/4.9.16; http://www.drunkmovies.com"
74.206.190.116 - - [27/Jan/2026:05:25:10 -0500] "GET / HTTP/1.1" 200 27813 "-" "curl/7.29.0"
74.206.190.116 - - [27/Jan/2026:05:30:11 -0500] "GET / HTTP/1.1" 200 27813 "-" "curl/7.29.0"
74.206.190.116 - - [27/Jan/2026:05:35:11 -0500] "GET / HTTP/1.1" 200 27813 "-" "curl/7.29.0"
74.206.190.116 - - [27/Jan/2026:05:40:22 -0500] "GET / HTTP/1.1" 200 27813 "-" "curl/7.29.0"
74.206.190.116 - - [27/Jan/2026:05:45:10 -0500] "GET / HTTP/1.1" 200 27813 "-" "curl/7.29.0"
74.206.190.116 - - [27/Jan/2026:05:50:09 -0500] "GET / HTTP/1.1" 200 27813 "-" "curl/7.29.0"
74.206.190.116 - - [27/Jan/2026:05:55:09 -0500] "GET / HTTP/1.1" 200 27813 "-" "curl/7.29.0"
51.210.214.160 - - [27/Jan/2026:05:59:02 -0500] "GET /index.php/category/brunette-teen/feed HTTP/1.1" 200 7544 "-" "Mozilla/5.0 (X11; Linux i686) AppleWebKit/537.36 (KHTML, like Gecko) Chrome/30.0.1599.66 Safari/537.36"
74.206.190.116 - - [27/Jan/2026:06:00:21 -0500] "GET / HTTP/1.1" 200 27813 "-" "curl/7.29.0"
74.206.190.116 - - [27/Jan/2026:06:05:10 -0500] "POST /wp-cron.php?doing_wp_cron=1769511910.1183168888092041015625 HTTP/1.1" 200 - "http://www.drunkmovies.com/wp-cron.php?doing_wp_cron=1769511910.1183168888092041015625" "WordPress/4.9.16; http://www.drunkmovies.com"
74.206.190.116 - - [27/Jan/2026:06:05:09 -0500] "GET / HTTP/1.1" 200 27813 "-" "curl/7.29.0"
114.119.149.228 - - [27/Jan/2026:06:06:43 -0500] "GET /index.php/uncategorized/drunk-twins.html HTTP/1.1" 301 - "http://www.drunkmovies.com/index.php/tag/teen-tube" "Mozilla/5.0 (Linux; Android 7.0;) AppleWebKit/537.36 (KHTML, like Gecko) Mobile Safari/537.36 (compatible; PetalBot;+https://webmaster.petalsearch.com/site/petalbot)"
114.119.149.228 - - [27/Jan/2026:06:06:44 -0500] "GET /index.php/brunette-teen/drunk-twins.html HTTP/1.1" 200 27099 "http://www.drunkmovies.com/index.php/tag/teen-tube" "Mozilla/5.0 (Linux; Android 7.0;) AppleWebKit/537.36 (KHTML, like Gecko) Mobile Safari/537.36 (compatible; PetalBot;+https://webmaster.petalsearch.com/site/petalbot)"
74.206.190.116 - - [27/Jan/2026:06:10:11 -0500] "POST /wp-cron.php?doing_wp_cron=1769512211.9288439750671386718750 HTTP/1.1" 200 - "http://www.drunkmovies.com/wp-cron.php?doing_wp_cron=1769512211.9288439750671386718750" "WordPress/4.9.16; http://www.drunkmovies.com"
74.206.190.116 - - [27/Jan/2026:06:10:11 -0500] "GET / HTTP/1.1" 200 27813 "-" "curl/7.29.0"
43.130.34.74 - - [27/Jan/2026:06:14:31 -0500] "GET / HTTP/1.1" 200 27813 "-" "Mozilla/5.0 (iPhone; CPU iPhone OS 13_2_3 like Mac OS X) AppleWebKit/605.1.15 (KHTML, like Gecko) Version/13.0.3 Mobile/15E148 Safari/604.1"
74.206.190.116 - - [27/Jan/2026:06:15:11 -0500] "GET / HTTP/1.1" 200 27813 "-" "curl/7.29.0"
51.210.214.160 - - [27/Jan/2026:06:18:21 -0500] "GET /index.php/category/blonde-teen/feed HTTP/1.1" 200 7898 "-" "Mozilla/5.0 (X11; Linux i686) AppleWebKit/537.36 (KHTML, like Gecko) Chrome/30.0.1599.66 Safari/537.36"
74.206.190.116 - - [27/Jan/2026:06:20:17 -0500] "GET / HTTP/1.1" 200 27813 "-" "curl/7.29.0"
51.210.214.160 - - [27/Jan/2026:06:22:05 -0500] "GET /index.php/tag/nude/feed HTTP/1.1" 200 7928 "-" "Mozilla/5.0 (X11; Linux i686) AppleWebKit/537.36 (KHTML, like Gecko) Chrome/30.0.1599.66 Safari/537.36"
43.154.127.188 - - [27/Jan/2026:06:23:41 -0500] "GET / HTTP/1.1" 301 - "-" "Mozilla/5.0 (iPhone; CPU iPhone OS 13_2_3 like Mac OS X) AppleWebKit/605.1.15 (KHTML, like Gecko) Version/13.0.3 Mobile/15E148 Safari/604.1"
43.154.127.188 - - [27/Jan/2026:06:23:43 -0500] "GET / HTTP/1.1" 200 27813 "http://drunkmovies.com" "Mozilla/5.0 (iPhone; CPU iPhone OS 13_2_3 like Mac OS X) AppleWebKit/605.1.15 (KHTML, like Gecko) Version/13.0.3 Mobile/15E148 Safari/604.1"
74.206.190.116 - - [27/Jan/2026:06:25:10 -0500] "GET / HTTP/1.1" 200 27813 "-" "curl/7.29.0"
74.206.190.116 - - [27/Jan/2026:06:30:10 -0500] "GET / HTTP/1.1" 200 27813 "-" "curl/7.29.0"
74.206.190.116 - - [27/Jan/2026:06:35:10 -0500] "GET / HTTP/1.1" 200 27813 "-" "curl/7.29.0"
114.119.145.198 - - [27/Jan/2026:06:38:14 -0500] "GET /index.php/category/big-breast-teen HTTP/1.1" 200 19840 "http://www.drunkmovies.com/index.php/brunette-teen/drunk-birthday-girl-tube.html" "Mozilla/5.0 (Linux; Android 7.0;) AppleWebKit/537.36 (KHTML, like Gecko) Mobile Safari/537.36 (compatible; PetalBot;+https://webmaster.petalsearch.com/site/petalbot)"
74.206.190.116 - - [27/Jan/2026:06:40:21 -0500] "GET / HTTP/1.1" 200 27813 "-" "curl/7.29.0"
74.206.190.116 - - [27/Jan/2026:06:45:09 -0500] "GET / HTTP/1.1" 200 27813 "-" "curl/7.29.0"
74.206.190.116 - - [27/Jan/2026:06:50:10 -0500] "GET / HTTP/1.1" 200 27813 "-" "curl/7.29.0"
74.206.190.116 - - [27/Jan/2026:06:55:11 -0500] "GET / HTTP/1.1" 200 27813 "-" "curl/7.29.0"
74.206.190.116 - - [27/Jan/2026:07:00:20 -0500] "GET / HTTP/1.1" 200 27813 "-" "curl/7.29.0"
74.206.190.116 - - [27/Jan/2026:07:05:10 -0500] "POST /wp-cron.php?doing_wp_cron=1769515510.3643569946289062500000 HTTP/1.1" 200 - "http://www.drunkmovies.com/wp-cron.php?doing_wp_cron=1769515510.3643569946289062500000" "WordPress/4.9.16; http://www.drunkmovies.com"
74.206.190.116 - - [27/Jan/2026:07:05:10 -0500] "GET / HTTP/1.1" 200 27813 "-" "curl/7.29.0"
74.206.190.116 - - [27/Jan/2026:07:10:09 -0500] "GET / HTTP/1.1" 200 27813 "-" "curl/7.29.0"
74.206.190.116 - - [27/Jan/2026:07:15:12 -0500] "POST /wp-cron.php?doing_wp_cron=1769516112.9770200252532958984375 HTTP/1.1" 200 - "http://www.drunkmovies.com/wp-cron.php?doing_wp_cron=1769516112.9770200252532958984375" "WordPress/4.9.16; http://www.drunkmovies.com"
74.206.190.116 - - [27/Jan/2026:07:15:12 -0500] "GET / HTTP/1.1" 200 27813 "-" "curl/7.29.0"
74.206.190.116 - - [27/Jan/2026:07:20:22 -0500] "GET / HTTP/1.1" 200 27813 "-" "curl/7.29.0"
74.206.190.116 - - [27/Jan/2026:07:25:09 -0500] "GET / HTTP/1.1" 200 27813 "-" "curl/7.29.0"
74.206.190.116 - - [27/Jan/2026:07:30:10 -0500] "GET / HTTP/1.1" 200 27813 "-" "curl/7.29.0"
74.206.190.116 - - [27/Jan/2026:07:35:09 -0500] "GET / HTTP/1.1" 200 27813 "-" "curl/7.29.0"
92.255.85.73 - - [27/Jan/2026:07:36:14 -0500] "GET / HTTP/1.1" 301 - "http://drunkmovies.com/" "Mozilla/5.0 (Windows NT 10.0; Win64; x64) AppleWebKit/537.36 (KHTML, like Gecko) Chrome/131.0.0.0 Safari/537.36"
92.255.85.73 - - [27/Jan/2026:07:36:15 -0500] "GET / HTTP/1.1" 200 27813 "http://www.drunkmovies.com/" "Mozilla/5.0 (Windows NT 10.0; Win64; x64) AppleWebKit/537.36 (KHTML, like Gecko) Chrome/131.0.0.0 Safari/537.36"
111.225.148.151 - - [27/Jan/2026:07:38:52 -0500] "GET /robots.txt HTTP/1.1" 200 29 "-" "Mozilla/5.0 (Linux; Android 5.0) AppleWebKit/537.36 (KHTML, like Gecko) Mobile Safari/537.36 (compatible; Bytespider; https://zhanzhang.toutiao.com/)"
74.206.190.116 - - [27/Jan/2026:07:40:16 -0500] "GET / HTTP/1.1" 200 27813 "-" "curl/7.29.0"
51.210.214.160 - - [27/Jan/2026:07:43:19 -0500] "GET /index.php/category/big-breast-teen/feed HTTP/1.1" 200 3538 "-" "Mozilla/5.0 (X11; Linux i686) AppleWebKit/537.36 (KHTML, like Gecko) Chrome/30.0.1599.66 Safari/537.36"
101.42.46.71 - - [27/Jan/2026:07:44:04 -0500] "GET / HTTP/1.1" 301 - "-" "Mozilla/5.0 (iPhone; CPU iPhone OS 13_2_3 like Mac OS X) AppleWebKit/605.1.15 (KHTML, like Gecko) Version/13.0.3 Mobile/15E148 Safari/604.1"
101.42.46.71 - - [27/Jan/2026:07:44:06 -0500] "GET / HTTP/1.1" 200 27813 "http://drunkmovies.com" "Mozilla/5.0 (iPhone; CPU iPhone OS 13_2_3 like Mac OS X) AppleWebKit/605.1.15 (KHTML, like Gecko) Version/13.0.3 Mobile/15E148 Safari/604.1"
74.206.190.116 - - [27/Jan/2026:07:45:10 -0500] "GET / HTTP/1.1" 200 27813 "-" "curl/7.29.0"
74.206.190.116 - - [27/Jan/2026:07:50:10 -0500] "GET / HTTP/1.1" 200 27813 "-" "curl/7.29.0"
51.210.214.160 - - [27/Jan/2026:07:55:05 -0500] "GET /index.php/blonde-teen/blonde-teen-sucking-movie.html/feed HTTP/1.1" 200 1368 "-" "Mozilla/5.0 (X11; Linux i686) AppleWebKit/537.36 (KHTML, like Gecko) Chrome/30.0.1599.66 Safari/537.36"
74.206.190.116 - - [27/Jan/2026:07:55:10 -0500] "GET / HTTP/1.1" 200 27813 "-" "curl/7.29.0"
107.189.14.99 - - [27/Jan/2026:07:57:39 -0500] "GET /wp-login.php HTTP/1.1" 200 2424 "-" "Mozilla/5.0 (Macintosh; Intel Mac OS X 10_9_4) AppleWebKit/537.78.2 (KHTML, like Gecko) Version/7.0.6 Safari/537.78.2"
107.189.14.99 - - [27/Jan/2026:07:57:41 -0500] "POST /wp-login.php HTTP/1.1" 200 3414 "-" "Mozilla/5.0 (Macintosh; Intel Mac OS X 10_9_4) AppleWebKit/537.78.2 (KHTML, like Gecko) Version/7.0.6 Safari/537.78.2"
74.206.190.116 - - [27/Jan/2026:08:00:19 -0500] "GET / HTTP/1.1" 200 27813 "-" "curl/7.29.0"
74.206.190.116 - - [27/Jan/2026:08:05:10 -0500] "POST /wp-cron.php?doing_wp_cron=1769519110.0284199714660644531250 HTTP/1.1" 200 - "http://www.drunkmovies.com/wp-cron.php?doing_wp_cron=1769519110.0284199714660644531250" "WordPress/4.9.16; http://www.drunkmovies.com"
74.206.190.116 - - [27/Jan/2026:08:05:09 -0500] "GET / HTTP/1.1" 200 27813 "-" "curl/7.29.0"
45.61.188.95 - - [27/Jan/2026:08:08:38 -0500] "GET /wp-login.php HTTP/1.1" 200 2424 "-" "Mozilla/5.0 (Windows NT 6.1; WOW64) AppleWebKit/537.36 (KHTML, like Gecko) Chrome/35.0.1916.114 Safari/537.36"
45.61.188.95 - - [27/Jan/2026:08:08:39 -0500] "POST /wp-login.php HTTP/1.1" 200 3369 "-" "Mozilla/5.0 (Windows NT 6.1; WOW64) AppleWebKit/537.36 (KHTML, like Gecko) Chrome/35.0.1916.114 Safari/537.36"
74.206.190.116 - - [27/Jan/2026:08:10:09 -0500] "GET / HTTP/1.1" 200 27813 "-" "curl/7.29.0"
74.206.190.116 - - [27/Jan/2026:08:10:25 -0500] "POST /wp-cron.php?doing_wp_cron=1769519425.0359089374542236328125 HTTP/1.1" 200 - "http://www.drunkmovies.com/wp-cron.php?doing_wp_cron=1769519425.0359089374542236328125" "WordPress/4.9.16; http://www.drunkmovies.com"
51.210.214.160 - - [27/Jan/2026:08:10:24 -0500] "GET /index.php/brunette-teen/pretty-amateur-teen.html/feed HTTP/1.1" 200 1350 "-" "Mozilla/5.0 (X11; Linux i686) AppleWebKit/537.36 (KHTML, like Gecko) Chrome/30.0.1599.66 Safari/537.36"
74.206.190.116 - - [27/Jan/2026:08:15:11 -0500] "GET / HTTP/1.1" 200 27813 "-" "curl/7.29.0"
74.206.190.116 - - [27/Jan/2026:08:20:17 -0500] "GET / HTTP/1.1" 200 27813 "-" "curl/7.29.0"
74.206.190.116 - - [27/Jan/2026:08:25:11 -0500] "GET / HTTP/1.1" 200 27813 "-" "curl/7.29.0"
74.206.190.116 - - [27/Jan/2026:08:30:10 -0500] "POST /wp-cron.php?doing_wp_cron=1769520610.2380468845367431640625 HTTP/1.1" 200 - "http://www.drunkmovies.com/wp-cron.php?doing_wp_cron=1769520610.2380468845367431640625" "WordPress/4.9.16; http://www.drunkmovies.com"
74.206.190.116 - - [27/Jan/2026:08:30:10 -0500] "GET / HTTP/1.1" 200 27813 "-" "curl/7.29.0"
74.206.190.116 - - [27/Jan/2026:08:35:11 -0500] "GET / HTTP/1.1" 200 27813 "-" "curl/7.29.0"
74.206.190.116 - - [27/Jan/2026:08:40:22 -0500] "GET / HTTP/1.1" 200 27813 "-" "curl/7.29.0"
74.206.190.116 - - [27/Jan/2026:08:45:10 -0500] "GET / HTTP/1.1" 200 27813 "-" "curl/7.29.0"
51.210.214.160 - - [27/Jan/2026:08:48:35 -0500] "GET /index.php/tag/amateur-movies-tube/feed HTTP/1.1" 200 1656 "-" "Mozilla/5.0 (X11; Linux i686) AppleWebKit/537.36 (KHTML, like Gecko) Chrome/30.0.1599.66 Safari/537.36"
74.206.190.116 - - [27/Jan/2026:08:50:12 -0500] "GET / HTTP/1.1" 200 27813 "-" "curl/7.29.0"
74.206.190.116 - - [27/Jan/2026:08:55:10 -0500] "GET / HTTP/1.1" 200 27813 "-" "curl/7.29.0"
185.12.251.124 - - [27/Jan/2026:08:57:23 -0500] "GET / HTTP/1.1" 301 - "-" "Mozilla/5.0 (X11; CrOS x86_64 14541.0.0) AppleWebKit/537.36 (KHTML, like Gecko) Chrome/121.0.0.0 Safari/537.3"
192.36.24.172 - - [27/Jan/2026:08:57:23 -0500] "GET / HTTP/1.1" 200 27813 "http://drunkmovies.com/" "Mozilla/5.0 (X11; CrOS x86_64 14541.0.0) AppleWebKit/537.36 (KHTML, like Gecko) Chrome/121.0.0.0 Safari/537.3"
185.12.249.39 - - [27/Jan/2026:08:57:24 -0500] "GET /index.php/blonde-teen/drunk-teen-gets-bareback-with-hard-dick.html HTTP/1.1" 200 27959 "-" "Mozilla/5.0 (X11; CrOS x86_64 14541.0.0) AppleWebKit/537.36 (KHTML, like Gecko) Chrome/121.0.0.0 Safari/537.3"
5.133.192.192 - - [27/Jan/2026:08:57:24 -0500] "GET /index.php/latina-teen/young-attractive-latina-gets-dildo.html HTTP/1.1" 200 28003 "-" "Mozilla/5.0 (X11; CrOS x86_64 14541.0.0) AppleWebKit/537.36 (KHTML, like Gecko) Chrome/121.0.0.0 Safari/537.3"
185.12.251.124 - - [27/Jan/2026:08:57:25 -0500] "GET /index.php/blonde-teen/dildo-on-ass-with-tattooed-girl.html HTTP/1.1" 200 26615 "-" "Mozilla/5.0 (X11; CrOS x86_64 14541.0.0) AppleWebKit/537.36 (KHTML, like Gecko) Chrome/121.0.0.0 Safari/537.3"
74.206.190.116 - - [27/Jan/2026:09:00:18 -0500] "GET / HTTP/1.1" 200 27813 "-" "curl/7.29.0"
51.210.214.160 - - [27/Jan/2026:09:03:03 -0500] "GET /index.php/category/brunette-teen/feed HTTP/1.1" 200 7544 "-" "Mozilla/5.0 (X11; Linux i686) AppleWebKit/537.36 (KHTML, like Gecko) Chrome/30.0.1599.66 Safari/537.36"
74.206.190.116 - - [27/Jan/2026:09:05:10 -0500] "POST /wp-cron.php?doing_wp_cron=1769522710.7995340824127197265625 HTTP/1.1" 200 - "http://www.drunkmovies.com/wp-cron.php?doing_wp_cron=1769522710.7995340824127197265625" "WordPress/4.9.16; http://www.drunkmovies.com"
74.206.190.116 - - [27/Jan/2026:09:05:10 -0500] "GET / HTTP/1.1" 200 27813 "-" "curl/7.29.0"
74.206.190.116 - - [27/Jan/2026:09:10:10 -0500] "GET / HTTP/1.1" 200 27813 "-" "curl/7.29.0"
74.206.190.116 - - [27/Jan/2026:09:14:07 -0500] "POST /wp-cron.php?doing_wp_cron=1769523247.1193420886993408203125 HTTP/1.1" 200 - "http://www.drunkmovies.com/wp-cron.php?doing_wp_cron=1769523247.1193420886993408203125" "WordPress/4.9.16; http://www.drunkmovies.com"
172.233.40.217 - - [27/Jan/2026:09:14:06 -0500] "GET /index.php/blonde-teen/dildo-on-ass-with-tattooed-girl.html HTTP/1.1" 200 26615 "https://www.google.com/" "Mozilla/5.0 (Linux; Android 10; K) AppleWebKit/537.36 (KHTML, like Gecko) Chrome/144.0.0.0 Mobile Safari/537.36"
172.233.40.217 - - [27/Jan/2026:09:14:08 -0500] "GET /wp-content/themes/tubetheme-2017-v3-filled/font/vjs.woff HTTP/1.1" 200 2508 "http://www.drunkmovies.com/wp-content/themes/tubetheme-2017-v3-filled/video-js.css" "Mozilla/5.0 (Linux; Android 10; K) AppleWebKit/537.36 (KHTML, like Gecko) Chrome/144.0.0.0 Mobile Safari/537.36"
172.233.40.217 - - [27/Jan/2026:09:14:08 -0500] "GET /index.php/blonde-teen/video.mp4 HTTP/1.1" 404 19451 "http://www.drunkmovies.com/index.php/blonde-teen/dildo-on-ass-with-tattooed-girl.html" "Mozilla/5.0 (Linux; Android 10; K) AppleWebKit/537.36 (KHTML, like Gecko) Chrome/144.0.0.0 Mobile Safari/537.36"
74.206.190.116 - - [27/Jan/2026:09:15:10 -0500] "GET / HTTP/1.1" 200 27813 "-" "curl/7.29.0"
51.210.214.160 - - [27/Jan/2026:09:16:07 -0500] "GET /index.php/tag/nude/feed HTTP/1.1" 200 7928 "-" "Mozilla/5.0 (X11; Linux i686) AppleWebKit/537.36 (KHTML, like Gecko) Chrome/30.0.1599.66 Safari/537.36"
74.206.190.116 - - [27/Jan/2026:09:20:17 -0500] "GET / HTTP/1.1" 200 27813 "-" "curl/7.29.0"
95.85.238.21 - - [27/Jan/2026:09:22:06 -0500] "GET /wp-login.php HTTP/1.1" 200 2424 "-" "Mozilla/5.0 (Macintosh; Intel Mac OS X 10_6_8) AppleWebKit/537.36 (KHTML, like Gecko) Chrome/36.0.1985.125 Safari/537.36"
95.85.238.21 - - [27/Jan/2026:09:22:07 -0500] "POST /wp-login.php HTTP/1.1" 200 3369 "-" "Mozilla/5.0 (Macintosh; Intel Mac OS X 10_6_8) AppleWebKit/537.36 (KHTML, like Gecko) Chrome/36.0.1985.125 Safari/537.36"
51.210.214.160 - - [27/Jan/2026:09:22:23 -0500] "GET /index.php/category/blonde-teen/feed HTTP/1.1" 200 7898 "-" "Mozilla/5.0 (X11; Linux i686) AppleWebKit/537.36 (KHTML, like Gecko) Chrome/30.0.1599.66 Safari/537.36"
74.206.190.116 - - [27/Jan/2026:09:25:09 -0500] "GET / HTTP/1.1" 200 27813 "-" "curl/7.29.0"
74.206.190.116 - - [27/Jan/2026:09:30:09 -0500] "GET / HTTP/1.1" 200 27813 "-" "curl/7.29.0"
74.206.190.116 - - [27/Jan/2026:09:35:09 -0500] "GET / HTTP/1.1" 200 27813 "-" "curl/7.29.0"
74.206.190.116 - - [27/Jan/2026:09:40:20 -0500] "GET / HTTP/1.1" 200 27813 "-" "curl/7.29.0"
74.206.190.116 - - [27/Jan/2026:09:45:10 -0500] "GET / HTTP/1.1" 200 27813 "-" "curl/7.29.0"
74.206.190.116 - - [27/Jan/2026:09:50:14 -0500] "GET / HTTP/1.1" 200 27813 "-" "curl/7.29.0"
74.206.190.116 - - [27/Jan/2026:09:55:10 -0500] "GET / HTTP/1.1" 200 27813 "-" "curl/7.29.0"
74.206.190.116 - - [27/Jan/2026:10:00:18 -0500] "GET / HTTP/1.1" 200 27813 "-" "curl/7.29.0"
74.206.190.116 - - [27/Jan/2026:10:05:10 -0500] "POST /wp-cron.php?doing_wp_cron=1769526310.8727920055389404296875 HTTP/1.1" 200 - "http://www.drunkmovies.com/wp-cron.php?doing_wp_cron=1769526310.8727920055389404296875" "WordPress/4.9.16; http://www.drunkmovies.com"
74.206.190.116 - - [27/Jan/2026:10:05:10 -0500] "GET / HTTP/1.1" 200 27813 "-" "curl/7.29.0"
74.206.190.116 - - [27/Jan/2026:10:10:09 -0500] "GET / HTTP/1.1" 200 27813 "-" "curl/7.29.0"
74.206.190.116 - - [27/Jan/2026:10:15:11 -0500] "POST /wp-cron.php?doing_wp_cron=1769526911.0517020225524902343750 HTTP/1.1" 200 - "http://www.drunkmovies.com/wp-cron.php?doing_wp_cron=1769526911.0517020225524902343750" "WordPress/4.9.16; http://www.drunkmovies.com"
74.206.190.116 - - [27/Jan/2026:10:15:10 -0500] "GET / HTTP/1.1" 200 27813 "-" "curl/7.29.0"
74.206.190.116 - - [27/Jan/2026:10:20:20 -0500] "GET / HTTP/1.1" 200 27813 "-" "curl/7.29.0"
74.206.190.116 - - [27/Jan/2026:10:25:13 -0500] "GET / HTTP/1.1" 200 27813 "-" "curl/7.29.0"
74.206.190.116 - - [27/Jan/2026:10:30:09 -0500] "GET / HTTP/1.1" 200 27813 "-" "curl/7.29.0"
74.206.190.116 - - [27/Jan/2026:10:35:11 -0500] "GET / HTTP/1.1" 200 27813 "-" "curl/7.29.0"
74.206.190.116 - - [27/Jan/2026:10:40:23 -0500] "GET / HTTP/1.1" 200 27813 "-" "curl/7.29.0"
5.175.147.63 - - [27/Jan/2026:10:40:28 -0500] "GET /index.php/uncategorized/blonde-lesbians.html HTTP/1.1" 200 20033 "https://www.google.com/" "Mozilla/5.0 (Windows NT 10.0; Win64; x64) AppleWebKit/537.36 (KHTML, like Gecko) Chrome/126.0.4304.62 Safari/537.36"
74.206.190.116 - - [27/Jan/2026:10:45:13 -0500] "GET / HTTP/1.1" 200 27813 "-" "curl/7.29.0"
74.206.190.116 - - [27/Jan/2026:10:50:10 -0500] "GET / HTTP/1.1" 200 27813 "-" "curl/7.29.0"
74.206.190.116 - - [27/Jan/2026:10:55:10 -0500] "GET / HTTP/1.1" 200 27813 "-" "curl/7.29.0"
74.206.190.116 - - [27/Jan/2026:11:00:20 -0500] "GET / HTTP/1.1" 200 27813 "-" "curl/7.29.0"
74.206.190.116 - - [27/Jan/2026:11:05:10 -0500] "POST /wp-cron.php?doing_wp_cron=1769529910.5139760971069335937500 HTTP/1.1" 200 - "http://www.drunkmovies.com/wp-cron.php?doing_wp_cron=1769529910.5139760971069335937500" "WordPress/4.9.16; http://www.drunkmovies.com"
74.206.190.116 - - [27/Jan/2026:11:05:10 -0500] "GET / HTTP/1.1" 200 27813 "-" "curl/7.29.0"
51.210.214.160 - - [27/Jan/2026:11:08:20 -0500] "GET /index.php/category/big-breast-teen/feed HTTP/1.1" 200 3538 "-" "Mozilla/5.0 (X11; Linux i686) AppleWebKit/537.36 (KHTML, like Gecko) Chrome/30.0.1599.66 Safari/537.36"
74.206.190.116 - - [27/Jan/2026:11:10:10 -0500] "GET / HTTP/1.1" 200 27813 "-" "curl/7.29.0"
74.206.190.116 - - [27/Jan/2026:11:15:10 -0500] "POST /wp-cron.php?doing_wp_cron=1769530510.8977110385894775390625 HTTP/1.1" 200 - "http://www.drunkmovies.com/wp-cron.php?doing_wp_cron=1769530510.8977110385894775390625" "WordPress/4.9.16; http://www.drunkmovies.com"
74.206.190.116 - - [27/Jan/2026:11:15:10 -0500] "GET / HTTP/1.1" 200 27813 "-" "curl/7.29.0"
74.206.190.116 - - [27/Jan/2026:11:20:18 -0500] "GET / HTTP/1.1" 200 27813 "-" "curl/7.29.0"
74.206.190.116 - - [27/Jan/2026:11:25:10 -0500] "GET / HTTP/1.1" 200 27813 "-" "curl/7.29.0"
74.206.190.116 - - [27/Jan/2026:11:30:10 -0500] "GET / HTTP/1.1" 200 27813 "-" "curl/7.29.0"
51.210.214.160 - - [27/Jan/2026:11:33:25 -0500] "GET /index.php/brunette-teen/pretty-amateur-teen.html/feed HTTP/1.1" 200 1350 "-" "Mozilla/5.0 (X11; Linux i686) AppleWebKit/537.36 (KHTML, like Gecko) Chrome/30.0.1599.66 Safari/537.36"
74.206.190.116 - - [27/Jan/2026:11:35:09 -0500] "GET / HTTP/1.1" 200 27813 "-" "curl/7.29.0"
74.206.190.116 - - [27/Jan/2026:11:40:22 -0500] "GET / HTTP/1.1" 200 27813 "-" "curl/7.29.0"
43.166.136.202 - - [27/Jan/2026:11:41:10 -0500] "GET / HTTP/1.1" 200 27813 "-" "Mozilla/5.0 (iPhone; CPU iPhone OS 13_2_3 like Mac OS X) AppleWebKit/605.1.15 (KHTML, like Gecko) Version/13.0.3 Mobile/15E148 Safari/604.1"
74.206.190.116 - - [27/Jan/2026:11:45:10 -0500] "GET / HTTP/1.1" 200 27813 "-" "curl/7.29.0"
43.128.156.124 - - [27/Jan/2026:11:49:26 -0500] "GET / HTTP/1.1" 301 - "-" "Mozilla/5.0 (iPhone; CPU iPhone OS 13_2_3 like Mac OS X) AppleWebKit/605.1.15 (KHTML, like Gecko) Version/13.0.3 Mobile/15E148 Safari/604.1"
43.128.156.124 - - [27/Jan/2026:11:49:27 -0500] "GET / HTTP/1.1" 200 27813 "http://drunkmovies.com" "Mozilla/5.0 (iPhone; CPU iPhone OS 13_2_3 like Mac OS X) AppleWebKit/605.1.15 (KHTML, like Gecko) Version/13.0.3 Mobile/15E148 Safari/604.1"
74.206.190.116 - - [27/Jan/2026:11:50:09 -0500] "GET / HTTP/1.1" 200 27813 "-" "curl/7.29.0"
74.206.190.116 - - [27/Jan/2026:11:55:10 -0500] "GET / HTTP/1.1" 200 27813 "-" "curl/7.29.0"
74.206.190.116 - - [27/Jan/2026:12:00:20 -0500] "GET / HTTP/1.1" 200 27813 "-" "curl/7.29.0"
74.206.190.116 - - [27/Jan/2026:12:05:11 -0500] "POST /wp-cron.php?doing_wp_cron=1769533511.1332459449768066406250 HTTP/1.1" 200 - "http://www.drunkmovies.com/wp-cron.php?doing_wp_cron=1769533511.1332459449768066406250" "WordPress/4.9.16; http://www.drunkmovies.com"
74.206.190.116 - - [27/Jan/2026:12:05:10 -0500] "GET / HTTP/1.1" 200 27813 "-" "curl/7.29.0"
74.206.190.116 - - [27/Jan/2026:12:10:09 -0500] "GET / HTTP/1.1" 200 27813 "-" "curl/7.29.0"
74.206.190.116 - - [27/Jan/2026:12:15:12 -0500] "POST /wp-cron.php?doing_wp_cron=1769534112.7844939231872558593750 HTTP/1.1" 200 - "http://www.drunkmovies.com/wp-cron.php?doing_wp_cron=1769534112.7844939231872558593750" "WordPress/4.9.16; http://www.drunkmovies.com"
74.206.190.116 - - [27/Jan/2026:12:15:12 -0500] "GET / HTTP/1.1" 200 27813 "-" "curl/7.29.0"
74.206.190.116 - - [27/Jan/2026:12:20:16 -0500] "GET / HTTP/1.1" 200 27813 "-" "curl/7.29.0"
74.206.190.116 - - [27/Jan/2026:12:25:09 -0500] "GET / HTTP/1.1" 200 27813 "-" "curl/7.29.0"
74.206.190.116 - - [27/Jan/2026:12:30:09 -0500] "GET / HTTP/1.1" 200 27813 "-" "curl/7.29.0"
216.81.248.168 - - [27/Jan/2026:12:30:13 -0500] "GET //www.drunkstrippers.com/index.php HTTP/1.1" 302 278 "-" "Mozilla/5.0 (X11; Linux x86_64) AppleWebKit/537.36 (KHTML, like Gecko) Ubuntu Chromium/71.0.3578.98 Chrome/71.0.3578.98 Safari/537.36"
45.61.188.177 - - [27/Jan/2026:12:30:29 -0500] "GET /wp-login.php HTTP/1.1" 200 2424 "-" "Mozilla/5.0 (Windows NT 5.1; rv:30.0) Gecko/20100101 Firefox/30.0"
45.61.188.177 - - [27/Jan/2026:12:30:30 -0500] "POST /wp-login.php HTTP/1.1" 200 3369 "-" "Mozilla/5.0 (Windows NT 5.1; rv:30.0) Gecko/20100101 Firefox/30.0"
74.206.190.116 - - [27/Jan/2026:12:35:10 -0500] "GET / HTTP/1.1" 200 27813 "-" "curl/7.29.0"
51.210.214.160 - - [27/Jan/2026:12:39:23 -0500] "GET /index.php/category/blonde-teen/feed HTTP/1.1" 200 7898 "-" "Mozilla/5.0 (X11; Linux i686) AppleWebKit/537.36 (KHTML, like Gecko) Chrome/30.0.1599.66 Safari/537.36"
74.206.190.116 - - [27/Jan/2026:12:40:20 -0500] "GET / HTTP/1.1" 200 27813 "-" "curl/7.29.0"
74.206.190.116 - - [27/Jan/2026:12:45:10 -0500] "GET / HTTP/1.1" 200 27813 "-" "curl/7.29.0"
51.210.214.160 - - [27/Jan/2026:12:46:07 -0500] "GET /index.php/tag/nude/feed HTTP/1.1" 200 7928 "-" "Mozilla/5.0 (X11; Linux i686) AppleWebKit/537.36 (KHTML, like Gecko) Chrome/30.0.1599.66 Safari/537.36"
74.206.190.116 - - [27/Jan/2026:12:50:10 -0500] "GET / HTTP/1.1" 200 27813 "-" "curl/7.29.0"
40.83.96.65 - - [27/Jan/2026:12:53:03 -0500] "GET //wp-content/plugins/fix/up.php HTTP/1.1" 302 278 "-" "Mozilla/5.0 (Windows NT 10.0; Win64; x64) AppleWebKit/537.36 (KHTML, like Gecko) Chrome/85.0.4183.102 Safari/537.36"
74.206.190.116 - - [27/Jan/2026:12:55:09 -0500] "POST /wp-cron.php?doing_wp_cron=1769536509.6446869373321533203125 HTTP/1.1" 200 - "http://www.drunkmovies.com/wp-cron.php?doing_wp_cron=1769536509.6446869373321533203125" "WordPress/4.9.16; http://www.drunkmovies.com"
74.206.190.116 - - [27/Jan/2026:12:55:09 -0500] "GET / HTTP/1.1" 200 27813 "-" "curl/7.29.0"
74.206.190.116 - - [27/Jan/2026:13:00:16 -0500] "GET / HTTP/1.1" 200 27813 "-" "curl/7.29.0"
74.206.190.116 - - [27/Jan/2026:13:05:11 -0500] "POST /wp-cron.php?doing_wp_cron=1769537111.7259581089019775390625 HTTP/1.1" 200 - "http://www.drunkmovies.com/wp-cron.php?doing_wp_cron=1769537111.7259581089019775390625" "WordPress/4.9.16; http://www.drunkmovies.com"
74.206.190.116 - - [27/Jan/2026:13:05:11 -0500] "GET / HTTP/1.1" 200 27813 "-" "curl/7.29.0"
74.206.190.116 - - [27/Jan/2026:13:10:09 -0500] "GET / HTTP/1.1" 200 27813 "-" "curl/7.29.0"
74.206.190.116 - - [27/Jan/2026:13:15:13 -0500] "POST /wp-cron.php?doing_wp_cron=1769537713.0615510940551757812500 HTTP/1.1" 200 - "http://www.drunkmovies.com/wp-cron.php?doing_wp_cron=1769537713.0615510940551757812500" "WordPress/4.9.16; http://www.drunkmovies.com"
74.206.190.116 - - [27/Jan/2026:13:15:12 -0500] "GET / HTTP/1.1" 200 27813 "-" "curl/7.29.0"
62.141.44.236 - - [27/Jan/2026:13:17:28 -0500] "GET / HTTP/1.1" 301 - "-" "Mozilla/5.0 (Windows NT 10.0; Win64; x64) AppleWebKit/537.36 (KHTML, like Gecko) Chrome/91.0.4472.114 Safari/537.36 Edg/91.0.864.54"
62.141.44.236 - - [27/Jan/2026:13:17:29 -0500] "GET / HTTP/1.1" 200 27813 "-" "Mozilla/5.0 (Windows NT 10.0; Win64; x64) AppleWebKit/537.36 (KHTML, like Gecko) Chrome/91.0.4472.114 Safari/537.36 Edg/91.0.864.54"
74.206.190.116 - - [27/Jan/2026:13:20:20 -0500] "GET / HTTP/1.1" 200 27813 "-" "curl/7.29.0"
74.206.190.116 - - [27/Jan/2026:13:25:11 -0500] "GET / HTTP/1.1" 200 27813 "-" "curl/7.29.0"
74.206.190.116 - - [27/Jan/2026:13:30:10 -0500] "GET / HTTP/1.1" 200 27813 "-" "curl/7.29.0"
74.206.190.116 - - [27/Jan/2026:13:35:10 -0500] "GET / HTTP/1.1" 200 27813 "-" "curl/7.29.0"
205.185.126.5 - - [27/Jan/2026:13:40:04 -0500] "GET /wp-login.php HTTP/1.1" 200 2424 "-" "Mozilla/5.0 (X11; Ubuntu; Linux x86_64; rv:31.0) Gecko/20100101 Firefox/31.0"
205.185.126.5 - - [27/Jan/2026:13:40:06 -0500] "POST /wp-login.php HTTP/1.1" 200 3369 "-" "Mozilla/5.0 (X11; Ubuntu; Linux x86_64; rv:31.0) Gecko/20100101 Firefox/31.0"
74.206.190.116 - - [27/Jan/2026:13:40:23 -0500] "GET / HTTP/1.1" 200 27813 "-" "curl/7.29.0"
74.206.190.116 - - [27/Jan/2026:13:45:10 -0500] "GET / HTTP/1.1" 200 27813 "-" "curl/7.29.0"
74.206.190.116 - - [27/Jan/2026:13:50:09 -0500] "GET / HTTP/1.1" 200 27813 "-" "curl/7.29.0"
51.210.214.160 - - [27/Jan/2026:13:51:21 -0500] "GET /index.php/category/big-breast-teen/feed HTTP/1.1" 200 3538 "-" "Mozilla/5.0 (X11; Linux i686) AppleWebKit/537.36 (KHTML, like Gecko) Chrome/30.0.1599.66 Safari/537.36"
74.206.190.116 - - [27/Jan/2026:13:55:10 -0500] "GET / HTTP/1.1" 200 27813 "-" "curl/7.29.0"
114.119.143.11 - - [27/Jan/2026:13:59:01 -0500] "GET /index.php/blonde-teen/blonde-movies-tube.html HTTP/1.1" 200 27188 "http://www.drunkmovies.com/index.php/blonde-teen/play-with-paris-movie.html" "Mozilla/5.0 (Linux; Android 7.0;) AppleWebKit/537.36 (KHTML, like Gecko) Mobile Safari/537.36 (compatible; PetalBot;+https://webmaster.petalsearch.com/site/petalbot)"
74.206.190.116 - - [27/Jan/2026:14:00:20 -0500] "GET / HTTP/1.1" 200 27813 "-" "curl/7.29.0"
74.206.190.116 - - [27/Jan/2026:14:05:10 -0500] "POST /wp-cron.php?doing_wp_cron=1769540710.0310919284820556640625 HTTP/1.1" 200 - "http://www.drunkmovies.com/wp-cron.php?doing_wp_cron=1769540710.0310919284820556640625" "WordPress/4.9.16; http://www.drunkmovies.com"
74.206.190.116 - - [27/Jan/2026:14:05:09 -0500] "GET / HTTP/1.1" 200 27813 "-" "curl/7.29.0"
47.128.51.46 - - [27/Jan/2026:14:08:33 -0500] "GET /index.php/uncategorized/blonde-lesbians.html HTTP/1.1" 200 20033 "-" "Mozilla/5.0 (Linux; Android 5.0) AppleWebKit/537.36 (KHTML, like Gecko) Mobile Safari/537.36 (compatible; Bytespider; spider-feedback@bytedance.com)"
74.206.190.116 - - [27/Jan/2026:14:10:10 -0500] "GET / HTTP/1.1" 200 27813 "-" "curl/7.29.0"
47.128.39.67 - - [27/Jan/2026:14:12:40 -0500] "GET /robots.txt HTTP/1.1" 200 29 "-" "Mozilla/5.0 (Linux; Android 5.0) AppleWebKit/537.36 (KHTML, like Gecko) Mobile Safari/537.36 (compatible; Bytespider; spider-feedback@bytedance.com)"
74.206.190.116 - - [27/Jan/2026:14:14:35 -0500] "POST /wp-cron.php?doing_wp_cron=1769541275.3704359531402587890625 HTTP/1.1" 200 - "http://www.drunkmovies.com/wp-cron.php?doing_wp_cron=1769541275.3704359531402587890625" "WordPress/4.9.16; http://www.drunkmovies.com"
43.140.247.223 - - [27/Jan/2026:14:14:35 -0500] "GET / HTTP/1.1" 200 27813 "-" "Mozilla/5.0 (iPhone; CPU iPhone OS 13_2_3 like Mac OS X) AppleWebKit/605.1.15 (KHTML, like Gecko) Version/13.0.3 Mobile/15E148 Safari/604.1"
74.206.190.116 - - [27/Jan/2026:14:15:10 -0500] "GET / HTTP/1.1" 200 27813 "-" "curl/7.29.0"
114.119.149.228 - - [27/Jan/2026:14:18:10 -0500] "GET /index.php/page/1 HTTP/1.1" 200 27813 "http://www.drunkmovies.com/index.php/page/2" "Mozilla/5.0 (Linux; Android 7.0;) AppleWebKit/537.36 (KHTML, like Gecko) Mobile Safari/537.36 (compatible; PetalBot;+https://webmaster.petalsearch.com/site/petalbot)"
74.206.190.116 - - [27/Jan/2026:14:20:21 -0500] "GET / HTTP/1.1" 200 27813 "-" "curl/7.29.0"
74.206.190.116 - - [27/Jan/2026:14:25:09 -0500] "GET / HTTP/1.1" 200 27813 "-" "curl/7.29.0"
51.210.214.160 - - [27/Jan/2026:14:26:26 -0500] "GET /index.php/brunette-teen/pretty-amateur-teen.html/feed HTTP/1.1" 200 1350 "-" "Mozilla/5.0 (X11; Linux i686) AppleWebKit/537.36 (KHTML, like Gecko) Chrome/30.0.1599.66 Safari/537.36"
74.206.190.116 - - [27/Jan/2026:14:30:10 -0500] "GET / HTTP/1.1" 200 27813 "-" "curl/7.29.0"
74.206.190.116 - - [27/Jan/2026:14:35:10 -0500] "GET / HTTP/1.1" 200 27813 "-" "curl/7.29.0"
74.206.190.116 - - [27/Jan/2026:14:40:18 -0500] "GET / HTTP/1.1" 200 27813 "-" "curl/7.29.0"
74.206.190.116 - - [27/Jan/2026:14:45:10 -0500] "GET / HTTP/1.1" 200 27813 "-" "curl/7.29.0"
74.206.190.116 - - [27/Jan/2026:14:50:10 -0500] "GET / HTTP/1.1" 200 27813 "-" "curl/7.29.0"
74.206.190.116 - - [27/Jan/2026:14:55:10 -0500] "GET / HTTP/1.1" 200 27813 "-" "curl/7.29.0"
74.206.190.116 - - [27/Jan/2026:15:00:20 -0500] "GET / HTTP/1.1" 200 27813 "-" "curl/7.29.0"
74.206.190.116 - - [27/Jan/2026:15:05:12 -0500] "POST /wp-cron.php?doing_wp_cron=1769544312.0109779834747314453125 HTTP/1.1" 200 - "http://www.drunkmovies.com/wp-cron.php?doing_wp_cron=1769544312.0109779834747314453125" "WordPress/4.9.16; http://www.drunkmovies.com"
74.206.190.116 - - [27/Jan/2026:15:05:11 -0500] "GET / HTTP/1.1" 200 27813 "-" "curl/7.29.0"
74.206.190.116 - - [27/Jan/2026:15:10:13 -0500] "POST /wp-cron.php?doing_wp_cron=1769544613.9489068984985351562500 HTTP/1.1" 200 - "http://www.drunkmovies.com/wp-cron.php?doing_wp_cron=1769544613.9489068984985351562500" "WordPress/4.9.16; http://www.drunkmovies.com"
74.206.190.116 - - [27/Jan/2026:15:10:13 -0500] "GET / HTTP/1.1" 200 27813 "-" "curl/7.29.0"
74.206.190.116 - - [27/Jan/2026:15:15:12 -0500] "GET / HTTP/1.1" 200 27813 "-" "curl/7.29.0"
51.210.214.160 - - [27/Jan/2026:15:17:23 -0500] "GET /index.php/category/blonde-teen/feed HTTP/1.1" 200 7898 "-" "Mozilla/5.0 (X11; Linux i686) AppleWebKit/537.36 (KHTML, like Gecko) Chrome/30.0.1599.66 Safari/537.36"
74.206.190.116 - - [27/Jan/2026:15:20:20 -0500] "GET / HTTP/1.1" 200 27813 "-" "curl/7.29.0"
74.206.190.116 - - [27/Jan/2026:15:25:11 -0500] "GET / HTTP/1.1" 200 27813 "-" "curl/7.29.0"
74.206.190.116 - - [27/Jan/2026:15:30:11 -0500] "GET / HTTP/1.1" 200 27813 "-" "curl/7.29.0"
74.206.190.116 - - [27/Jan/2026:15:35:10 -0500] "GET / HTTP/1.1" 200 27813 "-" "curl/7.29.0"
74.206.190.116 - - [27/Jan/2026:15:40:20 -0500] "GET / HTTP/1.1" 200 27813 "-" "curl/7.29.0"
74.206.190.116 - - [27/Jan/2026:15:45:10 -0500] "GET / HTTP/1.1" 200 27813 "-" "curl/7.29.0"
74.206.190.116 - - [27/Jan/2026:15:50:10 -0500] "GET / HTTP/1.1" 200 27813 "-" "curl/7.29.0"
114.119.149.228 - - [27/Jan/2026:15:50:21 -0500] "GET /index.php/uncategorized/drunk-brunette-nude.html HTTP/1.1" 301 - "http://www.drunkmovies.com/index.php/tag/teen-tube" "Mozilla/5.0 (Linux; Android 7.0;) AppleWebKit/537.36 (KHTML, like Gecko) Mobile Safari/537.36 (compatible; PetalBot;+https://webmaster.petalsearch.com/site/petalbot)"
114.119.149.228 - - [27/Jan/2026:15:50:22 -0500] "GET /index.php/brunette-teen/drunk-brunette-nude.html HTTP/1.1" 200 27087 "http://www.drunkmovies.com/index.php/tag/teen-tube" "Mozilla/5.0 (Linux; Android 7.0;) AppleWebKit/537.36 (KHTML, like Gecko) Mobile Safari/537.36 (compatible; PetalBot;+https://webmaster.petalsearch.com/site/petalbot)"
203.19.38.114 - - [27/Jan/2026:15:51:12 -0500] "GET /wp-json/wp/v2/posts HTTP/1.1" 302 278 "-" "Mozilla/5.0 (Windows NT 10.0; Win64; x64) AppleWebKit/537.36 (KHTML, like Gecko) Chrome/120.0.0.0 Safari/537.36"
74.206.190.116 - - [27/Jan/2026:15:55:09 -0500] "GET / HTTP/1.1" 200 27813 "-" "curl/7.29.0"
74.206.190.116 - - [27/Jan/2026:16:00:25 -0500] "GET / HTTP/1.1" 200 27813 "-" "curl/7.29.0"
74.206.190.116 - - [27/Jan/2026:16:05:11 -0500] "POST /wp-cron.php?doing_wp_cron=1769547911.0611319541931152343750 HTTP/1.1" 200 - "http://www.drunkmovies.com/wp-cron.php?doing_wp_cron=1769547911.0611319541931152343750" "WordPress/4.9.16; http://www.drunkmovies.com"
74.206.190.116 - - [27/Jan/2026:16:05:10 -0500] "GET / HTTP/1.1" 200 27813 "-" "curl/7.29.0"
51.210.214.160 - - [27/Jan/2026:16:09:08 -0500] "GET /index.php/tag/nude/feed HTTP/1.1" 200 7928 "-" "Mozilla/5.0 (X11; Linux i686) AppleWebKit/537.36 (KHTML, like Gecko) Chrome/30.0.1599.66 Safari/537.36"
74.206.190.116 - - [27/Jan/2026:16:10:11 -0500] "POST /wp-cron.php?doing_wp_cron=1769548211.2652230262756347656250 HTTP/1.1" 200 - "http://www.drunkmovies.com/wp-cron.php?doing_wp_cron=1769548211.2652230262756347656250" "WordPress/4.9.16; http://www.drunkmovies.com"
74.206.190.116 - - [27/Jan/2026:16:10:11 -0500] "GET / HTTP/1.1" 200 27813 "-" "curl/7.29.0"
74.206.190.116 - - [27/Jan/2026:16:15:10 -0500] "GET / HTTP/1.1" 200 27813 "-" "curl/7.29.0"
74.206.190.116 - - [27/Jan/2026:16:20:22 -0500] "GET / HTTP/1.1" 200 27813 "-" "curl/7.29.0"
104.156.254.210 - - [27/Jan/2026:16:23:07 -0500] "GET /?route=checkout/cart HTTP/1.1" 301 - "-" "Mozilla/5.0 (Windows NT 10.0; Win64; x64) AppleWebKit/537.36 (KHTML, like Gecko) Chrome/91.0.4472.124 Safari/537.36"
104.156.254.210 - - [27/Jan/2026:16:23:08 -0500] "GET /?route=checkout/cart HTTP/1.1" 200 27857 "http://drunkmovies.com/?route=checkout/cart" "Mozilla/5.0 (Windows NT 10.0; Win64; x64) AppleWebKit/537.36 (KHTML, like Gecko) Chrome/91.0.4472.124 Safari/537.36"
74.206.190.116 - - [27/Jan/2026:16:25:12 -0500] "GET / HTTP/1.1" 200 27813 "-" "curl/7.29.0"
74.206.190.116 - - [27/Jan/2026:16:30:09 -0500] "GET / HTTP/1.1" 200 27813 "-" "curl/7.29.0"
51.210.214.160 - - [27/Jan/2026:16:31:50 -0500] "GET /index.php/brunette-teen/kate-licking-her-tits.html/feed HTTP/1.1" 200 868 "-" "Mozilla/5.0 (X11; Linux i686) AppleWebKit/537.36 (KHTML, like Gecko) Chrome/30.0.1599.66 Safari/537.36"
74.206.190.116 - - [27/Jan/2026:16:35:10 -0500] "GET / HTTP/1.1" 200 27813 "-" "curl/7.29.0"
74.206.190.116 - - [27/Jan/2026:16:40:21 -0500] "GET / HTTP/1.1" 200 27813 "-" "curl/7.29.0"
51.210.214.160 - - [27/Jan/2026:16:40:21 -0500] "GET /index.php/category/big-breast-teen/feed HTTP/1.1" 200 3538 "-" "Mozilla/5.0 (X11; Linux i686) AppleWebKit/537.36 (KHTML, like Gecko) Chrome/30.0.1599.66 Safari/537.36"
74.206.190.116 - - [27/Jan/2026:16:45:10 -0500] "GET / HTTP/1.1" 200 27813 "-" "curl/7.29.0"
74.206.190.116 - - [27/Jan/2026:16:50:11 -0500] "GET / HTTP/1.1" 200 27813 "-" "curl/7.29.0"
74.206.190.116 - - [27/Jan/2026:16:55:10 -0500] "GET / HTTP/1.1" 200 27813 "-" "curl/7.29.0"
51.210.214.160 - - [27/Jan/2026:16:56:25 -0500] "GET /index.php/redhead-teen/teen-amateur-tube.html/feed HTTP/1.1" 200 1814 "-" "Mozilla/5.0 (X11; Linux i686) AppleWebKit/537.36 (KHTML, like Gecko) Chrome/30.0.1599.66 Safari/537.36"
74.206.190.116 - - [27/Jan/2026:17:00:20 -0500] "GET / HTTP/1.1" 200 27813 "-" "curl/7.29.0"
51.210.214.160 - - [27/Jan/2026:17:02:27 -0500] "GET /index.php/brunette-teen/pretty-amateur-teen.html/feed HTTP/1.1" 200 1350 "-" "Mozilla/5.0 (X11; Linux i686) AppleWebKit/537.36 (KHTML, like Gecko) Chrome/30.0.1599.66 Safari/537.36"
74.206.190.116 - - [27/Jan/2026:17:05:10 -0500] "POST /wp-cron.php?doing_wp_cron=1769551510.2559208869934082031250 HTTP/1.1" 200 - "http://www.drunkmovies.com/wp-cron.php?doing_wp_cron=1769551510.2559208869934082031250" "WordPress/4.9.16; http://www.drunkmovies.com"
74.206.190.116 - - [27/Jan/2026:17:05:10 -0500] "GET / HTTP/1.1" 200 27813 "-" "curl/7.29.0"
74.206.190.116 - - [27/Jan/2026:17:10:11 -0500] "POST /wp-cron.php?doing_wp_cron=1769551811.4255409240722656250000 HTTP/1.1" 200 - "http://www.drunkmovies.com/wp-cron.php?doing_wp_cron=1769551811.4255409240722656250000" "WordPress/4.9.16; http://www.drunkmovies.com"
74.206.190.116 - - [27/Jan/2026:17:10:11 -0500] "GET / HTTP/1.1" 200 27813 "-" "curl/7.29.0"
74.206.190.116 - - [27/Jan/2026:17:15:11 -0500] "GET / HTTP/1.1" 200 27813 "-" "curl/7.29.0"
74.206.190.116 - - [27/Jan/2026:17:20:19 -0500] "GET / HTTP/1.1" 200 27813 "-" "curl/7.29.0"
145.239.10.137 - - [27/Jan/2026:17:25:07 -0500] "GET /ola.php HTTP/1.1" 302 278 "http://drunkmovies.com/ola.php" "Mozilla/5.0 (iPhone; CPU iPhone OS 17_5_1 like Mac OS X) AppleWebKit/605.1.15 (KHTML, like Gecko) Version/17.5 Mobile/15E148 Safari/604.1"
74.206.190.116 - - [27/Jan/2026:17:25:10 -0500] "GET / HTTP/1.1" 200 27813 "-" "curl/7.29.0"
145.239.10.137 - - [27/Jan/2026:17:26:53 -0500] "GET /g.php HTTP/1.1" 302 278 "http://drunkmovies.com/g.php" "Mozilla/5.0 (iPhone; CPU iPhone OS 17_5_1 like Mac OS X) AppleWebKit/605.1.15 (KHTML, like Gecko) Version/17.5 Mobile/15E148 Safari/604.1"
43.128.67.187 - - [27/Jan/2026:17:29:26 -0500] "GET / HTTP/1.1" 200 27813 "-" "Mozilla/5.0 (iPhone; CPU iPhone OS 13_2_3 like Mac OS X) AppleWebKit/605.1.15 (KHTML, like Gecko) Version/13.0.3 Mobile/15E148 Safari/604.1"
74.206.190.116 - - [27/Jan/2026:17:30:10 -0500] "GET / HTTP/1.1" 200 27813 "-" "curl/7.29.0"
90.237.47.72 - - [27/Jan/2026:17:31:50 -0500] "GET / HTTP/1.1" 200 27813 "https://www.google.com/url?q=http://www.drunkmovies.com/&sa=U&ved=2ahUKEwiV_MCC46ySAxXYA9sEHZmxMkkQFnoECCsQAQ&usg=AOvVaw1GIQOl_zhZrvJu_tRcqOm5" "Mozilla/5.0 (iPhone; CPU iPhone OS 26_2_0 like Mac OS X) AppleWebKit/605.1.15 (KHTML, like Gecko) GSA/404.0.856692123 Mobile/15E148 Safari/604.1"
90.237.47.72 - - [27/Jan/2026:17:31:51 -0500] "GET /video.mp4 HTTP/1.1" 302 282 "http://www.drunkmovies.com/" "Mozilla/5.0 (iPhone; CPU iPhone OS 26_2_0 like Mac OS X) AppleWebKit/605.1.15 (KHTML, like Gecko) GSA/404.0.856692123 Mobile/15E148 Safari/604.1"
90.237.47.72 - - [27/Jan/2026:17:32:17 -0500] "GET /index.php/page/2 HTTP/1.1" 200 25496 "https://www.google.com/url?q=http://www.drunkmovies.com/index.php/page/2&sa=U&ved=2ahUKEwiV_MCC46ySAxXYA9sEHZmxMkkQFnoECCgQAQ&usg=AOvVaw3TS4uOURTKsCIrNf3R8uGq" "Mozilla/5.0 (iPhone; CPU iPhone OS 26_2_0 like Mac OS X) AppleWebKit/605.1.15 (KHTML, like Gecko) GSA/404.0.856692123 Mobile/15E148 Safari/604.1"
90.237.47.72 - - [27/Jan/2026:17:32:17 -0500] "GET /index.php/page/video.mp4 HTTP/1.1" 404 19437 "http://www.drunkmovies.com/index.php/page/2" "Mozilla/5.0 (iPhone; CPU iPhone OS 26_2_0 like Mac OS X) AppleWebKit/605.1.15 (KHTML, like Gecko) GSA/404.0.856692123 Mobile/15E148 Safari/604.1"
74.206.190.116 - - [27/Jan/2026:17:35:12 -0500] "GET / HTTP/1.1" 200 27813 "-" "curl/7.29.0"
43.159.132.207 - - [27/Jan/2026:17:40:07 -0500] "GET / HTTP/1.1" 301 - "-" "Mozilla/5.0 (iPhone; CPU iPhone OS 13_2_3 like Mac OS X) AppleWebKit/605.1.15 (KHTML, like Gecko) Version/13.0.3 Mobile/15E148 Safari/604.1"
43.159.132.207 - - [27/Jan/2026:17:40:09 -0500] "GET / HTTP/1.1" 200 27813 "http://drunkmovies.com" "Mozilla/5.0 (iPhone; CPU iPhone OS 13_2_3 like Mac OS X) AppleWebKit/605.1.15 (KHTML, like Gecko) Version/13.0.3 Mobile/15E148 Safari/604.1"
74.206.190.116 - - [27/Jan/2026:17:40:19 -0500] "GET / HTTP/1.1" 200 27813 "-" "curl/7.29.0"
74.206.190.116 - - [27/Jan/2026:17:45:10 -0500] "GET / HTTP/1.1" 200 27813 "-" "curl/7.29.0"
83.217.208.0 - - [27/Jan/2026:17:46:02 -0500] "GET /wp-login.php HTTP/1.1" 200 2424 "-" "Mozilla/5.0 (Windows NT 6.3; WOW64; Trident/7.0; rv:11.0) like Gecko"
83.217.208.0 - - [27/Jan/2026:17:46:03 -0500] "POST /wp-login.php HTTP/1.1" 200 3369 "-" "Mozilla/5.0 (Windows NT 6.3; WOW64; Trident/7.0; rv:11.0) like Gecko"
74.206.190.116 - - [27/Jan/2026:17:50:11 -0500] "GET / HTTP/1.1" 200 27813 "-" "curl/7.29.0"
74.206.190.116 - - [27/Jan/2026:17:55:11 -0500] "GET / HTTP/1.1" 200 27813 "-" "curl/7.29.0"
74.206.190.116 - - [27/Jan/2026:18:00:24 -0500] "GET / HTTP/1.1" 200 27813 "-" "curl/7.29.0"
74.206.190.116 - - [27/Jan/2026:18:05:09 -0500] "POST /wp-cron.php?doing_wp_cron=1769555109.5994470119476318359375 HTTP/1.1" 200 - "http://www.drunkmovies.com/wp-cron.php?doing_wp_cron=1769555109.5994470119476318359375" "WordPress/4.9.16; http://www.drunkmovies.com"
74.206.190.116 - - [27/Jan/2026:18:05:09 -0500] "GET / HTTP/1.1" 200 27813 "-" "curl/7.29.0"
74.206.190.116 - - [27/Jan/2026:18:10:10 -0500] "GET / HTTP/1.1" 200 27813 "-" "curl/7.29.0"
185.194.178.89 - - [27/Jan/2026:18:11:29 -0500] "GET /vendor/phpunit/phpunit/phpunit.xsd HTTP/1.1" 302 278 "-" "Mozilla/5.0 (X11; Linux x86_64; rv:52.0) Gecko/20100101 Firefox/52.0"
74.206.190.116 - - [27/Jan/2026:18:15:22 -0500] "POST /wp-cron.php?doing_wp_cron=1769555722.1523859500885009765625 HTTP/1.1" 200 - "http://www.drunkmovies.com/wp-cron.php?doing_wp_cron=1769555722.1523859500885009765625" "WordPress/4.9.16; http://www.drunkmovies.com"
74.206.190.116 - - [27/Jan/2026:18:15:22 -0500] "GET / HTTP/1.1" 200 27813 "-" "curl/7.29.0"
74.206.190.116 - - [27/Jan/2026:18:20:18 -0500] "GET / HTTP/1.1" 200 27813 "-" "curl/7.29.0"
74.206.190.116 - - [27/Jan/2026:18:25:11 -0500] "GET / HTTP/1.1" 200 27813 "-" "curl/7.29.0"
35.235.66.126 - - [27/Jan/2026:18:25:59 -0500] "HEAD /backup/ HTTP/1.1" 302 - "-" "Mozilla/5.0 (iPad; CPU OS 17_4 like Mac OS X) AppleWebKit/605.1.15 (KHTML, like Gecko) Version/17.4 Mobile/15E148 Safari/604.1"
35.235.66.126 - - [27/Jan/2026:18:26:00 -0500] "HEAD /wp/ HTTP/1.1" 302 - "-" "Mozilla/5.0 (Linux; Android 14; Xiaomi 14 Pro) AppleWebKit/537.36 (KHTML, like Gecko) Chrome/126.0.6478.33 Mobile Safari/537.36"
35.235.66.126 - - [27/Jan/2026:18:26:00 -0500] "HEAD /new/ HTTP/1.1" 302 - "-" "Mozilla/5.0 (Linux; Android 11; moto g31) AppleWebKit/537.36 (KHTML, like Gecko) Chrome/122.0.6261.96 Mobile Safari/537.36"
35.235.66.126 - - [27/Jan/2026:18:26:01 -0500] "HEAD /blog/ HTTP/1.1" 302 - "-" "Mozilla/5.0 (Windows NT 10.0; Win64; x64; rv:127.0) Gecko/20100101 Firefox/127.0"
35.235.66.126 - - [27/Jan/2026:18:26:01 -0500] "HEAD / HTTP/1.1" 301 - "-" "Mozilla/5.0 (Linux; Android 12; Redmi Note 11) AppleWebKit/537.36 (KHTML, like Gecko) Chrome/123.0.6312.112 Mobile Safari/537.36"
35.235.66.126 - - [27/Jan/2026:18:26:01 -0500] "HEAD / HTTP/1.1" 200 - "http://drunkmovies.com/" "Mozilla/5.0 (Linux; Android 12; Redmi Note 11) AppleWebKit/537.36 (KHTML, like Gecko) Chrome/123.0.6312.112 Mobile Safari/537.36"
35.235.66.126 - - [27/Jan/2026:18:26:02 -0500] "HEAD /wordpress/ HTTP/1.1" 302 - "-" "Mozilla/5.0 (Linux; Android 12; TECNO CK6n) AppleWebKit/537.36 (KHTML, like Gecko) Chrome/125.0.6422.50 Mobile Safari/537.36"
35.235.66.126 - - [27/Jan/2026:18:26:02 -0500] "HEAD /old/ HTTP/1.1" 302 - "-" "Mozilla/5.0 (Linux; Android 13; Pixel 7a) AppleWebKit/537.36 (KHTML, like Gecko) Chrome/124.0.6367.82 Mobile Safari/537.36"
51.210.214.160 - - [27/Jan/2026:18:26:24 -0500] "GET /index.php/category/blonde-teen/feed HTTP/1.1" 200 7898 "-" "Mozilla/5.0 (X11; Linux i686) AppleWebKit/537.36 (KHTML, like Gecko) Chrome/30.0.1599.66 Safari/537.36"
74.206.190.116 - - [27/Jan/2026:18:30:10 -0500] "GET / HTTP/1.1" 200 27813 "-" "curl/7.29.0"
74.206.190.116 - - [27/Jan/2026:18:35:10 -0500] "GET / HTTP/1.1" 200 27813 "-" "curl/7.29.0"
74.206.190.116 - - [27/Jan/2026:18:40:23 -0500] "GET / HTTP/1.1" 200 27813 "-" "curl/7.29.0"
74.206.190.116 - - [27/Jan/2026:18:45:14 -0500] "GET / HTTP/1.1" 200 27813 "-" "curl/7.29.0"
74.206.190.116 - - [27/Jan/2026:18:50:11 -0500] "GET / HTTP/1.1" 200 27813 "-" "curl/7.29.0"
74.206.190.116 - - [27/Jan/2026:18:55:10 -0500] "GET / HTTP/1.1" 200 27813 "-" "curl/7.29.0"
104.244.75.194 - - [27/Jan/2026:18:57:30 -0500] "GET /wp-login.php HTTP/1.1" 200 2424 "-" "Mozilla/5.0 (Windows NT 6.1; Trident/7.0; rv:11.0) like Gecko"
104.244.75.194 - - [27/Jan/2026:18:57:31 -0500] "POST /wp-login.php HTTP/1.1" 200 3369 "-" "Mozilla/5.0 (Windows NT 6.1; Trident/7.0; rv:11.0) like Gecko"
74.206.190.116 - - [27/Jan/2026:19:00:14 -0500] "GET / HTTP/1.1" 200 27813 "-" "curl/7.29.0"
74.206.190.116 - - [27/Jan/2026:19:05:11 -0500] "POST /wp-cron.php?doing_wp_cron=1769558711.2510769367218017578125 HTTP/1.1" 200 - "http://www.drunkmovies.com/wp-cron.php?doing_wp_cron=1769558711.2510769367218017578125" "WordPress/4.9.16; http://www.drunkmovies.com"
74.206.190.116 - - [27/Jan/2026:19:05:11 -0500] "GET / HTTP/1.1" 200 27813 "-" "curl/7.29.0"
51.75.119.168 - - [27/Jan/2026:19:06:24 -0500] "GET /robots.txt HTTP/1.1" 302 278 "-" "Mozilla/5.0 (compatible; MJ12bot/v1.4.8; http://mj12bot.com/)"
51.75.119.168 - - [27/Jan/2026:19:06:26 -0500] "GET /fiona.php?r=&xit=&nt=/ HTTP/1.1" 302 278 "-" "Mozilla/5.0 (compatible; MJ12bot/v1.4.8; http://mj12bot.com/)"
51.75.119.168 - - [27/Jan/2026:19:06:51 -0500] "GET /foam.php?r=&xit=&nt=/ HTTP/1.1" 302 278 "-" "Mozilla/5.0 (compatible; MJ12bot/v1.4.8; http://mj12bot.com/)"
