80.94.95.211 - - [27/Jan/2026:08:10:02 -0500] "GET /wp-admin/index.php HTTP/1.1" 404 288 "http://www.youngtubeporn.com/wp-login.php" "Mozilla/5.0 (Windows NT 11.0; Win64; x64; rv:118.0) Gecko/20100101 Firefox/118.0"
80.94.95.211 - - [27/Jan/2026:08:10:02 -0500] "GET /wp-admin/profile.php HTTP/1.1" 404 290 "http://www.youngtubeporn.com/wp-login.php" "Mozilla/5.0 (Windows NT 11.0; Win64; x64; rv:118.0) Gecko/20100101 Firefox/118.0"
80.94.95.211 - - [27/Jan/2026:08:10:03 -0500] "GET /wp-admin/edit.php HTTP/1.1" 404 287 "http://www.youngtubeporn.com/wp-login.php" "Mozilla/5.0 (Windows NT 11.0; Win64; x64; rv:118.0) Gecko/20100101 Firefox/118.0"
80.94.95.211 - - [27/Jan/2026:08:10:03 -0500] "GET /wp-admin/plugins.php HTTP/1.1" 404 290 "http://www.youngtubeporn.com/wp-login.php" "Mozilla/5.0 (Windows NT 11.0; Win64; x64; rv:118.0) Gecko/20100101 Firefox/118.0"
80.94.95.211 - - [27/Jan/2026:08:10:04 -0500] "GET /wp-admin/index.php HTTP/1.1" 404 288 "http://www.youngtubeporn.com/wp-login.php" "Mozilla/5.0 (Windows NT 11.0; Win64; x64) AppleWebKit/537.36 (KHTML, like Gecko) Chrome/119.0.0.0 Safari/537.36"
80.94.95.211 - - [27/Jan/2026:08:10:04 -0500] "GET /wp-admin/profile.php HTTP/1.1" 404 290 "http://www.youngtubeporn.com/wp-login.php" "Mozilla/5.0 (Windows NT 11.0; Win64; x64) AppleWebKit/537.36 (KHTML, like Gecko) Chrome/119.0.0.0 Safari/537.36"
80.94.95.211 - - [27/Jan/2026:08:10:04 -0500] "GET /wp-admin/edit.php HTTP/1.1" 404 287 "http://www.youngtubeporn.com/wp-login.php" "Mozilla/5.0 (Windows NT 11.0; Win64; x64) AppleWebKit/537.36 (KHTML, like Gecko) Chrome/119.0.0.0 Safari/537.36"
80.94.95.211 - - [27/Jan/2026:08:10:04 -0500] "GET /wp-admin/plugins.php HTTP/1.1" 404 290 "http://www.youngtubeporn.com/wp-login.php" "Mozilla/5.0 (Windows NT 11.0; Win64; x64) AppleWebKit/537.36 (KHTML, like Gecko) Chrome/119.0.0.0 Safari/537.36"
80.94.95.211 - - [27/Jan/2026:08:10:05 -0500] "GET /wp-admin/index.php HTTP/1.1" 404 288 "http://www.youngtubeporn.com/wp-login.php" "Mozilla/5.0 (Macintosh; Intel Mac OS X 13_6_1; rv:121.0) Gecko/20100101 Firefox/121.0"
80.94.95.211 - - [27/Jan/2026:08:10:05 -0500] "GET /wp-admin/profile.php HTTP/1.1" 404 290 "http://www.youngtubeporn.com/wp-login.php" "Mozilla/5.0 (Macintosh; Intel Mac OS X 13_6_1; rv:121.0) Gecko/20100101 Firefox/121.0"
80.94.95.211 - - [27/Jan/2026:08:10:06 -0500] "GET /wp-admin/edit.php HTTP/1.1" 404 287 "http://www.youngtubeporn.com/wp-login.php" "Mozilla/5.0 (Macintosh; Intel Mac OS X 13_6_1; rv:121.0) Gecko/20100101 Firefox/121.0"
80.94.95.211 - - [27/Jan/2026:08:10:06 -0500] "GET /wp-admin/plugins.php HTTP/1.1" 404 290 "http://www.youngtubeporn.com/wp-login.php" "Mozilla/5.0 (Macintosh; Intel Mac OS X 13_6_1; rv:121.0) Gecko/20100101 Firefox/121.0"
80.94.95.211 - - [27/Jan/2026:08:10:06 -0500] "GET /wp-admin/index.php HTTP/1.1" 404 288 "http://www.youngtubeporn.com/wp-login.php" "Mozilla/5.0 (Windows NT 11.0; Win64; x64; rv:120.0) Gecko/20100101 Firefox/120.0"
80.94.95.211 - - [27/Jan/2026:08:10:07 -0500] "GET /wp-admin/profile.php HTTP/1.1" 404 290 "http://www.youngtubeporn.com/wp-login.php" "Mozilla/5.0 (Windows NT 11.0; Win64; x64; rv:120.0) Gecko/20100101 Firefox/120.0"
80.94.95.211 - - [27/Jan/2026:08:10:07 -0500] "GET /wp-admin/edit.php HTTP/1.1" 404 287 "http://www.youngtubeporn.com/wp-login.php" "Mozilla/5.0 (Windows NT 11.0; Win64; x64; rv:120.0) Gecko/20100101 Firefox/120.0"
112.200.174.14 - - [27/Jan/2026:08:10:07 -0500] "GET /public/index.php?path_info=incoming-mail/count-pending HTTP/1.1" 403 1215 "https://www.dowork.biz/public/index.php?path_info=projects%2F33%2Ftickets" "Mozilla/5.0 (Windows NT 10.0; Win64; x64) AppleWebKit/537.36 (KHTML, like Gecko) Chrome/143.0.0.0 Safari/537.36"
80.94.95.211 - - [27/Jan/2026:08:10:08 -0500] "GET /wp-admin/plugins.php HTTP/1.1" 404 290 "http://www.youngtubeporn.com/wp-login.php" "Mozilla/5.0 (Windows NT 11.0; Win64; x64; rv:120.0) Gecko/20100101 Firefox/120.0"
80.94.95.211 - - [27/Jan/2026:08:10:08 -0500] "GET /wp-admin/index.php HTTP/1.1" 404 288 "http://www.youngtubeporn.com/wp-login.php" "Mozilla/5.0 (Windows NT 11.0; Win64; x64) AppleWebKit/537.36 (KHTML, like Gecko) Chrome/119.0.0.0 Safari/537.36"
80.94.95.211 - - [27/Jan/2026:08:10:09 -0500] "GET /wp-admin/profile.php HTTP/1.1" 404 290 "http://www.youngtubeporn.com/wp-login.php" "Mozilla/5.0 (Windows NT 11.0; Win64; x64) AppleWebKit/537.36 (KHTML, like Gecko) Chrome/119.0.0.0 Safari/537.36"
80.94.95.211 - - [27/Jan/2026:08:10:09 -0500] "GET /wp-admin/edit.php HTTP/1.1" 404 287 "http://www.youngtubeporn.com/wp-login.php" "Mozilla/5.0 (Windows NT 11.0; Win64; x64) AppleWebKit/537.36 (KHTML, like Gecko) Chrome/119.0.0.0 Safari/537.36"
80.94.95.211 - - [27/Jan/2026:08:10:09 -0500] "GET /wp-admin/plugins.php HTTP/1.1" 404 290 "http://www.youngtubeporn.com/wp-login.php" "Mozilla/5.0 (Windows NT 11.0; Win64; x64) AppleWebKit/537.36 (KHTML, like Gecko) Chrome/119.0.0.0 Safari/537.36"
80.94.95.211 - - [27/Jan/2026:08:10:10 -0500] "GET /wp-admin/index.php HTTP/1.1" 404 288 "http://www.youngtubeporn.com/wp-login.php" "Mozilla/5.0 (X11; Ubuntu; Linux x86_64) AppleWebKit/537.36 (KHTML, like Gecko) Chrome/121.0.0.0 Safari/537.36"
80.94.95.211 - - [27/Jan/2026:08:10:10 -0500] "GET /wp-admin/profile.php HTTP/1.1" 404 290 "http://www.youngtubeporn.com/wp-login.php" "Mozilla/5.0 (X11; Ubuntu; Linux x86_64) AppleWebKit/537.36 (KHTML, like Gecko) Chrome/121.0.0.0 Safari/537.36"
80.94.95.211 - - [27/Jan/2026:08:10:10 -0500] "GET /wp-admin/edit.php HTTP/1.1" 404 287 "http://www.youngtubeporn.com/wp-login.php" "Mozilla/5.0 (X11; Ubuntu; Linux x86_64) AppleWebKit/537.36 (KHTML, like Gecko) Chrome/121.0.0.0 Safari/537.36"
80.94.95.211 - - [27/Jan/2026:08:10:11 -0500] "GET /wp-admin/plugins.php HTTP/1.1" 404 290 "http://www.youngtubeporn.com/wp-login.php" "Mozilla/5.0 (X11; Ubuntu; Linux x86_64) AppleWebKit/537.36 (KHTML, like Gecko) Chrome/121.0.0.0 Safari/537.36"
80.94.95.211 - - [27/Jan/2026:08:10:11 -0500] "GET /wp-admin/index.php HTTP/1.1" 404 288 "http://www.youngtubeporn.com/wp-login.php" "Mozilla/5.0 (Macintosh; Intel Mac OS X 10_15_7) AppleWebKit/537.36 (KHTML, like Gecko) Chrome/119.0.0.0 Safari/537.36"
80.94.95.211 - - [27/Jan/2026:08:10:12 -0500] "GET /wp-admin/profile.php HTTP/1.1" 404 290 "http://www.youngtubeporn.com/wp-login.php" "Mozilla/5.0 (Macintosh; Intel Mac OS X 10_15_7) AppleWebKit/537.36 (KHTML, like Gecko) Chrome/119.0.0.0 Safari/537.36"
80.94.95.211 - - [27/Jan/2026:08:10:12 -0500] "GET /wp-admin/edit.php HTTP/1.1" 404 287 "http://www.youngtubeporn.com/wp-login.php" "Mozilla/5.0 (Macintosh; Intel Mac OS X 10_15_7) AppleWebKit/537.36 (KHTML, like Gecko) Chrome/119.0.0.0 Safari/537.36"
80.94.95.211 - - [27/Jan/2026:08:10:12 -0500] "GET /wp-admin/plugins.php HTTP/1.1" 404 290 "http://www.youngtubeporn.com/wp-login.php" "Mozilla/5.0 (Macintosh; Intel Mac OS X 10_15_7) AppleWebKit/537.36 (KHTML, like Gecko) Chrome/119.0.0.0 Safari/537.36"
80.94.95.211 - - [27/Jan/2026:08:10:13 -0500] "GET /wp-admin/index.php HTTP/1.1" 404 288 "http://www.youngtubeporn.com/wp-login.php" "Mozilla/5.0 (Windows NT 11.0; Win64; x64) AppleWebKit/537.36 (KHTML, like Gecko) Chrome/121.0.0.0 Safari/537.36"
80.94.95.211 - - [27/Jan/2026:08:10:13 -0500] "GET /wp-admin/profile.php HTTP/1.1" 404 290 "http://www.youngtubeporn.com/wp-login.php" "Mozilla/5.0 (Windows NT 11.0; Win64; x64) AppleWebKit/537.36 (KHTML, like Gecko) Chrome/121.0.0.0 Safari/537.36"
80.94.95.211 - - [27/Jan/2026:08:10:13 -0500] "GET /wp-admin/edit.php HTTP/1.1" 404 287 "http://www.youngtubeporn.com/wp-login.php" "Mozilla/5.0 (Windows NT 11.0; Win64; x64) AppleWebKit/537.36 (KHTML, like Gecko) Chrome/121.0.0.0 Safari/537.36"
80.94.95.211 - - [27/Jan/2026:08:10:14 -0500] "GET /wp-admin/plugins.php HTTP/1.1" 404 290 "http://www.youngtubeporn.com/wp-login.php" "Mozilla/5.0 (Windows NT 11.0; Win64; x64) AppleWebKit/537.36 (KHTML, like Gecko) Chrome/121.0.0.0 Safari/537.36"
80.94.95.211 - - [27/Jan/2026:08:10:14 -0500] "GET /wp-admin/index.php HTTP/1.1" 404 288 "http://www.youngtubeporn.com/wp-login.php" "Mozilla/5.0 (X11; Ubuntu; Linux x86_64) AppleWebKit/537.36 (KHTML, like Gecko) Chrome/118.0.0.0 Safari/537.36"
80.94.95.211 - - [27/Jan/2026:08:10:14 -0500] "GET /wp-admin/profile.php HTTP/1.1" 404 290 "http://www.youngtubeporn.com/wp-login.php" "Mozilla/5.0 (X11; Ubuntu; Linux x86_64) AppleWebKit/537.36 (KHTML, like Gecko) Chrome/118.0.0.0 Safari/537.36"
80.94.95.211 - - [27/Jan/2026:08:10:15 -0500] "GET /wp-admin/edit.php HTTP/1.1" 404 287 "http://www.youngtubeporn.com/wp-login.php" "Mozilla/5.0 (X11; Ubuntu; Linux x86_64) AppleWebKit/537.36 (KHTML, like Gecko) Chrome/118.0.0.0 Safari/537.36"
208.122.222.38 - - [27/Jan/2026:08:10:15 -0500] "GET /public/index.php?path_info=refresh-session HTTP/1.1" 200 43 "https://www.dowork.biz/public/index.php?path_info=projects%2F33%2Ftickets%2F11799&page=15" "Mozilla/5.0 (Windows NT 10.0; Win64; x64) AppleWebKit/537.36 (KHTML, like Gecko) Chrome/143.0.0.0 Safari/537.36"
208.122.222.38 - - [27/Jan/2026:08:10:15 -0500] "GET /public/index.php?path_info=incoming-mail/count-pending HTTP/1.1" 403 1215 "https://www.dowork.biz/public/index.php?path_info=projects%2F33%2Ftickets%2F11749&page=17" "Mozilla/5.0 (Windows NT 10.0; Win64; x64) AppleWebKit/537.36 (KHTML, like Gecko) Chrome/143.0.0.0 Safari/537.36"
80.94.95.211 - - [27/Jan/2026:08:10:15 -0500] "GET /wp-admin/plugins.php HTTP/1.1" 404 290 "http://www.youngtubeporn.com/wp-login.php" "Mozilla/5.0 (X11; Ubuntu; Linux x86_64) AppleWebKit/537.36 (KHTML, like Gecko) Chrome/118.0.0.0 Safari/537.36"
208.122.222.38 - - [27/Jan/2026:08:10:15 -0500] "GET /public/index.php?path_info=refresh-session HTTP/1.1" 200 43 "https://www.dowork.biz/public/index.php?path_info=projects%2F33%2Ftickets%2F11411&page=63" "Mozilla/5.0 (Windows NT 10.0; Win64; x64) AppleWebKit/537.36 (KHTML, like Gecko) Chrome/143.0.0.0 Safari/537.36"
208.122.222.38 - - [27/Jan/2026:08:10:15 -0500] "GET /public/index.php?path_info=incoming-mail/count-pending HTTP/1.1" 403 1215 "https://www.dowork.biz/public/index.php?path_info=projects%2F33%2Ftickets%2F13580&page=1" "Mozilla/5.0 (Windows NT 10.0; Win64; x64) AppleWebKit/537.36 (KHTML, like Gecko) Chrome/143.0.0.0 Safari/537.36"
208.122.222.38 - - [27/Jan/2026:08:10:15 -0500] "GET /public/index.php?path_info=incoming-mail/count-pending HTTP/1.1" 403 1215 "https://www.dowork.biz/public/index.php?path_info=projects%2F33%2Ftickets%2F11824&page=15" "Mozilla/5.0 (Windows NT 10.0; Win64; x64) AppleWebKit/537.36 (KHTML, like Gecko) Chrome/143.0.0.0 Safari/537.36"
208.122.222.38 - - [27/Jan/2026:08:10:15 -0500] "GET /public/index.php?path_info=incoming-mail/count-pending HTTP/1.1" 403 1215 "https://www.dowork.biz/public/index.php?path_info=projects%2F33%2Ftickets%2F12704&page=8" "Mozilla/5.0 (Windows NT 10.0; Win64; x64) AppleWebKit/537.36 (KHTML, like Gecko) Chrome/143.0.0.0 Safari/537.36"
80.94.95.211 - - [27/Jan/2026:08:10:16 -0500] "GET /wp-admin/index.php HTTP/1.1" 404 288 "http://www.youngtubeporn.com/wp-login.php" "Mozilla/5.0 (Macintosh; Intel Mac OS X 10_15_7) AppleWebKit/537.36 (KHTML, like Gecko) Chrome/118.0.0.0 Safari/537.36"
80.94.95.211 - - [27/Jan/2026:08:10:16 -0500] "GET /wp-admin/profile.php HTTP/1.1" 404 290 "http://www.youngtubeporn.com/wp-login.php" "Mozilla/5.0 (Macintosh; Intel Mac OS X 10_15_7) AppleWebKit/537.36 (KHTML, like Gecko) Chrome/118.0.0.0 Safari/537.36"
80.94.95.211 - - [27/Jan/2026:08:10:16 -0500] "GET /wp-admin/edit.php HTTP/1.1" 404 287 "http://www.youngtubeporn.com/wp-login.php" "Mozilla/5.0 (Macintosh; Intel Mac OS X 10_15_7) AppleWebKit/537.36 (KHTML, like Gecko) Chrome/118.0.0.0 Safari/537.36"
80.94.95.211 - - [27/Jan/2026:08:10:16 -0500] "GET /wp-admin/plugins.php HTTP/1.1" 404 290 "http://www.youngtubeporn.com/wp-login.php" "Mozilla/5.0 (Macintosh; Intel Mac OS X 10_15_7) AppleWebKit/537.36 (KHTML, like Gecko) Chrome/118.0.0.0 Safari/537.36"
80.94.95.211 - - [27/Jan/2026:08:10:17 -0500] "GET /wp-admin/index.php HTTP/1.1" 404 288 "http://www.youngtubeporn.com/wp-login.php" "Mozilla/5.0 (X11; Ubuntu; Linux x86_64) AppleWebKit/537.36 (KHTML, like Gecko) Chrome/118.0.0.0 Safari/537.36"
80.94.95.211 - - [27/Jan/2026:08:10:17 -0500] "GET /wp-admin/profile.php HTTP/1.1" 404 290 "http://www.youngtubeporn.com/wp-login.php" "Mozilla/5.0 (X11; Ubuntu; Linux x86_64) AppleWebKit/537.36 (KHTML, like Gecko) Chrome/118.0.0.0 Safari/537.36"
80.94.95.211 - - [27/Jan/2026:08:10:17 -0500] "GET /wp-admin/edit.php HTTP/1.1" 404 287 "http://www.youngtubeporn.com/wp-login.php" "Mozilla/5.0 (X11; Ubuntu; Linux x86_64) AppleWebKit/537.36 (KHTML, like Gecko) Chrome/118.0.0.0 Safari/537.36"
80.94.95.211 - - [27/Jan/2026:08:10:18 -0500] "GET /wp-admin/plugins.php HTTP/1.1" 404 290 "http://www.youngtubeporn.com/wp-login.php" "Mozilla/5.0 (X11; Ubuntu; Linux x86_64) AppleWebKit/537.36 (KHTML, like Gecko) Chrome/118.0.0.0 Safari/537.36"
208.122.222.39 - - [27/Jan/2026:08:10:18 -0500] "GET /public/index.php?path_info=incoming-mail/count-pending HTTP/1.1" 403 1215 "https://www.dowork.biz/public/index.php?path_info=projects%2F33%2Ftickets%2F12777&page=2" "Mozilla/5.0 (Windows NT 10.0; Win64; x64) AppleWebKit/537.36 (KHTML, like Gecko) Chrome/143.0.0.0 Safari/537.36"
80.94.95.211 - - [27/Jan/2026:08:10:18 -0500] "GET /wp-admin/index.php HTTP/1.1" 404 288 "http://www.youngtubeporn.com/wp-login.php" "Mozilla/5.0 (Windows NT 10.0; Win64; x64) AppleWebKit/537.36 (KHTML, like Gecko) Chrome/120.0.0.0 Safari/537.36"
208.122.222.39 - - [27/Jan/2026:08:10:18 -0500] "GET /public/index.php?path_info=refresh-session HTTP/1.1" 200 43 "https://www.dowork.biz/public/index.php?path_info=projects%2F33%2Ftickets%2F13330&page=3" "Mozilla/5.0 (Windows NT 10.0; Win64; x64) AppleWebKit/537.36 (KHTML, like Gecko) Chrome/143.0.0.0 Safari/537.36"
80.94.95.211 - - [27/Jan/2026:08:10:19 -0500] "GET /wp-admin/profile.php HTTP/1.1" 404 290 "http://www.youngtubeporn.com/wp-login.php" "Mozilla/5.0 (Windows NT 10.0; Win64; x64) AppleWebKit/537.36 (KHTML, like Gecko) Chrome/120.0.0.0 Safari/537.36"
208.122.222.39 - - [27/Jan/2026:08:10:18 -0500] "GET /public/index.php?path_info=incoming-mail/count-pending HTTP/1.1" 403 1215 "https://www.dowork.biz/public/index.php?path_info=projects%2F33%2Ftickets%2F13634&page=2" "Mozilla/5.0 (Windows NT 10.0; Win64; x64) AppleWebKit/537.36 (KHTML, like Gecko) Chrome/143.0.0.0 Safari/537.36"
208.122.222.39 - - [27/Jan/2026:08:10:19 -0500] "GET /public/index.php?path_info=refresh-session HTTP/1.1" 200 43 "https://www.dowork.biz/public/index.php?path_info=projects%2F33%2Ftickets%2F13350&page=3" "Mozilla/5.0 (Windows NT 10.0; Win64; x64) AppleWebKit/537.36 (KHTML, like Gecko) Chrome/143.0.0.0 Safari/537.36"
80.94.95.211 - - [27/Jan/2026:08:10:19 -0500] "GET /wp-admin/edit.php HTTP/1.1" 404 287 "http://www.youngtubeporn.com/wp-login.php" "Mozilla/5.0 (Windows NT 10.0; Win64; x64) AppleWebKit/537.36 (KHTML, like Gecko) Chrome/120.0.0.0 Safari/537.36"
208.122.222.39 - - [27/Jan/2026:08:10:19 -0500] "GET /public/index.php?path_info=refresh-session HTTP/1.1" 200 43 "https://www.dowork.biz/public/index.php?path_info=projects%2F33%2Ftickets%2F13579&page=2" "Mozilla/5.0 (Windows NT 10.0; Win64; x64) AppleWebKit/537.36 (KHTML, like Gecko) Chrome/143.0.0.0 Safari/537.36"
80.94.95.211 - - [27/Jan/2026:08:10:19 -0500] "GET /wp-admin/plugins.php HTTP/1.1" 404 290 "http://www.youngtubeporn.com/wp-login.php" "Mozilla/5.0 (Windows NT 10.0; Win64; x64) AppleWebKit/537.36 (KHTML, like Gecko) Chrome/120.0.0.0 Safari/537.36"
208.122.222.39 - - [27/Jan/2026:08:10:19 -0500] "GET /public/index.php?path_info=refresh-session HTTP/1.1" 200 43 "https://www.dowork.biz/public/index.php?path_info=projects%2F33%2Ftickets%2F12316&page=10" "Mozilla/5.0 (Windows NT 10.0; Win64; x64) AppleWebKit/537.36 (KHTML, like Gecko) Chrome/143.0.0.0 Safari/537.36"
208.122.222.39 - - [27/Jan/2026:08:10:19 -0500] "GET /public/index.php?path_info=refresh-session HTTP/1.1" 200 43 "https://www.dowork.biz/public/index.php?path_info=projects%2F33%2Ftickets%2F11551&page=16" "Mozilla/5.0 (Windows NT 10.0; Win64; x64) AppleWebKit/537.36 (KHTML, like Gecko) Chrome/143.0.0.0 Safari/537.36"
80.94.95.211 - - [27/Jan/2026:08:10:20 -0500] "GET /wp-admin/index.php HTTP/1.1" 404 288 "http://www.youngtubeporn.com/wp-login.php" "Mozilla/5.0 (X11; Linux x86_64) AppleWebKit/537.36 (KHTML, like Gecko) Chrome/121.0.0.0 Safari/537.36"
80.94.95.211 - - [27/Jan/2026:08:10:20 -0500] "GET /wp-admin/profile.php HTTP/1.1" 404 290 "http://www.youngtubeporn.com/wp-login.php" "Mozilla/5.0 (X11; Linux x86_64) AppleWebKit/537.36 (KHTML, like Gecko) Chrome/121.0.0.0 Safari/537.36"
80.94.95.211 - - [27/Jan/2026:08:10:20 -0500] "GET /wp-admin/edit.php HTTP/1.1" 404 287 "http://www.youngtubeporn.com/wp-login.php" "Mozilla/5.0 (X11; Linux x86_64) AppleWebKit/537.36 (KHTML, like Gecko) Chrome/121.0.0.0 Safari/537.36"
80.94.95.211 - - [27/Jan/2026:08:10:20 -0500] "GET /wp-admin/plugins.php HTTP/1.1" 404 290 "http://www.youngtubeporn.com/wp-login.php" "Mozilla/5.0 (X11; Linux x86_64) AppleWebKit/537.36 (KHTML, like Gecko) Chrome/121.0.0.0 Safari/537.36"
80.94.95.211 - - [27/Jan/2026:08:10:21 -0500] "GET /wp-admin/index.php HTTP/1.1" 404 288 "http://www.youngtubeporn.com/wp-login.php" "Mozilla/5.0 (Windows NT 11.0; Win64; x64) AppleWebKit/537.36 (KHTML, like Gecko) Chrome/120.0.0.0 Safari/537.36"
80.94.95.211 - - [27/Jan/2026:08:10:22 -0500] "GET /wp-admin/profile.php HTTP/1.1" 404 290 "http://www.youngtubeporn.com/wp-login.php" "Mozilla/5.0 (Windows NT 11.0; Win64; x64) AppleWebKit/537.36 (KHTML, like Gecko) Chrome/120.0.0.0 Safari/537.36"
80.94.95.211 - - [27/Jan/2026:08:10:22 -0500] "GET /wp-admin/edit.php HTTP/1.1" 404 287 "http://www.youngtubeporn.com/wp-login.php" "Mozilla/5.0 (Windows NT 11.0; Win64; x64) AppleWebKit/537.36 (KHTML, like Gecko) Chrome/120.0.0.0 Safari/537.36"
80.94.95.211 - - [27/Jan/2026:08:10:22 -0500] "GET /wp-admin/plugins.php HTTP/1.1" 404 290 "http://www.youngtubeporn.com/wp-login.php" "Mozilla/5.0 (Windows NT 11.0; Win64; x64) AppleWebKit/537.36 (KHTML, like Gecko) Chrome/120.0.0.0 Safari/537.36"
80.94.95.211 - - [27/Jan/2026:08:10:23 -0500] "GET /wp-admin/index.php HTTP/1.1" 404 288 "http://www.youngtubeporn.com/wp-login.php" "Mozilla/5.0 (Macintosh; Intel Mac OS X 10_15_7; rv:120.0) Gecko/20100101 Firefox/120.0"
80.94.95.211 - - [27/Jan/2026:08:10:23 -0500] "GET /wp-admin/profile.php HTTP/1.1" 404 290 "http://www.youngtubeporn.com/wp-login.php" "Mozilla/5.0 (Macintosh; Intel Mac OS X 10_15_7; rv:120.0) Gecko/20100101 Firefox/120.0"
80.94.95.211 - - [27/Jan/2026:08:10:24 -0500] "GET /wp-admin/edit.php HTTP/1.1" 404 287 "http://www.youngtubeporn.com/wp-login.php" "Mozilla/5.0 (Macintosh; Intel Mac OS X 10_15_7; rv:120.0) Gecko/20100101 Firefox/120.0"
80.94.95.211 - - [27/Jan/2026:08:10:24 -0500] "GET /wp-admin/plugins.php HTTP/1.1" 404 290 "http://www.youngtubeporn.com/wp-login.php" "Mozilla/5.0 (Macintosh; Intel Mac OS X 10_15_7; rv:120.0) Gecko/20100101 Firefox/120.0"
80.94.95.211 - - [27/Jan/2026:08:10:25 -0500] "GET /wp-admin/index.php HTTP/1.1" 404 288 "http://www.youngtubeporn.com/wp-login.php" "Mozilla/5.0 (Macintosh; Intel Mac OS X 10_15_7) AppleWebKit/537.36 (KHTML, like Gecko) Chrome/119.0.0.0 Safari/537.36"
80.94.95.211 - - [27/Jan/2026:08:10:25 -0500] "GET /wp-admin/profile.php HTTP/1.1" 404 290 "http://www.youngtubeporn.com/wp-login.php" "Mozilla/5.0 (Macintosh; Intel Mac OS X 10_15_7) AppleWebKit/537.36 (KHTML, like Gecko) Chrome/119.0.0.0 Safari/537.36"
80.94.95.211 - - [27/Jan/2026:08:10:25 -0500] "GET /wp-admin/edit.php HTTP/1.1" 404 287 "http://www.youngtubeporn.com/wp-login.php" "Mozilla/5.0 (Macintosh; Intel Mac OS X 10_15_7) AppleWebKit/537.36 (KHTML, like Gecko) Chrome/119.0.0.0 Safari/537.36"
80.94.95.211 - - [27/Jan/2026:08:10:25 -0500] "GET /wp-admin/plugins.php HTTP/1.1" 404 290 "http://www.youngtubeporn.com/wp-login.php" "Mozilla/5.0 (Macintosh; Intel Mac OS X 10_15_7) AppleWebKit/537.36 (KHTML, like Gecko) Chrome/119.0.0.0 Safari/537.36"
80.94.95.211 - - [27/Jan/2026:08:10:26 -0500] "GET /wp-admin/index.php HTTP/1.1" 404 288 "http://www.youngtubeporn.com/wp-login.php" "Mozilla/5.0 (Macintosh; Intel Mac OS X 10_15_7; rv:121.0) Gecko/20100101 Firefox/121.0"
80.94.95.211 - - [27/Jan/2026:08:10:26 -0500] "GET /wp-admin/profile.php HTTP/1.1" 404 290 "http://www.youngtubeporn.com/wp-login.php" "Mozilla/5.0 (Macintosh; Intel Mac OS X 10_15_7; rv:121.0) Gecko/20100101 Firefox/121.0"
80.94.95.211 - - [27/Jan/2026:08:10:27 -0500] "GET /wp-admin/edit.php HTTP/1.1" 404 287 "http://www.youngtubeporn.com/wp-login.php" "Mozilla/5.0 (Macintosh; Intel Mac OS X 10_15_7; rv:121.0) Gecko/20100101 Firefox/121.0"
80.94.95.211 - - [27/Jan/2026:08:10:27 -0500] "GET /wp-admin/plugins.php HTTP/1.1" 404 290 "http://www.youngtubeporn.com/wp-login.php" "Mozilla/5.0 (Macintosh; Intel Mac OS X 10_15_7; rv:121.0) Gecko/20100101 Firefox/121.0"
80.94.95.211 - - [27/Jan/2026:08:10:28 -0500] "GET /wp-admin/index.php HTTP/1.1" 404 288 "http://www.youngtubeporn.com/wp-login.php" "Mozilla/5.0 (Windows NT 10.0; Win64; x64; rv:119.0) Gecko/20100101 Firefox/119.0"
80.94.95.211 - - [27/Jan/2026:08:10:28 -0500] "GET /wp-admin/profile.php HTTP/1.1" 404 290 "http://www.youngtubeporn.com/wp-login.php" "Mozilla/5.0 (Windows NT 10.0; Win64; x64; rv:119.0) Gecko/20100101 Firefox/119.0"
80.94.95.211 - - [27/Jan/2026:08:10:28 -0500] "GET /wp-admin/edit.php HTTP/1.1" 404 287 "http://www.youngtubeporn.com/wp-login.php" "Mozilla/5.0 (Windows NT 10.0; Win64; x64; rv:119.0) Gecko/20100101 Firefox/119.0"
80.94.95.211 - - [27/Jan/2026:08:10:29 -0500] "GET /wp-admin/plugins.php HTTP/1.1" 404 290 "http://www.youngtubeporn.com/wp-login.php" "Mozilla/5.0 (Windows NT 10.0; Win64; x64; rv:119.0) Gecko/20100101 Firefox/119.0"
80.94.95.211 - - [27/Jan/2026:08:10:30 -0500] "GET /wp-admin/index.php HTTP/1.1" 404 288 "http://www.youngtubeporn.com/wp-login.php" "Mozilla/5.0 (X11; Linux x86_64) AppleWebKit/537.36 (KHTML, like Gecko) Chrome/121.0.0.0 Safari/537.36"
80.94.95.211 - - [27/Jan/2026:08:10:30 -0500] "GET /wp-admin/profile.php HTTP/1.1" 404 290 "http://www.youngtubeporn.com/wp-login.php" "Mozilla/5.0 (X11; Linux x86_64) AppleWebKit/537.36 (KHTML, like Gecko) Chrome/121.0.0.0 Safari/537.36"
80.94.95.211 - - [27/Jan/2026:08:10:31 -0500] "GET /wp-admin/edit.php HTTP/1.1" 404 287 "http://www.youngtubeporn.com/wp-login.php" "Mozilla/5.0 (X11; Linux x86_64) AppleWebKit/537.36 (KHTML, like Gecko) Chrome/121.0.0.0 Safari/537.36"
80.94.95.211 - - [27/Jan/2026:08:10:31 -0500] "GET /wp-admin/plugins.php HTTP/1.1" 404 290 "http://www.youngtubeporn.com/wp-login.php" "Mozilla/5.0 (X11; Linux x86_64) AppleWebKit/537.36 (KHTML, like Gecko) Chrome/121.0.0.0 Safari/537.36"
80.94.95.211 - - [27/Jan/2026:08:10:31 -0500] "GET /wp-admin/index.php HTTP/1.1" 404 288 "http://www.youngtubeporn.com/wp-login.php" "Mozilla/5.0 (Windows NT 11.0; Win64; x64; rv:121.0) Gecko/20100101 Firefox/121.0"
80.94.95.211 - - [27/Jan/2026:08:10:32 -0500] "GET /wp-admin/profile.php HTTP/1.1" 404 290 "http://www.youngtubeporn.com/wp-login.php" "Mozilla/5.0 (Windows NT 11.0; Win64; x64; rv:121.0) Gecko/20100101 Firefox/121.0"
80.94.95.211 - - [27/Jan/2026:08:10:32 -0500] "GET /wp-admin/edit.php HTTP/1.1" 404 287 "http://www.youngtubeporn.com/wp-login.php" "Mozilla/5.0 (Windows NT 11.0; Win64; x64; rv:121.0) Gecko/20100101 Firefox/121.0"
80.94.95.211 - - [27/Jan/2026:08:10:32 -0500] "GET /wp-admin/plugins.php HTTP/1.1" 404 290 "http://www.youngtubeporn.com/wp-login.php" "Mozilla/5.0 (Windows NT 11.0; Win64; x64; rv:121.0) Gecko/20100101 Firefox/121.0"
80.94.95.211 - - [27/Jan/2026:08:10:33 -0500] "GET /wp-admin/index.php HTTP/1.1" 404 288 "http://www.youngtubeporn.com/wp-login.php" "Mozilla/5.0 (Macintosh; Intel Mac OS X 13_6_1) AppleWebKit/537.36 (KHTML, like Gecko) Chrome/118.0.0.0 Safari/537.36"
80.94.95.211 - - [27/Jan/2026:08:10:34 -0500] "GET /wp-admin/profile.php HTTP/1.1" 404 290 "http://www.youngtubeporn.com/wp-login.php" "Mozilla/5.0 (Macintosh; Intel Mac OS X 13_6_1) AppleWebKit/537.36 (KHTML, like Gecko) Chrome/118.0.0.0 Safari/537.36"
80.94.95.211 - - [27/Jan/2026:08:10:34 -0500] "GET /wp-admin/edit.php HTTP/1.1" 404 287 "http://www.youngtubeporn.com/wp-login.php" "Mozilla/5.0 (Macintosh; Intel Mac OS X 13_6_1) AppleWebKit/537.36 (KHTML, like Gecko) Chrome/118.0.0.0 Safari/537.36"
80.94.95.211 - - [27/Jan/2026:08:10:34 -0500] "GET /wp-admin/plugins.php HTTP/1.1" 404 290 "http://www.youngtubeporn.com/wp-login.php" "Mozilla/5.0 (Macintosh; Intel Mac OS X 13_6_1) AppleWebKit/537.36 (KHTML, like Gecko) Chrome/118.0.0.0 Safari/537.36"
80.94.95.211 - - [27/Jan/2026:08:10:35 -0500] "GET /wp-admin/index.php HTTP/1.1" 404 288 "http://www.youngtubeporn.com/wp-login.php" "Mozilla/5.0 (X11; Linux x86_64) AppleWebKit/537.36 (KHTML, like Gecko) Chrome/119.0.0.0 Safari/537.36"
80.94.95.211 - - [27/Jan/2026:08:10:35 -0500] "GET /wp-admin/profile.php HTTP/1.1" 404 290 "http://www.youngtubeporn.com/wp-login.php" "Mozilla/5.0 (X11; Linux x86_64) AppleWebKit/537.36 (KHTML, like Gecko) Chrome/119.0.0.0 Safari/537.36"
80.94.95.211 - - [27/Jan/2026:08:10:35 -0500] "GET /wp-admin/edit.php HTTP/1.1" 404 287 "http://www.youngtubeporn.com/wp-login.php" "Mozilla/5.0 (X11; Linux x86_64) AppleWebKit/537.36 (KHTML, like Gecko) Chrome/119.0.0.0 Safari/537.36"
80.94.95.211 - - [27/Jan/2026:08:10:35 -0500] "GET /wp-admin/plugins.php HTTP/1.1" 404 290 "http://www.youngtubeporn.com/wp-login.php" "Mozilla/5.0 (X11; Linux x86_64) AppleWebKit/537.36 (KHTML, like Gecko) Chrome/119.0.0.0 Safari/537.36"
64.59.72.148 - - [27/Jan/2026:08:10:36 -0500] "GET /public HTTP/1.1" 301 301 "-" "check_http/v2.4.9 (nagios-plugins 2.4.9)"
64.59.72.148 - - [27/Jan/2026:08:10:36 -0500] "GET /public/ HTTP/1.1" 302 - "-" "check_http/v2.4.9 (nagios-plugins 2.4.9)"
64.59.72.148 - - [27/Jan/2026:08:10:36 -0500] "GET /public/index.php?path_info=login&re_route=homepage HTTP/1.1" 200 4304 "-" "check_http/v2.4.9 (nagios-plugins 2.4.9)"
80.94.95.211 - - [27/Jan/2026:08:10:36 -0500] "GET /wp-admin/index.php HTTP/1.1" 404 288 "http://www.youngtubeporn.com/wp-login.php" "Mozilla/5.0 (X11; Ubuntu; Linux x86_64) AppleWebKit/537.36 (KHTML, like Gecko) Chrome/121.0.0.0 Safari/537.36"
80.94.95.211 - - [27/Jan/2026:08:10:36 -0500] "GET /wp-admin/profile.php HTTP/1.1" 404 290 "http://www.youngtubeporn.com/wp-login.php" "Mozilla/5.0 (X11; Ubuntu; Linux x86_64) AppleWebKit/537.36 (KHTML, like Gecko) Chrome/121.0.0.0 Safari/537.36"
80.94.95.211 - - [27/Jan/2026:08:10:37 -0500] "GET /wp-admin/edit.php HTTP/1.1" 404 287 "http://www.youngtubeporn.com/wp-login.php" "Mozilla/5.0 (X11; Ubuntu; Linux x86_64) AppleWebKit/537.36 (KHTML, like Gecko) Chrome/121.0.0.0 Safari/537.36"
80.94.95.211 - - [27/Jan/2026:08:10:37 -0500] "GET /wp-admin/plugins.php HTTP/1.1" 404 290 "http://www.youngtubeporn.com/wp-login.php" "Mozilla/5.0 (X11; Ubuntu; Linux x86_64) AppleWebKit/537.36 (KHTML, like Gecko) Chrome/121.0.0.0 Safari/537.36"
80.94.95.211 - - [27/Jan/2026:08:10:37 -0500] "GET /wp-admin/index.php HTTP/1.1" 404 288 "http://www.youngtubeporn.com/wp-login.php" "Mozilla/5.0 (Windows NT 11.0; Win64; x64) AppleWebKit/537.36 (KHTML, like Gecko) Chrome/118.0.0.0 Safari/537.36"
80.94.95.211 - - [27/Jan/2026:08:10:38 -0500] "GET /wp-admin/profile.php HTTP/1.1" 404 290 "http://www.youngtubeporn.com/wp-login.php" "Mozilla/5.0 (Windows NT 11.0; Win64; x64) AppleWebKit/537.36 (KHTML, like Gecko) Chrome/118.0.0.0 Safari/537.36"
80.94.95.211 - - [27/Jan/2026:08:10:38 -0500] "GET /wp-admin/edit.php HTTP/1.1" 404 287 "http://www.youngtubeporn.com/wp-login.php" "Mozilla/5.0 (Windows NT 11.0; Win64; x64) AppleWebKit/537.36 (KHTML, like Gecko) Chrome/118.0.0.0 Safari/537.36"
80.94.95.211 - - [27/Jan/2026:08:10:38 -0500] "GET /wp-admin/plugins.php HTTP/1.1" 404 290 "http://www.youngtubeporn.com/wp-login.php" "Mozilla/5.0 (Windows NT 11.0; Win64; x64) AppleWebKit/537.36 (KHTML, like Gecko) Chrome/118.0.0.0 Safari/537.36"
80.94.95.211 - - [27/Jan/2026:08:10:39 -0500] "GET /wp-admin/index.php HTTP/1.1" 404 288 "http://www.youngtubeporn.com/wp-login.php" "Mozilla/5.0 (Macintosh; Intel Mac OS X 13_6_1) AppleWebKit/537.36 (KHTML, like Gecko) Chrome/119.0.0.0 Safari/537.36"
80.94.95.211 - - [27/Jan/2026:08:10:39 -0500] "GET /wp-admin/profile.php HTTP/1.1" 404 290 "http://www.youngtubeporn.com/wp-login.php" "Mozilla/5.0 (Macintosh; Intel Mac OS X 13_6_1) AppleWebKit/537.36 (KHTML, like Gecko) Chrome/119.0.0.0 Safari/537.36"
80.94.95.211 - - [27/Jan/2026:08:10:40 -0500] "GET /wp-admin/edit.php HTTP/1.1" 404 287 "http://www.youngtubeporn.com/wp-login.php" "Mozilla/5.0 (Macintosh; Intel Mac OS X 13_6_1) AppleWebKit/537.36 (KHTML, like Gecko) Chrome/119.0.0.0 Safari/537.36"
80.94.95.211 - - [27/Jan/2026:08:10:40 -0500] "GET /wp-admin/plugins.php HTTP/1.1" 404 290 "http://www.youngtubeporn.com/wp-login.php" "Mozilla/5.0 (Macintosh; Intel Mac OS X 13_6_1) AppleWebKit/537.36 (KHTML, like Gecko) Chrome/119.0.0.0 Safari/537.36"
80.94.95.211 - - [27/Jan/2026:08:10:40 -0500] "GET /wp-admin/index.php HTTP/1.1" 404 288 "http://www.youngtubeporn.com/wp-login.php" "Mozilla/5.0 (Macintosh; Intel Mac OS X 10_15_7) AppleWebKit/537.36 (KHTML, like Gecko) Chrome/120.0.0.0 Safari/537.36"
80.94.95.211 - - [27/Jan/2026:08:10:41 -0500] "GET /wp-admin/profile.php HTTP/1.1" 404 290 "http://www.youngtubeporn.com/wp-login.php" "Mozilla/5.0 (Macintosh; Intel Mac OS X 10_15_7) AppleWebKit/537.36 (KHTML, like Gecko) Chrome/120.0.0.0 Safari/537.36"
80.94.95.211 - - [27/Jan/2026:08:10:41 -0500] "GET /wp-admin/edit.php HTTP/1.1" 404 287 "http://www.youngtubeporn.com/wp-login.php" "Mozilla/5.0 (Macintosh; Intel Mac OS X 10_15_7) AppleWebKit/537.36 (KHTML, like Gecko) Chrome/120.0.0.0 Safari/537.36"
80.94.95.211 - - [27/Jan/2026:08:10:41 -0500] "GET /wp-admin/plugins.php HTTP/1.1" 404 290 "http://www.youngtubeporn.com/wp-login.php" "Mozilla/5.0 (Macintosh; Intel Mac OS X 10_15_7) AppleWebKit/537.36 (KHTML, like Gecko) Chrome/120.0.0.0 Safari/537.36"
80.94.95.211 - - [27/Jan/2026:08:10:42 -0500] "GET /wp-admin/index.php HTTP/1.1" 404 288 "http://www.youngtubeporn.com/wp-login.php" "Mozilla/5.0 (Macintosh; Intel Mac OS X 13_6_1) AppleWebKit/537.36 (KHTML, like Gecko) Chrome/120.0.0.0 Safari/537.36"
80.94.95.211 - - [27/Jan/2026:08:10:42 -0500] "GET /wp-admin/profile.php HTTP/1.1" 404 290 "http://www.youngtubeporn.com/wp-login.php" "Mozilla/5.0 (Macintosh; Intel Mac OS X 13_6_1) AppleWebKit/537.36 (KHTML, like Gecko) Chrome/120.0.0.0 Safari/537.36"
80.94.95.211 - - [27/Jan/2026:08:10:43 -0500] "GET /wp-admin/edit.php HTTP/1.1" 404 287 "http://www.youngtubeporn.com/wp-login.php" "Mozilla/5.0 (Macintosh; Intel Mac OS X 13_6_1) AppleWebKit/537.36 (KHTML, like Gecko) Chrome/120.0.0.0 Safari/537.36"
80.94.95.211 - - [27/Jan/2026:08:10:43 -0500] "GET /wp-admin/plugins.php HTTP/1.1" 404 290 "http://www.youngtubeporn.com/wp-login.php" "Mozilla/5.0 (Macintosh; Intel Mac OS X 13_6_1) AppleWebKit/537.36 (KHTML, like Gecko) Chrome/120.0.0.0 Safari/537.36"
80.94.95.211 - - [27/Jan/2026:08:10:44 -0500] "GET /wp-admin/index.php HTTP/1.1" 404 288 "http://www.youngtubeporn.com/wp-login.php" "Mozilla/5.0 (Macintosh; Intel Mac OS X 13_6_1; rv:118.0) Gecko/20100101 Firefox/118.0"
80.94.95.211 - - [27/Jan/2026:08:10:44 -0500] "GET /wp-admin/profile.php HTTP/1.1" 404 290 "http://www.youngtubeporn.com/wp-login.php" "Mozilla/5.0 (Macintosh; Intel Mac OS X 13_6_1; rv:118.0) Gecko/20100101 Firefox/118.0"
80.94.95.211 - - [27/Jan/2026:08:10:44 -0500] "GET /wp-admin/edit.php HTTP/1.1" 404 287 "http://www.youngtubeporn.com/wp-login.php" "Mozilla/5.0 (Macintosh; Intel Mac OS X 13_6_1; rv:118.0) Gecko/20100101 Firefox/118.0"
80.94.95.211 - - [27/Jan/2026:08:10:45 -0500] "GET /wp-admin/plugins.php HTTP/1.1" 404 290 "http://www.youngtubeporn.com/wp-login.php" "Mozilla/5.0 (Macintosh; Intel Mac OS X 13_6_1; rv:118.0) Gecko/20100101 Firefox/118.0"
112.206.69.145 - - [27/Jan/2026:08:10:45 -0500] "GET /public/index.php?path_info=incoming-mail/count-pending HTTP/1.1" 403 1215 "https://www.dowork.biz/public/index.php?path_info=projects%2F33%2Ftickets%2F12263&page=10" "Mozilla/5.0 (Windows NT 10.0; Win64; x64) AppleWebKit/537.36 (KHTML, like Gecko) Chrome/144.0.0.0 Safari/537.36"
80.94.95.211 - - [27/Jan/2026:08:10:45 -0500] "GET /wp-admin/index.php HTTP/1.1" 404 288 "http://www.youngtubeporn.com/wp-login.php" "Mozilla/5.0 (Macintosh; Intel Mac OS X 10_15_7) AppleWebKit/605.1.15 (KHTML, like Gecko) Version/17.2 Safari/605.1.15"
80.94.95.211 - - [27/Jan/2026:08:10:45 -0500] "GET /wp-admin/profile.php HTTP/1.1" 404 290 "http://www.youngtubeporn.com/wp-login.php" "Mozilla/5.0 (Macintosh; Intel Mac OS X 10_15_7) AppleWebKit/605.1.15 (KHTML, like Gecko) Version/17.2 Safari/605.1.15"
80.94.95.211 - - [27/Jan/2026:08:10:46 -0500] "GET /wp-admin/edit.php HTTP/1.1" 404 287 "http://www.youngtubeporn.com/wp-login.php" "Mozilla/5.0 (Macintosh; Intel Mac OS X 10_15_7) AppleWebKit/605.1.15 (KHTML, like Gecko) Version/17.2 Safari/605.1.15"
80.94.95.211 - - [27/Jan/2026:08:10:46 -0500] "GET /wp-admin/plugins.php HTTP/1.1" 404 290 "http://www.youngtubeporn.com/wp-login.php" "Mozilla/5.0 (Macintosh; Intel Mac OS X 10_15_7) AppleWebKit/605.1.15 (KHTML, like Gecko) Version/17.2 Safari/605.1.15"
54.209.60.63 - - [27/Jan/2026:08:10:46 -0500] "GET /public/index.php?path_info=projects%2F33%2Ftickets%2F13700 HTTP/1.1" 302 - "-" "Mozilla/5.0 (Macintosh; Intel Mac OS X 10_10_1) AppleWebKit/600.1.25 (KHTML, like Gecko) Version/8.0 Safari/600.1.25"
54.209.60.63 - - [27/Jan/2026:08:10:47 -0500] "GET /public/index.php?path_info=login&re_route=project_ticket&re_project_id=33&re_ticket_id=13700&re_path_info=projects%2F33%2Ftickets%2F13700 HTTP/1.1" 200 4304 "-" "Mozilla/5.0 (Macintosh; Intel Mac OS X 10_10_1) AppleWebKit/600.1.25 (KHTML, like Gecko) Version/8.0 Safari/600.1.25"
80.94.95.211 - - [27/Jan/2026:08:10:47 -0500] "GET /wp-admin/index.php HTTP/1.1" 404 288 "http://www.youngtubeporn.com/wp-login.php" "Mozilla/5.0 (Windows NT 10.0; Win64; x64; rv:119.0) Gecko/20100101 Firefox/119.0"
80.94.95.211 - - [27/Jan/2026:08:10:47 -0500] "GET /wp-admin/profile.php HTTP/1.1" 404 290 "http://www.youngtubeporn.com/wp-login.php" "Mozilla/5.0 (Windows NT 10.0; Win64; x64; rv:119.0) Gecko/20100101 Firefox/119.0"
80.94.95.211 - - [27/Jan/2026:08:10:47 -0500] "GET /wp-admin/edit.php HTTP/1.1" 404 287 "http://www.youngtubeporn.com/wp-login.php" "Mozilla/5.0 (Windows NT 10.0; Win64; x64; rv:119.0) Gecko/20100101 Firefox/119.0"
80.94.95.211 - - [27/Jan/2026:08:10:48 -0500] "GET /wp-admin/plugins.php HTTP/1.1" 404 290 "http://www.youngtubeporn.com/wp-login.php" "Mozilla/5.0 (Windows NT 10.0; Win64; x64; rv:119.0) Gecko/20100101 Firefox/119.0"
80.94.95.211 - - [27/Jan/2026:08:10:49 -0500] "GET /wp-admin/index.php HTTP/1.1" 404 288 "http://www.youngtubeporn.com/wp-login.php" "Mozilla/5.0 (Windows NT 10.0; Win64; x64) AppleWebKit/537.36 (KHTML, like Gecko) Chrome/120.0.0.0 Safari/537.36"
80.94.95.211 - - [27/Jan/2026:08:10:49 -0500] "GET /wp-admin/profile.php HTTP/1.1" 404 290 "http://www.youngtubeporn.com/wp-login.php" "Mozilla/5.0 (Windows NT 10.0; Win64; x64) AppleWebKit/537.36 (KHTML, like Gecko) Chrome/120.0.0.0 Safari/537.36"
143.44.184.33 - - [27/Jan/2026:08:10:49 -0500] "GET /public/index.php?path_info=incoming-mail/count-pending HTTP/1.1" 403 1215 "https://www.dowork.biz/public/index.php?path_info=projects%2F33%2Ftickets%2F13366&page=2" "Mozilla/5.0 (Windows NT 10.0; Win64; x64) AppleWebKit/537.36 (KHTML, like Gecko) Chrome/144.0.0.0 Safari/537.36"
80.94.95.211 - - [27/Jan/2026:08:10:49 -0500] "GET /wp-admin/edit.php HTTP/1.1" 404 287 "http://www.youngtubeporn.com/wp-login.php" "Mozilla/5.0 (Windows NT 10.0; Win64; x64) AppleWebKit/537.36 (KHTML, like Gecko) Chrome/120.0.0.0 Safari/537.36"
80.94.95.211 - - [27/Jan/2026:08:10:49 -0500] "GET /wp-admin/plugins.php HTTP/1.1" 404 290 "http://www.youngtubeporn.com/wp-login.php" "Mozilla/5.0 (Windows NT 10.0; Win64; x64) AppleWebKit/537.36 (KHTML, like Gecko) Chrome/120.0.0.0 Safari/537.36"
80.94.95.211 - - [27/Jan/2026:08:10:50 -0500] "GET /wp-admin/index.php HTTP/1.1" 404 288 "http://www.youngtubeporn.com/wp-login.php" "Mozilla/5.0 (Windows NT 10.0; Win64; x64) AppleWebKit/537.36 (KHTML, like Gecko) Chrome/119.0.0.0 Safari/537.36"
80.94.95.211 - - [27/Jan/2026:08:10:50 -0500] "GET /wp-admin/profile.php HTTP/1.1" 404 290 "http://www.youngtubeporn.com/wp-login.php" "Mozilla/5.0 (Windows NT 10.0; Win64; x64) AppleWebKit/537.36 (KHTML, like Gecko) Chrome/119.0.0.0 Safari/537.36"
80.94.95.211 - - [27/Jan/2026:08:10:50 -0500] "GET /wp-admin/edit.php HTTP/1.1" 404 287 "http://www.youngtubeporn.com/wp-login.php" "Mozilla/5.0 (Windows NT 10.0; Win64; x64) AppleWebKit/537.36 (KHTML, like Gecko) Chrome/119.0.0.0 Safari/537.36"
80.94.95.211 - - [27/Jan/2026:08:10:51 -0500] "GET /wp-admin/plugins.php HTTP/1.1" 404 290 "http://www.youngtubeporn.com/wp-login.php" "Mozilla/5.0 (Windows NT 10.0; Win64; x64) AppleWebKit/537.36 (KHTML, like Gecko) Chrome/119.0.0.0 Safari/537.36"
80.94.95.211 - - [27/Jan/2026:08:10:51 -0500] "GET /wp-admin/index.php HTTP/1.1" 404 288 "http://www.youngtubeporn.com/wp-login.php" "Mozilla/5.0 (Windows NT 11.0; Win64; x64) AppleWebKit/537.36 (KHTML, like Gecko) Chrome/119.0.0.0 Safari/537.36"
80.94.95.211 - - [27/Jan/2026:08:10:51 -0500] "GET /wp-admin/profile.php HTTP/1.1" 404 290 "http://www.youngtubeporn.com/wp-login.php" "Mozilla/5.0 (Windows NT 11.0; Win64; x64) AppleWebKit/537.36 (KHTML, like Gecko) Chrome/119.0.0.0 Safari/537.36"
80.94.95.211 - - [27/Jan/2026:08:10:52 -0500] "GET /wp-admin/edit.php HTTP/1.1" 404 287 "http://www.youngtubeporn.com/wp-login.php" "Mozilla/5.0 (Windows NT 11.0; Win64; x64) AppleWebKit/537.36 (KHTML, like Gecko) Chrome/119.0.0.0 Safari/537.36"
80.94.95.211 - - [27/Jan/2026:08:10:52 -0500] "GET /wp-admin/plugins.php HTTP/1.1" 404 290 "http://www.youngtubeporn.com/wp-login.php" "Mozilla/5.0 (Windows NT 11.0; Win64; x64) AppleWebKit/537.36 (KHTML, like Gecko) Chrome/119.0.0.0 Safari/537.36"
80.94.95.211 - - [27/Jan/2026:08:10:53 -0500] "GET /wp-admin/index.php HTTP/1.1" 404 288 "http://www.youngtubeporn.com/wp-login.php" "Mozilla/5.0 (Windows NT 11.0; Win64; x64) AppleWebKit/537.36 (KHTML, like Gecko) Chrome/119.0.0.0 Safari/537.36"
80.94.95.211 - - [27/Jan/2026:08:10:53 -0500] "GET /wp-admin/profile.php HTTP/1.1" 404 290 "http://www.youngtubeporn.com/wp-login.php" "Mozilla/5.0 (Windows NT 11.0; Win64; x64) AppleWebKit/537.36 (KHTML, like Gecko) Chrome/119.0.0.0 Safari/537.36"
80.94.95.211 - - [27/Jan/2026:08:10:53 -0500] "GET /wp-admin/edit.php HTTP/1.1" 404 287 "http://www.youngtubeporn.com/wp-login.php" "Mozilla/5.0 (Windows NT 11.0; Win64; x64) AppleWebKit/537.36 (KHTML, like Gecko) Chrome/119.0.0.0 Safari/537.36"
80.94.95.211 - - [27/Jan/2026:08:10:53 -0500] "GET /wp-admin/plugins.php HTTP/1.1" 404 290 "http://www.youngtubeporn.com/wp-login.php" "Mozilla/5.0 (Windows NT 11.0; Win64; x64) AppleWebKit/537.36 (KHTML, like Gecko) Chrome/119.0.0.0 Safari/537.36"
80.94.95.211 - - [27/Jan/2026:08:10:54 -0500] "GET /wp-admin/index.php HTTP/1.1" 404 288 "http://www.youngtubeporn.com/wp-login.php" "Mozilla/5.0 (X11; Ubuntu; Linux x86_64) AppleWebKit/537.36 (KHTML, like Gecko) Chrome/120.0.0.0 Safari/537.36"
80.94.95.211 - - [27/Jan/2026:08:10:54 -0500] "GET /wp-admin/profile.php HTTP/1.1" 404 290 "http://www.youngtubeporn.com/wp-login.php" "Mozilla/5.0 (X11; Ubuntu; Linux x86_64) AppleWebKit/537.36 (KHTML, like Gecko) Chrome/120.0.0.0 Safari/537.36"
80.94.95.211 - - [27/Jan/2026:08:10:55 -0500] "GET /wp-admin/edit.php HTTP/1.1" 404 287 "http://www.youngtubeporn.com/wp-login.php" "Mozilla/5.0 (X11; Ubuntu; Linux x86_64) AppleWebKit/537.36 (KHTML, like Gecko) Chrome/120.0.0.0 Safari/537.36"
80.94.95.211 - - [27/Jan/2026:08:10:55 -0500] "GET /wp-admin/plugins.php HTTP/1.1" 404 290 "http://www.youngtubeporn.com/wp-login.php" "Mozilla/5.0 (X11; Ubuntu; Linux x86_64) AppleWebKit/537.36 (KHTML, like Gecko) Chrome/120.0.0.0 Safari/537.36"
80.94.95.211 - - [27/Jan/2026:08:10:56 -0500] "GET /wp-admin/index.php HTTP/1.1" 404 288 "http://www.youngtubeporn.com/wp-login.php" "Mozilla/5.0 (Macintosh; Intel Mac OS X 13_6_1) AppleWebKit/537.36 (KHTML, like Gecko) Chrome/121.0.0.0 Safari/537.36"
80.94.95.211 - - [27/Jan/2026:08:10:56 -0500] "GET /wp-admin/profile.php HTTP/1.1" 404 290 "http://www.youngtubeporn.com/wp-login.php" "Mozilla/5.0 (Macintosh; Intel Mac OS X 13_6_1) AppleWebKit/537.36 (KHTML, like Gecko) Chrome/121.0.0.0 Safari/537.36"
80.94.95.211 - - [27/Jan/2026:08:10:56 -0500] "GET /wp-admin/edit.php HTTP/1.1" 404 287 "http://www.youngtubeporn.com/wp-login.php" "Mozilla/5.0 (Macintosh; Intel Mac OS X 13_6_1) AppleWebKit/537.36 (KHTML, like Gecko) Chrome/121.0.0.0 Safari/537.36"
80.94.95.211 - - [27/Jan/2026:08:10:56 -0500] "GET /wp-admin/plugins.php HTTP/1.1" 404 290 "http://www.youngtubeporn.com/wp-login.php" "Mozilla/5.0 (Macintosh; Intel Mac OS X 13_6_1) AppleWebKit/537.36 (KHTML, like Gecko) Chrome/121.0.0.0 Safari/537.36"
80.94.95.211 - - [27/Jan/2026:08:10:57 -0500] "GET /wp-admin/index.php HTTP/1.1" 404 288 "http://www.youngtubeporn.com/wp-login.php" "Mozilla/5.0 (Macintosh; Intel Mac OS X 10_15_7) AppleWebKit/605.1.15 (KHTML, like Gecko) Version/17.0 Safari/605.1.15"
80.94.95.211 - - [27/Jan/2026:08:10:57 -0500] "GET /wp-admin/profile.php HTTP/1.1" 404 290 "http://www.youngtubeporn.com/wp-login.php" "Mozilla/5.0 (Macintosh; Intel Mac OS X 10_15_7) AppleWebKit/605.1.15 (KHTML, like Gecko) Version/17.0 Safari/605.1.15"
80.94.95.211 - - [27/Jan/2026:08:10:58 -0500] "GET /wp-admin/edit.php HTTP/1.1" 404 287 "http://www.youngtubeporn.com/wp-login.php" "Mozilla/5.0 (Macintosh; Intel Mac OS X 10_15_7) AppleWebKit/605.1.15 (KHTML, like Gecko) Version/17.0 Safari/605.1.15"
80.94.95.211 - - [27/Jan/2026:08:10:58 -0500] "GET /wp-admin/plugins.php HTTP/1.1" 404 290 "http://www.youngtubeporn.com/wp-login.php" "Mozilla/5.0 (Macintosh; Intel Mac OS X 10_15_7) AppleWebKit/605.1.15 (KHTML, like Gecko) Version/17.0 Safari/605.1.15"
80.94.95.211 - - [27/Jan/2026:08:10:59 -0500] "GET /wp-admin/index.php HTTP/1.1" 404 288 "http://www.youngtubeporn.com/wp-login.php" "Mozilla/5.0 (Macintosh; Intel Mac OS X 10_15_7) AppleWebKit/605.1.15 (KHTML, like Gecko) Version/17.0 Safari/605.1.15"
80.94.95.211 - - [27/Jan/2026:08:10:59 -0500] "GET /wp-admin/profile.php HTTP/1.1" 404 290 "http://www.youngtubeporn.com/wp-login.php" "Mozilla/5.0 (Macintosh; Intel Mac OS X 10_15_7) AppleWebKit/605.1.15 (KHTML, like Gecko) Version/17.0 Safari/605.1.15"
80.94.95.211 - - [27/Jan/2026:08:10:59 -0500] "GET /wp-admin/edit.php HTTP/1.1" 404 287 "http://www.youngtubeporn.com/wp-login.php" "Mozilla/5.0 (Macintosh; Intel Mac OS X 10_15_7) AppleWebKit/605.1.15 (KHTML, like Gecko) Version/17.0 Safari/605.1.15"
80.94.95.211 - - [27/Jan/2026:08:11:00 -0500] "GET /wp-admin/plugins.php HTTP/1.1" 404 290 "http://www.youngtubeporn.com/wp-login.php" "Mozilla/5.0 (Macintosh; Intel Mac OS X 10_15_7) AppleWebKit/605.1.15 (KHTML, like Gecko) Version/17.0 Safari/605.1.15"
80.94.95.211 - - [27/Jan/2026:08:11:01 -0500] "GET /wp-admin/index.php HTTP/1.1" 404 288 "http://www.youngtubeporn.com/wp-login.php" "Mozilla/5.0 (Windows NT 11.0; Win64; x64) AppleWebKit/537.36 (KHTML, like Gecko) Chrome/121.0.0.0 Safari/537.36"
143.44.184.33 - - [27/Jan/2026:08:11:01 -0500] "GET /public/index.php?path_info=incoming-mail/count-pending HTTP/1.1" 403 1215 "https://www.dowork.biz/public/index.php?path_info=projects%2F33%2Ftickets%2F13781" "Mozilla/5.0 (Windows NT 10.0; Win64; x64) AppleWebKit/537.36 (KHTML, like Gecko) Chrome/144.0.0.0 Safari/537.36"
80.94.95.211 - - [27/Jan/2026:08:11:01 -0500] "GET /wp-admin/profile.php HTTP/1.1" 404 290 "http://www.youngtubeporn.com/wp-login.php" "Mozilla/5.0 (Windows NT 11.0; Win64; x64) AppleWebKit/537.36 (KHTML, like Gecko) Chrome/121.0.0.0 Safari/537.36"
80.94.95.211 - - [27/Jan/2026:08:11:01 -0500] "GET /wp-admin/edit.php HTTP/1.1" 404 287 "http://www.youngtubeporn.com/wp-login.php" "Mozilla/5.0 (Windows NT 11.0; Win64; x64) AppleWebKit/537.36 (KHTML, like Gecko) Chrome/121.0.0.0 Safari/537.36"
80.94.95.211 - - [27/Jan/2026:08:11:02 -0500] "GET /wp-admin/plugins.php HTTP/1.1" 404 290 "http://www.youngtubeporn.com/wp-login.php" "Mozilla/5.0 (Windows NT 11.0; Win64; x64) AppleWebKit/537.36 (KHTML, like Gecko) Chrome/121.0.0.0 Safari/537.36"
80.94.95.211 - - [27/Jan/2026:08:11:02 -0500] "GET /wp-admin/index.php HTTP/1.1" 404 288 "http://www.youngtubeporn.com/wp-login.php" "Mozilla/5.0 (Macintosh; Intel Mac OS X 10_15_7) AppleWebKit/605.1.15 (KHTML, like Gecko) Version/17.2 Safari/605.1.15"
80.94.95.211 - - [27/Jan/2026:08:11:02 -0500] "GET /wp-admin/profile.php HTTP/1.1" 404 290 "http://www.youngtubeporn.com/wp-login.php" "Mozilla/5.0 (Macintosh; Intel Mac OS X 10_15_7) AppleWebKit/605.1.15 (KHTML, like Gecko) Version/17.2 Safari/605.1.15"
80.94.95.211 - - [27/Jan/2026:08:11:03 -0500] "GET /wp-admin/edit.php HTTP/1.1" 404 287 "http://www.youngtubeporn.com/wp-login.php" "Mozilla/5.0 (Macintosh; Intel Mac OS X 10_15_7) AppleWebKit/605.1.15 (KHTML, like Gecko) Version/17.2 Safari/605.1.15"
80.94.95.211 - - [27/Jan/2026:08:11:03 -0500] "GET /wp-admin/plugins.php HTTP/1.1" 404 290 "http://www.youngtubeporn.com/wp-login.php" "Mozilla/5.0 (Macintosh; Intel Mac OS X 10_15_7) AppleWebKit/605.1.15 (KHTML, like Gecko) Version/17.2 Safari/605.1.15"
80.94.95.211 - - [27/Jan/2026:08:11:03 -0500] "GET /wp-admin/index.php HTTP/1.1" 404 288 "http://www.youngtubeporn.com/wp-login.php" "Mozilla/5.0 (Macintosh; Intel Mac OS X 13_6_1; rv:119.0) Gecko/20100101 Firefox/119.0"
80.94.95.211 - - [27/Jan/2026:08:11:04 -0500] "GET /wp-admin/profile.php HTTP/1.1" 404 290 "http://www.youngtubeporn.com/wp-login.php" "Mozilla/5.0 (Macintosh; Intel Mac OS X 13_6_1; rv:119.0) Gecko/20100101 Firefox/119.0"
80.94.95.211 - - [27/Jan/2026:08:11:04 -0500] "GET /wp-admin/edit.php HTTP/1.1" 404 287 "http://www.youngtubeporn.com/wp-login.php" "Mozilla/5.0 (Macintosh; Intel Mac OS X 13_6_1; rv:119.0) Gecko/20100101 Firefox/119.0"
80.94.95.211 - - [27/Jan/2026:08:11:04 -0500] "GET /wp-admin/plugins.php HTTP/1.1" 404 290 "http://www.youngtubeporn.com/wp-login.php" "Mozilla/5.0 (Macintosh; Intel Mac OS X 13_6_1; rv:119.0) Gecko/20100101 Firefox/119.0"
80.94.95.211 - - [27/Jan/2026:08:11:05 -0500] "GET /wp-admin/index.php HTTP/1.1" 404 288 "http://www.youngtubeporn.com/wp-login.php" "Mozilla/5.0 (Windows NT 10.0; Win64; x64) AppleWebKit/537.36 (KHTML, like Gecko) Chrome/120.0.0.0 Safari/537.36"
143.44.184.33 - - [27/Jan/2026:08:11:03 -0500] "POST /public/index.php?path_info=projects%2F33%2Fcomments%2Fadd&parent_id=238045 HTTP/1.1" 302 - "https://www.dowork.biz/public/index.php?path_info=projects%2F33%2Ftickets%2F13366&page=2" "Mozilla/5.0 (Windows NT 10.0; Win64; x64) AppleWebKit/537.36 (KHTML, like Gecko) Chrome/144.0.0.0 Safari/537.36"
80.94.95.211 - - [27/Jan/2026:08:11:06 -0500] "GET /wp-admin/profile.php HTTP/1.1" 404 290 "http://www.youngtubeporn.com/wp-login.php" "Mozilla/5.0 (Windows NT 10.0; Win64; x64) AppleWebKit/537.36 (KHTML, like Gecko) Chrome/120.0.0.0 Safari/537.36"
80.94.95.211 - - [27/Jan/2026:08:11:06 -0500] "GET /wp-admin/edit.php HTTP/1.1" 404 287 "http://www.youngtubeporn.com/wp-login.php" "Mozilla/5.0 (Windows NT 10.0; Win64; x64) AppleWebKit/537.36 (KHTML, like Gecko) Chrome/120.0.0.0 Safari/537.36"
143.44.184.33 - - [27/Jan/2026:08:11:06 -0500] "GET /public/index.php?path_info=projects%2F33%2Ftickets%2F13366&page=2 HTTP/1.1" 200 435290 "https://www.dowork.biz/public/index.php?path_info=projects%2F33%2Ftickets%2F13366&page=2" "Mozilla/5.0 (Windows NT 10.0; Win64; x64) AppleWebKit/537.36 (KHTML, like Gecko) Chrome/144.0.0.0 Safari/537.36"
80.94.95.211 - - [27/Jan/2026:08:11:06 -0500] "GET /wp-admin/plugins.php HTTP/1.1" 404 290 "http://www.youngtubeporn.com/wp-login.php" "Mozilla/5.0 (Windows NT 10.0; Win64; x64) AppleWebKit/537.36 (KHTML, like Gecko) Chrome/120.0.0.0 Safari/537.36"
80.94.95.211 - - [27/Jan/2026:08:11:07 -0500] "GET /wp-admin/index.php HTTP/1.1" 404 288 "http://www.youngtubeporn.com/wp-login.php" "Mozilla/5.0 (Macintosh; Intel Mac OS X 10_15_7) AppleWebKit/605.1.15 (KHTML, like Gecko) Version/17.0 Safari/605.1.15"
80.94.95.211 - - [27/Jan/2026:08:11:07 -0500] "GET /wp-admin/profile.php HTTP/1.1" 404 290 "http://www.youngtubeporn.com/wp-login.php" "Mozilla/5.0 (Macintosh; Intel Mac OS X 10_15_7) AppleWebKit/605.1.15 (KHTML, like Gecko) Version/17.0 Safari/605.1.15"
80.94.95.211 - - [27/Jan/2026:08:11:07 -0500] "GET /wp-admin/edit.php HTTP/1.1" 404 287 "http://www.youngtubeporn.com/wp-login.php" "Mozilla/5.0 (Macintosh; Intel Mac OS X 10_15_7) AppleWebKit/605.1.15 (KHTML, like Gecko) Version/17.0 Safari/605.1.15"
80.94.95.211 - - [27/Jan/2026:08:11:07 -0500] "GET /wp-admin/plugins.php HTTP/1.1" 404 290 "http://www.youngtubeporn.com/wp-login.php" "Mozilla/5.0 (Macintosh; Intel Mac OS X 10_15_7) AppleWebKit/605.1.15 (KHTML, like Gecko) Version/17.0 Safari/605.1.15"
80.94.95.211 - - [27/Jan/2026:08:11:09 -0500] "GET /wp-admin/index.php HTTP/1.1" 404 288 "http://www.youngtubeporn.com/wp-login.php" "Mozilla/5.0 (X11; Linux x86_64) AppleWebKit/537.36 (KHTML, like Gecko) Chrome/119.0.0.0 Safari/537.36"
80.94.95.211 - - [27/Jan/2026:08:11:09 -0500] "GET /wp-admin/profile.php HTTP/1.1" 404 290 "http://www.youngtubeporn.com/wp-login.php" "Mozilla/5.0 (X11; Linux x86_64) AppleWebKit/537.36 (KHTML, like Gecko) Chrome/119.0.0.0 Safari/537.36"
80.94.95.211 - - [27/Jan/2026:08:11:09 -0500] "GET /wp-admin/edit.php HTTP/1.1" 404 287 "http://www.youngtubeporn.com/wp-login.php" "Mozilla/5.0 (X11; Linux x86_64) AppleWebKit/537.36 (KHTML, like Gecko) Chrome/119.0.0.0 Safari/537.36"
80.94.95.211 - - [27/Jan/2026:08:11:10 -0500] "GET /wp-admin/plugins.php HTTP/1.1" 404 290 "http://www.youngtubeporn.com/wp-login.php" "Mozilla/5.0 (X11; Linux x86_64) AppleWebKit/537.36 (KHTML, like Gecko) Chrome/119.0.0.0 Safari/537.36"
