64.59.72.148 - - [27/Jan/2026:05:08:36 -0500] "GET /public HTTP/1.1" 301 301 "-" "check_http/v2.4.9 (nagios-plugins 2.4.9)"
64.59.72.148 - - [27/Jan/2026:05:08:36 -0500] "GET /public/ HTTP/1.1" 302 - "-" "check_http/v2.4.9 (nagios-plugins 2.4.9)"
64.59.72.148 - - [27/Jan/2026:05:08:36 -0500] "GET /public/index.php?path_info=login&re_route=homepage HTTP/1.1" 200 4304 "-" "check_http/v2.4.9 (nagios-plugins 2.4.9)"
143.44.184.33 - - [27/Jan/2026:05:09:00 -0500] "GET /public/index.php?path_info=incoming-mail/count-pending HTTP/1.1" 403 1215 "https://www.dowork.biz/public/index.php?path_info=projects%2F33%2Ftickets" "Mozilla/5.0 (Windows NT 10.0; Win64; x64) AppleWebKit/537.36 (KHTML, like Gecko) Chrome/144.0.0.0 Safari/537.36"
120.28.138.106 - - [27/Jan/2026:05:09:05 -0500] "GET /public/index.php?path_info=projects%2F33%2Ftickets HTTP/1.1" 200 219639 "https://www.dowork.biz/public/index.php?path_info=projects%2F33%2Ftickets%2F12779&page=6" "Mozilla/5.0 (Windows NT 10.0; Win64; x64) AppleWebKit/537.36 (KHTML, like Gecko) Chrome/144.0.0.0 Safari/537.36"
208.122.222.38 - - [27/Jan/2026:05:09:15 -0500] "GET /public/index.php?path_info=incoming-mail/count-pending HTTP/1.1" 403 1215 "https://www.dowork.biz/public/index.php?path_info=projects%2F33%2Ftickets%2F11799&page=15" "Mozilla/5.0 (Windows NT 10.0; Win64; x64) AppleWebKit/537.36 (KHTML, like Gecko) Chrome/143.0.0.0 Safari/537.36"
208.122.222.38 - - [27/Jan/2026:05:09:15 -0500] "GET /public/index.php?path_info=refresh-session HTTP/1.1" 200 43 "https://www.dowork.biz/public/index.php?path_info=projects%2F33%2Ftickets%2F13580&page=1" "Mozilla/5.0 (Windows NT 10.0; Win64; x64) AppleWebKit/537.36 (KHTML, like Gecko) Chrome/143.0.0.0 Safari/537.36"
208.122.222.38 - - [27/Jan/2026:05:09:15 -0500] "GET /public/index.php?path_info=incoming-mail/count-pending HTTP/1.1" 403 1215 "https://www.dowork.biz/public/index.php?path_info=projects%2F33%2Ftickets%2F13044&page=5" "Mozilla/5.0 (Windows NT 10.0; Win64; x64) AppleWebKit/537.36 (KHTML, like Gecko) Chrome/143.0.0.0 Safari/537.36"
208.122.222.38 - - [27/Jan/2026:05:09:15 -0500] "GET /public/index.php?path_info=refresh-session HTTP/1.1" 200 43 "https://www.dowork.biz/public/index.php?path_info=projects%2F33%2Ftickets%2F13048&page=4" "Mozilla/5.0 (Windows NT 10.0; Win64; x64) AppleWebKit/537.36 (KHTML, like Gecko) Chrome/143.0.0.0 Safari/537.36"
208.122.222.38 - - [27/Jan/2026:05:09:15 -0500] "GET /public/index.php?path_info=incoming-mail/count-pending HTTP/1.1" 403 1215 "https://www.dowork.biz/public/index.php?path_info=projects%2F33%2Ftickets%2F11825&page=14" "Mozilla/5.0 (Windows NT 10.0; Win64; x64) AppleWebKit/537.36 (KHTML, like Gecko) Chrome/143.0.0.0 Safari/537.36"
208.122.222.38 - - [27/Jan/2026:05:09:15 -0500] "GET /public/index.php?path_info=incoming-mail/count-pending HTTP/1.1" 403 1215 "https://www.dowork.biz/public/index.php?path_info=projects%2F33%2Ftickets%2F12238&page=9" "Mozilla/5.0 (Windows NT 10.0; Win64; x64) AppleWebKit/537.36 (KHTML, like Gecko) Chrome/143.0.0.0 Safari/537.36"
208.122.222.38 - - [27/Jan/2026:05:09:15 -0500] "GET /public/index.php?path_info=incoming-mail/count-pending HTTP/1.1" 403 1215 "https://www.dowork.biz/public/index.php?path_info=projects%2F33%2Ftickets%2F11440&page=12" "Mozilla/5.0 (Windows NT 10.0; Win64; x64) AppleWebKit/537.36 (KHTML, like Gecko) Chrome/143.0.0.0 Safari/537.36"
208.122.222.38 - - [27/Jan/2026:05:09:16 -0500] "GET /public/index.php?path_info=incoming-mail/count-pending HTTP/1.1" 403 1215 "https://www.dowork.biz/public/index.php?path_info=projects%2F33%2Ftickets%2F13649&page=1" "Mozilla/5.0 (Windows NT 10.0; Win64; x64) AppleWebKit/537.36 (KHTML, like Gecko) Chrome/143.0.0.0 Safari/537.36"
208.122.222.38 - - [27/Jan/2026:05:09:16 -0500] "GET /public/index.php?path_info=incoming-mail/count-pending HTTP/1.1" 403 1215 "https://www.dowork.biz/public/index.php?path_info=projects%2F33%2Ftickets%2F12000&page=13" "Mozilla/5.0 (Windows NT 10.0; Win64; x64) AppleWebKit/537.36 (KHTML, like Gecko) Chrome/143.0.0.0 Safari/537.36"
208.122.222.39 - - [27/Jan/2026:05:09:18 -0500] "GET /public/index.php?path_info=incoming-mail/count-pending HTTP/1.1" 403 1215 "https://www.dowork.biz/public/index.php?path_info=projects%2F33%2Ftickets%2F13652&page=1" "Mozilla/5.0 (Windows NT 10.0; Win64; x64) AppleWebKit/537.36 (KHTML, like Gecko) Chrome/143.0.0.0 Safari/537.36"
208.122.222.39 - - [27/Jan/2026:05:09:18 -0500] "GET /public/index.php?path_info=refresh-session HTTP/1.1" 200 43 "https://www.dowork.biz/public/index.php?path_info=projects%2F33%2Ftickets%2F13634&page=2" "Mozilla/5.0 (Windows NT 10.0; Win64; x64) AppleWebKit/537.36 (KHTML, like Gecko) Chrome/143.0.0.0 Safari/537.36"
208.122.222.39 - - [27/Jan/2026:05:09:19 -0500] "GET /public/index.php?path_info=incoming-mail/count-pending HTTP/1.1" 403 1215 "https://www.dowork.biz/public/index.php?path_info=projects%2F33%2Ftickets%2F13414&page=3" "Mozilla/5.0 (Windows NT 10.0; Win64; x64) AppleWebKit/537.36 (KHTML, like Gecko) Chrome/143.0.0.0 Safari/537.36"
208.122.222.39 - - [27/Jan/2026:05:09:19 -0500] "GET /public/index.php?path_info=refresh-session HTTP/1.1" 200 43 "https://www.dowork.biz/public/index.php?path_info=projects%2F33%2Ftickets%2F12777&page=2" "Mozilla/5.0 (Windows NT 10.0; Win64; x64) AppleWebKit/537.36 (KHTML, like Gecko) Chrome/143.0.0.0 Safari/537.36"
208.122.222.39 - - [27/Jan/2026:05:09:19 -0500] "GET /public/index.php?path_info=incoming-mail/count-pending HTTP/1.1" 403 1215 "https://www.dowork.biz/public/index.php?path_info=projects%2F33%2Ftickets%2F11430&page=17" "Mozilla/5.0 (Windows NT 10.0; Win64; x64) AppleWebKit/537.36 (KHTML, like Gecko) Chrome/143.0.0.0 Safari/537.36"
208.122.222.39 - - [27/Jan/2026:05:09:19 -0500] "GET /public/index.php?path_info=incoming-mail/count-pending HTTP/1.1" 403 1215 "https://www.dowork.biz/public/index.php?path_info=projects%2F33%2Ftickets%2F11411&page=63" "Mozilla/5.0 (Windows NT 10.0; Win64; x64) AppleWebKit/537.36 (KHTML, like Gecko) Chrome/143.0.0.0 Safari/537.36"
143.44.184.33 - - [27/Jan/2026:05:09:25 -0500] "GET /public/index.php?path_info=incoming-mail/count-pending HTTP/1.1" 403 1215 "https://www.dowork.biz/public/index.php?path_info=projects%2F33%2Ftickets%2F13784&page=1" "Mozilla/5.0 (Windows NT 10.0; Win64; x64) AppleWebKit/537.36 (KHTML, like Gecko) Chrome/144.0.0.0 Safari/537.36"
112.206.69.145 - - [27/Jan/2026:05:10:13 -0500] "GET /public/index.php?path_info=incoming-mail/count-pending HTTP/1.1" 403 1215 "https://www.dowork.biz/public/index.php?path_info=projects%2F33%2Ftickets%2F13578&page=2" "Mozilla/5.0 (Windows NT 10.0; Win64; x64) AppleWebKit/537.36 (KHTML, like Gecko) Chrome/144.0.0.0 Safari/537.36"
208.122.222.38 - - [27/Jan/2026:05:10:15 -0500] "GET /public/index.php?path_info=incoming-mail/count-pending HTTP/1.1" 403 1215 "https://www.dowork.biz/public/index.php?path_info=projects%2F33%2Ftickets%2F11824&page=15" "Mozilla/5.0 (Windows NT 10.0; Win64; x64) AppleWebKit/537.36 (KHTML, like Gecko) Chrome/143.0.0.0 Safari/537.36"
208.122.222.38 - - [27/Jan/2026:05:10:15 -0500] "GET /public/index.php?path_info=refresh-session HTTP/1.1" 200 43 "https://www.dowork.biz/public/index.php?path_info=projects%2F33%2Ftickets%2F11411&page=63" "Mozilla/5.0 (Windows NT 10.0; Win64; x64) AppleWebKit/537.36 (KHTML, like Gecko) Chrome/143.0.0.0 Safari/537.36"
208.122.222.38 - - [27/Jan/2026:05:10:15 -0500] "GET /public/index.php?path_info=incoming-mail/count-pending HTTP/1.1" 403 1215 "https://www.dowork.biz/public/index.php?path_info=projects%2F33%2Ftickets%2F13580&page=1" "Mozilla/5.0 (Windows NT 10.0; Win64; x64) AppleWebKit/537.36 (KHTML, like Gecko) Chrome/143.0.0.0 Safari/537.36"
208.122.222.38 - - [27/Jan/2026:05:10:15 -0500] "GET /public/index.php?path_info=refresh-session HTTP/1.1" 200 43 "https://www.dowork.biz/public/index.php?path_info=projects%2F33%2Ftickets%2F11799&page=15" "Mozilla/5.0 (Windows NT 10.0; Win64; x64) AppleWebKit/537.36 (KHTML, like Gecko) Chrome/143.0.0.0 Safari/537.36"
208.122.222.38 - - [27/Jan/2026:05:10:15 -0500] "GET /public/index.php?path_info=incoming-mail/count-pending HTTP/1.1" 403 1215 "https://www.dowork.biz/public/index.php?path_info=projects%2F33%2Ftickets%2F11749&page=17" "Mozilla/5.0 (Windows NT 10.0; Win64; x64) AppleWebKit/537.36 (KHTML, like Gecko) Chrome/143.0.0.0 Safari/537.36"
208.122.222.38 - - [27/Jan/2026:05:10:15 -0500] "GET /public/index.php?path_info=incoming-mail/count-pending HTTP/1.1" 403 1215 "https://www.dowork.biz/public/index.php?path_info=projects%2F33%2Ftickets%2F12704&page=8" "Mozilla/5.0 (Windows NT 10.0; Win64; x64) AppleWebKit/537.36 (KHTML, like Gecko) Chrome/143.0.0.0 Safari/537.36"
208.122.222.39 - - [27/Jan/2026:05:10:18 -0500] "GET /public/index.php?path_info=incoming-mail/count-pending HTTP/1.1" 403 1215 "https://www.dowork.biz/public/index.php?path_info=projects%2F33%2Ftickets%2F13634&page=2" "Mozilla/5.0 (Windows NT 10.0; Win64; x64) AppleWebKit/537.36 (KHTML, like Gecko) Chrome/143.0.0.0 Safari/537.36"
208.122.222.39 - - [27/Jan/2026:05:10:18 -0500] "GET /public/index.php?path_info=refresh-session HTTP/1.1" 200 43 "https://www.dowork.biz/public/index.php?path_info=projects%2F33%2Ftickets%2F13330&page=3" "Mozilla/5.0 (Windows NT 10.0; Win64; x64) AppleWebKit/537.36 (KHTML, like Gecko) Chrome/143.0.0.0 Safari/537.36"
208.122.222.39 - - [27/Jan/2026:05:10:19 -0500] "GET /public/index.php?path_info=incoming-mail/count-pending HTTP/1.1" 403 1215 "https://www.dowork.biz/public/index.php?path_info=projects%2F33%2Ftickets%2F12777&page=2" "Mozilla/5.0 (Windows NT 10.0; Win64; x64) AppleWebKit/537.36 (KHTML, like Gecko) Chrome/143.0.0.0 Safari/537.36"
208.122.222.39 - - [27/Jan/2026:05:10:19 -0500] "GET /public/index.php?path_info=refresh-session HTTP/1.1" 200 43 "https://www.dowork.biz/public/index.php?path_info=projects%2F33%2Ftickets%2F13350&page=3" "Mozilla/5.0 (Windows NT 10.0; Win64; x64) AppleWebKit/537.36 (KHTML, like Gecko) Chrome/143.0.0.0 Safari/537.36"
208.122.222.39 - - [27/Jan/2026:05:10:19 -0500] "GET /public/index.php?path_info=refresh-session HTTP/1.1" 200 43 "https://www.dowork.biz/public/index.php?path_info=projects%2F33%2Ftickets%2F13579&page=2" "Mozilla/5.0 (Windows NT 10.0; Win64; x64) AppleWebKit/537.36 (KHTML, like Gecko) Chrome/143.0.0.0 Safari/537.36"
208.122.222.39 - - [27/Jan/2026:05:10:19 -0500] "GET /public/index.php?path_info=refresh-session HTTP/1.1" 200 43 "https://www.dowork.biz/public/index.php?path_info=projects%2F33%2Ftickets%2F12316&page=10" "Mozilla/5.0 (Windows NT 10.0; Win64; x64) AppleWebKit/537.36 (KHTML, like Gecko) Chrome/143.0.0.0 Safari/537.36"
208.122.222.39 - - [27/Jan/2026:05:10:19 -0500] "GET /public/index.php?path_info=refresh-session HTTP/1.1" 200 43 "https://www.dowork.biz/public/index.php?path_info=projects%2F33%2Ftickets%2F11551&page=16" "Mozilla/5.0 (Windows NT 10.0; Win64; x64) AppleWebKit/537.36 (KHTML, like Gecko) Chrome/143.0.0.0 Safari/537.36"
64.59.72.148 - - [27/Jan/2026:05:10:36 -0500] "GET /public HTTP/1.1" 301 301 "-" "check_http/v2.4.9 (nagios-plugins 2.4.9)"
64.59.72.148 - - [27/Jan/2026:05:10:37 -0500] "GET /public/ HTTP/1.1" 302 - "-" "check_http/v2.4.9 (nagios-plugins 2.4.9)"
64.59.72.148 - - [27/Jan/2026:05:10:37 -0500] "GET /public/index.php?path_info=login&re_route=homepage HTTP/1.1" 200 4304 "-" "check_http/v2.4.9 (nagios-plugins 2.4.9)"
112.206.69.145 - - [27/Jan/2026:05:10:45 -0500] "GET /public/index.php?path_info=incoming-mail/count-pending HTTP/1.1" 403 1215 "https://www.dowork.biz/public/index.php?path_info=projects%2F33%2Ftickets" "Mozilla/5.0 (Windows NT 10.0; Win64; x64) AppleWebKit/537.36 (KHTML, like Gecko) Chrome/144.0.0.0 Safari/537.36"
112.206.69.145 - - [27/Jan/2026:05:10:45 -0500] "GET /public/index.php?path_info=incoming-mail/count-pending HTTP/1.1" 403 1215 "https://www.dowork.biz/public/index.php?path_info=projects%2F33%2Ftickets%2F12263&page=10" "Mozilla/5.0 (Windows NT 10.0; Win64; x64) AppleWebKit/537.36 (KHTML, like Gecko) Chrome/144.0.0.0 Safari/537.36"
143.44.184.33 - - [27/Jan/2026:05:11:00 -0500] "GET /public/index.php?path_info=incoming-mail/count-pending HTTP/1.1" 403 1215 "https://www.dowork.biz/public/index.php?path_info=projects%2F33%2Ftickets%2F13781" "Mozilla/5.0 (Windows NT 10.0; Win64; x64) AppleWebKit/537.36 (KHTML, like Gecko) Chrome/144.0.0.0 Safari/537.36"
208.122.222.38 - - [27/Jan/2026:05:11:15 -0500] "GET /public/index.php?path_info=refresh-session HTTP/1.1" 200 43 "https://www.dowork.biz/public/index.php?path_info=projects%2F33%2Ftickets%2F11824&page=15" "Mozilla/5.0 (Windows NT 10.0; Win64; x64) AppleWebKit/537.36 (KHTML, like Gecko) Chrome/143.0.0.0 Safari/537.36"
208.122.222.38 - - [27/Jan/2026:05:11:15 -0500] "GET /public/index.php?path_info=incoming-mail/count-pending HTTP/1.1" 403 1215 "https://www.dowork.biz/public/index.php?path_info=projects%2F33%2Ftickets%2F11411&page=63" "Mozilla/5.0 (Windows NT 10.0; Win64; x64) AppleWebKit/537.36 (KHTML, like Gecko) Chrome/143.0.0.0 Safari/537.36"
208.122.222.38 - - [27/Jan/2026:05:11:15 -0500] "GET /public/index.php?path_info=refresh-session HTTP/1.1" 200 43 "https://www.dowork.biz/public/index.php?path_info=projects%2F33%2Ftickets%2F11440&page=12" "Mozilla/5.0 (Windows NT 10.0; Win64; x64) AppleWebKit/537.36 (KHTML, like Gecko) Chrome/143.0.0.0 Safari/537.36"
208.122.222.38 - - [27/Jan/2026:05:11:15 -0500] "GET /public/index.php?path_info=incoming-mail/count-pending HTTP/1.1" 403 1215 "https://www.dowork.biz/public/index.php?path_info=projects%2F33%2Ftickets%2F13048&page=4" "Mozilla/5.0 (Windows NT 10.0; Win64; x64) AppleWebKit/537.36 (KHTML, like Gecko) Chrome/143.0.0.0 Safari/537.36"
208.122.222.38 - - [27/Jan/2026:05:11:15 -0500] "GET /public/index.php?path_info=refresh-session HTTP/1.1" 200 43 "https://www.dowork.biz/public/index.php?path_info=projects%2F33%2Ftickets%2F11749&page=17" "Mozilla/5.0 (Windows NT 10.0; Win64; x64) AppleWebKit/537.36 (KHTML, like Gecko) Chrome/143.0.0.0 Safari/537.36"
208.122.222.39 - - [27/Jan/2026:05:11:18 -0500] "GET /public/index.php?path_info=incoming-mail/count-pending HTTP/1.1" 403 1215 "https://www.dowork.biz/public/index.php?path_info=projects%2F33%2Ftickets%2F13350&page=3" "Mozilla/5.0 (Windows NT 10.0; Win64; x64) AppleWebKit/537.36 (KHTML, like Gecko) Chrome/143.0.0.0 Safari/537.36"
208.122.222.39 - - [27/Jan/2026:05:11:18 -0500] "GET /public/index.php?path_info=refresh-session HTTP/1.1" 200 43 "https://www.dowork.biz/public/index.php?path_info=projects%2F33%2Ftickets%2F11430&page=17" "Mozilla/5.0 (Windows NT 10.0; Win64; x64) AppleWebKit/537.36 (KHTML, like Gecko) Chrome/143.0.0.0 Safari/537.36"
208.122.222.39 - - [27/Jan/2026:05:11:19 -0500] "GET /public/index.php?path_info=incoming-mail/count-pending HTTP/1.1" 403 1215 "https://www.dowork.biz/public/index.php?path_info=projects%2F33%2Ftickets%2F13330&page=3" "Mozilla/5.0 (Windows NT 10.0; Win64; x64) AppleWebKit/537.36 (KHTML, like Gecko) Chrome/143.0.0.0 Safari/537.36"
208.122.222.39 - - [27/Jan/2026:05:11:19 -0500] "GET /public/index.php?path_info=refresh-session HTTP/1.1" 200 43 "https://www.dowork.biz/public/index.php?path_info=projects%2F33%2Ftickets%2F13414&page=3" "Mozilla/5.0 (Windows NT 10.0; Win64; x64) AppleWebKit/537.36 (KHTML, like Gecko) Chrome/143.0.0.0 Safari/537.36"
208.122.222.39 - - [27/Jan/2026:05:11:19 -0500] "GET /public/index.php?path_info=incoming-mail/count-pending HTTP/1.1" 403 1215 "https://www.dowork.biz/public/index.php?path_info=projects%2F33%2Ftickets%2F12316&page=10" "Mozilla/5.0 (Windows NT 10.0; Win64; x64) AppleWebKit/537.36 (KHTML, like Gecko) Chrome/143.0.0.0 Safari/537.36"
208.122.222.39 - - [27/Jan/2026:05:11:19 -0500] "GET /public/index.php?path_info=refresh-session HTTP/1.1" 200 43 "https://www.dowork.biz/public/index.php?path_info=projects%2F33%2Ftickets%2F11411&page=63" "Mozilla/5.0 (Windows NT 10.0; Win64; x64) AppleWebKit/537.36 (KHTML, like Gecko) Chrome/143.0.0.0 Safari/537.36"
208.122.222.39 - - [27/Jan/2026:05:11:19 -0500] "GET /public/index.php?path_info=incoming-mail/count-pending HTTP/1.1" 403 1215 "https://www.dowork.biz/public/index.php?path_info=projects%2F33%2Ftickets%2F13579&page=2" "Mozilla/5.0 (Windows NT 10.0; Win64; x64) AppleWebKit/537.36 (KHTML, like Gecko) Chrome/143.0.0.0 Safari/537.36"
208.122.222.39 - - [27/Jan/2026:05:11:19 -0500] "GET /public/index.php?path_info=refresh-session HTTP/1.1" 200 43 "https://www.dowork.biz/public/index.php?path_info=projects%2F33%2Ftickets%2F13652&page=1" "Mozilla/5.0 (Windows NT 10.0; Win64; x64) AppleWebKit/537.36 (KHTML, like Gecko) Chrome/143.0.0.0 Safari/537.36"
208.122.222.39 - - [27/Jan/2026:05:11:19 -0500] "GET /public/index.php?path_info=incoming-mail/count-pending HTTP/1.1" 403 1215 "https://www.dowork.biz/public/index.php?path_info=projects%2F33%2Ftickets%2F11551&page=16" "Mozilla/5.0 (Windows NT 10.0; Win64; x64) AppleWebKit/537.36 (KHTML, like Gecko) Chrome/143.0.0.0 Safari/537.36"
143.44.184.33 - - [27/Jan/2026:05:11:25 -0500] "GET /public/index.php?path_info=refresh-session HTTP/1.1" 200 43 "https://www.dowork.biz/public/index.php?path_info=projects%2F33%2Ftickets%2F13784&page=1" "Mozilla/5.0 (Windows NT 10.0; Win64; x64) AppleWebKit/537.36 (KHTML, like Gecko) Chrome/144.0.0.0 Safari/537.36"
112.206.69.145 - - [27/Jan/2026:05:11:44 -0500] "GET /public/index.php?path_info=refresh-session HTTP/1.1" 200 43 "https://www.dowork.biz/public/index.php?path_info=projects%2F33%2Ftickets%2F12263&page=10" "Mozilla/5.0 (Windows NT 10.0; Win64; x64) AppleWebKit/537.36 (KHTML, like Gecko) Chrome/144.0.0.0 Safari/537.36"
143.44.184.33 - - [27/Jan/2026:05:11:59 -0500] "GET /public/index.php?path_info=refresh-session HTTP/1.1" 200 43 "https://www.dowork.biz/public/index.php?path_info=projects%2F33%2Ftickets" "Mozilla/5.0 (Windows NT 10.0; Win64; x64) AppleWebKit/537.36 (KHTML, like Gecko) Chrome/144.0.0.0 Safari/537.36"
143.44.184.33 - - [27/Jan/2026:05:12:00 -0500] "GET /public/index.php?path_info=incoming-mail/count-pending HTTP/1.1" 403 1215 "https://www.dowork.biz/public/index.php?path_info=projects%2F33%2Ftickets" "Mozilla/5.0 (Windows NT 10.0; Win64; x64) AppleWebKit/537.36 (KHTML, like Gecko) Chrome/144.0.0.0 Safari/537.36"
143.44.184.33 - - [27/Jan/2026:05:12:00 -0500] "GET /public/index.php?path_info=refresh-session HTTP/1.1" 200 43 "https://www.dowork.biz/public/index.php?path_info=projects%2F33%2Ftickets%2F13781" "Mozilla/5.0 (Windows NT 10.0; Win64; x64) AppleWebKit/537.36 (KHTML, like Gecko) Chrome/144.0.0.0 Safari/537.36"
112.203.52.168 - - [27/Jan/2026:05:12:07 -0500] "GET /public/index.php?path_info=incoming-mail/count-pending HTTP/1.1" 403 1215 "https://www.dowork.biz/public/index.php?path_info=projects%2F33%2Ftickets" "Mozilla/5.0 (Windows NT 10.0; Win64; x64) AppleWebKit/537.36 (KHTML, like Gecko) Chrome/144.0.0.0 Safari/537.36"
112.206.69.145 - - [27/Jan/2026:05:12:13 -0500] "GET /public/index.php?path_info=refresh-session HTTP/1.1" 200 43 "https://www.dowork.biz/public/index.php?path_info=projects%2F33%2Ftickets%2F13578&page=2" "Mozilla/5.0 (Windows NT 10.0; Win64; x64) AppleWebKit/537.36 (KHTML, like Gecko) Chrome/144.0.0.0 Safari/537.36"
208.122.222.38 - - [27/Jan/2026:05:12:15 -0500] "GET /public/index.php?path_info=incoming-mail/count-pending HTTP/1.1" 403 1215 "https://www.dowork.biz/public/index.php?path_info=projects%2F33%2Ftickets%2F11440&page=12" "Mozilla/5.0 (Windows NT 10.0; Win64; x64) AppleWebKit/537.36 (KHTML, like Gecko) Chrome/143.0.0.0 Safari/537.36"
208.122.222.38 - - [27/Jan/2026:05:12:15 -0500] "GET /public/index.php?path_info=refresh-session HTTP/1.1" 200 43 "https://www.dowork.biz/public/index.php?path_info=projects%2F33%2Ftickets%2F12000&page=13" "Mozilla/5.0 (Windows NT 10.0; Win64; x64) AppleWebKit/537.36 (KHTML, like Gecko) Chrome/143.0.0.0 Safari/537.36"
208.122.222.38 - - [27/Jan/2026:05:12:15 -0500] "GET /public/index.php?path_info=incoming-mail/count-pending HTTP/1.1" 403 1215 "https://www.dowork.biz/public/index.php?path_info=projects%2F33%2Ftickets%2F13044&page=5" "Mozilla/5.0 (Windows NT 10.0; Win64; x64) AppleWebKit/537.36 (KHTML, like Gecko) Chrome/143.0.0.0 Safari/537.36"
208.122.222.38 - - [27/Jan/2026:05:12:15 -0500] "GET /public/index.php?path_info=refresh-session HTTP/1.1" 200 43 "https://www.dowork.biz/public/index.php?path_info=projects%2F33%2Ftickets%2F12238&page=9" "Mozilla/5.0 (Windows NT 10.0; Win64; x64) AppleWebKit/537.36 (KHTML, like Gecko) Chrome/143.0.0.0 Safari/537.36"
208.122.222.38 - - [27/Jan/2026:05:12:15 -0500] "GET /public/index.php?path_info=incoming-mail/count-pending HTTP/1.1" 403 1215 "https://www.dowork.biz/public/index.php?path_info=projects%2F33%2Ftickets%2F11799&page=15" "Mozilla/5.0 (Windows NT 10.0; Win64; x64) AppleWebKit/537.36 (KHTML, like Gecko) Chrome/143.0.0.0 Safari/537.36"
208.122.222.38 - - [27/Jan/2026:05:12:15 -0500] "GET /public/index.php?path_info=incoming-mail/count-pending HTTP/1.1" 403 1215 "https://www.dowork.biz/public/index.php?path_info=projects%2F33%2Ftickets%2F11825&page=14" "Mozilla/5.0 (Windows NT 10.0; Win64; x64) AppleWebKit/537.36 (KHTML, like Gecko) Chrome/143.0.0.0 Safari/537.36"
208.122.222.38 - - [27/Jan/2026:05:12:15 -0500] "GET /public/index.php?path_info=incoming-mail/count-pending HTTP/1.1" 403 1215 "https://www.dowork.biz/public/index.php?path_info=projects%2F33%2Ftickets%2F13649&page=1" "Mozilla/5.0 (Windows NT 10.0; Win64; x64) AppleWebKit/537.36 (KHTML, like Gecko) Chrome/143.0.0.0 Safari/537.36"
208.122.222.38 - - [27/Jan/2026:05:12:16 -0500] "GET /public/index.php?path_info=incoming-mail/count-pending HTTP/1.1" 403 1215 "https://www.dowork.biz/public/index.php?path_info=projects%2F33%2Ftickets%2F12000&page=13" "Mozilla/5.0 (Windows NT 10.0; Win64; x64) AppleWebKit/537.36 (KHTML, like Gecko) Chrome/143.0.0.0 Safari/537.36"
208.122.222.38 - - [27/Jan/2026:05:12:16 -0500] "GET /public/index.php?path_info=incoming-mail/count-pending HTTP/1.1" 403 1215 "https://www.dowork.biz/public/index.php?path_info=projects%2F33%2Ftickets%2F12238&page=9" "Mozilla/5.0 (Windows NT 10.0; Win64; x64) AppleWebKit/537.36 (KHTML, like Gecko) Chrome/143.0.0.0 Safari/537.36"
208.122.222.39 - - [27/Jan/2026:05:12:18 -0500] "GET /public/index.php?path_info=incoming-mail/count-pending HTTP/1.1" 403 1215 "https://www.dowork.biz/public/index.php?path_info=projects%2F33%2Ftickets%2F13652&page=1" "Mozilla/5.0 (Windows NT 10.0; Win64; x64) AppleWebKit/537.36 (KHTML, like Gecko) Chrome/143.0.0.0 Safari/537.36"
208.122.222.39 - - [27/Jan/2026:05:12:18 -0500] "GET /public/index.php?path_info=incoming-mail/count-pending HTTP/1.1" 403 1215 "https://www.dowork.biz/public/index.php?path_info=projects%2F33%2Ftickets%2F11430&page=17" "Mozilla/5.0 (Windows NT 10.0; Win64; x64) AppleWebKit/537.36 (KHTML, like Gecko) Chrome/143.0.0.0 Safari/537.36"
208.122.222.39 - - [27/Jan/2026:05:12:19 -0500] "GET /public/index.php?path_info=incoming-mail/count-pending HTTP/1.1" 403 1215 "https://www.dowork.biz/public/index.php?path_info=projects%2F33%2Ftickets%2F11411&page=63" "Mozilla/5.0 (Windows NT 10.0; Win64; x64) AppleWebKit/537.36 (KHTML, like Gecko) Chrome/143.0.0.0 Safari/537.36"
208.122.222.39 - - [27/Jan/2026:05:12:19 -0500] "GET /public/index.php?path_info=incoming-mail/count-pending HTTP/1.1" 403 1215 "https://www.dowork.biz/public/index.php?path_info=projects%2F33%2Ftickets%2F13414&page=3" "Mozilla/5.0 (Windows NT 10.0; Win64; x64) AppleWebKit/537.36 (KHTML, like Gecko) Chrome/143.0.0.0 Safari/537.36"
143.44.184.33 - - [27/Jan/2026:05:12:25 -0500] "GET /public/index.php?path_info=incoming-mail/count-pending HTTP/1.1" 403 1215 "https://www.dowork.biz/public/index.php?path_info=projects%2F33%2Ftickets%2F13784&page=1" "Mozilla/5.0 (Windows NT 10.0; Win64; x64) AppleWebKit/537.36 (KHTML, like Gecko) Chrome/144.0.0.0 Safari/537.36"
64.59.72.148 - - [27/Jan/2026:05:12:36 -0500] "GET /public HTTP/1.1" 301 301 "-" "check_http/v2.4.9 (nagios-plugins 2.4.9)"
64.59.72.148 - - [27/Jan/2026:05:12:36 -0500] "GET /public/ HTTP/1.1" 302 - "-" "check_http/v2.4.9 (nagios-plugins 2.4.9)"
64.59.72.148 - - [27/Jan/2026:05:12:37 -0500] "GET /public/index.php?path_info=login&re_route=homepage HTTP/1.1" 200 4304 "-" "check_http/v2.4.9 (nagios-plugins 2.4.9)"
112.206.69.145 - - [27/Jan/2026:05:12:44 -0500] "GET /public/index.php?path_info=refresh-session HTTP/1.1" 200 43 "https://www.dowork.biz/public/index.php?path_info=projects%2F33%2Ftickets" "Mozilla/5.0 (Windows NT 10.0; Win64; x64) AppleWebKit/537.36 (KHTML, like Gecko) Chrome/144.0.0.0 Safari/537.36"
112.206.69.145 - - [27/Jan/2026:05:13:12 -0500] "GET /public/index.php?path_info=incoming-mail/count-pending HTTP/1.1" 403 1215 "https://www.dowork.biz/public/index.php?path_info=projects%2F33%2Ftickets%2F13578&page=2" "Mozilla/5.0 (Windows NT 10.0; Win64; x64) AppleWebKit/537.36 (KHTML, like Gecko) Chrome/144.0.0.0 Safari/537.36"
208.122.222.38 - - [27/Jan/2026:05:13:15 -0500] "GET /public/index.php?path_info=refresh-session HTTP/1.1" 200 43 "https://www.dowork.biz/public/index.php?path_info=projects%2F33%2Ftickets%2F11825&page=14" "Mozilla/5.0 (Windows NT 10.0; Win64; x64) AppleWebKit/537.36 (KHTML, like Gecko) Chrome/143.0.0.0 Safari/537.36"
208.122.222.38 - - [27/Jan/2026:05:13:15 -0500] "GET /public/index.php?path_info=incoming-mail/count-pending HTTP/1.1" 403 1215 "https://www.dowork.biz/public/index.php?path_info=projects%2F33%2Ftickets%2F11749&page=17" "Mozilla/5.0 (Windows NT 10.0; Win64; x64) AppleWebKit/537.36 (KHTML, like Gecko) Chrome/143.0.0.0 Safari/537.36"
208.122.222.38 - - [27/Jan/2026:05:13:15 -0500] "GET /public/index.php?path_info=refresh-session HTTP/1.1" 200 43 "https://www.dowork.biz/public/index.php?path_info=projects%2F33%2Ftickets%2F12704&page=8" "Mozilla/5.0 (Windows NT 10.0; Win64; x64) AppleWebKit/537.36 (KHTML, like Gecko) Chrome/143.0.0.0 Safari/537.36"
208.122.222.38 - - [27/Jan/2026:05:13:15 -0500] "GET /public/index.php?path_info=incoming-mail/count-pending HTTP/1.1" 403 1215 "https://www.dowork.biz/public/index.php?path_info=projects%2F33%2Ftickets%2F11824&page=15" "Mozilla/5.0 (Windows NT 10.0; Win64; x64) AppleWebKit/537.36 (KHTML, like Gecko) Chrome/143.0.0.0 Safari/537.36"
208.122.222.38 - - [27/Jan/2026:05:13:15 -0500] "GET /public/index.php?path_info=refresh-session HTTP/1.1" 200 43 "https://www.dowork.biz/public/index.php?path_info=projects%2F33%2Ftickets%2F13044&page=5" "Mozilla/5.0 (Windows NT 10.0; Win64; x64) AppleWebKit/537.36 (KHTML, like Gecko) Chrome/143.0.0.0 Safari/537.36"
208.122.222.38 - - [27/Jan/2026:05:13:15 -0500] "GET /public/index.php?path_info=incoming-mail/count-pending HTTP/1.1" 403 1215 "https://www.dowork.biz/public/index.php?path_info=projects%2F33%2Ftickets%2F12704&page=8" "Mozilla/5.0 (Windows NT 10.0; Win64; x64) AppleWebKit/537.36 (KHTML, like Gecko) Chrome/143.0.0.0 Safari/537.36"
208.122.222.38 - - [27/Jan/2026:05:13:15 -0500] "GET /public/index.php?path_info=refresh-session HTTP/1.1" 200 43 "https://www.dowork.biz/public/index.php?path_info=projects%2F33%2Ftickets%2F13649&page=1" "Mozilla/5.0 (Windows NT 10.0; Win64; x64) AppleWebKit/537.36 (KHTML, like Gecko) Chrome/143.0.0.0 Safari/537.36"
208.122.222.38 - - [27/Jan/2026:05:13:15 -0500] "GET /public/index.php?path_info=incoming-mail/count-pending HTTP/1.1" 403 1215 "https://www.dowork.biz/public/index.php?path_info=projects%2F33%2Ftickets%2F13580&page=1" "Mozilla/5.0 (Windows NT 10.0; Win64; x64) AppleWebKit/537.36 (KHTML, like Gecko) Chrome/143.0.0.0 Safari/537.36"
208.122.222.39 - - [27/Jan/2026:05:13:18 -0500] "GET /public/index.php?path_info=incoming-mail/count-pending HTTP/1.1" 403 1215 "https://www.dowork.biz/public/index.php?path_info=projects%2F33%2Ftickets%2F12777&page=2" "Mozilla/5.0 (Windows NT 10.0; Win64; x64) AppleWebKit/537.36 (KHTML, like Gecko) Chrome/143.0.0.0 Safari/537.36"
208.122.222.39 - - [27/Jan/2026:05:13:19 -0500] "GET /public/index.php?path_info=incoming-mail/count-pending HTTP/1.1" 403 1215 "https://www.dowork.biz/public/index.php?path_info=projects%2F33%2Ftickets%2F13634&page=2" "Mozilla/5.0 (Windows NT 10.0; Win64; x64) AppleWebKit/537.36 (KHTML, like Gecko) Chrome/143.0.0.0 Safari/537.36"
216.180.246.128 - - [27/Jan/2026:05:13:30 -0500] "GET / HTTP/1.1" 302 - "-" "'Mozilla/5.0 (compatible; GenomeCrawlerd/1.0; +https://www.nokia.com/genomecrawler)'"
112.206.69.145 - - [27/Jan/2026:05:13:44 -0500] "GET /public/index.php?path_info=incoming-mail/count-pending HTTP/1.1" 403 1215 "https://www.dowork.biz/public/index.php?path_info=projects%2F33%2Ftickets%2F12263&page=10" "Mozilla/5.0 (Windows NT 10.0; Win64; x64) AppleWebKit/537.36 (KHTML, like Gecko) Chrome/144.0.0.0 Safari/537.36"
112.206.69.145 - - [27/Jan/2026:05:13:45 -0500] "GET /public/index.php?path_info=incoming-mail/count-pending HTTP/1.1" 403 1215 "https://www.dowork.biz/public/index.php?path_info=projects%2F33%2Ftickets" "Mozilla/5.0 (Windows NT 10.0; Win64; x64) AppleWebKit/537.36 (KHTML, like Gecko) Chrome/144.0.0.0 Safari/537.36"
216.180.246.128 - - [27/Jan/2026:05:13:48 -0500] "GET / HTTP/1.1" 302 - "-" "'Mozilla/5.0 (compatible; GenomeCrawlerd/1.0; +https://www.nokia.com/genomecrawler)'"
216.180.246.128 - - [27/Jan/2026:05:14:00 -0500] "GET /manage/account/login HTTP/1.1" 404 282 "-" "'Mozilla/5.0 (compatible; GenomeCrawlerd/1.0; +https://www.nokia.com/genomecrawler)'"
143.44.184.33 - - [27/Jan/2026:05:14:00 -0500] "GET /public/index.php?path_info=incoming-mail/count-pending HTTP/1.1" 403 1215 "https://www.dowork.biz/public/index.php?path_info=projects%2F33%2Ftickets%2F13781" "Mozilla/5.0 (Windows NT 10.0; Win64; x64) AppleWebKit/537.36 (KHTML, like Gecko) Chrome/144.0.0.0 Safari/537.36"
216.180.246.128 - - [27/Jan/2026:05:14:12 -0500] "GET /manage/account/login HTTP/1.1" 404 282 "-" "'Mozilla/5.0 (compatible; GenomeCrawlerd/1.0; +https://www.nokia.com/genomecrawler)'"
120.28.138.106 - - [27/Jan/2026:05:14:14 -0500] "GET /public/index.php?path_info=refresh-session HTTP/1.1" 200 43 "https://www.dowork.biz/public/index.php?path_info=projects%2F33%2Ftickets" "Mozilla/5.0 (Windows NT 10.0; Win64; x64) AppleWebKit/537.36 (KHTML, like Gecko) Chrome/144.0.0.0 Safari/537.36"
208.122.222.38 - - [27/Jan/2026:05:14:15 -0500] "GET /public/index.php?path_info=incoming-mail/count-pending HTTP/1.1" 403 1215 "https://www.dowork.biz/public/index.php?path_info=projects%2F33%2Ftickets%2F11411&page=63" "Mozilla/5.0 (Windows NT 10.0; Win64; x64) AppleWebKit/537.36 (KHTML, like Gecko) Chrome/143.0.0.0 Safari/537.36"
208.122.222.38 - - [27/Jan/2026:05:14:15 -0500] "GET /public/index.php?path_info=refresh-session HTTP/1.1" 200 43 "https://www.dowork.biz/public/index.php?path_info=projects%2F33%2Ftickets%2F13048&page=4" "Mozilla/5.0 (Windows NT 10.0; Win64; x64) AppleWebKit/537.36 (KHTML, like Gecko) Chrome/143.0.0.0 Safari/537.36"
208.122.222.38 - - [27/Jan/2026:05:14:15 -0500] "GET /public/index.php?path_info=incoming-mail/count-pending HTTP/1.1" 403 1215 "https://www.dowork.biz/public/index.php?path_info=projects%2F33%2Ftickets%2F13048&page=4" "Mozilla/5.0 (Windows NT 10.0; Win64; x64) AppleWebKit/537.36 (KHTML, like Gecko) Chrome/143.0.0.0 Safari/537.36"
208.122.222.38 - - [27/Jan/2026:05:14:15 -0500] "GET /public/index.php?path_info=refresh-session HTTP/1.1" 200 43 "https://www.dowork.biz/public/index.php?path_info=projects%2F33%2Ftickets%2F13580&page=1" "Mozilla/5.0 (Windows NT 10.0; Win64; x64) AppleWebKit/537.36 (KHTML, like Gecko) Chrome/143.0.0.0 Safari/537.36"
208.122.222.39 - - [27/Jan/2026:05:14:18 -0500] "GET /public/index.php?path_info=incoming-mail/count-pending HTTP/1.1" 403 1215 "https://www.dowork.biz/public/index.php?path_info=projects%2F33%2Ftickets%2F13350&page=3" "Mozilla/5.0 (Windows NT 10.0; Win64; x64) AppleWebKit/537.36 (KHTML, like Gecko) Chrome/143.0.0.0 Safari/537.36"
208.122.222.39 - - [27/Jan/2026:05:14:18 -0500] "GET /public/index.php?path_info=refresh-session HTTP/1.1" 200 43 "https://www.dowork.biz/public/index.php?path_info=projects%2F33%2Ftickets%2F12777&page=2" "Mozilla/5.0 (Windows NT 10.0; Win64; x64) AppleWebKit/537.36 (KHTML, like Gecko) Chrome/143.0.0.0 Safari/537.36"
208.122.222.39 - - [27/Jan/2026:05:14:19 -0500] "GET /public/index.php?path_info=incoming-mail/count-pending HTTP/1.1" 403 1215 "https://www.dowork.biz/public/index.php?path_info=projects%2F33%2Ftickets%2F11551&page=16" "Mozilla/5.0 (Windows NT 10.0; Win64; x64) AppleWebKit/537.36 (KHTML, like Gecko) Chrome/143.0.0.0 Safari/537.36"
208.122.222.39 - - [27/Jan/2026:05:14:19 -0500] "GET /public/index.php?path_info=refresh-session HTTP/1.1" 200 43 "https://www.dowork.biz/public/index.php?path_info=projects%2F33%2Ftickets%2F13634&page=2" "Mozilla/5.0 (Windows NT 10.0; Win64; x64) AppleWebKit/537.36 (KHTML, like Gecko) Chrome/143.0.0.0 Safari/537.36"
208.122.222.39 - - [27/Jan/2026:05:14:19 -0500] "GET /public/index.php?path_info=incoming-mail/count-pending HTTP/1.1" 403 1215 "https://www.dowork.biz/public/index.php?path_info=projects%2F33%2Ftickets%2F13330&page=3" "Mozilla/5.0 (Windows NT 10.0; Win64; x64) AppleWebKit/537.36 (KHTML, like Gecko) Chrome/143.0.0.0 Safari/537.36"
208.122.222.39 - - [27/Jan/2026:05:14:19 -0500] "GET /public/index.php?path_info=incoming-mail/count-pending HTTP/1.1" 403 1215 "https://www.dowork.biz/public/index.php?path_info=projects%2F33%2Ftickets%2F12316&page=10" "Mozilla/5.0 (Windows NT 10.0; Win64; x64) AppleWebKit/537.36 (KHTML, like Gecko) Chrome/143.0.0.0 Safari/537.36"
208.122.222.39 - - [27/Jan/2026:05:14:19 -0500] "GET /public/index.php?path_info=incoming-mail/count-pending HTTP/1.1" 403 1215 "https://www.dowork.biz/public/index.php?path_info=projects%2F33%2Ftickets%2F13579&page=2" "Mozilla/5.0 (Windows NT 10.0; Win64; x64) AppleWebKit/537.36 (KHTML, like Gecko) Chrome/143.0.0.0 Safari/537.36"
216.180.246.128 - - [27/Jan/2026:05:14:24 -0500] "GET /admin/index.html HTTP/1.1" 404 278 "-" "'Mozilla/5.0 (compatible; GenomeCrawlerd/1.0; +https://www.nokia.com/genomecrawler)'"
120.28.138.106 - - [27/Jan/2026:05:14:28 -0500] "GET /public/index.php?path_info=projects%2F33%2Ftickets%2F12707 HTTP/1.1" 200 137530 "https://www.dowork.biz/public/index.php?path_info=projects%2F33%2Ftickets" "Mozilla/5.0 (Windows NT 10.0; Win64; x64) AppleWebKit/537.36 (KHTML, like Gecko) Chrome/144.0.0.0 Safari/537.36"
120.28.138.106 - - [27/Jan/2026:05:14:32 -0500] "GET /public/index.php?path_info=projects%2F33%2Ftickets%2F12707&page=7 HTTP/1.1" 200 56570 "https://www.dowork.biz/public/index.php?path_info=projects%2F33%2Ftickets%2F12707" "Mozilla/5.0 (Windows NT 10.0; Win64; x64) AppleWebKit/537.36 (KHTML, like Gecko) Chrome/144.0.0.0 Safari/537.36"
64.59.72.148 - - [27/Jan/2026:05:14:36 -0500] "GET /public HTTP/1.1" 301 301 "-" "check_http/v2.4.9 (nagios-plugins 2.4.9)"
64.59.72.148 - - [27/Jan/2026:05:14:36 -0500] "GET /public/ HTTP/1.1" 302 - "-" "check_http/v2.4.9 (nagios-plugins 2.4.9)"
64.59.72.148 - - [27/Jan/2026:05:14:36 -0500] "GET /public/index.php?path_info=login&re_route=homepage HTTP/1.1" 200 4304 "-" "check_http/v2.4.9 (nagios-plugins 2.4.9)"
216.180.246.128 - - [27/Jan/2026:05:14:46 -0500] "GET /index.html HTTP/1.1" 404 272 "-" "'Mozilla/5.0 (compatible; GenomeCrawlerd/1.0; +https://www.nokia.com/genomecrawler)'"
216.180.246.128 - - [27/Jan/2026:05:14:57 -0500] "GET /index.html HTTP/1.1" 404 272 "-" "'Mozilla/5.0 (compatible; GenomeCrawlerd/1.0; +https://www.nokia.com/genomecrawler)'"
143.44.184.33 - - [27/Jan/2026:05:14:59 -0500] "GET /public/index.php?path_info=incoming-mail/count-pending HTTP/1.1" 403 1215 "https://www.dowork.biz/public/index.php?path_info=projects%2F33%2Ftickets" "Mozilla/5.0 (Windows NT 10.0; Win64; x64) AppleWebKit/537.36 (KHTML, like Gecko) Chrome/144.0.0.0 Safari/537.36"
216.180.246.128 - - [27/Jan/2026:05:15:10 -0500] "GET /+CSCOE+/logon.html HTTP/1.1" 404 280 "-" "'Mozilla/5.0 (compatible; GenomeCrawlerd/1.0; +https://www.nokia.com/genomecrawler)'"
208.122.222.38 - - [27/Jan/2026:05:15:15 -0500] "GET /public/index.php?path_info=refresh-session HTTP/1.1" 200 43 "https://www.dowork.biz/public/index.php?path_info=projects%2F33%2Ftickets%2F11411&page=63" "Mozilla/5.0 (Windows NT 10.0; Win64; x64) AppleWebKit/537.36 (KHTML, like Gecko) Chrome/143.0.0.0 Safari/537.36"
208.122.222.38 - - [27/Jan/2026:05:15:15 -0500] "GET /public/index.php?path_info=incoming-mail/count-pending HTTP/1.1" 403 1215 "https://www.dowork.biz/public/index.php?path_info=projects%2F33%2Ftickets%2F13649&page=1" "Mozilla/5.0 (Windows NT 10.0; Win64; x64) AppleWebKit/537.36 (KHTML, like Gecko) Chrome/143.0.0.0 Safari/537.36"
208.122.222.38 - - [27/Jan/2026:05:15:15 -0500] "GET /public/index.php?path_info=refresh-session HTTP/1.1" 200 43 "https://www.dowork.biz/public/index.php?path_info=projects%2F33%2Ftickets%2F11799&page=15" "Mozilla/5.0 (Windows NT 10.0; Win64; x64) AppleWebKit/537.36 (KHTML, like Gecko) Chrome/143.0.0.0 Safari/537.36"
208.122.222.38 - - [27/Jan/2026:05:15:15 -0500] "GET /public/index.php?path_info=incoming-mail/count-pending HTTP/1.1" 403 1215 "https://www.dowork.biz/public/index.php?path_info=projects%2F33%2Ftickets%2F12000&page=13" "Mozilla/5.0 (Windows NT 10.0; Win64; x64) AppleWebKit/537.36 (KHTML, like Gecko) Chrome/143.0.0.0 Safari/537.36"
208.122.222.38 - - [27/Jan/2026:05:15:15 -0500] "GET /public/index.php?path_info=incoming-mail/count-pending HTTP/1.1" 403 1215 "https://www.dowork.biz/public/index.php?path_info=projects%2F33%2Ftickets%2F11825&page=14" "Mozilla/5.0 (Windows NT 10.0; Win64; x64) AppleWebKit/537.36 (KHTML, like Gecko) Chrome/143.0.0.0 Safari/537.36"
208.122.222.38 - - [27/Jan/2026:05:15:15 -0500] "GET /public/index.php?path_info=incoming-mail/count-pending HTTP/1.1" 403 1215 "https://www.dowork.biz/public/index.php?path_info=projects%2F33%2Ftickets%2F12238&page=9" "Mozilla/5.0 (Windows NT 10.0; Win64; x64) AppleWebKit/537.36 (KHTML, like Gecko) Chrome/143.0.0.0 Safari/537.36"
208.122.222.38 - - [27/Jan/2026:05:15:16 -0500] "GET /public/index.php?path_info=incoming-mail/count-pending HTTP/1.1" 403 1215 "https://www.dowork.biz/public/index.php?path_info=projects%2F33%2Ftickets%2F13044&page=5" "Mozilla/5.0 (Windows NT 10.0; Win64; x64) AppleWebKit/537.36 (KHTML, like Gecko) Chrome/143.0.0.0 Safari/537.36"
208.122.222.38 - - [27/Jan/2026:05:15:16 -0500] "GET /public/index.php?path_info=incoming-mail/count-pending HTTP/1.1" 403 1215 "https://www.dowork.biz/public/index.php?path_info=projects%2F33%2Ftickets%2F11440&page=12" "Mozilla/5.0 (Windows NT 10.0; Win64; x64) AppleWebKit/537.36 (KHTML, like Gecko) Chrome/143.0.0.0 Safari/537.36"
208.122.222.38 - - [27/Jan/2026:05:15:16 -0500] "GET /public/index.php?path_info=incoming-mail/count-pending HTTP/1.1" 403 1215 "https://www.dowork.biz/public/index.php?path_info=projects%2F33%2Ftickets%2F11799&page=15" "Mozilla/5.0 (Windows NT 10.0; Win64; x64) AppleWebKit/537.36 (KHTML, like Gecko) Chrome/143.0.0.0 Safari/537.36"
208.122.222.39 - - [27/Jan/2026:05:15:18 -0500] "GET /public/index.php?path_info=incoming-mail/count-pending HTTP/1.1" 403 1215 "https://www.dowork.biz/public/index.php?path_info=projects%2F33%2Ftickets%2F11430&page=17" "Mozilla/5.0 (Windows NT 10.0; Win64; x64) AppleWebKit/537.36 (KHTML, like Gecko) Chrome/143.0.0.0 Safari/537.36"
208.122.222.39 - - [27/Jan/2026:05:15:18 -0500] "GET /public/index.php?path_info=refresh-session HTTP/1.1" 200 43 "https://www.dowork.biz/public/index.php?path_info=projects%2F33%2Ftickets%2F13579&page=2" "Mozilla/5.0 (Windows NT 10.0; Win64; x64) AppleWebKit/537.36 (KHTML, like Gecko) Chrome/143.0.0.0 Safari/537.36"
208.122.222.39 - - [27/Jan/2026:05:15:19 -0500] "GET /public/index.php?path_info=incoming-mail/count-pending HTTP/1.1" 403 1215 "https://www.dowork.biz/public/index.php?path_info=projects%2F33%2Ftickets%2F11411&page=63" "Mozilla/5.0 (Windows NT 10.0; Win64; x64) AppleWebKit/537.36 (KHTML, like Gecko) Chrome/143.0.0.0 Safari/537.36"
208.122.222.39 - - [27/Jan/2026:05:15:19 -0500] "GET /public/index.php?path_info=refresh-session HTTP/1.1" 200 43 "https://www.dowork.biz/public/index.php?path_info=projects%2F33%2Ftickets%2F13330&page=3" "Mozilla/5.0 (Windows NT 10.0; Win64; x64) AppleWebKit/537.36 (KHTML, like Gecko) Chrome/143.0.0.0 Safari/537.36"
208.122.222.39 - - [27/Jan/2026:05:15:19 -0500] "GET /public/index.php?path_info=incoming-mail/count-pending HTTP/1.1" 403 1215 "https://www.dowork.biz/public/index.php?path_info=projects%2F33%2Ftickets%2F13414&page=3" "Mozilla/5.0 (Windows NT 10.0; Win64; x64) AppleWebKit/537.36 (KHTML, like Gecko) Chrome/143.0.0.0 Safari/537.36"
208.122.222.39 - - [27/Jan/2026:05:15:19 -0500] "GET /public/index.php?path_info=refresh-session HTTP/1.1" 200 43 "https://www.dowork.biz/public/index.php?path_info=projects%2F33%2Ftickets%2F13350&page=3" "Mozilla/5.0 (Windows NT 10.0; Win64; x64) AppleWebKit/537.36 (KHTML, like Gecko) Chrome/143.0.0.0 Safari/537.36"
208.122.222.39 - - [27/Jan/2026:05:15:19 -0500] "GET /public/index.php?path_info=incoming-mail/count-pending HTTP/1.1" 403 1215 "https://www.dowork.biz/public/index.php?path_info=projects%2F33%2Ftickets%2F13652&page=1" "Mozilla/5.0 (Windows NT 10.0; Win64; x64) AppleWebKit/537.36 (KHTML, like Gecko) Chrome/143.0.0.0 Safari/537.36"
208.122.222.39 - - [27/Jan/2026:05:15:19 -0500] "GET /public/index.php?path_info=refresh-session HTTP/1.1" 200 43 "https://www.dowork.biz/public/index.php?path_info=projects%2F33%2Ftickets%2F11551&page=16" "Mozilla/5.0 (Windows NT 10.0; Win64; x64) AppleWebKit/537.36 (KHTML, like Gecko) Chrome/143.0.0.0 Safari/537.36"
208.122.222.39 - - [27/Jan/2026:05:15:19 -0500] "GET /public/index.php?path_info=refresh-session HTTP/1.1" 200 43 "https://www.dowork.biz/public/index.php?path_info=projects%2F33%2Ftickets%2F12316&page=10" "Mozilla/5.0 (Windows NT 10.0; Win64; x64) AppleWebKit/537.36 (KHTML, like Gecko) Chrome/143.0.0.0 Safari/537.36"
216.180.246.128 - - [27/Jan/2026:05:15:21 -0500] "GET /+CSCOE+/logon.html HTTP/1.1" 404 280 "-" "'Mozilla/5.0 (compatible; GenomeCrawlerd/1.0; +https://www.nokia.com/genomecrawler)'"
143.44.184.33 - - [27/Jan/2026:05:15:25 -0500] "GET /public/index.php?path_info=incoming-mail/count-pending HTTP/1.1" 403 1215 "https://www.dowork.biz/public/index.php?path_info=projects%2F33%2Ftickets%2F13784&page=1" "Mozilla/5.0 (Windows NT 10.0; Win64; x64) AppleWebKit/537.36 (KHTML, like Gecko) Chrome/144.0.0.0 Safari/537.36"
120.28.138.106 - - [27/Jan/2026:05:15:24 -0500] "POST /public/index.php?path_info=projects%2F33%2Fcomments%2Fadd&parent_id=227039 HTTP/1.1" 302 - "https://www.dowork.biz/public/index.php?path_info=projects%2F33%2Ftickets%2F12707&page=7" "Mozilla/5.0 (Windows NT 10.0; Win64; x64) AppleWebKit/537.36 (KHTML, like Gecko) Chrome/144.0.0.0 Safari/537.36"
120.28.138.106 - - [27/Jan/2026:05:15:27 -0500] "GET /public/index.php?path_info=projects%2F33%2Ftickets%2F12707&page=7 HTTP/1.1" 200 62232 "https://www.dowork.biz/public/index.php?path_info=projects%2F33%2Ftickets%2F12707&page=7" "Mozilla/5.0 (Windows NT 10.0; Win64; x64) AppleWebKit/537.36 (KHTML, like Gecko) Chrome/144.0.0.0 Safari/537.36"
216.180.246.128 - - [27/Jan/2026:05:15:33 -0500] "GET /cgi-bin/login.cgi HTTP/1.1" 404 279 "-" "'Mozilla/5.0 (compatible; GenomeCrawlerd/1.0; +https://www.nokia.com/genomecrawler)'"
216.180.246.128 - - [27/Jan/2026:05:15:45 -0500] "GET /cgi-bin/login.cgi HTTP/1.1" 404 279 "-" "'Mozilla/5.0 (compatible; GenomeCrawlerd/1.0; +https://www.nokia.com/genomecrawler)'"
216.180.246.128 - - [27/Jan/2026:05:15:56 -0500] "GET /login.htm HTTP/1.1" 404 271 "-" "'Mozilla/5.0 (compatible; GenomeCrawlerd/1.0; +https://www.nokia.com/genomecrawler)'"
216.180.246.128 - - [27/Jan/2026:05:16:07 -0500] "GET /login.htm HTTP/1.1" 404 271 "-" "'Mozilla/5.0 (compatible; GenomeCrawlerd/1.0; +https://www.nokia.com/genomecrawler)'"
112.206.69.145 - - [27/Jan/2026:05:16:13 -0500] "GET /public/index.php?path_info=incoming-mail/count-pending HTTP/1.1" 403 1215 "https://www.dowork.biz/public/index.php?path_info=projects%2F33%2Ftickets%2F13578&page=2" "Mozilla/5.0 (Windows NT 10.0; Win64; x64) AppleWebKit/537.36 (KHTML, like Gecko) Chrome/144.0.0.0 Safari/537.36"
208.122.222.38 - - [27/Jan/2026:05:16:15 -0500] "GET /public/index.php?path_info=refresh-session HTTP/1.1" 200 43 "https://www.dowork.biz/public/index.php?path_info=projects%2F33%2Ftickets%2F11824&page=15" "Mozilla/5.0 (Windows NT 10.0; Win64; x64) AppleWebKit/537.36 (KHTML, like Gecko) Chrome/143.0.0.0 Safari/537.36"
208.122.222.38 - - [27/Jan/2026:05:16:15 -0500] "GET /public/index.php?path_info=incoming-mail/count-pending HTTP/1.1" 403 1215 "https://www.dowork.biz/public/index.php?path_info=projects%2F33%2Ftickets%2F12704&page=8" "Mozilla/5.0 (Windows NT 10.0; Win64; x64) AppleWebKit/537.36 (KHTML, like Gecko) Chrome/143.0.0.0 Safari/537.36"
208.122.222.38 - - [27/Jan/2026:05:16:15 -0500] "GET /public/index.php?path_info=refresh-session HTTP/1.1" 200 43 "https://www.dowork.biz/public/index.php?path_info=projects%2F33%2Ftickets%2F11440&page=12" "Mozilla/5.0 (Windows NT 10.0; Win64; x64) AppleWebKit/537.36 (KHTML, like Gecko) Chrome/143.0.0.0 Safari/537.36"
208.122.222.38 - - [27/Jan/2026:05:16:15 -0500] "GET /public/index.php?path_info=incoming-mail/count-pending HTTP/1.1" 403 1215 "https://www.dowork.biz/public/index.php?path_info=projects%2F33%2Ftickets%2F13580&page=1" "Mozilla/5.0 (Windows NT 10.0; Win64; x64) AppleWebKit/537.36 (KHTML, like Gecko) Chrome/143.0.0.0 Safari/537.36"
208.122.222.38 - - [27/Jan/2026:05:16:15 -0500] "GET /public/index.php?path_info=refresh-session HTTP/1.1" 200 43 "https://www.dowork.biz/public/index.php?path_info=projects%2F33%2Ftickets%2F11749&page=17" "Mozilla/5.0 (Windows NT 10.0; Win64; x64) AppleWebKit/537.36 (KHTML, like Gecko) Chrome/143.0.0.0 Safari/537.36"
208.122.222.38 - - [27/Jan/2026:05:16:15 -0500] "GET /public/index.php?path_info=incoming-mail/count-pending HTTP/1.1" 403 1215 "https://www.dowork.biz/public/index.php?path_info=projects%2F33%2Ftickets%2F11824&page=15" "Mozilla/5.0 (Windows NT 10.0; Win64; x64) AppleWebKit/537.36 (KHTML, like Gecko) Chrome/143.0.0.0 Safari/537.36"
208.122.222.38 - - [27/Jan/2026:05:16:15 -0500] "GET /public/index.php?path_info=incoming-mail/count-pending HTTP/1.1" 403 1215 "https://www.dowork.biz/public/index.php?path_info=projects%2F33%2Ftickets%2F11749&page=17" "Mozilla/5.0 (Windows NT 10.0; Win64; x64) AppleWebKit/537.36 (KHTML, like Gecko) Chrome/143.0.0.0 Safari/537.36"
208.122.222.39 - - [27/Jan/2026:05:16:18 -0500] "GET /public/index.php?path_info=incoming-mail/count-pending HTTP/1.1" 403 1215 "https://www.dowork.biz/public/index.php?path_info=projects%2F33%2Ftickets%2F12777&page=2" "Mozilla/5.0 (Windows NT 10.0; Win64; x64) AppleWebKit/537.36 (KHTML, like Gecko) Chrome/143.0.0.0 Safari/537.36"
208.122.222.39 - - [27/Jan/2026:05:16:18 -0500] "GET /public/index.php?path_info=refresh-session HTTP/1.1" 200 43 "https://www.dowork.biz/public/index.php?path_info=projects%2F33%2Ftickets%2F11430&page=17" "Mozilla/5.0 (Windows NT 10.0; Win64; x64) AppleWebKit/537.36 (KHTML, like Gecko) Chrome/143.0.0.0 Safari/537.36"
208.122.222.39 - - [27/Jan/2026:05:16:19 -0500] "GET /public/index.php?path_info=incoming-mail/count-pending HTTP/1.1" 403 1215 "https://www.dowork.biz/public/index.php?path_info=projects%2F33%2Ftickets%2F13634&page=2" "Mozilla/5.0 (Windows NT 10.0; Win64; x64) AppleWebKit/537.36 (KHTML, like Gecko) Chrome/143.0.0.0 Safari/537.36"
208.122.222.39 - - [27/Jan/2026:05:16:19 -0500] "GET /public/index.php?path_info=refresh-session HTTP/1.1" 200 43 "https://www.dowork.biz/public/index.php?path_info=projects%2F33%2Ftickets%2F13652&page=1" "Mozilla/5.0 (Windows NT 10.0; Win64; x64) AppleWebKit/537.36 (KHTML, like Gecko) Chrome/143.0.0.0 Safari/537.36"
208.122.222.39 - - [27/Jan/2026:05:16:19 -0500] "GET /public/index.php?path_info=refresh-session HTTP/1.1" 200 43 "https://www.dowork.biz/public/index.php?path_info=projects%2F33%2Ftickets%2F13414&page=3" "Mozilla/5.0 (Windows NT 10.0; Win64; x64) AppleWebKit/537.36 (KHTML, like Gecko) Chrome/143.0.0.0 Safari/537.36"
208.122.222.39 - - [27/Jan/2026:05:16:19 -0500] "GET /public/index.php?path_info=refresh-session HTTP/1.1" 200 43 "https://www.dowork.biz/public/index.php?path_info=projects%2F33%2Ftickets%2F11411&page=63" "Mozilla/5.0 (Windows NT 10.0; Win64; x64) AppleWebKit/537.36 (KHTML, like Gecko) Chrome/143.0.0.0 Safari/537.36"
143.44.184.33 - - [27/Jan/2026:05:16:25 -0500] "GET /public/index.php?path_info=refresh-session HTTP/1.1" 200 43 "https://www.dowork.biz/public/index.php?path_info=projects%2F33%2Ftickets%2F13784&page=1" "Mozilla/5.0 (Windows NT 10.0; Win64; x64) AppleWebKit/537.36 (KHTML, like Gecko) Chrome/144.0.0.0 Safari/537.36"
64.59.72.148 - - [27/Jan/2026:05:16:36 -0500] "GET /public HTTP/1.1" 301 301 "-" "check_http/v2.4.9 (nagios-plugins 2.4.9)"
64.59.72.148 - - [27/Jan/2026:05:16:36 -0500] "GET /public/ HTTP/1.1" 302 - "-" "check_http/v2.4.9 (nagios-plugins 2.4.9)"
64.59.72.148 - - [27/Jan/2026:05:16:36 -0500] "GET /public/index.php?path_info=login&re_route=homepage HTTP/1.1" 200 4304 "-" "check_http/v2.4.9 (nagios-plugins 2.4.9)"
216.180.246.128 - - [27/Jan/2026:05:16:40 -0500] "GET /login.jsp HTTP/1.1" 404 271 "-" "'Mozilla/5.0 (compatible; GenomeCrawlerd/1.0; +https://www.nokia.com/genomecrawler)'"
112.206.69.145 - - [27/Jan/2026:05:16:44 -0500] "GET /public/index.php?path_info=incoming-mail/count-pending HTTP/1.1" 403 1215 "https://www.dowork.biz/public/index.php?path_info=projects%2F33%2Ftickets" "Mozilla/5.0 (Windows NT 10.0; Win64; x64) AppleWebKit/537.36 (KHTML, like Gecko) Chrome/144.0.0.0 Safari/537.36"
112.206.69.145 - - [27/Jan/2026:05:16:44 -0500] "GET /public/index.php?path_info=refresh-session HTTP/1.1" 200 43 "https://www.dowork.biz/public/index.php?path_info=projects%2F33%2Ftickets%2F12263&page=10" "Mozilla/5.0 (Windows NT 10.0; Win64; x64) AppleWebKit/537.36 (KHTML, like Gecko) Chrome/144.0.0.0 Safari/537.36"
