208.122.222.38 - - [27/Jan/2026:07:55:15 -0500] "GET /public/index.php?path_info=incoming-mail/count-pending HTTP/1.1" 403 1215 "https://www.dowork.biz/public/index.php?path_info=projects%2F33%2Ftickets%2F11749&page=17" "Mozilla/5.0 (Windows NT 10.0; Win64; x64) AppleWebKit/537.36 (KHTML, like Gecko) Chrome/143.0.0.0 Safari/537.36"
208.122.222.38 - - [27/Jan/2026:07:55:15 -0500] "GET /public/index.php?path_info=refresh-session HTTP/1.1" 200 43 "https://www.dowork.biz/public/index.php?path_info=projects%2F33%2Ftickets%2F11411&page=63" "Mozilla/5.0 (Windows NT 10.0; Win64; x64) AppleWebKit/537.36 (KHTML, like Gecko) Chrome/143.0.0.0 Safari/537.36"
208.122.222.38 - - [27/Jan/2026:07:55:15 -0500] "GET /public/index.php?path_info=incoming-mail/count-pending HTTP/1.1" 403 1215 "https://www.dowork.biz/public/index.php?path_info=projects%2F33%2Ftickets%2F12704&page=8" "Mozilla/5.0 (Windows NT 10.0; Win64; x64) AppleWebKit/537.36 (KHTML, like Gecko) Chrome/143.0.0.0 Safari/537.36"
208.122.222.38 - - [27/Jan/2026:07:55:15 -0500] "GET /public/index.php?path_info=incoming-mail/count-pending HTTP/1.1" 403 1215 "https://www.dowork.biz/public/index.php?path_info=projects%2F33%2Ftickets%2F13580&page=1" "Mozilla/5.0 (Windows NT 10.0; Win64; x64) AppleWebKit/537.36 (KHTML, like Gecko) Chrome/143.0.0.0 Safari/537.36"
208.122.222.38 - - [27/Jan/2026:07:55:15 -0500] "GET /public/index.php?path_info=incoming-mail/count-pending HTTP/1.1" 403 1215 "https://www.dowork.biz/public/index.php?path_info=projects%2F33%2Ftickets%2F11824&page=15" "Mozilla/5.0 (Windows NT 10.0; Win64; x64) AppleWebKit/537.36 (KHTML, like Gecko) Chrome/143.0.0.0 Safari/537.36"
208.122.222.39 - - [27/Jan/2026:07:55:18 -0500] "GET /public/index.php?path_info=refresh-session HTTP/1.1" 200 43 "https://www.dowork.biz/public/index.php?path_info=projects%2F33%2Ftickets%2F13330&page=3" "Mozilla/5.0 (Windows NT 10.0; Win64; x64) AppleWebKit/537.36 (KHTML, like Gecko) Chrome/143.0.0.0 Safari/537.36"
208.122.222.39 - - [27/Jan/2026:07:55:18 -0500] "GET /public/index.php?path_info=incoming-mail/count-pending HTTP/1.1" 403 1215 "https://www.dowork.biz/public/index.php?path_info=projects%2F33%2Ftickets%2F13634&page=2" "Mozilla/5.0 (Windows NT 10.0; Win64; x64) AppleWebKit/537.36 (KHTML, like Gecko) Chrome/143.0.0.0 Safari/537.36"
208.122.222.39 - - [27/Jan/2026:07:55:18 -0500] "GET /public/index.php?path_info=refresh-session HTTP/1.1" 200 43 "https://www.dowork.biz/public/index.php?path_info=projects%2F33%2Ftickets%2F13350&page=3" "Mozilla/5.0 (Windows NT 10.0; Win64; x64) AppleWebKit/537.36 (KHTML, like Gecko) Chrome/143.0.0.0 Safari/537.36"
208.122.222.39 - - [27/Jan/2026:07:55:19 -0500] "GET /public/index.php?path_info=incoming-mail/count-pending HTTP/1.1" 403 1215 "https://www.dowork.biz/public/index.php?path_info=projects%2F33%2Ftickets%2F12777&page=2" "Mozilla/5.0 (Windows NT 10.0; Win64; x64) AppleWebKit/537.36 (KHTML, like Gecko) Chrome/143.0.0.0 Safari/537.36"
208.122.222.39 - - [27/Jan/2026:07:55:19 -0500] "GET /public/index.php?path_info=refresh-session HTTP/1.1" 200 43 "https://www.dowork.biz/public/index.php?path_info=projects%2F33%2Ftickets%2F13579&page=2" "Mozilla/5.0 (Windows NT 10.0; Win64; x64) AppleWebKit/537.36 (KHTML, like Gecko) Chrome/143.0.0.0 Safari/537.36"
208.122.222.39 - - [27/Jan/2026:07:55:19 -0500] "GET /public/index.php?path_info=refresh-session HTTP/1.1" 200 43 "https://www.dowork.biz/public/index.php?path_info=projects%2F33%2Ftickets%2F12316&page=10" "Mozilla/5.0 (Windows NT 10.0; Win64; x64) AppleWebKit/537.36 (KHTML, like Gecko) Chrome/143.0.0.0 Safari/537.36"
208.122.222.39 - - [27/Jan/2026:07:55:19 -0500] "GET /public/index.php?path_info=refresh-session HTTP/1.1" 200 43 "https://www.dowork.biz/public/index.php?path_info=projects%2F33%2Ftickets%2F11551&page=16" "Mozilla/5.0 (Windows NT 10.0; Win64; x64) AppleWebKit/537.36 (KHTML, like Gecko) Chrome/143.0.0.0 Safari/537.36"
112.206.69.145 - - [27/Jan/2026:07:55:45 -0500] "GET /public/index.php?path_info=incoming-mail/count-pending HTTP/1.1" 403 1215 "https://www.dowork.biz/public/index.php?path_info=projects%2F33%2Ftickets%2F12263&page=10" "Mozilla/5.0 (Windows NT 10.0; Win64; x64) AppleWebKit/537.36 (KHTML, like Gecko) Chrome/144.0.0.0 Safari/537.36"
143.44.184.33 - - [27/Jan/2026:07:55:48 -0500] "GET /public/index.php?path_info=incoming-mail/count-pending HTTP/1.1" 403 1215 "https://www.dowork.biz/public/index.php?path_info=projects%2F33%2Ftickets%2F13366&page=2" "Mozilla/5.0 (Windows NT 10.0; Win64; x64) AppleWebKit/537.36 (KHTML, like Gecko) Chrome/144.0.0.0 Safari/537.36"
143.44.184.33 - - [27/Jan/2026:07:56:00 -0500] "GET /public/index.php?path_info=incoming-mail/count-pending HTTP/1.1" 403 1215 "https://www.dowork.biz/public/index.php?path_info=projects%2F33%2Ftickets%2F13781" "Mozilla/5.0 (Windows NT 10.0; Win64; x64) AppleWebKit/537.36 (KHTML, like Gecko) Chrome/144.0.0.0 Safari/537.36"
208.122.222.38 - - [27/Jan/2026:07:56:15 -0500] "GET /public/index.php?path_info=refresh-session HTTP/1.1" 200 43 "https://www.dowork.biz/public/index.php?path_info=projects%2F33%2Ftickets%2F11824&page=15" "Mozilla/5.0 (Windows NT 10.0; Win64; x64) AppleWebKit/537.36 (KHTML, like Gecko) Chrome/143.0.0.0 Safari/537.36"
208.122.222.38 - - [27/Jan/2026:07:56:15 -0500] "GET /public/index.php?path_info=incoming-mail/count-pending HTTP/1.1" 403 1215 "https://www.dowork.biz/public/index.php?path_info=projects%2F33%2Ftickets%2F11411&page=63" "Mozilla/5.0 (Windows NT 10.0; Win64; x64) AppleWebKit/537.36 (KHTML, like Gecko) Chrome/143.0.0.0 Safari/537.36"
208.122.222.38 - - [27/Jan/2026:07:56:15 -0500] "GET /public/index.php?path_info=refresh-session HTTP/1.1" 200 43 "https://www.dowork.biz/public/index.php?path_info=projects%2F33%2Ftickets%2F11749&page=17" "Mozilla/5.0 (Windows NT 10.0; Win64; x64) AppleWebKit/537.36 (KHTML, like Gecko) Chrome/143.0.0.0 Safari/537.36"
208.122.222.38 - - [27/Jan/2026:07:56:15 -0500] "GET /public/index.php?path_info=incoming-mail/count-pending HTTP/1.1" 403 1215 "https://www.dowork.biz/public/index.php?path_info=projects%2F33%2Ftickets%2F13048&page=4" "Mozilla/5.0 (Windows NT 10.0; Win64; x64) AppleWebKit/537.36 (KHTML, like Gecko) Chrome/143.0.0.0 Safari/537.36"
208.122.222.38 - - [27/Jan/2026:07:56:15 -0500] "GET /public/index.php?path_info=refresh-session HTTP/1.1" 200 43 "https://www.dowork.biz/public/index.php?path_info=projects%2F33%2Ftickets%2F11440&page=12" "Mozilla/5.0 (Windows NT 10.0; Win64; x64) AppleWebKit/537.36 (KHTML, like Gecko) Chrome/143.0.0.0 Safari/537.36"
208.122.222.39 - - [27/Jan/2026:07:56:18 -0500] "GET /public/index.php?path_info=incoming-mail/count-pending HTTP/1.1" 403 1215 "https://www.dowork.biz/public/index.php?path_info=projects%2F33%2Ftickets%2F13579&page=2" "Mozilla/5.0 (Windows NT 10.0; Win64; x64) AppleWebKit/537.36 (KHTML, like Gecko) Chrome/143.0.0.0 Safari/537.36"
208.122.222.39 - - [27/Jan/2026:07:56:18 -0500] "GET /public/index.php?path_info=refresh-session HTTP/1.1" 200 43 "https://www.dowork.biz/public/index.php?path_info=projects%2F33%2Ftickets%2F11411&page=63" "Mozilla/5.0 (Windows NT 10.0; Win64; x64) AppleWebKit/537.36 (KHTML, like Gecko) Chrome/143.0.0.0 Safari/537.36"
208.122.222.39 - - [27/Jan/2026:07:56:18 -0500] "GET /public/index.php?path_info=incoming-mail/count-pending HTTP/1.1" 403 1215 "https://www.dowork.biz/public/index.php?path_info=projects%2F33%2Ftickets%2F13330&page=3" "Mozilla/5.0 (Windows NT 10.0; Win64; x64) AppleWebKit/537.36 (KHTML, like Gecko) Chrome/143.0.0.0 Safari/537.36"
208.122.222.39 - - [27/Jan/2026:07:56:18 -0500] "GET /public/index.php?path_info=refresh-session HTTP/1.1" 200 43 "https://www.dowork.biz/public/index.php?path_info=projects%2F33%2Ftickets%2F11430&page=17" "Mozilla/5.0 (Windows NT 10.0; Win64; x64) AppleWebKit/537.36 (KHTML, like Gecko) Chrome/143.0.0.0 Safari/537.36"
208.122.222.39 - - [27/Jan/2026:07:56:19 -0500] "GET /public/index.php?path_info=incoming-mail/count-pending HTTP/1.1" 403 1215 "https://www.dowork.biz/public/index.php?path_info=projects%2F33%2Ftickets%2F12316&page=10" "Mozilla/5.0 (Windows NT 10.0; Win64; x64) AppleWebKit/537.36 (KHTML, like Gecko) Chrome/143.0.0.0 Safari/537.36"
208.122.222.39 - - [27/Jan/2026:07:56:19 -0500] "GET /public/index.php?path_info=refresh-session HTTP/1.1" 200 43 "https://www.dowork.biz/public/index.php?path_info=projects%2F33%2Ftickets%2F13652&page=1" "Mozilla/5.0 (Windows NT 10.0; Win64; x64) AppleWebKit/537.36 (KHTML, like Gecko) Chrome/143.0.0.0 Safari/537.36"
208.122.222.39 - - [27/Jan/2026:07:56:19 -0500] "GET /public/index.php?path_info=incoming-mail/count-pending HTTP/1.1" 403 1215 "https://www.dowork.biz/public/index.php?path_info=projects%2F33%2Ftickets%2F13350&page=3" "Mozilla/5.0 (Windows NT 10.0; Win64; x64) AppleWebKit/537.36 (KHTML, like Gecko) Chrome/143.0.0.0 Safari/537.36"
208.122.222.39 - - [27/Jan/2026:07:56:19 -0500] "GET /public/index.php?path_info=refresh-session HTTP/1.1" 200 43 "https://www.dowork.biz/public/index.php?path_info=projects%2F33%2Ftickets%2F13414&page=3" "Mozilla/5.0 (Windows NT 10.0; Win64; x64) AppleWebKit/537.36 (KHTML, like Gecko) Chrome/143.0.0.0 Safari/537.36"
208.122.222.39 - - [27/Jan/2026:07:56:19 -0500] "GET /public/index.php?path_info=incoming-mail/count-pending HTTP/1.1" 403 1215 "https://www.dowork.biz/public/index.php?path_info=projects%2F33%2Ftickets%2F11551&page=16" "Mozilla/5.0 (Windows NT 10.0; Win64; x64) AppleWebKit/537.36 (KHTML, like Gecko) Chrome/143.0.0.0 Safari/537.36"
120.28.138.106 - - [27/Jan/2026:07:56:32 -0500] "GET /public/index.php?path_info=projects%2F33%2Ftickets HTTP/1.1" 302 - "-" "Mozilla/5.0 (Windows NT 10.0; Win64; x64) AppleWebKit/537.36 (KHTML, like Gecko) Chrome/144.0.0.0 Safari/537.36"
120.28.138.106 - - [27/Jan/2026:07:56:32 -0500] "GET /public/index.php?path_info=login&re_route=project_tickets&re_project_id=33&re_path_info=projects%2F33%2Ftickets HTTP/1.1" 200 4304 "-" "Mozilla/5.0 (Windows NT 10.0; Win64; x64) AppleWebKit/537.36 (KHTML, like Gecko) Chrome/144.0.0.0 Safari/537.36"
64.59.72.148 - - [27/Jan/2026:07:56:36 -0500] "GET /public HTTP/1.1" 301 301 "-" "check_http/v2.4.9 (nagios-plugins 2.4.9)"
64.59.72.148 - - [27/Jan/2026:07:56:36 -0500] "GET /public/ HTTP/1.1" 302 - "-" "check_http/v2.4.9 (nagios-plugins 2.4.9)"
64.59.72.148 - - [27/Jan/2026:07:56:36 -0500] "GET /public/index.php?path_info=login&re_route=homepage HTTP/1.1" 200 4304 "-" "check_http/v2.4.9 (nagios-plugins 2.4.9)"
120.28.138.106 - - [27/Jan/2026:07:56:37 -0500] "POST /public/index.php?path_info=login&re_route=project_tickets&re_project_id=33&re_path_info=projects%2F33%2Ftickets HTTP/1.1" 302 - "https://www.dowork.biz/public/index.php?path_info=login&re_route=project_tickets&re_project_id=33&re_path_info=projects%2F33%2Ftickets" "Mozilla/5.0 (Windows NT 10.0; Win64; x64) AppleWebKit/537.36 (KHTML, like Gecko) Chrome/144.0.0.0 Safari/537.36"
120.28.138.106 - - [27/Jan/2026:07:56:38 -0500] "GET /public/index.php?path_info=projects%2F33%2Ftickets HTTP/1.1" 200 219724 "https://www.dowork.biz/public/index.php?path_info=login&re_route=project_tickets&re_project_id=33&re_path_info=projects%2F33%2Ftickets" "Mozilla/5.0 (Windows NT 10.0; Win64; x64) AppleWebKit/537.36 (KHTML, like Gecko) Chrome/144.0.0.0 Safari/537.36"
208.122.222.38 - - [27/Jan/2026:07:56:39 -0500] "GET /public/index.php?path_info=incoming-mail/count-pending HTTP/1.1" 403 1215 "https://www.dowork.biz/public/index.php?path_info=projects%2F33%2Ftickets%2F11799&page=15" "Mozilla/5.0 (Windows NT 10.0; Win64; x64) AppleWebKit/537.36 (KHTML, like Gecko) Chrome/143.0.0.0 Safari/537.36"
192.71.126.26 - - [27/Jan/2026:07:56:42 -0500] "GET / HTTP/1.1" 302 - "-" "Mozilla/5.0 (iPhone; CPU iPhone OS 17_3_1 like Mac OS X) AppleWebKit/605.1.15 (KHTML, like Gecko) Version/17.3.1 Mobile/15E148 Safari/604"
192.71.126.245 - - [27/Jan/2026:07:56:43 -0500] "GET /public/index.php?path_info=login&re_route=homepage HTTP/1.1" 302 - "http://dowork.biz/" "Mozilla/5.0 (iPhone; CPU iPhone OS 17_3_1 like Mac OS X) AppleWebKit/605.1.15 (KHTML, like Gecko) Version/17.3.1 Mobile/15E148 Safari/604"
192.71.12.112 - - [27/Jan/2026:07:56:44 -0500] "GET /public/index.php?path_info=m%2Flogin HTTP/1.1" 200 2833 "https://www.dowork.biz/public/index.php?path_info=login&re_route=homepage" "Mozilla/5.0 (iPhone; CPU iPhone OS 17_3_1 like Mac OS X) AppleWebKit/605.1.15 (KHTML, like Gecko) Version/17.3.1 Mobile/15E148 Safari/604"
112.206.69.145 - - [27/Jan/2026:07:56:44 -0500] "GET /public/index.php?path_info=refresh-session HTTP/1.1" 200 43 "https://www.dowork.biz/public/index.php?path_info=projects%2F33%2Ftickets%2F12263&page=10" "Mozilla/5.0 (Windows NT 10.0; Win64; x64) AppleWebKit/537.36 (KHTML, like Gecko) Chrome/144.0.0.0 Safari/537.36"
192.71.224.103 - - [27/Jan/2026:07:56:44 -0500] "GET /public/index.php?path_info=m%2Fforgot-password HTTP/1.1" 200 2428 "-" "Mozilla/5.0 (iPhone; CPU iPhone OS 17_3_1 like Mac OS X) AppleWebKit/605.1.15 (KHTML, like Gecko) Version/17.3.1 Mobile/15E148 Safari/604"
112.203.52.168 - - [27/Jan/2026:07:56:51 -0500] "GET /public/index.php?path_info=projects%2F33%2Ftickets%2F13001 HTTP/1.1" 200 174272 "https://www.dowork.biz/public/index.php?path_info=projects%2F33%2Ftickets" "Mozilla/5.0 (Windows NT 10.0; Win64; x64) AppleWebKit/537.36 (KHTML, like Gecko) Chrome/144.0.0.0 Safari/537.36"
112.203.52.168 - - [27/Jan/2026:07:56:55 -0500] "GET /public/index.php?path_info=projects%2F33%2Ftickets%2F13001&page=4 HTTP/1.1" 200 185290 "https://www.dowork.biz/public/index.php?path_info=projects%2F33%2Ftickets%2F13001" "Mozilla/5.0 (Windows NT 10.0; Win64; x64) AppleWebKit/537.36 (KHTML, like Gecko) Chrome/144.0.0.0 Safari/537.36"
143.44.184.33 - - [27/Jan/2026:07:57:00 -0500] "GET /public/index.php?path_info=refresh-session HTTP/1.1" 200 43 "https://www.dowork.biz/public/index.php?path_info=projects%2F33%2Ftickets" "Mozilla/5.0 (Windows NT 10.0; Win64; x64) AppleWebKit/537.36 (KHTML, like Gecko) Chrome/144.0.0.0 Safari/537.36"
143.44.184.33 - - [27/Jan/2026:07:57:00 -0500] "GET /public/index.php?path_info=incoming-mail/count-pending HTTP/1.1" 403 1215 "https://www.dowork.biz/public/index.php?path_info=projects%2F33%2Ftickets" "Mozilla/5.0 (Windows NT 10.0; Win64; x64) AppleWebKit/537.36 (KHTML, like Gecko) Chrome/144.0.0.0 Safari/537.36"
143.44.184.33 - - [27/Jan/2026:07:57:01 -0500] "GET /public/index.php?path_info=refresh-session HTTP/1.1" 200 43 "https://www.dowork.biz/public/index.php?path_info=projects%2F33%2Ftickets%2F13781" "Mozilla/5.0 (Windows NT 10.0; Win64; x64) AppleWebKit/537.36 (KHTML, like Gecko) Chrome/144.0.0.0 Safari/537.36"
43.133.91.48 - - [27/Jan/2026:07:57:06 -0500] "GET / HTTP/1.1" 302 - "-" "Mozilla/5.0 (iPhone; CPU iPhone OS 13_2_3 like Mac OS X) AppleWebKit/605.1.15 (KHTML, like Gecko) Version/13.0.3 Mobile/15E148 Safari/604.1"
43.133.91.48 - - [27/Jan/2026:07:57:09 -0500] "GET /public/index.php?path_info=login&re_route=homepage HTTP/1.1" 302 - "http://www.dowork.biz" "Mozilla/5.0 (iPhone; CPU iPhone OS 13_2_3 like Mac OS X) AppleWebKit/605.1.15 (KHTML, like Gecko) Version/13.0.3 Mobile/15E148 Safari/604.1"
43.133.91.48 - - [27/Jan/2026:07:57:11 -0500] "GET /public/index.php?path_info=m%2Flogin HTTP/1.1" 200 2833 "https://www.dowork.biz/public/index.php?path_info=login&re_route=homepage" "Mozilla/5.0 (iPhone; CPU iPhone OS 13_2_3 like Mac OS X) AppleWebKit/605.1.15 (KHTML, like Gecko) Version/13.0.3 Mobile/15E148 Safari/604.1"
112.200.174.14 - - [27/Jan/2026:07:57:14 -0500] "GET /public/index.php?path_info=refresh-session HTTP/1.1" 200 43 "https://www.dowork.biz/public/index.php?path_info=projects%2F33%2Ftickets" "Mozilla/5.0 (Windows NT 10.0; Win64; x64) AppleWebKit/537.36 (KHTML, like Gecko) Chrome/143.0.0.0 Safari/537.36"
208.122.222.38 - - [27/Jan/2026:07:57:15 -0500] "GET /public/index.php?path_info=incoming-mail/count-pending HTTP/1.1" 403 1215 "https://www.dowork.biz/public/index.php?path_info=projects%2F33%2Ftickets%2F11440&page=12" "Mozilla/5.0 (Windows NT 10.0; Win64; x64) AppleWebKit/537.36 (KHTML, like Gecko) Chrome/143.0.0.0 Safari/537.36"
208.122.222.38 - - [27/Jan/2026:07:57:15 -0500] "GET /public/index.php?path_info=refresh-session HTTP/1.1" 200 43 "https://www.dowork.biz/public/index.php?path_info=projects%2F33%2Ftickets%2F12238&page=9" "Mozilla/5.0 (Windows NT 10.0; Win64; x64) AppleWebKit/537.36 (KHTML, like Gecko) Chrome/143.0.0.0 Safari/537.36"
208.122.222.38 - - [27/Jan/2026:07:57:15 -0500] "GET /public/index.php?path_info=incoming-mail/count-pending HTTP/1.1" 403 1215 "https://www.dowork.biz/public/index.php?path_info=projects%2F33%2Ftickets%2F13044&page=5" "Mozilla/5.0 (Windows NT 10.0; Win64; x64) AppleWebKit/537.36 (KHTML, like Gecko) Chrome/143.0.0.0 Safari/537.36"
208.122.222.38 - - [27/Jan/2026:07:57:15 -0500] "GET /public/index.php?path_info=refresh-session HTTP/1.1" 200 43 "https://www.dowork.biz/public/index.php?path_info=projects%2F33%2Ftickets%2F12000&page=13" "Mozilla/5.0 (Windows NT 10.0; Win64; x64) AppleWebKit/537.36 (KHTML, like Gecko) Chrome/143.0.0.0 Safari/537.36"
208.122.222.38 - - [27/Jan/2026:07:57:15 -0500] "GET /public/index.php?path_info=incoming-mail/count-pending HTTP/1.1" 403 1215 "https://www.dowork.biz/public/index.php?path_info=projects%2F33%2Ftickets%2F12238&page=9" "Mozilla/5.0 (Windows NT 10.0; Win64; x64) AppleWebKit/537.36 (KHTML, like Gecko) Chrome/143.0.0.0 Safari/537.36"
208.122.222.38 - - [27/Jan/2026:07:57:15 -0500] "GET /public/index.php?path_info=incoming-mail/count-pending HTTP/1.1" 403 1215 "https://www.dowork.biz/public/index.php?path_info=projects%2F33%2Ftickets%2F11825&page=14" "Mozilla/5.0 (Windows NT 10.0; Win64; x64) AppleWebKit/537.36 (KHTML, like Gecko) Chrome/143.0.0.0 Safari/537.36"
208.122.222.38 - - [27/Jan/2026:07:57:15 -0500] "GET /public/index.php?path_info=incoming-mail/count-pending HTTP/1.1" 403 1215 "https://www.dowork.biz/public/index.php?path_info=projects%2F33%2Ftickets%2F13649&page=1" "Mozilla/5.0 (Windows NT 10.0; Win64; x64) AppleWebKit/537.36 (KHTML, like Gecko) Chrome/143.0.0.0 Safari/537.36"
208.122.222.38 - - [27/Jan/2026:07:57:15 -0500] "GET /public/index.php?path_info=incoming-mail/count-pending HTTP/1.1" 403 1215 "https://www.dowork.biz/public/index.php?path_info=projects%2F33%2Ftickets%2F12000&page=13" "Mozilla/5.0 (Windows NT 10.0; Win64; x64) AppleWebKit/537.36 (KHTML, like Gecko) Chrome/143.0.0.0 Safari/537.36"
208.122.222.39 - - [27/Jan/2026:07:57:18 -0500] "GET /public/index.php?path_info=incoming-mail/count-pending HTTP/1.1" 403 1215 "https://www.dowork.biz/public/index.php?path_info=projects%2F33%2Ftickets%2F13652&page=1" "Mozilla/5.0 (Windows NT 10.0; Win64; x64) AppleWebKit/537.36 (KHTML, like Gecko) Chrome/143.0.0.0 Safari/537.36"
208.122.222.39 - - [27/Jan/2026:07:57:18 -0500] "GET /public/index.php?path_info=incoming-mail/count-pending HTTP/1.1" 403 1215 "https://www.dowork.biz/public/index.php?path_info=projects%2F33%2Ftickets%2F11430&page=17" "Mozilla/5.0 (Windows NT 10.0; Win64; x64) AppleWebKit/537.36 (KHTML, like Gecko) Chrome/143.0.0.0 Safari/537.36"
208.122.222.39 - - [27/Jan/2026:07:57:19 -0500] "GET /public/index.php?path_info=incoming-mail/count-pending HTTP/1.1" 403 1215 "https://www.dowork.biz/public/index.php?path_info=projects%2F33%2Ftickets%2F13414&page=3" "Mozilla/5.0 (Windows NT 10.0; Win64; x64) AppleWebKit/537.36 (KHTML, like Gecko) Chrome/143.0.0.0 Safari/537.36"
208.122.222.39 - - [27/Jan/2026:07:57:19 -0500] "GET /public/index.php?path_info=incoming-mail/count-pending HTTP/1.1" 403 1215 "https://www.dowork.biz/public/index.php?path_info=projects%2F33%2Ftickets%2F11411&page=63" "Mozilla/5.0 (Windows NT 10.0; Win64; x64) AppleWebKit/537.36 (KHTML, like Gecko) Chrome/143.0.0.0 Safari/537.36"
120.28.138.106 - - [27/Jan/2026:07:57:59 -0500] "POST /public/index.php?path_info=projects%2F33%2Fcomments%2Fadd&parent_id=232514 HTTP/1.1" 302 - "https://www.dowork.biz/public/index.php?path_info=projects%2F33%2Ftickets%2F13001&page=4" "Mozilla/5.0 (Windows NT 10.0; Win64; x64) AppleWebKit/537.36 (KHTML, like Gecko) Chrome/144.0.0.0 Safari/537.36"
120.28.138.106 - - [27/Jan/2026:07:58:02 -0500] "GET /public/index.php?path_info=projects%2F33%2Ftickets%2F13001&page=4 HTTP/1.1" 200 192752 "https://www.dowork.biz/public/index.php?path_info=projects%2F33%2Ftickets%2F13001&page=4" "Mozilla/5.0 (Windows NT 10.0; Win64; x64) AppleWebKit/537.36 (KHTML, like Gecko) Chrome/144.0.0.0 Safari/537.36"
112.200.174.14 - - [27/Jan/2026:07:58:07 -0500] "GET /public/index.php?path_info=incoming-mail/count-pending HTTP/1.1" 403 1215 "https://www.dowork.biz/public/index.php?path_info=projects%2F33%2Ftickets" "Mozilla/5.0 (Windows NT 10.0; Win64; x64) AppleWebKit/537.36 (KHTML, like Gecko) Chrome/143.0.0.0 Safari/537.36"
208.122.222.38 - - [27/Jan/2026:07:58:14 -0500] "GET /public/index.php?path_info=refresh-session HTTP/1.1" 200 43 "https://www.dowork.biz/public/index.php?path_info=projects%2F33%2Ftickets%2F11825&page=14" "Mozilla/5.0 (Windows NT 10.0; Win64; x64) AppleWebKit/537.36 (KHTML, like Gecko) Chrome/143.0.0.0 Safari/537.36"
208.122.222.38 - - [27/Jan/2026:07:58:15 -0500] "GET /public/index.php?path_info=incoming-mail/count-pending HTTP/1.1" 403 1215 "https://www.dowork.biz/public/index.php?path_info=projects%2F33%2Ftickets%2F11824&page=15" "Mozilla/5.0 (Windows NT 10.0; Win64; x64) AppleWebKit/537.36 (KHTML, like Gecko) Chrome/143.0.0.0 Safari/537.36"
208.122.222.38 - - [27/Jan/2026:07:58:15 -0500] "GET /public/index.php?path_info=refresh-session HTTP/1.1" 200 43 "https://www.dowork.biz/public/index.php?path_info=projects%2F33%2Ftickets%2F13044&page=5" "Mozilla/5.0 (Windows NT 10.0; Win64; x64) AppleWebKit/537.36 (KHTML, like Gecko) Chrome/143.0.0.0 Safari/537.36"
208.122.222.38 - - [27/Jan/2026:07:58:15 -0500] "GET /public/index.php?path_info=incoming-mail/count-pending HTTP/1.1" 403 1215 "https://www.dowork.biz/public/index.php?path_info=projects%2F33%2Ftickets%2F11749&page=17" "Mozilla/5.0 (Windows NT 10.0; Win64; x64) AppleWebKit/537.36 (KHTML, like Gecko) Chrome/143.0.0.0 Safari/537.36"
208.122.222.38 - - [27/Jan/2026:07:58:15 -0500] "GET /public/index.php?path_info=refresh-session HTTP/1.1" 200 43 "https://www.dowork.biz/public/index.php?path_info=projects%2F33%2Ftickets%2F12704&page=8" "Mozilla/5.0 (Windows NT 10.0; Win64; x64) AppleWebKit/537.36 (KHTML, like Gecko) Chrome/143.0.0.0 Safari/537.36"
208.122.222.38 - - [27/Jan/2026:07:58:15 -0500] "GET /public/index.php?path_info=incoming-mail/count-pending HTTP/1.1" 403 1215 "https://www.dowork.biz/public/index.php?path_info=projects%2F33%2Ftickets%2F13580&page=1" "Mozilla/5.0 (Windows NT 10.0; Win64; x64) AppleWebKit/537.36 (KHTML, like Gecko) Chrome/143.0.0.0 Safari/537.36"
208.122.222.38 - - [27/Jan/2026:07:58:15 -0500] "GET /public/index.php?path_info=refresh-session HTTP/1.1" 200 43 "https://www.dowork.biz/public/index.php?path_info=projects%2F33%2Ftickets%2F13649&page=1" "Mozilla/5.0 (Windows NT 10.0; Win64; x64) AppleWebKit/537.36 (KHTML, like Gecko) Chrome/143.0.0.0 Safari/537.36"
208.122.222.38 - - [27/Jan/2026:07:58:15 -0500] "GET /public/index.php?path_info=incoming-mail/count-pending HTTP/1.1" 403 1215 "https://www.dowork.biz/public/index.php?path_info=projects%2F33%2Ftickets%2F12704&page=8" "Mozilla/5.0 (Windows NT 10.0; Win64; x64) AppleWebKit/537.36 (KHTML, like Gecko) Chrome/143.0.0.0 Safari/537.36"
208.122.222.39 - - [27/Jan/2026:07:58:18 -0500] "GET /public/index.php?path_info=incoming-mail/count-pending HTTP/1.1" 403 1215 "https://www.dowork.biz/public/index.php?path_info=projects%2F33%2Ftickets%2F12777&page=2" "Mozilla/5.0 (Windows NT 10.0; Win64; x64) AppleWebKit/537.36 (KHTML, like Gecko) Chrome/143.0.0.0 Safari/537.36"
208.122.222.39 - - [27/Jan/2026:07:58:18 -0500] "GET /public/index.php?path_info=incoming-mail/count-pending HTTP/1.1" 403 1215 "https://www.dowork.biz/public/index.php?path_info=projects%2F33%2Ftickets%2F13634&page=2" "Mozilla/5.0 (Windows NT 10.0; Win64; x64) AppleWebKit/537.36 (KHTML, like Gecko) Chrome/143.0.0.0 Safari/537.36"
64.59.72.148 - - [27/Jan/2026:07:58:36 -0500] "GET /public HTTP/1.1" 301 301 "-" "check_http/v2.4.9 (nagios-plugins 2.4.9)"
64.59.72.148 - - [27/Jan/2026:07:58:36 -0500] "GET /public/ HTTP/1.1" 302 - "-" "check_http/v2.4.9 (nagios-plugins 2.4.9)"
64.59.72.148 - - [27/Jan/2026:07:58:36 -0500] "GET /public/index.php?path_info=login&re_route=homepage HTTP/1.1" 200 4304 "-" "check_http/v2.4.9 (nagios-plugins 2.4.9)"
112.206.69.145 - - [27/Jan/2026:07:58:45 -0500] "GET /public/index.php?path_info=incoming-mail/count-pending HTTP/1.1" 403 1215 "https://www.dowork.biz/public/index.php?path_info=projects%2F33%2Ftickets%2F12263&page=10" "Mozilla/5.0 (Windows NT 10.0; Win64; x64) AppleWebKit/537.36 (KHTML, like Gecko) Chrome/144.0.0.0 Safari/537.36"
143.44.184.33 - - [27/Jan/2026:07:58:49 -0500] "GET /public/index.php?path_info=incoming-mail/count-pending HTTP/1.1" 403 1215 "https://www.dowork.biz/public/index.php?path_info=projects%2F33%2Ftickets%2F13366&page=2" "Mozilla/5.0 (Windows NT 10.0; Win64; x64) AppleWebKit/537.36 (KHTML, like Gecko) Chrome/144.0.0.0 Safari/537.36"
143.44.184.33 - - [27/Jan/2026:07:59:00 -0500] "GET /public/index.php?path_info=incoming-mail/count-pending HTTP/1.1" 403 1215 "https://www.dowork.biz/public/index.php?path_info=projects%2F33%2Ftickets%2F13781" "Mozilla/5.0 (Windows NT 10.0; Win64; x64) AppleWebKit/537.36 (KHTML, like Gecko) Chrome/144.0.0.0 Safari/537.36"
208.122.222.38 - - [27/Jan/2026:07:59:15 -0500] "GET /public/index.php?path_info=incoming-mail/count-pending HTTP/1.1" 403 1215 "https://www.dowork.biz/public/index.php?path_info=projects%2F33%2Ftickets%2F11411&page=63" "Mozilla/5.0 (Windows NT 10.0; Win64; x64) AppleWebKit/537.36 (KHTML, like Gecko) Chrome/143.0.0.0 Safari/537.36"
208.122.222.38 - - [27/Jan/2026:07:59:15 -0500] "GET /public/index.php?path_info=refresh-session HTTP/1.1" 200 43 "https://www.dowork.biz/public/index.php?path_info=projects%2F33%2Ftickets%2F13580&page=1" "Mozilla/5.0 (Windows NT 10.0; Win64; x64) AppleWebKit/537.36 (KHTML, like Gecko) Chrome/143.0.0.0 Safari/537.36"
208.122.222.38 - - [27/Jan/2026:07:59:15 -0500] "GET /public/index.php?path_info=incoming-mail/count-pending HTTP/1.1" 403 1215 "https://www.dowork.biz/public/index.php?path_info=projects%2F33%2Ftickets%2F13048&page=4" "Mozilla/5.0 (Windows NT 10.0; Win64; x64) AppleWebKit/537.36 (KHTML, like Gecko) Chrome/143.0.0.0 Safari/537.36"
208.122.222.38 - - [27/Jan/2026:07:59:15 -0500] "GET /public/index.php?path_info=refresh-session HTTP/1.1" 200 43 "https://www.dowork.biz/public/index.php?path_info=projects%2F33%2Ftickets%2F13048&page=4" "Mozilla/5.0 (Windows NT 10.0; Win64; x64) AppleWebKit/537.36 (KHTML, like Gecko) Chrome/143.0.0.0 Safari/537.36"
208.122.222.39 - - [27/Jan/2026:07:59:18 -0500] "GET /public/index.php?path_info=refresh-session HTTP/1.1" 200 43 "https://www.dowork.biz/public/index.php?path_info=projects%2F33%2Ftickets%2F13634&page=2" "Mozilla/5.0 (Windows NT 10.0; Win64; x64) AppleWebKit/537.36 (KHTML, like Gecko) Chrome/143.0.0.0 Safari/537.36"
208.122.222.39 - - [27/Jan/2026:07:59:18 -0500] "GET /public/index.php?path_info=incoming-mail/count-pending HTTP/1.1" 403 1215 "https://www.dowork.biz/public/index.php?path_info=projects%2F33%2Ftickets%2F13350&page=3" "Mozilla/5.0 (Windows NT 10.0; Win64; x64) AppleWebKit/537.36 (KHTML, like Gecko) Chrome/143.0.0.0 Safari/537.36"
208.122.222.39 - - [27/Jan/2026:07:59:18 -0500] "GET /public/index.php?path_info=refresh-session HTTP/1.1" 200 43 "https://www.dowork.biz/public/index.php?path_info=projects%2F33%2Ftickets%2F12777&page=2" "Mozilla/5.0 (Windows NT 10.0; Win64; x64) AppleWebKit/537.36 (KHTML, like Gecko) Chrome/143.0.0.0 Safari/537.36"
208.122.222.39 - - [27/Jan/2026:07:59:19 -0500] "GET /public/index.php?path_info=incoming-mail/count-pending HTTP/1.1" 403 1215 "https://www.dowork.biz/public/index.php?path_info=projects%2F33%2Ftickets%2F13330&page=3" "Mozilla/5.0 (Windows NT 10.0; Win64; x64) AppleWebKit/537.36 (KHTML, like Gecko) Chrome/143.0.0.0 Safari/537.36"
208.122.222.39 - - [27/Jan/2026:07:59:19 -0500] "GET /public/index.php?path_info=incoming-mail/count-pending HTTP/1.1" 403 1215 "https://www.dowork.biz/public/index.php?path_info=projects%2F33%2Ftickets%2F11551&page=16" "Mozilla/5.0 (Windows NT 10.0; Win64; x64) AppleWebKit/537.36 (KHTML, like Gecko) Chrome/143.0.0.0 Safari/537.36"
208.122.222.39 - - [27/Jan/2026:07:59:19 -0500] "GET /public/index.php?path_info=incoming-mail/count-pending HTTP/1.1" 403 1215 "https://www.dowork.biz/public/index.php?path_info=projects%2F33%2Ftickets%2F12316&page=10" "Mozilla/5.0 (Windows NT 10.0; Win64; x64) AppleWebKit/537.36 (KHTML, like Gecko) Chrome/143.0.0.0 Safari/537.36"
208.122.222.39 - - [27/Jan/2026:07:59:19 -0500] "GET /public/index.php?path_info=incoming-mail/count-pending HTTP/1.1" 403 1215 "https://www.dowork.biz/public/index.php?path_info=projects%2F33%2Ftickets%2F13579&page=2" "Mozilla/5.0 (Windows NT 10.0; Win64; x64) AppleWebKit/537.36 (KHTML, like Gecko) Chrome/143.0.0.0 Safari/537.36"
54.175.74.27 - - [27/Jan/2026:07:59:21 -0500] "GET /public/index.php?path_info=projects%2F33%2Ftickets%2F13546 HTTP/1.1" 302 - "-" "Mozilla/5.0 (Macintosh; Intel Mac OS X 10_10_1) AppleWebKit/600.1.25 (KHTML, like Gecko) Version/8.0 Safari/600.1.25"
54.175.74.27 - - [27/Jan/2026:07:59:21 -0500] "GET /public/index.php?path_info=login&re_route=project_ticket&re_project_id=33&re_ticket_id=13546&re_path_info=projects%2F33%2Ftickets%2F13546 HTTP/1.1" 200 4304 "-" "Mozilla/5.0 (Macintosh; Intel Mac OS X 10_10_1) AppleWebKit/600.1.25 (KHTML, like Gecko) Version/8.0 Safari/600.1.25"
208.122.222.38 - - [27/Jan/2026:07:59:39 -0500] "GET /public/index.php?path_info=incoming-mail/count-pending HTTP/1.1" 403 1215 "https://www.dowork.biz/public/index.php?path_info=projects%2F33%2Ftickets%2F11799&page=15" "Mozilla/5.0 (Windows NT 10.0; Win64; x64) AppleWebKit/537.36 (KHTML, like Gecko) Chrome/143.0.0.0 Safari/537.36"
208.122.222.38 - - [27/Jan/2026:07:59:39 -0500] "GET /public/index.php?path_info=refresh-session HTTP/1.1" 200 43 "https://www.dowork.biz/public/index.php?path_info=projects%2F33%2Ftickets%2F11799&page=15" "Mozilla/5.0 (Windows NT 10.0; Win64; x64) AppleWebKit/537.36 (KHTML, like Gecko) Chrome/143.0.0.0 Safari/537.36"
143.44.184.33 - - [27/Jan/2026:07:59:48 -0500] "GET /public/index.php?path_info=refresh-session HTTP/1.1" 200 43 "https://www.dowork.biz/public/index.php?path_info=projects%2F33%2Ftickets%2F13366&page=2" "Mozilla/5.0 (Windows NT 10.0; Win64; x64) AppleWebKit/537.36 (KHTML, like Gecko) Chrome/144.0.0.0 Safari/537.36"
143.44.184.33 - - [27/Jan/2026:08:00:00 -0500] "GET /public/index.php?path_info=incoming-mail/count-pending HTTP/1.1" 403 1215 "https://www.dowork.biz/public/index.php?path_info=projects%2F33%2Ftickets" "Mozilla/5.0 (Windows NT 10.0; Win64; x64) AppleWebKit/537.36 (KHTML, like Gecko) Chrome/144.0.0.0 Safari/537.36"
208.122.222.38 - - [27/Jan/2026:08:00:15 -0500] "GET /public/index.php?path_info=incoming-mail/count-pending HTTP/1.1" 403 1215 "https://www.dowork.biz/public/index.php?path_info=projects%2F33%2Ftickets%2F11440&page=12" "Mozilla/5.0 (Windows NT 10.0; Win64; x64) AppleWebKit/537.36 (KHTML, like Gecko) Chrome/143.0.0.0 Safari/537.36"
208.122.222.38 - - [27/Jan/2026:08:00:15 -0500] "GET /public/index.php?path_info=refresh-session HTTP/1.1" 200 43 "https://www.dowork.biz/public/index.php?path_info=projects%2F33%2Ftickets%2F11411&page=63" "Mozilla/5.0 (Windows NT 10.0; Win64; x64) AppleWebKit/537.36 (KHTML, like Gecko) Chrome/143.0.0.0 Safari/537.36"
208.122.222.38 - - [27/Jan/2026:08:00:15 -0500] "GET /public/index.php?path_info=incoming-mail/count-pending HTTP/1.1" 403 1215 "https://www.dowork.biz/public/index.php?path_info=projects%2F33%2Ftickets%2F11825&page=14" "Mozilla/5.0 (Windows NT 10.0; Win64; x64) AppleWebKit/537.36 (KHTML, like Gecko) Chrome/143.0.0.0 Safari/537.36"
208.122.222.38 - - [27/Jan/2026:08:00:16 -0500] "GET /public/index.php?path_info=incoming-mail/count-pending HTTP/1.1" 403 1215 "https://www.dowork.biz/public/index.php?path_info=projects%2F33%2Ftickets%2F12000&page=13" "Mozilla/5.0 (Windows NT 10.0; Win64; x64) AppleWebKit/537.36 (KHTML, like Gecko) Chrome/143.0.0.0 Safari/537.36"
208.122.222.38 - - [27/Jan/2026:08:00:16 -0500] "GET /public/index.php?path_info=incoming-mail/count-pending HTTP/1.1" 403 1215 "https://www.dowork.biz/public/index.php?path_info=projects%2F33%2Ftickets%2F12238&page=9" "Mozilla/5.0 (Windows NT 10.0; Win64; x64) AppleWebKit/537.36 (KHTML, like Gecko) Chrome/143.0.0.0 Safari/537.36"
208.122.222.38 - - [27/Jan/2026:08:00:16 -0500] "GET /public/index.php?path_info=incoming-mail/count-pending HTTP/1.1" 403 1215 "https://www.dowork.biz/public/index.php?path_info=projects%2F33%2Ftickets%2F13044&page=5" "Mozilla/5.0 (Windows NT 10.0; Win64; x64) AppleWebKit/537.36 (KHTML, like Gecko) Chrome/143.0.0.0 Safari/537.36"
208.122.222.38 - - [27/Jan/2026:08:00:17 -0500] "GET /public/index.php?path_info=incoming-mail/count-pending HTTP/1.1" 403 1215 "https://www.dowork.biz/public/index.php?path_info=projects%2F33%2Ftickets%2F13649&page=1" "Mozilla/5.0 (Windows NT 10.0; Win64; x64) AppleWebKit/537.36 (KHTML, like Gecko) Chrome/143.0.0.0 Safari/537.36"
208.122.222.39 - - [27/Jan/2026:08:00:18 -0500] "GET /public/index.php?path_info=incoming-mail/count-pending HTTP/1.1" 403 1215 "https://www.dowork.biz/public/index.php?path_info=projects%2F33%2Ftickets%2F11430&page=17" "Mozilla/5.0 (Windows NT 10.0; Win64; x64) AppleWebKit/537.36 (KHTML, like Gecko) Chrome/143.0.0.0 Safari/537.36"
208.122.222.39 - - [27/Jan/2026:08:00:18 -0500] "GET /public/index.php?path_info=refresh-session HTTP/1.1" 200 43 "https://www.dowork.biz/public/index.php?path_info=projects%2F33%2Ftickets%2F13350&page=3" "Mozilla/5.0 (Windows NT 10.0; Win64; x64) AppleWebKit/537.36 (KHTML, like Gecko) Chrome/143.0.0.0 Safari/537.36"
208.122.222.39 - - [27/Jan/2026:08:00:19 -0500] "GET /public/index.php?path_info=incoming-mail/count-pending HTTP/1.1" 403 1215 "https://www.dowork.biz/public/index.php?path_info=projects%2F33%2Ftickets%2F13652&page=1" "Mozilla/5.0 (Windows NT 10.0; Win64; x64) AppleWebKit/537.36 (KHTML, like Gecko) Chrome/143.0.0.0 Safari/537.36"
208.122.222.39 - - [27/Jan/2026:08:00:19 -0500] "GET /public/index.php?path_info=refresh-session HTTP/1.1" 200 43 "https://www.dowork.biz/public/index.php?path_info=projects%2F33%2Ftickets%2F13330&page=3" "Mozilla/5.0 (Windows NT 10.0; Win64; x64) AppleWebKit/537.36 (KHTML, like Gecko) Chrome/143.0.0.0 Safari/537.36"
208.122.222.39 - - [27/Jan/2026:08:00:19 -0500] "GET /public/index.php?path_info=incoming-mail/count-pending HTTP/1.1" 403 1215 "https://www.dowork.biz/public/index.php?path_info=projects%2F33%2Ftickets%2F11411&page=63" "Mozilla/5.0 (Windows NT 10.0; Win64; x64) AppleWebKit/537.36 (KHTML, like Gecko) Chrome/143.0.0.0 Safari/537.36"
208.122.222.39 - - [27/Jan/2026:08:00:19 -0500] "GET /public/index.php?path_info=refresh-session HTTP/1.1" 200 43 "https://www.dowork.biz/public/index.php?path_info=projects%2F33%2Ftickets%2F12316&page=10" "Mozilla/5.0 (Windows NT 10.0; Win64; x64) AppleWebKit/537.36 (KHTML, like Gecko) Chrome/143.0.0.0 Safari/537.36"
208.122.222.39 - - [27/Jan/2026:08:00:19 -0500] "GET /public/index.php?path_info=incoming-mail/count-pending HTTP/1.1" 403 1215 "https://www.dowork.biz/public/index.php?path_info=projects%2F33%2Ftickets%2F13414&page=3" "Mozilla/5.0 (Windows NT 10.0; Win64; x64) AppleWebKit/537.36 (KHTML, like Gecko) Chrome/143.0.0.0 Safari/537.36"
208.122.222.39 - - [27/Jan/2026:08:00:19 -0500] "GET /public/index.php?path_info=refresh-session HTTP/1.1" 200 43 "https://www.dowork.biz/public/index.php?path_info=projects%2F33%2Ftickets%2F13579&page=2" "Mozilla/5.0 (Windows NT 10.0; Win64; x64) AppleWebKit/537.36 (KHTML, like Gecko) Chrome/143.0.0.0 Safari/537.36"
208.122.222.39 - - [27/Jan/2026:08:00:20 -0500] "GET /public/index.php?path_info=refresh-session HTTP/1.1" 200 43 "https://www.dowork.biz/public/index.php?path_info=projects%2F33%2Ftickets%2F11551&page=16" "Mozilla/5.0 (Windows NT 10.0; Win64; x64) AppleWebKit/537.36 (KHTML, like Gecko) Chrome/143.0.0.0 Safari/537.36"
64.59.72.148 - - [27/Jan/2026:08:00:36 -0500] "GET /public HTTP/1.1" 301 301 "-" "check_http/v2.4.9 (nagios-plugins 2.4.9)"
64.59.72.148 - - [27/Jan/2026:08:00:36 -0500] "GET /public/ HTTP/1.1" 302 - "-" "check_http/v2.4.9 (nagios-plugins 2.4.9)"
64.59.72.148 - - [27/Jan/2026:08:00:36 -0500] "GET /public/index.php?path_info=login&re_route=homepage HTTP/1.1" 200 4304 "-" "check_http/v2.4.9 (nagios-plugins 2.4.9)"
120.28.138.106 - - [27/Jan/2026:08:01:08 -0500] "GET /public/index.php?path_info=incoming-mail/count-pending HTTP/1.1" 403 1215 "https://www.dowork.biz/public/index.php?path_info=projects%2F33%2Ftickets%2F13001&page=4" "Mozilla/5.0 (Windows NT 10.0; Win64; x64) AppleWebKit/537.36 (KHTML, like Gecko) Chrome/144.0.0.0 Safari/537.36"
112.200.174.14 - - [27/Jan/2026:08:01:08 -0500] "GET /public/index.php?path_info=incoming-mail/count-pending HTTP/1.1" 403 1215 "https://www.dowork.biz/public/index.php?path_info=projects%2F33%2Ftickets" "Mozilla/5.0 (Windows NT 10.0; Win64; x64) AppleWebKit/537.36 (KHTML, like Gecko) Chrome/143.0.0.0 Safari/537.36"
208.122.222.38 - - [27/Jan/2026:08:01:15 -0500] "GET /public/index.php?path_info=incoming-mail/count-pending HTTP/1.1" 403 1215 "https://www.dowork.biz/public/index.php?path_info=projects%2F33%2Ftickets%2F13580&page=1" "Mozilla/5.0 (Windows NT 10.0; Win64; x64) AppleWebKit/537.36 (KHTML, like Gecko) Chrome/143.0.0.0 Safari/537.36"
208.122.222.38 - - [27/Jan/2026:08:01:15 -0500] "GET /public/index.php?path_info=refresh-session HTTP/1.1" 200 43 "https://www.dowork.biz/public/index.php?path_info=projects%2F33%2Ftickets%2F11440&page=12" "Mozilla/5.0 (Windows NT 10.0; Win64; x64) AppleWebKit/537.36 (KHTML, like Gecko) Chrome/143.0.0.0 Safari/537.36"
208.122.222.38 - - [27/Jan/2026:08:01:15 -0500] "GET /public/index.php?path_info=incoming-mail/count-pending HTTP/1.1" 403 1215 "https://www.dowork.biz/public/index.php?path_info=projects%2F33%2Ftickets%2F12704&page=8" "Mozilla/5.0 (Windows NT 10.0; Win64; x64) AppleWebKit/537.36 (KHTML, like Gecko) Chrome/143.0.0.0 Safari/537.36"
208.122.222.38 - - [27/Jan/2026:08:01:15 -0500] "GET /public/index.php?path_info=refresh-session HTTP/1.1" 200 43 "https://www.dowork.biz/public/index.php?path_info=projects%2F33%2Ftickets%2F11824&page=15" "Mozilla/5.0 (Windows NT 10.0; Win64; x64) AppleWebKit/537.36 (KHTML, like Gecko) Chrome/143.0.0.0 Safari/537.36"
208.122.222.38 - - [27/Jan/2026:08:01:15 -0500] "GET /public/index.php?path_info=incoming-mail/count-pending HTTP/1.1" 403 1215 "https://www.dowork.biz/public/index.php?path_info=projects%2F33%2Ftickets%2F11824&page=15" "Mozilla/5.0 (Windows NT 10.0; Win64; x64) AppleWebKit/537.36 (KHTML, like Gecko) Chrome/143.0.0.0 Safari/537.36"
208.122.222.38 - - [27/Jan/2026:08:01:15 -0500] "GET /public/index.php?path_info=refresh-session HTTP/1.1" 200 43 "https://www.dowork.biz/public/index.php?path_info=projects%2F33%2Ftickets%2F11749&page=17" "Mozilla/5.0 (Windows NT 10.0; Win64; x64) AppleWebKit/537.36 (KHTML, like Gecko) Chrome/143.0.0.0 Safari/537.36"
208.122.222.38 - - [27/Jan/2026:08:01:15 -0500] "GET /public/index.php?path_info=incoming-mail/count-pending HTTP/1.1" 403 1215 "https://www.dowork.biz/public/index.php?path_info=projects%2F33%2Ftickets%2F11749&page=17" "Mozilla/5.0 (Windows NT 10.0; Win64; x64) AppleWebKit/537.36 (KHTML, like Gecko) Chrome/143.0.0.0 Safari/537.36"
208.122.222.39 - - [27/Jan/2026:08:01:18 -0500] "GET /public/index.php?path_info=incoming-mail/count-pending HTTP/1.1" 403 1215 "https://www.dowork.biz/public/index.php?path_info=projects%2F33%2Ftickets%2F12777&page=2" "Mozilla/5.0 (Windows NT 10.0; Win64; x64) AppleWebKit/537.36 (KHTML, like Gecko) Chrome/143.0.0.0 Safari/537.36"
208.122.222.39 - - [27/Jan/2026:08:01:18 -0500] "GET /public/index.php?path_info=refresh-session HTTP/1.1" 200 43 "https://www.dowork.biz/public/index.php?path_info=projects%2F33%2Ftickets%2F13652&page=1" "Mozilla/5.0 (Windows NT 10.0; Win64; x64) AppleWebKit/537.36 (KHTML, like Gecko) Chrome/143.0.0.0 Safari/537.36"
208.122.222.39 - - [27/Jan/2026:08:01:18 -0500] "GET /public/index.php?path_info=incoming-mail/count-pending HTTP/1.1" 403 1215 "https://www.dowork.biz/public/index.php?path_info=projects%2F33%2Ftickets%2F13634&page=2" "Mozilla/5.0 (Windows NT 10.0; Win64; x64) AppleWebKit/537.36 (KHTML, like Gecko) Chrome/143.0.0.0 Safari/537.36"
208.122.222.39 - - [27/Jan/2026:08:01:19 -0500] "GET /public/index.php?path_info=refresh-session HTTP/1.1" 200 43 "https://www.dowork.biz/public/index.php?path_info=projects%2F33%2Ftickets%2F13414&page=3" "Mozilla/5.0 (Windows NT 10.0; Win64; x64) AppleWebKit/537.36 (KHTML, like Gecko) Chrome/143.0.0.0 Safari/537.36"
208.122.222.39 - - [27/Jan/2026:08:01:19 -0500] "GET /public/index.php?path_info=refresh-session HTTP/1.1" 200 43 "https://www.dowork.biz/public/index.php?path_info=projects%2F33%2Ftickets%2F11430&page=17" "Mozilla/5.0 (Windows NT 10.0; Win64; x64) AppleWebKit/537.36 (KHTML, like Gecko) Chrome/143.0.0.0 Safari/537.36"
208.122.222.39 - - [27/Jan/2026:08:01:19 -0500] "GET /public/index.php?path_info=refresh-session HTTP/1.1" 200 43 "https://www.dowork.biz/public/index.php?path_info=projects%2F33%2Ftickets%2F11411&page=63" "Mozilla/5.0 (Windows NT 10.0; Win64; x64) AppleWebKit/537.36 (KHTML, like Gecko) Chrome/143.0.0.0 Safari/537.36"
112.206.69.145 - - [27/Jan/2026:08:01:44 -0500] "GET /public/index.php?path_info=refresh-session HTTP/1.1" 200 43 "https://www.dowork.biz/public/index.php?path_info=projects%2F33%2Ftickets%2F12263&page=10" "Mozilla/5.0 (Windows NT 10.0; Win64; x64) AppleWebKit/537.36 (KHTML, like Gecko) Chrome/144.0.0.0 Safari/537.36"
112.206.69.145 - - [27/Jan/2026:08:01:44 -0500] "GET /public/index.php?path_info=incoming-mail/count-pending HTTP/1.1" 403 1215 "https://www.dowork.biz/public/index.php?path_info=projects%2F33%2Ftickets%2F12263&page=10" "Mozilla/5.0 (Windows NT 10.0; Win64; x64) AppleWebKit/537.36 (KHTML, like Gecko) Chrome/144.0.0.0 Safari/537.36"
143.44.184.33 - - [27/Jan/2026:08:01:49 -0500] "GET /public/index.php?path_info=incoming-mail/count-pending HTTP/1.1" 403 1215 "https://www.dowork.biz/public/index.php?path_info=projects%2F33%2Ftickets%2F13366&page=2" "Mozilla/5.0 (Windows NT 10.0; Win64; x64) AppleWebKit/537.36 (KHTML, like Gecko) Chrome/144.0.0.0 Safari/537.36"
143.44.184.33 - - [27/Jan/2026:08:02:00 -0500] "GET /public/index.php?path_info=refresh-session HTTP/1.1" 200 43 "https://www.dowork.biz/public/index.php?path_info=projects%2F33%2Ftickets" "Mozilla/5.0 (Windows NT 10.0; Win64; x64) AppleWebKit/537.36 (KHTML, like Gecko) Chrome/144.0.0.0 Safari/537.36"
143.44.184.33 - - [27/Jan/2026:08:02:01 -0500] "GET /public/index.php?path_info=incoming-mail/count-pending HTTP/1.1" 403 1215 "https://www.dowork.biz/public/index.php?path_info=projects%2F33%2Ftickets%2F13781" "Mozilla/5.0 (Windows NT 10.0; Win64; x64) AppleWebKit/537.36 (KHTML, like Gecko) Chrome/144.0.0.0 Safari/537.36"
143.44.184.33 - - [27/Jan/2026:08:02:01 -0500] "GET /public/index.php?path_info=refresh-session HTTP/1.1" 200 43 "https://www.dowork.biz/public/index.php?path_info=projects%2F33%2Ftickets%2F13781" "Mozilla/5.0 (Windows NT 10.0; Win64; x64) AppleWebKit/537.36 (KHTML, like Gecko) Chrome/144.0.0.0 Safari/537.36"
208.122.222.38 - - [27/Jan/2026:08:02:15 -0500] "GET /public/index.php?path_info=incoming-mail/count-pending HTTP/1.1" 403 1215 "https://www.dowork.biz/public/index.php?path_info=projects%2F33%2Ftickets%2F13048&page=4" "Mozilla/5.0 (Windows NT 10.0; Win64; x64) AppleWebKit/537.36 (KHTML, like Gecko) Chrome/143.0.0.0 Safari/537.36"
208.122.222.38 - - [27/Jan/2026:08:02:15 -0500] "GET /public/index.php?path_info=refresh-session HTTP/1.1" 200 43 "https://www.dowork.biz/public/index.php?path_info=projects%2F33%2Ftickets%2F12000&page=13" "Mozilla/5.0 (Windows NT 10.0; Win64; x64) AppleWebKit/537.36 (KHTML, like Gecko) Chrome/143.0.0.0 Safari/537.36"
208.122.222.38 - - [27/Jan/2026:08:02:15 -0500] "GET /public/index.php?path_info=incoming-mail/count-pending HTTP/1.1" 403 1215 "https://www.dowork.biz/public/index.php?path_info=projects%2F33%2Ftickets%2F11411&page=63" "Mozilla/5.0 (Windows NT 10.0; Win64; x64) AppleWebKit/537.36 (KHTML, like Gecko) Chrome/143.0.0.0 Safari/537.36"
208.122.222.38 - - [27/Jan/2026:08:02:15 -0500] "GET /public/index.php?path_info=refresh-session HTTP/1.1" 200 43 "https://www.dowork.biz/public/index.php?path_info=projects%2F33%2Ftickets%2F12238&page=9" "Mozilla/5.0 (Windows NT 10.0; Win64; x64) AppleWebKit/537.36 (KHTML, like Gecko) Chrome/143.0.0.0 Safari/537.36"
112.200.174.14 - - [27/Jan/2026:08:02:17 -0500] "GET /public/index.php?path_info=refresh-session HTTP/1.1" 200 43 "https://www.dowork.biz/public/index.php?path_info=projects%2F33%2Ftickets" "Mozilla/5.0 (Windows NT 10.0; Win64; x64) AppleWebKit/537.36 (KHTML, like Gecko) Chrome/143.0.0.0 Safari/537.36"
208.122.222.39 - - [27/Jan/2026:08:02:18 -0500] "GET /public/index.php?path_info=incoming-mail/count-pending HTTP/1.1" 403 1215 "https://www.dowork.biz/public/index.php?path_info=projects%2F33%2Ftickets%2F13350&page=3" "Mozilla/5.0 (Windows NT 10.0; Win64; x64) AppleWebKit/537.36 (KHTML, like Gecko) Chrome/143.0.0.0 Safari/537.36"
208.122.222.39 - - [27/Jan/2026:08:02:18 -0500] "GET /public/index.php?path_info=incoming-mail/count-pending HTTP/1.1" 403 1215 "https://www.dowork.biz/public/index.php?path_info=projects%2F33%2Ftickets%2F13330&page=3" "Mozilla/5.0 (Windows NT 10.0; Win64; x64) AppleWebKit/537.36 (KHTML, like Gecko) Chrome/143.0.0.0 Safari/537.36"
208.122.222.39 - - [27/Jan/2026:08:02:19 -0500] "GET /public/index.php?path_info=incoming-mail/count-pending HTTP/1.1" 403 1215 "https://www.dowork.biz/public/index.php?path_info=projects%2F33%2Ftickets%2F12316&page=10" "Mozilla/5.0 (Windows NT 10.0; Win64; x64) AppleWebKit/537.36 (KHTML, like Gecko) Chrome/143.0.0.0 Safari/537.36"
208.122.222.39 - - [27/Jan/2026:08:02:19 -0500] "GET /public/index.php?path_info=incoming-mail/count-pending HTTP/1.1" 403 1215 "https://www.dowork.biz/public/index.php?path_info=projects%2F33%2Ftickets%2F13579&page=2" "Mozilla/5.0 (Windows NT 10.0; Win64; x64) AppleWebKit/537.36 (KHTML, like Gecko) Chrome/143.0.0.0 Safari/537.36"
208.122.222.39 - - [27/Jan/2026:08:02:19 -0500] "GET /public/index.php?path_info=incoming-mail/count-pending HTTP/1.1" 403 1215 "https://www.dowork.biz/public/index.php?path_info=projects%2F33%2Ftickets%2F11551&page=16" "Mozilla/5.0 (Windows NT 10.0; Win64; x64) AppleWebKit/537.36 (KHTML, like Gecko) Chrome/143.0.0.0 Safari/537.36"
64.59.72.148 - - [27/Jan/2026:08:02:36 -0500] "GET /public HTTP/1.1" 301 301 "-" "check_http/v2.4.9 (nagios-plugins 2.4.9)"
64.59.72.148 - - [27/Jan/2026:08:02:36 -0500] "GET /public/ HTTP/1.1" 302 - "-" "check_http/v2.4.9 (nagios-plugins 2.4.9)"
64.59.72.148 - - [27/Jan/2026:08:02:36 -0500] "GET /public/index.php?path_info=login&re_route=homepage HTTP/1.1" 200 4304 "-" "check_http/v2.4.9 (nagios-plugins 2.4.9)"
143.44.184.33 - - [27/Jan/2026:08:03:00 -0500] "GET /public/index.php?path_info=incoming-mail/count-pending HTTP/1.1" 403 1215 "https://www.dowork.biz/public/index.php?path_info=projects%2F33%2Ftickets" "Mozilla/5.0 (Windows NT 10.0; Win64; x64) AppleWebKit/537.36 (KHTML, like Gecko) Chrome/144.0.0.0 Safari/537.36"
112.203.52.168 - - [27/Jan/2026:08:03:06 -0500] "GET /public/index.php?path_info=refresh-session HTTP/1.1" 200 43 "https://www.dowork.biz/public/index.php?path_info=projects%2F33%2Ftickets%2F13001&page=4" "Mozilla/5.0 (Windows NT 10.0; Win64; x64) AppleWebKit/537.36 (KHTML, like Gecko) Chrome/144.0.0.0 Safari/537.36"
112.200.174.14 - - [27/Jan/2026:08:03:14 -0500] "GET /public/index.php?path_info=incoming-mail/count-pending HTTP/1.1" 403 1215 "https://www.dowork.biz/public/index.php?path_info=projects%2F33%2Ftickets" "Mozilla/5.0 (Windows NT 10.0; Win64; x64) AppleWebKit/537.36 (KHTML, like Gecko) Chrome/143.0.0.0 Safari/537.36"
208.122.222.38 - - [27/Jan/2026:08:03:15 -0500] "GET /public/index.php?path_info=incoming-mail/count-pending HTTP/1.1" 403 1215 "https://www.dowork.biz/public/index.php?path_info=projects%2F33%2Ftickets%2F12000&page=13" "Mozilla/5.0 (Windows NT 10.0; Win64; x64) AppleWebKit/537.36 (KHTML, like Gecko) Chrome/143.0.0.0 Safari/537.36"
208.122.222.38 - - [27/Jan/2026:08:03:15 -0500] "GET /public/index.php?path_info=refresh-session HTTP/1.1" 200 43 "https://www.dowork.biz/public/index.php?path_info=projects%2F33%2Ftickets%2F11825&page=14" "Mozilla/5.0 (Windows NT 10.0; Win64; x64) AppleWebKit/537.36 (KHTML, like Gecko) Chrome/143.0.0.0 Safari/537.36"
208.122.222.38 - - [27/Jan/2026:08:03:15 -0500] "GET /public/index.php?path_info=incoming-mail/count-pending HTTP/1.1" 403 1215 "https://www.dowork.biz/public/index.php?path_info=projects%2F33%2Ftickets%2F11799&page=15" "Mozilla/5.0 (Windows NT 10.0; Win64; x64) AppleWebKit/537.36 (KHTML, like Gecko) Chrome/143.0.0.0 Safari/537.36"
208.122.222.38 - - [27/Jan/2026:08:03:15 -0500] "GET /public/index.php?path_info=refresh-session HTTP/1.1" 200 43 "https://www.dowork.biz/public/index.php?path_info=projects%2F33%2Ftickets%2F13044&page=5" "Mozilla/5.0 (Windows NT 10.0; Win64; x64) AppleWebKit/537.36 (KHTML, like Gecko) Chrome/143.0.0.0 Safari/537.36"
208.122.222.38 - - [27/Jan/2026:08:03:15 -0500] "GET /public/index.php?path_info=incoming-mail/count-pending HTTP/1.1" 403 1215 "https://www.dowork.biz/public/index.php?path_info=projects%2F33%2Ftickets%2F11440&page=12" "Mozilla/5.0 (Windows NT 10.0; Win64; x64) AppleWebKit/537.36 (KHTML, like Gecko) Chrome/143.0.0.0 Safari/537.36"
208.122.222.38 - - [27/Jan/2026:08:03:15 -0500] "GET /public/index.php?path_info=refresh-session HTTP/1.1" 200 43 "https://www.dowork.biz/public/index.php?path_info=projects%2F33%2Ftickets%2F12704&page=8" "Mozilla/5.0 (Windows NT 10.0; Win64; x64) AppleWebKit/537.36 (KHTML, like Gecko) Chrome/143.0.0.0 Safari/537.36"
