112.200.174.14 - - [27/Jan/2026:08:41:26 -0500] "GET /public/index.php?path_info=projects%2F33%2Ftickets%2F13698 HTTP/1.1" 200 116600 "https://www.dowork.biz/public/index.php?path_info=projects%2F33%2Ftickets" "Mozilla/5.0 (Windows NT 10.0; Win64; x64) AppleWebKit/537.36 (KHTML, like Gecko) Chrome/143.0.0.0 Safari/537.36"
112.200.174.14 - - [27/Jan/2026:08:41:27 -0500] "GET /public/index.php?path_info=projects%2F33%2Ftickets%2F13741 HTTP/1.1" 200 48861 "https://www.dowork.biz/public/index.php?path_info=projects%2F33%2Ftickets" "Mozilla/5.0 (Windows NT 10.0; Win64; x64) AppleWebKit/537.36 (KHTML, like Gecko) Chrome/143.0.0.0 Safari/537.36"
112.200.174.14 - - [27/Jan/2026:08:41:32 -0500] "GET /public/index.php?path_info=projects%2F33%2Ftickets%2F13698&page=2 HTTP/1.1" 200 30095 "https://www.dowork.biz/public/index.php?path_info=projects%2F33%2Ftickets%2F13698" "Mozilla/5.0 (Windows NT 10.0; Win64; x64) AppleWebKit/537.36 (KHTML, like Gecko) Chrome/143.0.0.0 Safari/537.36"
112.206.69.145 - - [27/Jan/2026:08:41:44 -0500] "GET /public/index.php?path_info=refresh-session HTTP/1.1" 200 43 "https://www.dowork.biz/public/index.php?path_info=projects%2F33%2Ftickets%2F12263&page=10" "Mozilla/5.0 (Windows NT 10.0; Win64; x64) AppleWebKit/537.36 (KHTML, like Gecko) Chrome/144.0.0.0 Safari/537.36"
66.9.176.253 - - [27/Jan/2026:08:41:56 -0500] "GET /public/index.php?path_info=refresh-session HTTP/1.1" 200 43 "https://www.dowork.biz/public/index.php?path_info=login&re_route=project_ticket&re_project_id=33&re_ticket_id=13698&re_path_info=projects%2F33%2Ftickets%2F13698&re_page=2" "Mozilla/5.0 (Windows NT 10.0; Win64; x64) AppleWebKit/537.36 (KHTML, like Gecko) Chrome/143.0.0.0 Safari/537.36"
143.44.184.33 - - [27/Jan/2026:08:42:00 -0500] "GET /public/index.php?path_info=refresh-session HTTP/1.1" 200 43 "https://www.dowork.biz/public/index.php?path_info=projects%2F33%2Ftickets" "Mozilla/5.0 (Windows NT 10.0; Win64; x64) AppleWebKit/537.36 (KHTML, like Gecko) Chrome/144.0.0.0 Safari/537.36"
143.44.184.33 - - [27/Jan/2026:08:42:00 -0500] "GET /public/index.php?path_info=incoming-mail/count-pending HTTP/1.1" 403 1215 "https://www.dowork.biz/public/index.php?path_info=projects%2F33%2Ftickets" "Mozilla/5.0 (Windows NT 10.0; Win64; x64) AppleWebKit/537.36 (KHTML, like Gecko) Chrome/144.0.0.0 Safari/537.36"
143.44.184.33 - - [27/Jan/2026:08:42:00 -0500] "GET /public/index.php?path_info=refresh-session HTTP/1.1" 200 43 "https://www.dowork.biz/public/index.php?path_info=projects%2F33%2Ftickets%2F13781" "Mozilla/5.0 (Windows NT 10.0; Win64; x64) AppleWebKit/537.36 (KHTML, like Gecko) Chrome/144.0.0.0 Safari/537.36"
112.200.174.14 - - [27/Jan/2026:08:42:10 -0500] "POST /public/index.php?path_info=projects%2F33%2Fcomments%2Fadd&parent_id=243305 HTTP/1.1" 302 - "https://www.dowork.biz/public/index.php?path_info=projects%2F33%2Ftickets%2F13698&page=2" "Mozilla/5.0 (Windows NT 10.0; Win64; x64) AppleWebKit/537.36 (KHTML, like Gecko) Chrome/143.0.0.0 Safari/537.36"
112.200.174.14 - - [27/Jan/2026:08:42:12 -0500] "GET /public/index.php?path_info=projects%2F33%2Ftickets%2F13698&page=2 HTTP/1.1" 200 34579 "https://www.dowork.biz/public/index.php?path_info=projects%2F33%2Ftickets%2F13698&page=2" "Mozilla/5.0 (Windows NT 10.0; Win64; x64) AppleWebKit/537.36 (KHTML, like Gecko) Chrome/143.0.0.0 Safari/537.36"
112.200.174.14 - - [27/Jan/2026:08:42:14 -0500] "GET /public/index.php?path_info=incoming-mail/count-pending HTTP/1.1" 403 1215 "https://www.dowork.biz/public/index.php?path_info=projects%2F33%2Ftickets" "Mozilla/5.0 (Windows NT 10.0; Win64; x64) AppleWebKit/537.36 (KHTML, like Gecko) Chrome/143.0.0.0 Safari/537.36"
112.200.174.14 - - [27/Jan/2026:08:42:14 -0500] "GET /public/index.php?path_info=refresh-session HTTP/1.1" 200 43 "https://www.dowork.biz/public/index.php?path_info=projects%2F33%2Ftickets" "Mozilla/5.0 (Windows NT 10.0; Win64; x64) AppleWebKit/537.36 (KHTML, like Gecko) Chrome/143.0.0.0 Safari/537.36"
208.122.222.38 - - [27/Jan/2026:08:42:14 -0500] "GET /public/index.php?path_info=incoming-mail/count-pending HTTP/1.1" 403 1215 "https://www.dowork.biz/public/index.php?path_info=projects%2F33%2Ftickets%2F13649&page=1" "Mozilla/5.0 (Windows NT 10.0; Win64; x64) AppleWebKit/537.36 (KHTML, like Gecko) Chrome/143.0.0.0 Safari/537.36"
208.122.222.38 - - [27/Jan/2026:08:42:14 -0500] "GET /public/index.php?path_info=refresh-session HTTP/1.1" 200 43 "https://www.dowork.biz/public/index.php?path_info=projects%2F33%2Ftickets%2F12238&page=9" "Mozilla/5.0 (Windows NT 10.0; Win64; x64) AppleWebKit/537.36 (KHTML, like Gecko) Chrome/143.0.0.0 Safari/537.36"
208.122.222.38 - - [27/Jan/2026:08:42:15 -0500] "GET /public/index.php?path_info=incoming-mail/count-pending HTTP/1.1" 403 1215 "https://www.dowork.biz/public/index.php?path_info=projects%2F33%2Ftickets%2F11799&page=15" "Mozilla/5.0 (Windows NT 10.0; Win64; x64) AppleWebKit/537.36 (KHTML, like Gecko) Chrome/143.0.0.0 Safari/537.36"
208.122.222.38 - - [27/Jan/2026:08:42:15 -0500] "GET /public/index.php?path_info=refresh-session HTTP/1.1" 200 43 "https://www.dowork.biz/public/index.php?path_info=projects%2F33%2Ftickets%2F12000&page=13" "Mozilla/5.0 (Windows NT 10.0; Win64; x64) AppleWebKit/537.36 (KHTML, like Gecko) Chrome/143.0.0.0 Safari/537.36"
208.122.222.38 - - [27/Jan/2026:08:42:15 -0500] "GET /public/index.php?path_info=incoming-mail/count-pending HTTP/1.1" 403 1215 "https://www.dowork.biz/public/index.php?path_info=projects%2F33%2Ftickets%2F11825&page=14" "Mozilla/5.0 (Windows NT 10.0; Win64; x64) AppleWebKit/537.36 (KHTML, like Gecko) Chrome/143.0.0.0 Safari/537.36"
208.122.222.38 - - [27/Jan/2026:08:42:15 -0500] "GET /public/index.php?path_info=incoming-mail/count-pending HTTP/1.1" 403 1215 "https://www.dowork.biz/public/index.php?path_info=projects%2F33%2Ftickets%2F13044&page=5" "Mozilla/5.0 (Windows NT 10.0; Win64; x64) AppleWebKit/537.36 (KHTML, like Gecko) Chrome/143.0.0.0 Safari/537.36"
208.122.222.38 - - [27/Jan/2026:08:42:15 -0500] "GET /public/index.php?path_info=incoming-mail/count-pending HTTP/1.1" 403 1215 "https://www.dowork.biz/public/index.php?path_info=projects%2F33%2Ftickets%2F11440&page=12" "Mozilla/5.0 (Windows NT 10.0; Win64; x64) AppleWebKit/537.36 (KHTML, like Gecko) Chrome/143.0.0.0 Safari/537.36"
208.122.222.38 - - [27/Jan/2026:08:42:15 -0500] "GET /public/index.php?path_info=incoming-mail/count-pending HTTP/1.1" 403 1215 "https://www.dowork.biz/public/index.php?path_info=projects%2F33%2Ftickets%2F12238&page=9" "Mozilla/5.0 (Windows NT 10.0; Win64; x64) AppleWebKit/537.36 (KHTML, like Gecko) Chrome/143.0.0.0 Safari/537.36"
208.122.222.38 - - [27/Jan/2026:08:42:16 -0500] "GET /public/index.php?path_info=incoming-mail/count-pending HTTP/1.1" 403 1215 "https://www.dowork.biz/public/index.php?path_info=projects%2F33%2Ftickets%2F12000&page=13" "Mozilla/5.0 (Windows NT 10.0; Win64; x64) AppleWebKit/537.36 (KHTML, like Gecko) Chrome/143.0.0.0 Safari/537.36"
208.122.222.39 - - [27/Jan/2026:08:42:18 -0500] "GET /public/index.php?path_info=incoming-mail/count-pending HTTP/1.1" 403 1215 "https://www.dowork.biz/public/index.php?path_info=projects%2F33%2Ftickets%2F13652&page=1" "Mozilla/5.0 (Windows NT 10.0; Win64; x64) AppleWebKit/537.36 (KHTML, like Gecko) Chrome/143.0.0.0 Safari/537.36"
208.122.222.39 - - [27/Jan/2026:08:42:18 -0500] "GET /public/index.php?path_info=incoming-mail/count-pending HTTP/1.1" 403 1215 "https://www.dowork.biz/public/index.php?path_info=projects%2F33%2Ftickets%2F13414&page=3" "Mozilla/5.0 (Windows NT 10.0; Win64; x64) AppleWebKit/537.36 (KHTML, like Gecko) Chrome/143.0.0.0 Safari/537.36"
208.122.222.39 - - [27/Jan/2026:08:42:19 -0500] "GET /public/index.php?path_info=incoming-mail/count-pending HTTP/1.1" 403 1215 "https://www.dowork.biz/public/index.php?path_info=projects%2F33%2Ftickets%2F11430&page=17" "Mozilla/5.0 (Windows NT 10.0; Win64; x64) AppleWebKit/537.36 (KHTML, like Gecko) Chrome/143.0.0.0 Safari/537.36"
208.122.222.39 - - [27/Jan/2026:08:42:19 -0500] "GET /public/index.php?path_info=incoming-mail/count-pending HTTP/1.1" 403 1215 "https://www.dowork.biz/public/index.php?path_info=projects%2F33%2Ftickets%2F11411&page=63" "Mozilla/5.0 (Windows NT 10.0; Win64; x64) AppleWebKit/537.36 (KHTML, like Gecko) Chrome/143.0.0.0 Safari/537.36"
64.59.72.148 - - [27/Jan/2026:08:42:36 -0500] "GET /public HTTP/1.1" 301 301 "-" "check_http/v2.4.9 (nagios-plugins 2.4.9)"
64.59.72.148 - - [27/Jan/2026:08:42:36 -0500] "GET /public/ HTTP/1.1" 302 - "-" "check_http/v2.4.9 (nagios-plugins 2.4.9)"
64.59.72.148 - - [27/Jan/2026:08:42:36 -0500] "GET /public/index.php?path_info=login&re_route=homepage HTTP/1.1" 200 4304 "-" "check_http/v2.4.9 (nagios-plugins 2.4.9)"
66.9.176.253 - - [27/Jan/2026:08:42:46 -0500] "GET /public/index.php?path_info=projects%2F33%2Ftickets%2F13698 HTTP/1.1" 302 - "-" "Mozilla/5.0 (Windows NT 10.0; Win64; x64) AppleWebKit/537.36 (KHTML, like Gecko) Chrome/143.0.0.0 Safari/537.36"
66.9.176.253 - - [27/Jan/2026:08:42:47 -0500] "GET /public/index.php?path_info=login&re_route=project_ticket&re_project_id=33&re_ticket_id=13698&re_path_info=projects%2F33%2Ftickets%2F13698 HTTP/1.1" 200 4304 "-" "Mozilla/5.0 (Windows NT 10.0; Win64; x64) AppleWebKit/537.36 (KHTML, like Gecko) Chrome/143.0.0.0 Safari/537.36"
66.9.176.253 - - [27/Jan/2026:08:42:51 -0500] "POST /public/index.php?path_info=login&re_route=project_ticket&re_project_id=33&re_ticket_id=13698&re_path_info=projects%2F33%2Ftickets%2F13698 HTTP/1.1" 302 - "https://www.dowork.biz/public/index.php?path_info=login&re_route=project_ticket&re_project_id=33&re_ticket_id=13698&re_path_info=projects%2F33%2Ftickets%2F13698" "Mozilla/5.0 (Windows NT 10.0; Win64; x64) AppleWebKit/537.36 (KHTML, like Gecko) Chrome/143.0.0.0 Safari/537.36"
66.9.176.253 - - [27/Jan/2026:08:42:51 -0500] "GET /public/index.php?path_info=projects%2F33%2Ftickets%2F13698 HTTP/1.1" 200 155608 "https://www.dowork.biz/public/index.php?path_info=login&re_route=project_ticket&re_project_id=33&re_ticket_id=13698&re_path_info=projects%2F33%2Ftickets%2F13698" "Mozilla/5.0 (Windows NT 10.0; Win64; x64) AppleWebKit/537.36 (KHTML, like Gecko) Chrome/143.0.0.0 Safari/537.36"
66.9.176.253 - - [27/Jan/2026:08:42:52 -0500] "GET /public/assets/css.php?v=2.3.3&modules=system,resources,milestones,backup,incoming_mail,checklists,discussions,files,calendar,pages,tickets,timetracking,mobile_access, HTTP/1.1" 200 28755 "https://www.dowork.biz/public/index.php?path_info=projects%2F33%2Ftickets%2F13698" "Mozilla/5.0 (Windows NT 10.0; Win64; x64) AppleWebKit/537.36 (KHTML, like Gecko) Chrome/143.0.0.0 Safari/537.36"
66.9.176.253 - - [27/Jan/2026:08:42:52 -0500] "GET /public/assets/js.php?v=2.3.3&modules=system,resources,milestones,backup,incoming_mail,checklists,discussions,files,calendar,pages,tickets,timetracking,mobile_access, HTTP/1.1" 200 180690 "https://www.dowork.biz/public/index.php?path_info=projects%2F33%2Ftickets%2F13698" "Mozilla/5.0 (Windows NT 10.0; Win64; x64) AppleWebKit/537.36 (KHTML, like Gecko) Chrome/143.0.0.0 Safari/537.36"
66.9.176.253 - - [27/Jan/2026:08:42:53 -0500] "GET /public/assets/print.php?v=2.3.3&modules=system,resources,milestones,backup,incoming_mail,checklists,discussions,files,calendar,pages,tickets,timetracking,mobile_access, HTTP/1.1" 200 2091 "https://www.dowork.biz/public/index.php?path_info=projects%2F33%2Ftickets%2F13698" "Mozilla/5.0 (Windows NT 10.0; Win64; x64) AppleWebKit/537.36 (KHTML, like Gecko) Chrome/143.0.0.0 Safari/537.36"
66.9.176.253 - - [27/Jan/2026:08:42:56 -0500] "GET /public/index.php?path_info=incoming-mail/count-pending HTTP/1.1" 200 1 "https://www.dowork.biz/public/index.php?path_info=login&re_route=project_ticket&re_project_id=33&re_ticket_id=13698&re_path_info=projects%2F33%2Ftickets%2F13698&re_page=2" "Mozilla/5.0 (Windows NT 10.0; Win64; x64) AppleWebKit/537.36 (KHTML, like Gecko) Chrome/143.0.0.0 Safari/537.36"
66.9.176.253 - - [27/Jan/2026:08:42:56 -0500] "GET /public/index.php?path_info=status/count-new-messages HTTP/1.1" 200 2529 "https://www.dowork.biz/public/index.php?path_info=login&re_route=project_ticket&re_project_id=33&re_ticket_id=13698&re_path_info=projects%2F33%2Ftickets%2F13698&re_page=2" "Mozilla/5.0 (Windows NT 10.0; Win64; x64) AppleWebKit/537.36 (KHTML, like Gecko) Chrome/143.0.0.0 Safari/537.36"
66.9.176.253 - - [27/Jan/2026:08:43:01 -0500] "POST /public/index.php?path_info=projects%2F33%2Fcomments%2Fadd&parent_id=243305 HTTP/1.1" 302 - "https://www.dowork.biz/public/index.php?path_info=projects%2F33%2Ftickets%2F13698" "Mozilla/5.0 (Windows NT 10.0; Win64; x64) AppleWebKit/537.36 (KHTML, like Gecko) Chrome/143.0.0.0 Safari/537.36"
66.9.176.253 - - [27/Jan/2026:08:43:04 -0500] "GET /public/index.php?path_info=projects%2F33%2Ftickets%2F13698&page=2 HTTP/1.1" 200 44007 "https://www.dowork.biz/public/index.php?path_info=projects%2F33%2Ftickets%2F13698" "Mozilla/5.0 (Windows NT 10.0; Win64; x64) AppleWebKit/537.36 (KHTML, like Gecko) Chrome/143.0.0.0 Safari/537.36"
208.122.222.38 - - [27/Jan/2026:08:43:15 -0500] "GET /public/index.php?path_info=refresh-session HTTP/1.1" 200 43 "https://www.dowork.biz/public/index.php?path_info=projects%2F33%2Ftickets%2F13044&page=5" "Mozilla/5.0 (Windows NT 10.0; Win64; x64) AppleWebKit/537.36 (KHTML, like Gecko) Chrome/143.0.0.0 Safari/537.36"
208.122.222.38 - - [27/Jan/2026:08:43:15 -0500] "GET /public/index.php?path_info=incoming-mail/count-pending HTTP/1.1" 403 1215 "https://www.dowork.biz/public/index.php?path_info=projects%2F33%2Ftickets%2F11824&page=15" "Mozilla/5.0 (Windows NT 10.0; Win64; x64) AppleWebKit/537.36 (KHTML, like Gecko) Chrome/143.0.0.0 Safari/537.36"
208.122.222.38 - - [27/Jan/2026:08:43:15 -0500] "GET /public/index.php?path_info=refresh-session HTTP/1.1" 200 43 "https://www.dowork.biz/public/index.php?path_info=projects%2F33%2Ftickets%2F11825&page=14" "Mozilla/5.0 (Windows NT 10.0; Win64; x64) AppleWebKit/537.36 (KHTML, like Gecko) Chrome/143.0.0.0 Safari/537.36"
208.122.222.38 - - [27/Jan/2026:08:43:15 -0500] "GET /public/index.php?path_info=incoming-mail/count-pending HTTP/1.1" 403 1215 "https://www.dowork.biz/public/index.php?path_info=projects%2F33%2Ftickets%2F13580&page=1" "Mozilla/5.0 (Windows NT 10.0; Win64; x64) AppleWebKit/537.36 (KHTML, like Gecko) Chrome/143.0.0.0 Safari/537.36"
208.122.222.38 - - [27/Jan/2026:08:43:15 -0500] "GET /public/index.php?path_info=refresh-session HTTP/1.1" 200 43 "https://www.dowork.biz/public/index.php?path_info=projects%2F33%2Ftickets%2F12704&page=8" "Mozilla/5.0 (Windows NT 10.0; Win64; x64) AppleWebKit/537.36 (KHTML, like Gecko) Chrome/143.0.0.0 Safari/537.36"
208.122.222.38 - - [27/Jan/2026:08:43:15 -0500] "GET /public/index.php?path_info=incoming-mail/count-pending HTTP/1.1" 403 1215 "https://www.dowork.biz/public/index.php?path_info=projects%2F33%2Ftickets%2F11749&page=17" "Mozilla/5.0 (Windows NT 10.0; Win64; x64) AppleWebKit/537.36 (KHTML, like Gecko) Chrome/143.0.0.0 Safari/537.36"
208.122.222.38 - - [27/Jan/2026:08:43:15 -0500] "GET /public/index.php?path_info=refresh-session HTTP/1.1" 200 43 "https://www.dowork.biz/public/index.php?path_info=projects%2F33%2Ftickets%2F13649&page=1" "Mozilla/5.0 (Windows NT 10.0; Win64; x64) AppleWebKit/537.36 (KHTML, like Gecko) Chrome/143.0.0.0 Safari/537.36"
208.122.222.38 - - [27/Jan/2026:08:43:15 -0500] "GET /public/index.php?path_info=incoming-mail/count-pending HTTP/1.1" 403 1215 "https://www.dowork.biz/public/index.php?path_info=projects%2F33%2Ftickets%2F12704&page=8" "Mozilla/5.0 (Windows NT 10.0; Win64; x64) AppleWebKit/537.36 (KHTML, like Gecko) Chrome/143.0.0.0 Safari/537.36"
208.122.222.39 - - [27/Jan/2026:08:43:18 -0500] "GET /public/index.php?path_info=incoming-mail/count-pending HTTP/1.1" 403 1215 "https://www.dowork.biz/public/index.php?path_info=projects%2F33%2Ftickets%2F12777&page=2" "Mozilla/5.0 (Windows NT 10.0; Win64; x64) AppleWebKit/537.36 (KHTML, like Gecko) Chrome/143.0.0.0 Safari/537.36"
208.122.222.39 - - [27/Jan/2026:08:43:19 -0500] "GET /public/index.php?path_info=incoming-mail/count-pending HTTP/1.1" 403 1215 "https://www.dowork.biz/public/index.php?path_info=projects%2F33%2Ftickets%2F13634&page=2" "Mozilla/5.0 (Windows NT 10.0; Win64; x64) AppleWebKit/537.36 (KHTML, like Gecko) Chrome/143.0.0.0 Safari/537.36"
112.206.69.145 - - [27/Jan/2026:08:43:45 -0500] "GET /public/index.php?path_info=incoming-mail/count-pending HTTP/1.1" 403 1215 "https://www.dowork.biz/public/index.php?path_info=projects%2F33%2Ftickets%2F12263&page=10" "Mozilla/5.0 (Windows NT 10.0; Win64; x64) AppleWebKit/537.36 (KHTML, like Gecko) Chrome/144.0.0.0 Safari/537.36"
143.44.184.33 - - [27/Jan/2026:08:44:03 -0500] "GET /public/index.php?path_info=incoming-mail/count-pending HTTP/1.1" 403 1215 "https://www.dowork.biz/public/index.php?path_info=projects%2F33%2Ftickets%2F13781" "Mozilla/5.0 (Windows NT 10.0; Win64; x64) AppleWebKit/537.36 (KHTML, like Gecko) Chrome/144.0.0.0 Safari/537.36"
208.122.222.38 - - [27/Jan/2026:08:44:15 -0500] "GET /public/index.php?path_info=incoming-mail/count-pending HTTP/1.1" 403 1215 "https://www.dowork.biz/public/index.php?path_info=projects%2F33%2Ftickets%2F11411&page=63" "Mozilla/5.0 (Windows NT 10.0; Win64; x64) AppleWebKit/537.36 (KHTML, like Gecko) Chrome/143.0.0.0 Safari/537.36"
208.122.222.38 - - [27/Jan/2026:08:44:15 -0500] "GET /public/index.php?path_info=refresh-session HTTP/1.1" 200 43 "https://www.dowork.biz/public/index.php?path_info=projects%2F33%2Ftickets%2F13048&page=4" "Mozilla/5.0 (Windows NT 10.0; Win64; x64) AppleWebKit/537.36 (KHTML, like Gecko) Chrome/143.0.0.0 Safari/537.36"
208.122.222.38 - - [27/Jan/2026:08:44:15 -0500] "GET /public/index.php?path_info=incoming-mail/count-pending HTTP/1.1" 403 1215 "https://www.dowork.biz/public/index.php?path_info=projects%2F33%2Ftickets%2F13048&page=4" "Mozilla/5.0 (Windows NT 10.0; Win64; x64) AppleWebKit/537.36 (KHTML, like Gecko) Chrome/143.0.0.0 Safari/537.36"
208.122.222.38 - - [27/Jan/2026:08:44:15 -0500] "GET /public/index.php?path_info=refresh-session HTTP/1.1" 200 43 "https://www.dowork.biz/public/index.php?path_info=projects%2F33%2Ftickets%2F13580&page=1" "Mozilla/5.0 (Windows NT 10.0; Win64; x64) AppleWebKit/537.36 (KHTML, like Gecko) Chrome/143.0.0.0 Safari/537.36"
208.122.222.39 - - [27/Jan/2026:08:44:18 -0500] "GET /public/index.php?path_info=refresh-session HTTP/1.1" 200 43 "https://www.dowork.biz/public/index.php?path_info=projects%2F33%2Ftickets%2F13634&page=2" "Mozilla/5.0 (Windows NT 10.0; Win64; x64) AppleWebKit/537.36 (KHTML, like Gecko) Chrome/143.0.0.0 Safari/537.36"
208.122.222.39 - - [27/Jan/2026:08:44:18 -0500] "GET /public/index.php?path_info=incoming-mail/count-pending HTTP/1.1" 403 1215 "https://www.dowork.biz/public/index.php?path_info=projects%2F33%2Ftickets%2F13579&page=2" "Mozilla/5.0 (Windows NT 10.0; Win64; x64) AppleWebKit/537.36 (KHTML, like Gecko) Chrome/143.0.0.0 Safari/537.36"
208.122.222.39 - - [27/Jan/2026:08:44:18 -0500] "GET /public/index.php?path_info=refresh-session HTTP/1.1" 200 43 "https://www.dowork.biz/public/index.php?path_info=projects%2F33%2Ftickets%2F12777&page=2" "Mozilla/5.0 (Windows NT 10.0; Win64; x64) AppleWebKit/537.36 (KHTML, like Gecko) Chrome/143.0.0.0 Safari/537.36"
208.122.222.39 - - [27/Jan/2026:08:44:19 -0500] "GET /public/index.php?path_info=incoming-mail/count-pending HTTP/1.1" 403 1215 "https://www.dowork.biz/public/index.php?path_info=projects%2F33%2Ftickets%2F13350&page=3" "Mozilla/5.0 (Windows NT 10.0; Win64; x64) AppleWebKit/537.36 (KHTML, like Gecko) Chrome/143.0.0.0 Safari/537.36"
208.122.222.39 - - [27/Jan/2026:08:44:19 -0500] "GET /public/index.php?path_info=incoming-mail/count-pending HTTP/1.1" 403 1215 "https://www.dowork.biz/public/index.php?path_info=projects%2F33%2Ftickets%2F13330&page=3" "Mozilla/5.0 (Windows NT 10.0; Win64; x64) AppleWebKit/537.36 (KHTML, like Gecko) Chrome/143.0.0.0 Safari/537.36"
208.122.222.39 - - [27/Jan/2026:08:44:19 -0500] "GET /public/index.php?path_info=incoming-mail/count-pending HTTP/1.1" 403 1215 "https://www.dowork.biz/public/index.php?path_info=projects%2F33%2Ftickets%2F11551&page=16" "Mozilla/5.0 (Windows NT 10.0; Win64; x64) AppleWebKit/537.36 (KHTML, like Gecko) Chrome/143.0.0.0 Safari/537.36"
208.122.222.39 - - [27/Jan/2026:08:44:19 -0500] "GET /public/index.php?path_info=incoming-mail/count-pending HTTP/1.1" 403 1215 "https://www.dowork.biz/public/index.php?path_info=projects%2F33%2Ftickets%2F12316&page=10" "Mozilla/5.0 (Windows NT 10.0; Win64; x64) AppleWebKit/537.36 (KHTML, like Gecko) Chrome/143.0.0.0 Safari/537.36"
64.59.72.148 - - [27/Jan/2026:08:44:36 -0500] "GET /public HTTP/1.1" 301 301 "-" "check_http/v2.4.9 (nagios-plugins 2.4.9)"
64.59.72.148 - - [27/Jan/2026:08:44:36 -0500] "GET /public/ HTTP/1.1" 302 - "-" "check_http/v2.4.9 (nagios-plugins 2.4.9)"
64.59.72.148 - - [27/Jan/2026:08:44:36 -0500] "GET /public/index.php?path_info=login&re_route=homepage HTTP/1.1" 200 4304 "-" "check_http/v2.4.9 (nagios-plugins 2.4.9)"
143.44.184.33 - - [27/Jan/2026:08:45:00 -0500] "GET /public/index.php?path_info=incoming-mail/count-pending HTTP/1.1" 403 1215 "https://www.dowork.biz/public/index.php?path_info=projects%2F33%2Ftickets" "Mozilla/5.0 (Windows NT 10.0; Win64; x64) AppleWebKit/537.36 (KHTML, like Gecko) Chrome/144.0.0.0 Safari/537.36"
208.122.222.38 - - [27/Jan/2026:08:45:15 -0500] "GET /public/index.php?path_info=refresh-session HTTP/1.1" 200 43 "https://www.dowork.biz/public/index.php?path_info=projects%2F33%2Ftickets%2F11411&page=63" "Mozilla/5.0 (Windows NT 10.0; Win64; x64) AppleWebKit/537.36 (KHTML, like Gecko) Chrome/143.0.0.0 Safari/537.36"
208.122.222.38 - - [27/Jan/2026:08:45:15 -0500] "GET /public/index.php?path_info=incoming-mail/count-pending HTTP/1.1" 403 1215 "https://www.dowork.biz/public/index.php?path_info=projects%2F33%2Ftickets%2F13044&page=5" "Mozilla/5.0 (Windows NT 10.0; Win64; x64) AppleWebKit/537.36 (KHTML, like Gecko) Chrome/143.0.0.0 Safari/537.36"
208.122.222.38 - - [27/Jan/2026:08:45:15 -0500] "GET /public/index.php?path_info=refresh-session HTTP/1.1" 200 43 "https://www.dowork.biz/public/index.php?path_info=projects%2F33%2Ftickets%2F11799&page=15" "Mozilla/5.0 (Windows NT 10.0; Win64; x64) AppleWebKit/537.36 (KHTML, like Gecko) Chrome/143.0.0.0 Safari/537.36"
208.122.222.38 - - [27/Jan/2026:08:45:15 -0500] "GET /public/index.php?path_info=incoming-mail/count-pending HTTP/1.1" 403 1215 "https://www.dowork.biz/public/index.php?path_info=projects%2F33%2Ftickets%2F11825&page=14" "Mozilla/5.0 (Windows NT 10.0; Win64; x64) AppleWebKit/537.36 (KHTML, like Gecko) Chrome/143.0.0.0 Safari/537.36"
208.122.222.38 - - [27/Jan/2026:08:45:15 -0500] "GET /public/index.php?path_info=incoming-mail/count-pending HTTP/1.1" 403 1215 "https://www.dowork.biz/public/index.php?path_info=projects%2F33%2Ftickets%2F12000&page=13" "Mozilla/5.0 (Windows NT 10.0; Win64; x64) AppleWebKit/537.36 (KHTML, like Gecko) Chrome/143.0.0.0 Safari/537.36"
208.122.222.38 - - [27/Jan/2026:08:45:15 -0500] "GET /public/index.php?path_info=incoming-mail/count-pending HTTP/1.1" 403 1215 "https://www.dowork.biz/public/index.php?path_info=projects%2F33%2Ftickets%2F12238&page=9" "Mozilla/5.0 (Windows NT 10.0; Win64; x64) AppleWebKit/537.36 (KHTML, like Gecko) Chrome/143.0.0.0 Safari/537.36"
208.122.222.38 - - [27/Jan/2026:08:45:16 -0500] "GET /public/index.php?path_info=incoming-mail/count-pending HTTP/1.1" 403 1215 "https://www.dowork.biz/public/index.php?path_info=projects%2F33%2Ftickets%2F11440&page=12" "Mozilla/5.0 (Windows NT 10.0; Win64; x64) AppleWebKit/537.36 (KHTML, like Gecko) Chrome/143.0.0.0 Safari/537.36"
208.122.222.38 - - [27/Jan/2026:08:45:16 -0500] "GET /public/index.php?path_info=incoming-mail/count-pending HTTP/1.1" 403 1215 "https://www.dowork.biz/public/index.php?path_info=projects%2F33%2Ftickets%2F11799&page=15" "Mozilla/5.0 (Windows NT 10.0; Win64; x64) AppleWebKit/537.36 (KHTML, like Gecko) Chrome/143.0.0.0 Safari/537.36"
208.122.222.38 - - [27/Jan/2026:08:45:16 -0500] "GET /public/index.php?path_info=incoming-mail/count-pending HTTP/1.1" 403 1215 "https://www.dowork.biz/public/index.php?path_info=projects%2F33%2Ftickets%2F13649&page=1" "Mozilla/5.0 (Windows NT 10.0; Win64; x64) AppleWebKit/537.36 (KHTML, like Gecko) Chrome/143.0.0.0 Safari/537.36"
208.122.222.39 - - [27/Jan/2026:08:45:18 -0500] "GET /public/index.php?path_info=refresh-session HTTP/1.1" 200 43 "https://www.dowork.biz/public/index.php?path_info=projects%2F33%2Ftickets%2F13330&page=3" "Mozilla/5.0 (Windows NT 10.0; Win64; x64) AppleWebKit/537.36 (KHTML, like Gecko) Chrome/143.0.0.0 Safari/537.36"
208.122.222.39 - - [27/Jan/2026:08:45:18 -0500] "GET /public/index.php?path_info=incoming-mail/count-pending HTTP/1.1" 403 1215 "https://www.dowork.biz/public/index.php?path_info=projects%2F33%2Ftickets%2F13414&page=3" "Mozilla/5.0 (Windows NT 10.0; Win64; x64) AppleWebKit/537.36 (KHTML, like Gecko) Chrome/143.0.0.0 Safari/537.36"
208.122.222.39 - - [27/Jan/2026:08:45:18 -0500] "GET /public/index.php?path_info=refresh-session HTTP/1.1" 200 43 "https://www.dowork.biz/public/index.php?path_info=projects%2F33%2Ftickets%2F13350&page=3" "Mozilla/5.0 (Windows NT 10.0; Win64; x64) AppleWebKit/537.36 (KHTML, like Gecko) Chrome/143.0.0.0 Safari/537.36"
208.122.222.39 - - [27/Jan/2026:08:45:19 -0500] "GET /public/index.php?path_info=incoming-mail/count-pending HTTP/1.1" 403 1215 "https://www.dowork.biz/public/index.php?path_info=projects%2F33%2Ftickets%2F11430&page=17" "Mozilla/5.0 (Windows NT 10.0; Win64; x64) AppleWebKit/537.36 (KHTML, like Gecko) Chrome/143.0.0.0 Safari/537.36"
208.122.222.39 - - [27/Jan/2026:08:45:19 -0500] "GET /public/index.php?path_info=refresh-session HTTP/1.1" 200 43 "https://www.dowork.biz/public/index.php?path_info=projects%2F33%2Ftickets%2F13579&page=2" "Mozilla/5.0 (Windows NT 10.0; Win64; x64) AppleWebKit/537.36 (KHTML, like Gecko) Chrome/143.0.0.0 Safari/537.36"
208.122.222.39 - - [27/Jan/2026:08:45:19 -0500] "GET /public/index.php?path_info=incoming-mail/count-pending HTTP/1.1" 403 1215 "https://www.dowork.biz/public/index.php?path_info=projects%2F33%2Ftickets%2F13652&page=1" "Mozilla/5.0 (Windows NT 10.0; Win64; x64) AppleWebKit/537.36 (KHTML, like Gecko) Chrome/143.0.0.0 Safari/537.36"
208.122.222.39 - - [27/Jan/2026:08:45:19 -0500] "GET /public/index.php?path_info=refresh-session HTTP/1.1" 200 43 "https://www.dowork.biz/public/index.php?path_info=projects%2F33%2Ftickets%2F12316&page=10" "Mozilla/5.0 (Windows NT 10.0; Win64; x64) AppleWebKit/537.36 (KHTML, like Gecko) Chrome/143.0.0.0 Safari/537.36"
208.122.222.39 - - [27/Jan/2026:08:45:19 -0500] "GET /public/index.php?path_info=incoming-mail/count-pending HTTP/1.1" 403 1215 "https://www.dowork.biz/public/index.php?path_info=projects%2F33%2Ftickets%2F11411&page=63" "Mozilla/5.0 (Windows NT 10.0; Win64; x64) AppleWebKit/537.36 (KHTML, like Gecko) Chrome/143.0.0.0 Safari/537.36"
208.122.222.39 - - [27/Jan/2026:08:45:19 -0500] "GET /public/index.php?path_info=refresh-session HTTP/1.1" 200 43 "https://www.dowork.biz/public/index.php?path_info=projects%2F33%2Ftickets%2F11551&page=16" "Mozilla/5.0 (Windows NT 10.0; Win64; x64) AppleWebKit/537.36 (KHTML, like Gecko) Chrome/143.0.0.0 Safari/537.36"
66.9.176.253 - - [27/Jan/2026:08:45:25 -0500] "GET /public/index.php?path_info=projects%2F33%2Ftickets%2F13786 HTTP/1.1" 200 34811 "-" "Mozilla/5.0 (Windows NT 10.0; Win64; x64) AppleWebKit/537.36 (KHTML, like Gecko) Chrome/143.0.0.0 Safari/537.36"
54.175.74.27 - - [27/Jan/2026:08:45:44 -0500] "GET /public/index.php?path_info=projects%2F33%2Ftickets%2F13651 HTTP/1.1" 302 - "-" "Mozilla/5.0 (Macintosh; Intel Mac OS X 10_10_1) AppleWebKit/600.1.25 (KHTML, like Gecko) Version/8.0 Safari/600.1.25"
54.175.74.27 - - [27/Jan/2026:08:45:45 -0500] "GET /public/index.php?path_info=login&re_route=project_ticket&re_project_id=33&re_ticket_id=13651&re_path_info=projects%2F33%2Ftickets%2F13651 HTTP/1.1" 200 4304 "-" "Mozilla/5.0 (Macintosh; Intel Mac OS X 10_10_1) AppleWebKit/600.1.25 (KHTML, like Gecko) Version/8.0 Safari/600.1.25"
112.200.174.14 - - [27/Jan/2026:08:45:45 -0500] "GET /public/index.php?path_info=projects%2F33%2Ftickets%2F13698 HTTP/1.1" 200 116599 "https://mail.google.com/" "Mozilla/5.0 (Windows NT 10.0; Win64; x64) AppleWebKit/537.36 (KHTML, like Gecko) Chrome/143.0.0.0 Safari/537.36"
66.9.176.253 - - [27/Jan/2026:08:45:54 -0500] "GET /public/index.php?path_info=projects%2F33%2Ftickets%2F12495 HTTP/1.1" 200 180535 "-" "Mozilla/5.0 (Windows NT 10.0; Win64; x64) AppleWebKit/537.36 (KHTML, like Gecko) Chrome/143.0.0.0 Safari/537.36"
66.9.176.253 - - [27/Jan/2026:08:45:56 -0500] "GET /public/index.php?path_info=incoming-mail/count-pending HTTP/1.1" 200 1 "https://www.dowork.biz/public/index.php?path_info=login&re_route=project_ticket&re_project_id=33&re_ticket_id=13698&re_path_info=projects%2F33%2Ftickets%2F13698&re_page=2" "Mozilla/5.0 (Windows NT 10.0; Win64; x64) AppleWebKit/537.36 (KHTML, like Gecko) Chrome/143.0.0.0 Safari/537.36"
66.9.176.253 - - [27/Jan/2026:08:45:56 -0500] "GET /public/index.php?path_info=status/count-new-messages HTTP/1.1" 200 2529 "https://www.dowork.biz/public/index.php?path_info=login&re_route=project_ticket&re_project_id=33&re_ticket_id=13698&re_path_info=projects%2F33%2Ftickets%2F13698&re_page=2" "Mozilla/5.0 (Windows NT 10.0; Win64; x64) AppleWebKit/537.36 (KHTML, like Gecko) Chrome/143.0.0.0 Safari/537.36"
66.9.176.253 - - [27/Jan/2026:08:45:58 -0500] "GET /public/index.php?path_info=projects%2F33%2Ftickets%2F12495&page=8 HTTP/1.1" 200 91992 "https://www.dowork.biz/public/index.php?path_info=projects%2F33%2Ftickets%2F12495" "Mozilla/5.0 (Windows NT 10.0; Win64; x64) AppleWebKit/537.36 (KHTML, like Gecko) Chrome/143.0.0.0 Safari/537.36"
112.200.174.14 - - [27/Jan/2026:08:46:02 -0500] "POST /public/index.php?path_info=projects%2F33%2Fcomments%2Fadd&parent_id=243305 HTTP/1.1" 302 - "https://www.dowork.biz/public/index.php?path_info=projects%2F33%2Ftickets%2F13698" "Mozilla/5.0 (Windows NT 10.0; Win64; x64) AppleWebKit/537.36 (KHTML, like Gecko) Chrome/143.0.0.0 Safari/537.36"
112.200.174.14 - - [27/Jan/2026:08:46:05 -0500] "GET /public/index.php?path_info=projects%2F33%2Ftickets%2F13698&page=2 HTTP/1.1" 200 41210 "https://www.dowork.biz/public/index.php?path_info=projects%2F33%2Ftickets%2F13698" "Mozilla/5.0 (Windows NT 10.0; Win64; x64) AppleWebKit/537.36 (KHTML, like Gecko) Chrome/143.0.0.0 Safari/537.36"
66.9.176.253 - - [27/Jan/2026:08:46:05 -0500] "GET /public/index.php?path_info=incoming-mail/count-pending HTTP/1.1" 200 1 "https://www.dowork.biz/public/index.php?path_info=projects%2F33%2Ftickets%2F13698&page=2" "Mozilla/5.0 (Windows NT 10.0; Win64; x64) AppleWebKit/537.36 (KHTML, like Gecko) Chrome/143.0.0.0 Safari/537.36"
208.122.222.38 - - [27/Jan/2026:08:46:15 -0500] "GET /public/index.php?path_info=incoming-mail/count-pending HTTP/1.1" 403 1215 "https://www.dowork.biz/public/index.php?path_info=projects%2F33%2Ftickets%2F12704&page=8" "Mozilla/5.0 (Windows NT 10.0; Win64; x64) AppleWebKit/537.36 (KHTML, like Gecko) Chrome/143.0.0.0 Safari/537.36"
208.122.222.38 - - [27/Jan/2026:08:46:15 -0500] "GET /public/index.php?path_info=refresh-session HTTP/1.1" 200 43 "https://www.dowork.biz/public/index.php?path_info=projects%2F33%2Ftickets%2F11749&page=17" "Mozilla/5.0 (Windows NT 10.0; Win64; x64) AppleWebKit/537.36 (KHTML, like Gecko) Chrome/143.0.0.0 Safari/537.36"
208.122.222.38 - - [27/Jan/2026:08:46:15 -0500] "GET /public/index.php?path_info=incoming-mail/count-pending HTTP/1.1" 403 1215 "https://www.dowork.biz/public/index.php?path_info=projects%2F33%2Ftickets%2F13580&page=1" "Mozilla/5.0 (Windows NT 10.0; Win64; x64) AppleWebKit/537.36 (KHTML, like Gecko) Chrome/143.0.0.0 Safari/537.36"
208.122.222.38 - - [27/Jan/2026:08:46:15 -0500] "GET /public/index.php?path_info=refresh-session HTTP/1.1" 200 43 "https://www.dowork.biz/public/index.php?path_info=projects%2F33%2Ftickets%2F11824&page=15" "Mozilla/5.0 (Windows NT 10.0; Win64; x64) AppleWebKit/537.36 (KHTML, like Gecko) Chrome/143.0.0.0 Safari/537.36"
208.122.222.38 - - [27/Jan/2026:08:46:15 -0500] "GET /public/index.php?path_info=incoming-mail/count-pending HTTP/1.1" 403 1215 "https://www.dowork.biz/public/index.php?path_info=projects%2F33%2Ftickets%2F11749&page=17" "Mozilla/5.0 (Windows NT 10.0; Win64; x64) AppleWebKit/537.36 (KHTML, like Gecko) Chrome/143.0.0.0 Safari/537.36"
208.122.222.38 - - [27/Jan/2026:08:46:15 -0500] "GET /public/index.php?path_info=refresh-session HTTP/1.1" 200 43 "https://www.dowork.biz/public/index.php?path_info=projects%2F33%2Ftickets%2F11440&page=12" "Mozilla/5.0 (Windows NT 10.0; Win64; x64) AppleWebKit/537.36 (KHTML, like Gecko) Chrome/143.0.0.0 Safari/537.36"
208.122.222.38 - - [27/Jan/2026:08:46:15 -0500] "GET /public/index.php?path_info=incoming-mail/count-pending HTTP/1.1" 403 1215 "https://www.dowork.biz/public/index.php?path_info=projects%2F33%2Ftickets%2F11824&page=15" "Mozilla/5.0 (Windows NT 10.0; Win64; x64) AppleWebKit/537.36 (KHTML, like Gecko) Chrome/143.0.0.0 Safari/537.36"
66.9.176.253 - - [27/Jan/2026:08:46:13 -0500] "POST /public/index.php?path_info=projects%2F33%2Fcomments%2Fadd&parent_id=224679 HTTP/1.1" 302 - "https://www.dowork.biz/public/index.php?path_info=projects%2F33%2Ftickets%2F12495&page=8" "Mozilla/5.0 (Windows NT 10.0; Win64; x64) AppleWebKit/537.36 (KHTML, like Gecko) Chrome/143.0.0.0 Safari/537.36"
66.9.176.253 - - [27/Jan/2026:08:46:16 -0500] "GET /public/index.php?path_info=projects%2F33%2Ftickets%2F12495&page=8 HTTP/1.1" 200 97481 "https://www.dowork.biz/public/index.php?path_info=projects%2F33%2Ftickets%2F12495&page=8" "Mozilla/5.0 (Windows NT 10.0; Win64; x64) AppleWebKit/537.36 (KHTML, like Gecko) Chrome/143.0.0.0 Safari/537.36"
208.122.222.39 - - [27/Jan/2026:08:46:18 -0500] "GET /public/index.php?path_info=refresh-session HTTP/1.1" 200 43 "https://www.dowork.biz/public/index.php?path_info=projects%2F33%2Ftickets%2F13652&page=1" "Mozilla/5.0 (Windows NT 10.0; Win64; x64) AppleWebKit/537.36 (KHTML, like Gecko) Chrome/143.0.0.0 Safari/537.36"
208.122.222.39 - - [27/Jan/2026:08:46:18 -0500] "GET /public/index.php?path_info=incoming-mail/count-pending HTTP/1.1" 403 1215 "https://www.dowork.biz/public/index.php?path_info=projects%2F33%2Ftickets%2F12777&page=2" "Mozilla/5.0 (Windows NT 10.0; Win64; x64) AppleWebKit/537.36 (KHTML, like Gecko) Chrome/143.0.0.0 Safari/537.36"
208.122.222.39 - - [27/Jan/2026:08:46:19 -0500] "GET /public/index.php?path_info=refresh-session HTTP/1.1" 200 43 "https://www.dowork.biz/public/index.php?path_info=projects%2F33%2Ftickets%2F11411&page=63" "Mozilla/5.0 (Windows NT 10.0; Win64; x64) AppleWebKit/537.36 (KHTML, like Gecko) Chrome/143.0.0.0 Safari/537.36"
208.122.222.39 - - [27/Jan/2026:08:46:19 -0500] "GET /public/index.php?path_info=incoming-mail/count-pending HTTP/1.1" 403 1215 "https://www.dowork.biz/public/index.php?path_info=projects%2F33%2Ftickets%2F13634&page=2" "Mozilla/5.0 (Windows NT 10.0; Win64; x64) AppleWebKit/537.36 (KHTML, like Gecko) Chrome/143.0.0.0 Safari/537.36"
208.122.222.39 - - [27/Jan/2026:08:46:19 -0500] "GET /public/index.php?path_info=refresh-session HTTP/1.1" 200 43 "https://www.dowork.biz/public/index.php?path_info=projects%2F33%2Ftickets%2F11430&page=17" "Mozilla/5.0 (Windows NT 10.0; Win64; x64) AppleWebKit/537.36 (KHTML, like Gecko) Chrome/143.0.0.0 Safari/537.36"
208.122.222.39 - - [27/Jan/2026:08:46:19 -0500] "GET /public/index.php?path_info=refresh-session HTTP/1.1" 200 43 "https://www.dowork.biz/public/index.php?path_info=projects%2F33%2Ftickets%2F13414&page=3" "Mozilla/5.0 (Windows NT 10.0; Win64; x64) AppleWebKit/537.36 (KHTML, like Gecko) Chrome/143.0.0.0 Safari/537.36"
66.9.176.253 - - [27/Jan/2026:08:46:34 -0500] "POST /public/index.php?path_info=projects%2F33%2Fcomments%2Fadd&parent_id=224679 HTTP/1.1" 302 - "https://www.dowork.biz/public/index.php?path_info=projects%2F33%2Ftickets%2F12495&page=8" "Mozilla/5.0 (Windows NT 10.0; Win64; x64) AppleWebKit/537.36 (KHTML, like Gecko) Chrome/143.0.0.0 Safari/537.36"
64.59.72.148 - - [27/Jan/2026:08:46:36 -0500] "GET /public HTTP/1.1" 301 301 "-" "check_http/v2.4.9 (nagios-plugins 2.4.9)"
64.59.72.148 - - [27/Jan/2026:08:46:36 -0500] "GET /public/ HTTP/1.1" 302 - "-" "check_http/v2.4.9 (nagios-plugins 2.4.9)"
66.9.176.253 - - [27/Jan/2026:08:46:36 -0500] "GET /public/index.php?path_info=projects%2F33%2Ftickets%2F12495&page=8 HTTP/1.1" 200 102602 "https://www.dowork.biz/public/index.php?path_info=projects%2F33%2Ftickets%2F12495&page=8" "Mozilla/5.0 (Windows NT 10.0; Win64; x64) AppleWebKit/537.36 (KHTML, like Gecko) Chrome/143.0.0.0 Safari/537.36"
64.59.72.148 - - [27/Jan/2026:08:46:36 -0500] "GET /public/index.php?path_info=login&re_route=homepage HTTP/1.1" 200 4304 "-" "check_http/v2.4.9 (nagios-plugins 2.4.9)"
112.206.69.145 - - [27/Jan/2026:08:46:45 -0500] "GET /public/index.php?path_info=incoming-mail/count-pending HTTP/1.1" 403 1215 "https://www.dowork.biz/public/index.php?path_info=projects%2F33%2Ftickets%2F12263&page=10" "Mozilla/5.0 (Windows NT 10.0; Win64; x64) AppleWebKit/537.36 (KHTML, like Gecko) Chrome/144.0.0.0 Safari/537.36"
112.206.69.145 - - [27/Jan/2026:08:46:45 -0500] "GET /public/index.php?path_info=refresh-session HTTP/1.1" 200 43 "https://www.dowork.biz/public/index.php?path_info=projects%2F33%2Ftickets%2F12263&page=10" "Mozilla/5.0 (Windows NT 10.0; Win64; x64) AppleWebKit/537.36 (KHTML, like Gecko) Chrome/144.0.0.0 Safari/537.36"
66.9.176.253 - - [27/Jan/2026:08:46:50 -0500] "POST /public/index.php?path_info=projects%2F33%2Fcomments%2Fadd&parent_id=224679 HTTP/1.1" 302 - "https://www.dowork.biz/public/index.php?path_info=projects%2F33%2Ftickets%2F12495&page=8" "Mozilla/5.0 (Windows NT 10.0; Win64; x64) AppleWebKit/537.36 (KHTML, like Gecko) Chrome/143.0.0.0 Safari/537.36"
66.9.176.253 - - [27/Jan/2026:08:46:52 -0500] "GET /public/index.php?path_info=projects%2F33%2Ftickets%2F12495&page=8 HTTP/1.1" 200 108096 "https://www.dowork.biz/public/index.php?path_info=projects%2F33%2Ftickets%2F12495&page=8" "Mozilla/5.0 (Windows NT 10.0; Win64; x64) AppleWebKit/537.36 (KHTML, like Gecko) Chrome/143.0.0.0 Safari/537.36"
66.9.176.253 - - [27/Jan/2026:08:46:56 -0500] "POST /public/index.php?path_info=login&re_route=project_ticket&re_project_id=33&re_ticket_id=13698&re_path_info=projects%2F33%2Ftickets%2F13698&re_page=2 HTTP/1.1" 302 - "https://www.dowork.biz/public/index.php?path_info=login&re_route=project_ticket&re_project_id=33&re_ticket_id=13698&re_path_info=projects%2F33%2Ftickets%2F13698&re_page=2" "Mozilla/5.0 (Windows NT 10.0; Win64; x64) AppleWebKit/537.36 (KHTML, like Gecko) Chrome/143.0.0.0 Safari/537.36"
66.9.176.253 - - [27/Jan/2026:08:46:56 -0500] "GET /public/index.php?path_info=refresh-session HTTP/1.1" 200 43 "https://www.dowork.biz/public/index.php?path_info=login&re_route=project_ticket&re_project_id=33&re_ticket_id=13698&re_path_info=projects%2F33%2Ftickets%2F13698&re_page=2" "Mozilla/5.0 (Windows NT 10.0; Win64; x64) AppleWebKit/537.36 (KHTML, like Gecko) Chrome/143.0.0.0 Safari/537.36"
66.9.176.253 - - [27/Jan/2026:08:46:56 -0500] "GET /public/index.php?path_info=projects%2F33%2Ftickets%2F13698&page=2 HTTP/1.1" 200 48343 "https://www.dowork.biz/public/index.php?path_info=login&re_route=project_ticket&re_project_id=33&re_ticket_id=13698&re_path_info=projects%2F33%2Ftickets%2F13698&re_page=2" "Mozilla/5.0 (Windows NT 10.0; Win64; x64) AppleWebKit/537.36 (KHTML, like Gecko) Chrome/143.0.0.0 Safari/537.36"
143.44.184.33 - - [27/Jan/2026:08:47:00 -0500] "GET /public/index.php?path_info=refresh-session HTTP/1.1" 200 43 "https://www.dowork.biz/public/index.php?path_info=projects%2F33%2Ftickets%2F13781" "Mozilla/5.0 (Windows NT 10.0; Win64; x64) AppleWebKit/537.36 (KHTML, like Gecko) Chrome/144.0.0.0 Safari/537.36"
143.44.184.33 - - [27/Jan/2026:08:47:01 -0500] "GET /public/index.php?path_info=incoming-mail/count-pending HTTP/1.1" 403 1215 "https://www.dowork.biz/public/index.php?path_info=projects%2F33%2Ftickets%2F13781" "Mozilla/5.0 (Windows NT 10.0; Win64; x64) AppleWebKit/537.36 (KHTML, like Gecko) Chrome/144.0.0.0 Safari/537.36"
143.44.184.33 - - [27/Jan/2026:08:47:01 -0500] "GET /public/index.php?path_info=refresh-session HTTP/1.1" 200 43 "https://www.dowork.biz/public/index.php?path_info=projects%2F33%2Ftickets" "Mozilla/5.0 (Windows NT 10.0; Win64; x64) AppleWebKit/537.36 (KHTML, like Gecko) Chrome/144.0.0.0 Safari/537.36"
66.9.176.253 - - [27/Jan/2026:08:47:03 -0500] "GET /public/index.php?path_info=projects%2F33%2Ftickets%2F13785 HTTP/1.1" 200 33649 "-" "Mozilla/5.0 (Windows NT 10.0; Win64; x64) AppleWebKit/537.36 (KHTML, like Gecko) Chrome/143.0.0.0 Safari/537.36"
208.122.222.38 - - [27/Jan/2026:08:47:15 -0500] "GET /public/index.php?path_info=refresh-session HTTP/1.1" 200 43 "https://www.dowork.biz/public/index.php?path_info=projects%2F33%2Ftickets%2F12238&page=9" "Mozilla/5.0 (Windows NT 10.0; Win64; x64) AppleWebKit/537.36 (KHTML, like Gecko) Chrome/143.0.0.0 Safari/537.36"
208.122.222.38 - - [27/Jan/2026:08:47:15 -0500] "GET /public/index.php?path_info=incoming-mail/count-pending HTTP/1.1" 403 1215 "https://www.dowork.biz/public/index.php?path_info=projects%2F33%2Ftickets%2F11411&page=63" "Mozilla/5.0 (Windows NT 10.0; Win64; x64) AppleWebKit/537.36 (KHTML, like Gecko) Chrome/143.0.0.0 Safari/537.36"
208.122.222.38 - - [27/Jan/2026:08:47:15 -0500] "GET /public/index.php?path_info=refresh-session HTTP/1.1" 200 43 "https://www.dowork.biz/public/index.php?path_info=projects%2F33%2Ftickets%2F12000&page=13" "Mozilla/5.0 (Windows NT 10.0; Win64; x64) AppleWebKit/537.36 (KHTML, like Gecko) Chrome/143.0.0.0 Safari/537.36"
208.122.222.38 - - [27/Jan/2026:08:47:15 -0500] "GET /public/index.php?path_info=incoming-mail/count-pending HTTP/1.1" 403 1215 "https://www.dowork.biz/public/index.php?path_info=projects%2F33%2Ftickets%2F13048&page=4" "Mozilla/5.0 (Windows NT 10.0; Win64; x64) AppleWebKit/537.36 (KHTML, like Gecko) Chrome/143.0.0.0 Safari/537.36"
208.122.222.39 - - [27/Jan/2026:08:47:18 -0500] "GET /public/index.php?path_info=incoming-mail/count-pending HTTP/1.1" 403 1215 "https://www.dowork.biz/public/index.php?path_info=projects%2F33%2Ftickets%2F13330&page=3" "Mozilla/5.0 (Windows NT 10.0; Win64; x64) AppleWebKit/537.36 (KHTML, like Gecko) Chrome/143.0.0.0 Safari/537.36"
208.122.222.39 - - [27/Jan/2026:08:47:19 -0500] "GET /public/index.php?path_info=incoming-mail/count-pending HTTP/1.1" 403 1215 "https://www.dowork.biz/public/index.php?path_info=projects%2F33%2Ftickets%2F13350&page=3" "Mozilla/5.0 (Windows NT 10.0; Win64; x64) AppleWebKit/537.36 (KHTML, like Gecko) Chrome/143.0.0.0 Safari/537.36"
208.122.222.39 - - [27/Jan/2026:08:47:19 -0500] "GET /public/index.php?path_info=incoming-mail/count-pending HTTP/1.1" 403 1215 "https://www.dowork.biz/public/index.php?path_info=projects%2F33%2Ftickets%2F13579&page=2" "Mozilla/5.0 (Windows NT 10.0; Win64; x64) AppleWebKit/537.36 (KHTML, like Gecko) Chrome/143.0.0.0 Safari/537.36"
208.122.222.39 - - [27/Jan/2026:08:47:19 -0500] "GET /public/index.php?path_info=incoming-mail/count-pending HTTP/1.1" 403 1215 "https://www.dowork.biz/public/index.php?path_info=projects%2F33%2Ftickets%2F11551&page=16" "Mozilla/5.0 (Windows NT 10.0; Win64; x64) AppleWebKit/537.36 (KHTML, like Gecko) Chrome/143.0.0.0 Safari/537.36"
208.122.222.39 - - [27/Jan/2026:08:47:19 -0500] "GET /public/index.php?path_info=incoming-mail/count-pending HTTP/1.1" 403 1215 "https://www.dowork.biz/public/index.php?path_info=projects%2F33%2Ftickets%2F12316&page=10" "Mozilla/5.0 (Windows NT 10.0; Win64; x64) AppleWebKit/537.36 (KHTML, like Gecko) Chrome/143.0.0.0 Safari/537.36"
66.9.176.253 - - [27/Jan/2026:08:47:37 -0500] "POST /public/index.php?path_info=projects%2F33%2Fcomments%2Fadd&parent_id=245056 HTTP/1.1" 302 - "https://www.dowork.biz/public/index.php?path_info=projects%2F33%2Ftickets%2F13785" "Mozilla/5.0 (Windows NT 10.0; Win64; x64) AppleWebKit/537.36 (KHTML, like Gecko) Chrome/143.0.0.0 Safari/537.36"
66.9.176.253 - - [27/Jan/2026:08:47:40 -0500] "GET /public/index.php?path_info=projects%2F33%2Ftickets%2F13785&page=1 HTTP/1.1" 200 38185 "https://www.dowork.biz/public/index.php?path_info=projects%2F33%2Ftickets%2F13785" "Mozilla/5.0 (Windows NT 10.0; Win64; x64) AppleWebKit/537.36 (KHTML, like Gecko) Chrome/143.0.0.0 Safari/537.36"
143.44.184.33 - - [27/Jan/2026:08:48:00 -0500] "GET /public/index.php?path_info=incoming-mail/count-pending HTTP/1.1" 403 1215 "https://www.dowork.biz/public/index.php?path_info=projects%2F33%2Ftickets" "Mozilla/5.0 (Windows NT 10.0; Win64; x64) AppleWebKit/537.36 (KHTML, like Gecko) Chrome/144.0.0.0 Safari/537.36"
66.9.176.253 - - [27/Jan/2026:08:48:05 -0500] "GET /public/index.php?path_info=refresh-session HTTP/1.1" 200 43 "https://www.dowork.biz/public/index.php?path_info=projects%2F33%2Ftickets%2F13698&page=2" "Mozilla/5.0 (Windows NT 10.0; Win64; x64) AppleWebKit/537.36 (KHTML, like Gecko) Chrome/143.0.0.0 Safari/537.36"
66.9.176.253 - - [27/Jan/2026:08:48:10 -0500] "GET /public/index.php?path_info=projects%2F33%2Ftickets%2F13781 HTTP/1.1" 200 51705 "-" "Mozilla/5.0 (Windows NT 10.0; Win64; x64) AppleWebKit/537.36 (KHTML, like Gecko) Chrome/143.0.0.0 Safari/537.36"
208.122.222.38 - - [27/Jan/2026:08:48:15 -0500] "GET /public/index.php?path_info=refresh-session HTTP/1.1" 200 43 "https://www.dowork.biz/public/index.php?path_info=projects%2F33%2Ftickets%2F13649&page=1" "Mozilla/5.0 (Windows NT 10.0; Win64; x64) AppleWebKit/537.36 (KHTML, like Gecko) Chrome/143.0.0.0 Safari/537.36"
208.122.222.38 - - [27/Jan/2026:08:48:15 -0500] "GET /public/index.php?path_info=incoming-mail/count-pending HTTP/1.1" 403 1215 "https://www.dowork.biz/public/index.php?path_info=projects%2F33%2Ftickets%2F13649&page=1" "Mozilla/5.0 (Windows NT 10.0; Win64; x64) AppleWebKit/537.36 (KHTML, like Gecko) Chrome/143.0.0.0 Safari/537.36"
208.122.222.38 - - [27/Jan/2026:08:48:15 -0500] "GET /public/index.php?path_info=refresh-session HTTP/1.1" 200 43 "https://www.dowork.biz/public/index.php?path_info=projects%2F33%2Ftickets%2F13044&page=5" "Mozilla/5.0 (Windows NT 10.0; Win64; x64) AppleWebKit/537.36 (KHTML, like Gecko) Chrome/143.0.0.0 Safari/537.36"
208.122.222.38 - - [27/Jan/2026:08:48:15 -0500] "GET /public/index.php?path_info=incoming-mail/count-pending HTTP/1.1" 403 1215 "https://www.dowork.biz/public/index.php?path_info=projects%2F33%2Ftickets%2F13044&page=5" "Mozilla/5.0 (Windows NT 10.0; Win64; x64) AppleWebKit/537.36 (KHTML, like Gecko) Chrome/143.0.0.0 Safari/537.36"
208.122.222.38 - - [27/Jan/2026:08:48:15 -0500] "GET /public/index.php?path_info=refresh-session HTTP/1.1" 200 43 "https://www.dowork.biz/public/index.php?path_info=projects%2F33%2Ftickets%2F11825&page=14" "Mozilla/5.0 (Windows NT 10.0; Win64; x64) AppleWebKit/537.36 (KHTML, like Gecko) Chrome/143.0.0.0 Safari/537.36"
208.122.222.38 - - [27/Jan/2026:08:48:15 -0500] "GET /public/index.php?path_info=incoming-mail/count-pending HTTP/1.1" 403 1215 "https://www.dowork.biz/public/index.php?path_info=projects%2F33%2Ftickets%2F12238&page=9" "Mozilla/5.0 (Windows NT 10.0; Win64; x64) AppleWebKit/537.36 (KHTML, like Gecko) Chrome/143.0.0.0 Safari/537.36"
208.122.222.38 - - [27/Jan/2026:08:48:15 -0500] "GET /public/index.php?path_info=refresh-session HTTP/1.1" 200 43 "https://www.dowork.biz/public/index.php?path_info=projects%2F33%2Ftickets%2F12704&page=8" "Mozilla/5.0 (Windows NT 10.0; Win64; x64) AppleWebKit/537.36 (KHTML, like Gecko) Chrome/143.0.0.0 Safari/537.36"
208.122.222.38 - - [27/Jan/2026:08:48:15 -0500] "GET /public/index.php?path_info=incoming-mail/count-pending HTTP/1.1" 403 1215 "https://www.dowork.biz/public/index.php?path_info=projects%2F33%2Ftickets%2F11799&page=15" "Mozilla/5.0 (Windows NT 10.0; Win64; x64) AppleWebKit/537.36 (KHTML, like Gecko) Chrome/143.0.0.0 Safari/537.36"
208.122.222.38 - - [27/Jan/2026:08:48:15 -0500] "GET /public/index.php?path_info=incoming-mail/count-pending HTTP/1.1" 403 1215 "https://www.dowork.biz/public/index.php?path_info=projects%2F33%2Ftickets%2F12000&page=13" "Mozilla/5.0 (Windows NT 10.0; Win64; x64) AppleWebKit/537.36 (KHTML, like Gecko) Chrome/143.0.0.0 Safari/537.36"
208.122.222.38 - - [27/Jan/2026:08:48:16 -0500] "GET /public/index.php?path_info=incoming-mail/count-pending HTTP/1.1" 403 1215 "https://www.dowork.biz/public/index.php?path_info=projects%2F33%2Ftickets%2F11440&page=12" "Mozilla/5.0 (Windows NT 10.0; Win64; x64) AppleWebKit/537.36 (KHTML, like Gecko) Chrome/143.0.0.0 Safari/537.36"
208.122.222.38 - - [27/Jan/2026:08:48:16 -0500] "GET /public/index.php?path_info=incoming-mail/count-pending HTTP/1.1" 403 1215 "https://www.dowork.biz/public/index.php?path_info=projects%2F33%2Ftickets%2F11825&page=14" "Mozilla/5.0 (Windows NT 10.0; Win64; x64) AppleWebKit/537.36 (KHTML, like Gecko) Chrome/143.0.0.0 Safari/537.36"
208.122.222.39 - - [27/Jan/2026:08:48:18 -0500] "GET /public/index.php?path_info=incoming-mail/count-pending HTTP/1.1" 403 1215 "https://www.dowork.biz/public/index.php?path_info=projects%2F33%2Ftickets%2F13652&page=1" "Mozilla/5.0 (Windows NT 10.0; Win64; x64) AppleWebKit/537.36 (KHTML, like Gecko) Chrome/143.0.0.0 Safari/537.36"
208.122.222.39 - - [27/Jan/2026:08:48:18 -0500] "GET /public/index.php?path_info=incoming-mail/count-pending HTTP/1.1" 403 1215 "https://www.dowork.biz/public/index.php?path_info=projects%2F33%2Ftickets%2F13414&page=3" "Mozilla/5.0 (Windows NT 10.0; Win64; x64) AppleWebKit/537.36 (KHTML, like Gecko) Chrome/143.0.0.0 Safari/537.36"
208.122.222.39 - - [27/Jan/2026:08:48:19 -0500] "GET /public/index.php?path_info=incoming-mail/count-pending HTTP/1.1" 403 1215 "https://www.dowork.biz/public/index.php?path_info=projects%2F33%2Ftickets%2F11411&page=63" "Mozilla/5.0 (Windows NT 10.0; Win64; x64) AppleWebKit/537.36 (KHTML, like Gecko) Chrome/143.0.0.0 Safari/537.36"
