130.12.181.143 - - [27/Jan/2026:05:40:01 -0500] "GET /wp-admin/profile.php HTTP/1.1" 404 281 "http://YAYOTUBE.COM/wp-login.php" "Mozilla/5.0 (X11; Linux x86_64) AppleWebKit/537.36 (KHTML, like Gecko) Chrome/120.0.0.0 Safari/537.36"
130.12.181.143 - - [27/Jan/2026:05:40:01 -0500] "GET /wp-admin/edit.php HTTP/1.1" 404 278 "http://YAYOTUBE.COM/wp-login.php" "Mozilla/5.0 (X11; Linux x86_64) AppleWebKit/537.36 (KHTML, like Gecko) Chrome/120.0.0.0 Safari/537.36"
130.12.181.143 - - [27/Jan/2026:05:40:02 -0500] "GET /wp-admin/plugins.php HTTP/1.1" 404 281 "http://YAYOTUBE.COM/wp-login.php" "Mozilla/5.0 (X11; Linux x86_64) AppleWebKit/537.36 (KHTML, like Gecko) Chrome/120.0.0.0 Safari/537.36"
130.12.181.143 - - [27/Jan/2026:05:40:03 -0500] "GET /wp-admin/index.php HTTP/1.1" 404 279 "http://YAYOTUBE.COM/wp-login.php" "Mozilla/5.0 (Macintosh; Intel Mac OS X 13_6_1) AppleWebKit/605.1.15 (KHTML, like Gecko) Version/17.2 Safari/605.1.15"
130.12.181.143 - - [27/Jan/2026:05:40:03 -0500] "GET /wp-admin/profile.php HTTP/1.1" 404 281 "http://YAYOTUBE.COM/wp-login.php" "Mozilla/5.0 (Macintosh; Intel Mac OS X 13_6_1) AppleWebKit/605.1.15 (KHTML, like Gecko) Version/17.2 Safari/605.1.15"
130.12.181.143 - - [27/Jan/2026:05:40:03 -0500] "GET /wp-admin/edit.php HTTP/1.1" 404 278 "http://YAYOTUBE.COM/wp-login.php" "Mozilla/5.0 (Macintosh; Intel Mac OS X 13_6_1) AppleWebKit/605.1.15 (KHTML, like Gecko) Version/17.2 Safari/605.1.15"
130.12.181.143 - - [27/Jan/2026:05:40:04 -0500] "GET /wp-admin/plugins.php HTTP/1.1" 404 281 "http://YAYOTUBE.COM/wp-login.php" "Mozilla/5.0 (Macintosh; Intel Mac OS X 13_6_1) AppleWebKit/605.1.15 (KHTML, like Gecko) Version/17.2 Safari/605.1.15"
130.12.181.143 - - [27/Jan/2026:05:40:05 -0500] "GET /wp-admin/index.php HTTP/1.1" 404 279 "http://YAYOTUBE.COM/wp-login.php" "Mozilla/5.0 (Windows NT 11.0; Win64; x64) AppleWebKit/537.36 (KHTML, like Gecko) Chrome/119.0.0.0 Safari/537.36"
130.12.181.143 - - [27/Jan/2026:05:40:05 -0500] "GET /wp-admin/profile.php HTTP/1.1" 404 281 "http://YAYOTUBE.COM/wp-login.php" "Mozilla/5.0 (Windows NT 11.0; Win64; x64) AppleWebKit/537.36 (KHTML, like Gecko) Chrome/119.0.0.0 Safari/537.36"
130.12.181.143 - - [27/Jan/2026:05:40:06 -0500] "GET /wp-admin/edit.php HTTP/1.1" 404 278 "http://YAYOTUBE.COM/wp-login.php" "Mozilla/5.0 (Windows NT 11.0; Win64; x64) AppleWebKit/537.36 (KHTML, like Gecko) Chrome/119.0.0.0 Safari/537.36"
130.12.181.143 - - [27/Jan/2026:05:40:06 -0500] "GET /wp-admin/plugins.php HTTP/1.1" 404 281 "http://YAYOTUBE.COM/wp-login.php" "Mozilla/5.0 (Windows NT 11.0; Win64; x64) AppleWebKit/537.36 (KHTML, like Gecko) Chrome/119.0.0.0 Safari/537.36"
130.12.181.143 - - [27/Jan/2026:05:40:08 -0500] "GET /wp-admin/index.php HTTP/1.1" 404 279 "http://YAYOTUBE.COM/wp-login.php" "Mozilla/5.0 (X11; Ubuntu; Linux x86_64) AppleWebKit/537.36 (KHTML, like Gecko) Chrome/118.0.0.0 Safari/537.36"
130.12.181.143 - - [27/Jan/2026:05:40:09 -0500] "GET /wp-admin/profile.php HTTP/1.1" 404 281 "http://YAYOTUBE.COM/wp-login.php" "Mozilla/5.0 (X11; Ubuntu; Linux x86_64) AppleWebKit/537.36 (KHTML, like Gecko) Chrome/118.0.0.0 Safari/537.36"
130.12.181.143 - - [27/Jan/2026:05:40:09 -0500] "GET /wp-admin/edit.php HTTP/1.1" 404 278 "http://YAYOTUBE.COM/wp-login.php" "Mozilla/5.0 (X11; Ubuntu; Linux x86_64) AppleWebKit/537.36 (KHTML, like Gecko) Chrome/118.0.0.0 Safari/537.36"
130.12.181.143 - - [27/Jan/2026:05:40:10 -0500] "GET /wp-admin/plugins.php HTTP/1.1" 404 281 "http://YAYOTUBE.COM/wp-login.php" "Mozilla/5.0 (X11; Ubuntu; Linux x86_64) AppleWebKit/537.36 (KHTML, like Gecko) Chrome/118.0.0.0 Safari/537.36"
130.12.181.143 - - [27/Jan/2026:05:40:11 -0500] "GET /wp-admin/index.php HTTP/1.1" 404 279 "http://YAYOTUBE.COM/wp-login.php" "Mozilla/5.0 (Macintosh; Intel Mac OS X 10_15_7) AppleWebKit/537.36 (KHTML, like Gecko) Chrome/121.0.0.0 Safari/537.36"
130.12.181.143 - - [27/Jan/2026:05:40:12 -0500] "GET /wp-admin/profile.php HTTP/1.1" 404 281 "http://YAYOTUBE.COM/wp-login.php" "Mozilla/5.0 (Macintosh; Intel Mac OS X 10_15_7) AppleWebKit/537.36 (KHTML, like Gecko) Chrome/121.0.0.0 Safari/537.36"
130.12.181.143 - - [27/Jan/2026:05:40:12 -0500] "GET /wp-admin/edit.php HTTP/1.1" 404 278 "http://YAYOTUBE.COM/wp-login.php" "Mozilla/5.0 (Macintosh; Intel Mac OS X 10_15_7) AppleWebKit/537.36 (KHTML, like Gecko) Chrome/121.0.0.0 Safari/537.36"
130.12.181.143 - - [27/Jan/2026:05:40:12 -0500] "GET /wp-admin/plugins.php HTTP/1.1" 404 281 "http://YAYOTUBE.COM/wp-login.php" "Mozilla/5.0 (Macintosh; Intel Mac OS X 10_15_7) AppleWebKit/537.36 (KHTML, like Gecko) Chrome/121.0.0.0 Safari/537.36"
130.12.181.143 - - [27/Jan/2026:05:40:13 -0500] "GET /wp-admin/index.php HTTP/1.1" 404 279 "http://YAYOTUBE.COM/wp-login.php" "Mozilla/5.0 (X11; Linux x86_64) AppleWebKit/537.36 (KHTML, like Gecko) Chrome/118.0.0.0 Safari/537.36"
112.206.69.145 - - [27/Jan/2026:05:40:13 -0500] "GET /public/index.php?path_info=incoming-mail/count-pending HTTP/1.1" 403 1215 "https://www.dowork.biz/public/index.php?path_info=projects%2F33%2Ftickets%2F13578&page=2" "Mozilla/5.0 (Windows NT 10.0; Win64; x64) AppleWebKit/537.36 (KHTML, like Gecko) Chrome/144.0.0.0 Safari/537.36"
130.12.181.143 - - [27/Jan/2026:05:40:14 -0500] "GET /wp-admin/profile.php HTTP/1.1" 404 281 "http://YAYOTUBE.COM/wp-login.php" "Mozilla/5.0 (X11; Linux x86_64) AppleWebKit/537.36 (KHTML, like Gecko) Chrome/118.0.0.0 Safari/537.36"
130.12.181.143 - - [27/Jan/2026:05:40:14 -0500] "GET /wp-admin/edit.php HTTP/1.1" 404 278 "http://YAYOTUBE.COM/wp-login.php" "Mozilla/5.0 (X11; Linux x86_64) AppleWebKit/537.36 (KHTML, like Gecko) Chrome/118.0.0.0 Safari/537.36"
130.12.181.143 - - [27/Jan/2026:05:40:14 -0500] "GET /wp-admin/plugins.php HTTP/1.1" 404 281 "http://YAYOTUBE.COM/wp-login.php" "Mozilla/5.0 (X11; Linux x86_64) AppleWebKit/537.36 (KHTML, like Gecko) Chrome/118.0.0.0 Safari/537.36"
208.122.222.38 - - [27/Jan/2026:05:40:15 -0500] "GET /public/index.php?path_info=refresh-session HTTP/1.1" 200 43 "https://www.dowork.biz/public/index.php?path_info=projects%2F33%2Ftickets%2F11411&page=63" "Mozilla/5.0 (Windows NT 10.0; Win64; x64) AppleWebKit/537.36 (KHTML, like Gecko) Chrome/143.0.0.0 Safari/537.36"
130.12.181.143 - - [27/Jan/2026:05:40:15 -0500] "GET /wp-admin/index.php HTTP/1.1" 404 279 "http://YAYOTUBE.COM/wp-login.php" "Mozilla/5.0 (Macintosh; Intel Mac OS X 10_15_7) AppleWebKit/605.1.15 (KHTML, like Gecko) Version/16.6 Safari/605.1.15"
208.122.222.38 - - [27/Jan/2026:05:40:15 -0500] "GET /public/index.php?path_info=incoming-mail/count-pending HTTP/1.1" 403 1215 "https://www.dowork.biz/public/index.php?path_info=projects%2F33%2Ftickets%2F11824&page=15" "Mozilla/5.0 (Windows NT 10.0; Win64; x64) AppleWebKit/537.36 (KHTML, like Gecko) Chrome/143.0.0.0 Safari/537.36"
208.122.222.38 - - [27/Jan/2026:05:40:15 -0500] "GET /public/index.php?path_info=refresh-session HTTP/1.1" 200 43 "https://www.dowork.biz/public/index.php?path_info=projects%2F33%2Ftickets%2F11799&page=15" "Mozilla/5.0 (Windows NT 10.0; Win64; x64) AppleWebKit/537.36 (KHTML, like Gecko) Chrome/143.0.0.0 Safari/537.36"
130.12.181.143 - - [27/Jan/2026:05:40:16 -0500] "GET /wp-admin/profile.php HTTP/1.1" 404 281 "http://YAYOTUBE.COM/wp-login.php" "Mozilla/5.0 (Macintosh; Intel Mac OS X 10_15_7) AppleWebKit/605.1.15 (KHTML, like Gecko) Version/16.6 Safari/605.1.15"
208.122.222.38 - - [27/Jan/2026:05:40:15 -0500] "GET /public/index.php?path_info=incoming-mail/count-pending HTTP/1.1" 403 1215 "https://www.dowork.biz/public/index.php?path_info=projects%2F33%2Ftickets%2F11749&page=17" "Mozilla/5.0 (Windows NT 10.0; Win64; x64) AppleWebKit/537.36 (KHTML, like Gecko) Chrome/143.0.0.0 Safari/537.36"
208.122.222.38 - - [27/Jan/2026:05:40:16 -0500] "GET /public/index.php?path_info=incoming-mail/count-pending HTTP/1.1" 403 1215 "https://www.dowork.biz/public/index.php?path_info=projects%2F33%2Ftickets%2F12704&page=8" "Mozilla/5.0 (Windows NT 10.0; Win64; x64) AppleWebKit/537.36 (KHTML, like Gecko) Chrome/143.0.0.0 Safari/537.36"
130.12.181.143 - - [27/Jan/2026:05:40:17 -0500] "GET /wp-admin/edit.php HTTP/1.1" 404 278 "http://YAYOTUBE.COM/wp-login.php" "Mozilla/5.0 (Macintosh; Intel Mac OS X 10_15_7) AppleWebKit/605.1.15 (KHTML, like Gecko) Version/16.6 Safari/605.1.15"
208.122.222.38 - - [27/Jan/2026:05:40:17 -0500] "GET /public/index.php?path_info=incoming-mail/count-pending HTTP/1.1" 403 1215 "https://www.dowork.biz/public/index.php?path_info=projects%2F33%2Ftickets%2F13580&page=1" "Mozilla/5.0 (Windows NT 10.0; Win64; x64) AppleWebKit/537.36 (KHTML, like Gecko) Chrome/143.0.0.0 Safari/537.36"
130.12.181.143 - - [27/Jan/2026:05:40:17 -0500] "GET /wp-admin/plugins.php HTTP/1.1" 404 281 "http://YAYOTUBE.COM/wp-login.php" "Mozilla/5.0 (Macintosh; Intel Mac OS X 10_15_7) AppleWebKit/605.1.15 (KHTML, like Gecko) Version/16.6 Safari/605.1.15"
130.12.181.143 - - [27/Jan/2026:05:40:18 -0500] "GET /wp-admin/index.php HTTP/1.1" 404 279 "http://YAYOTUBE.COM/wp-login.php" "Mozilla/5.0 (Macintosh; Intel Mac OS X 13_6_1; rv:118.0) Gecko/20100101 Firefox/118.0"
130.12.181.143 - - [27/Jan/2026:05:40:18 -0500] "GET /wp-admin/profile.php HTTP/1.1" 404 281 "http://YAYOTUBE.COM/wp-login.php" "Mozilla/5.0 (Macintosh; Intel Mac OS X 13_6_1; rv:118.0) Gecko/20100101 Firefox/118.0"
208.122.222.39 - - [27/Jan/2026:05:40:18 -0500] "GET /public/index.php?path_info=refresh-session HTTP/1.1" 200 43 "https://www.dowork.biz/public/index.php?path_info=projects%2F33%2Ftickets%2F13350&page=3" "Mozilla/5.0 (Windows NT 10.0; Win64; x64) AppleWebKit/537.36 (KHTML, like Gecko) Chrome/143.0.0.0 Safari/537.36"
130.12.181.143 - - [27/Jan/2026:05:40:19 -0500] "GET /wp-admin/edit.php HTTP/1.1" 404 278 "http://YAYOTUBE.COM/wp-login.php" "Mozilla/5.0 (Macintosh; Intel Mac OS X 13_6_1; rv:118.0) Gecko/20100101 Firefox/118.0"
208.122.222.39 - - [27/Jan/2026:05:40:18 -0500] "GET /public/index.php?path_info=incoming-mail/count-pending HTTP/1.1" 403 1215 "https://www.dowork.biz/public/index.php?path_info=projects%2F33%2Ftickets%2F13634&page=2" "Mozilla/5.0 (Windows NT 10.0; Win64; x64) AppleWebKit/537.36 (KHTML, like Gecko) Chrome/143.0.0.0 Safari/537.36"
130.12.181.143 - - [27/Jan/2026:05:40:19 -0500] "GET /wp-admin/plugins.php HTTP/1.1" 404 281 "http://YAYOTUBE.COM/wp-login.php" "Mozilla/5.0 (Macintosh; Intel Mac OS X 13_6_1; rv:118.0) Gecko/20100101 Firefox/118.0"
208.122.222.39 - - [27/Jan/2026:05:40:19 -0500] "GET /public/index.php?path_info=refresh-session HTTP/1.1" 200 43 "https://www.dowork.biz/public/index.php?path_info=projects%2F33%2Ftickets%2F11551&page=16" "Mozilla/5.0 (Windows NT 10.0; Win64; x64) AppleWebKit/537.36 (KHTML, like Gecko) Chrome/143.0.0.0 Safari/537.36"
208.122.222.39 - - [27/Jan/2026:05:40:19 -0500] "GET /public/index.php?path_info=incoming-mail/count-pending HTTP/1.1" 403 1215 "https://www.dowork.biz/public/index.php?path_info=projects%2F33%2Ftickets%2F12777&page=2" "Mozilla/5.0 (Windows NT 10.0; Win64; x64) AppleWebKit/537.36 (KHTML, like Gecko) Chrome/143.0.0.0 Safari/537.36"
208.122.222.39 - - [27/Jan/2026:05:40:19 -0500] "GET /public/index.php?path_info=refresh-session HTTP/1.1" 200 43 "https://www.dowork.biz/public/index.php?path_info=projects%2F33%2Ftickets%2F12316&page=10" "Mozilla/5.0 (Windows NT 10.0; Win64; x64) AppleWebKit/537.36 (KHTML, like Gecko) Chrome/143.0.0.0 Safari/537.36"
130.12.181.143 - - [27/Jan/2026:05:40:20 -0500] "GET /wp-admin/index.php HTTP/1.1" 404 279 "http://YAYOTUBE.COM/wp-login.php" "Mozilla/5.0 (Windows NT 10.0; Win64; x64) AppleWebKit/537.36 (KHTML, like Gecko) Chrome/118.0.0.0 Safari/537.36"
130.12.181.143 - - [27/Jan/2026:05:40:21 -0500] "GET /wp-admin/profile.php HTTP/1.1" 404 281 "http://YAYOTUBE.COM/wp-login.php" "Mozilla/5.0 (Windows NT 10.0; Win64; x64) AppleWebKit/537.36 (KHTML, like Gecko) Chrome/118.0.0.0 Safari/537.36"
208.122.222.39 - - [27/Jan/2026:05:40:20 -0500] "GET /public/index.php?path_info=refresh-session HTTP/1.1" 200 43 "https://www.dowork.biz/public/index.php?path_info=projects%2F33%2Ftickets%2F13330&page=3" "Mozilla/5.0 (Windows NT 10.0; Win64; x64) AppleWebKit/537.36 (KHTML, like Gecko) Chrome/143.0.0.0 Safari/537.36"
208.122.222.39 - - [27/Jan/2026:05:40:21 -0500] "GET /public/index.php?path_info=refresh-session HTTP/1.1" 200 43 "https://www.dowork.biz/public/index.php?path_info=projects%2F33%2Ftickets%2F13579&page=2" "Mozilla/5.0 (Windows NT 10.0; Win64; x64) AppleWebKit/537.36 (KHTML, like Gecko) Chrome/143.0.0.0 Safari/537.36"
130.12.181.143 - - [27/Jan/2026:05:40:21 -0500] "GET /wp-admin/edit.php HTTP/1.1" 404 278 "http://YAYOTUBE.COM/wp-login.php" "Mozilla/5.0 (Windows NT 10.0; Win64; x64) AppleWebKit/537.36 (KHTML, like Gecko) Chrome/118.0.0.0 Safari/537.36"
130.12.181.143 - - [27/Jan/2026:05:40:22 -0500] "GET /wp-admin/plugins.php HTTP/1.1" 404 281 "http://YAYOTUBE.COM/wp-login.php" "Mozilla/5.0 (Windows NT 10.0; Win64; x64) AppleWebKit/537.36 (KHTML, like Gecko) Chrome/118.0.0.0 Safari/537.36"
130.12.181.143 - - [27/Jan/2026:05:40:22 -0500] "GET /wp-admin/index.php HTTP/1.1" 404 279 "http://YAYOTUBE.COM/wp-login.php" "Mozilla/5.0 (Macintosh; Intel Mac OS X 13_6_1) AppleWebKit/537.36 (KHTML, like Gecko) Chrome/121.0.0.0 Safari/537.36"
130.12.181.143 - - [27/Jan/2026:05:40:23 -0500] "GET /wp-admin/profile.php HTTP/1.1" 404 281 "http://YAYOTUBE.COM/wp-login.php" "Mozilla/5.0 (Macintosh; Intel Mac OS X 13_6_1) AppleWebKit/537.36 (KHTML, like Gecko) Chrome/121.0.0.0 Safari/537.36"
130.12.181.143 - - [27/Jan/2026:05:40:23 -0500] "GET /wp-admin/edit.php HTTP/1.1" 404 278 "http://YAYOTUBE.COM/wp-login.php" "Mozilla/5.0 (Macintosh; Intel Mac OS X 13_6_1) AppleWebKit/537.36 (KHTML, like Gecko) Chrome/121.0.0.0 Safari/537.36"
130.12.181.143 - - [27/Jan/2026:05:40:24 -0500] "GET /wp-admin/plugins.php HTTP/1.1" 404 281 "http://YAYOTUBE.COM/wp-login.php" "Mozilla/5.0 (Macintosh; Intel Mac OS X 13_6_1) AppleWebKit/537.36 (KHTML, like Gecko) Chrome/121.0.0.0 Safari/537.36"
130.12.181.143 - - [27/Jan/2026:05:40:25 -0500] "GET /wp-admin/index.php HTTP/1.1" 404 279 "http://YAYOTUBE.COM/wp-login.php" "Mozilla/5.0 (Windows NT 11.0; Win64; x64; rv:120.0) Gecko/20100101 Firefox/120.0"
130.12.181.143 - - [27/Jan/2026:05:40:25 -0500] "GET /wp-admin/profile.php HTTP/1.1" 404 281 "http://YAYOTUBE.COM/wp-login.php" "Mozilla/5.0 (Windows NT 11.0; Win64; x64; rv:120.0) Gecko/20100101 Firefox/120.0"
130.12.181.143 - - [27/Jan/2026:05:40:25 -0500] "GET /wp-admin/edit.php HTTP/1.1" 404 278 "http://YAYOTUBE.COM/wp-login.php" "Mozilla/5.0 (Windows NT 11.0; Win64; x64; rv:120.0) Gecko/20100101 Firefox/120.0"
130.12.181.143 - - [27/Jan/2026:05:40:26 -0500] "GET /wp-admin/plugins.php HTTP/1.1" 404 281 "http://YAYOTUBE.COM/wp-login.php" "Mozilla/5.0 (Windows NT 11.0; Win64; x64; rv:120.0) Gecko/20100101 Firefox/120.0"
130.12.181.143 - - [27/Jan/2026:05:40:27 -0500] "GET /wp-admin/index.php HTTP/1.1" 404 279 "http://YAYOTUBE.COM/wp-login.php" "Mozilla/5.0 (Macintosh; Intel Mac OS X 10_15_7) AppleWebKit/537.36 (KHTML, like Gecko) Chrome/121.0.0.0 Safari/537.36"
130.12.181.143 - - [27/Jan/2026:05:40:27 -0500] "GET /wp-admin/profile.php HTTP/1.1" 404 281 "http://YAYOTUBE.COM/wp-login.php" "Mozilla/5.0 (Macintosh; Intel Mac OS X 10_15_7) AppleWebKit/537.36 (KHTML, like Gecko) Chrome/121.0.0.0 Safari/537.36"
130.12.181.143 - - [27/Jan/2026:05:40:27 -0500] "GET /wp-admin/edit.php HTTP/1.1" 404 278 "http://YAYOTUBE.COM/wp-login.php" "Mozilla/5.0 (Macintosh; Intel Mac OS X 10_15_7) AppleWebKit/537.36 (KHTML, like Gecko) Chrome/121.0.0.0 Safari/537.36"
130.12.181.143 - - [27/Jan/2026:05:40:28 -0500] "GET /wp-admin/plugins.php HTTP/1.1" 404 281 "http://YAYOTUBE.COM/wp-login.php" "Mozilla/5.0 (Macintosh; Intel Mac OS X 10_15_7) AppleWebKit/537.36 (KHTML, like Gecko) Chrome/121.0.0.0 Safari/537.36"
112.203.52.168 - - [27/Jan/2026:05:40:28 -0500] "GET /public/index.php?path_info=refresh-session HTTP/1.1" 200 43 "https://www.dowork.biz/public/index.php?path_info=projects%2F33%2Ftickets%2F12707&page=7" "Mozilla/5.0 (Windows NT 10.0; Win64; x64) AppleWebKit/537.36 (KHTML, like Gecko) Chrome/144.0.0.0 Safari/537.36"
130.12.181.143 - - [27/Jan/2026:05:40:29 -0500] "GET /wp-admin/index.php HTTP/1.1" 404 279 "http://YAYOTUBE.COM/wp-login.php" "Mozilla/5.0 (Windows NT 10.0; Win64; x64; rv:118.0) Gecko/20100101 Firefox/118.0"
130.12.181.143 - - [27/Jan/2026:05:40:29 -0500] "GET /wp-admin/profile.php HTTP/1.1" 404 281 "http://YAYOTUBE.COM/wp-login.php" "Mozilla/5.0 (Windows NT 10.0; Win64; x64; rv:118.0) Gecko/20100101 Firefox/118.0"
130.12.181.143 - - [27/Jan/2026:05:40:29 -0500] "GET /wp-admin/edit.php HTTP/1.1" 404 278 "http://YAYOTUBE.COM/wp-login.php" "Mozilla/5.0 (Windows NT 10.0; Win64; x64; rv:118.0) Gecko/20100101 Firefox/118.0"
130.12.181.143 - - [27/Jan/2026:05:40:30 -0500] "GET /wp-admin/plugins.php HTTP/1.1" 404 281 "http://YAYOTUBE.COM/wp-login.php" "Mozilla/5.0 (Windows NT 10.0; Win64; x64; rv:118.0) Gecko/20100101 Firefox/118.0"
43.230.199.168 - - [27/Jan/2026:05:40:30 -0500] "POST /xmlrpc.php HTTP/1.1" 403 273 "-" "Mozilla/5.0 (Windows NT 10.0; arm64) AppleWebKit/537.36 (KHTML, like Gecko) Chrome/113.0.0.0 Safari/537.36"
130.12.181.143 - - [27/Jan/2026:05:40:31 -0500] "GET /wp-admin/index.php HTTP/1.1" 404 279 "http://YAYOTUBE.COM/wp-login.php" "Mozilla/5.0 (Windows NT 11.0; Win64; x64) AppleWebKit/537.36 (KHTML, like Gecko) Chrome/121.0.0.0 Safari/537.36"
130.12.181.143 - - [27/Jan/2026:05:40:31 -0500] "GET /wp-admin/profile.php HTTP/1.1" 404 281 "http://YAYOTUBE.COM/wp-login.php" "Mozilla/5.0 (Windows NT 11.0; Win64; x64) AppleWebKit/537.36 (KHTML, like Gecko) Chrome/121.0.0.0 Safari/537.36"
130.12.181.143 - - [27/Jan/2026:05:40:31 -0500] "GET /wp-admin/edit.php HTTP/1.1" 404 278 "http://YAYOTUBE.COM/wp-login.php" "Mozilla/5.0 (Windows NT 11.0; Win64; x64) AppleWebKit/537.36 (KHTML, like Gecko) Chrome/121.0.0.0 Safari/537.36"
130.12.181.143 - - [27/Jan/2026:05:40:32 -0500] "GET /wp-admin/plugins.php HTTP/1.1" 404 281 "http://YAYOTUBE.COM/wp-login.php" "Mozilla/5.0 (Windows NT 11.0; Win64; x64) AppleWebKit/537.36 (KHTML, like Gecko) Chrome/121.0.0.0 Safari/537.36"
130.12.181.143 - - [27/Jan/2026:05:40:33 -0500] "GET /wp-admin/index.php HTTP/1.1" 404 279 "http://YAYOTUBE.COM/wp-login.php" "Mozilla/5.0 (Macintosh; Intel Mac OS X 13_6_1) AppleWebKit/605.1.15 (KHTML, like Gecko) Version/17.1 Safari/605.1.15"
130.12.181.143 - - [27/Jan/2026:05:40:33 -0500] "GET /wp-admin/profile.php HTTP/1.1" 404 281 "http://YAYOTUBE.COM/wp-login.php" "Mozilla/5.0 (Macintosh; Intel Mac OS X 13_6_1) AppleWebKit/605.1.15 (KHTML, like Gecko) Version/17.1 Safari/605.1.15"
130.12.181.143 - - [27/Jan/2026:05:40:33 -0500] "GET /wp-admin/edit.php HTTP/1.1" 404 278 "http://YAYOTUBE.COM/wp-login.php" "Mozilla/5.0 (Macintosh; Intel Mac OS X 13_6_1) AppleWebKit/605.1.15 (KHTML, like Gecko) Version/17.1 Safari/605.1.15"
130.12.181.143 - - [27/Jan/2026:05:40:34 -0500] "GET /wp-admin/plugins.php HTTP/1.1" 404 281 "http://YAYOTUBE.COM/wp-login.php" "Mozilla/5.0 (Macintosh; Intel Mac OS X 13_6_1) AppleWebKit/605.1.15 (KHTML, like Gecko) Version/17.1 Safari/605.1.15"
130.12.181.143 - - [27/Jan/2026:05:40:35 -0500] "GET /wp-admin/index.php HTTP/1.1" 404 279 "http://YAYOTUBE.COM/wp-login.php" "Mozilla/5.0 (Macintosh; Intel Mac OS X 13_6_1) AppleWebKit/537.36 (KHTML, like Gecko) Chrome/119.0.0.0 Safari/537.36"
130.12.181.143 - - [27/Jan/2026:05:40:35 -0500] "GET /wp-admin/profile.php HTTP/1.1" 404 281 "http://YAYOTUBE.COM/wp-login.php" "Mozilla/5.0 (Macintosh; Intel Mac OS X 13_6_1) AppleWebKit/537.36 (KHTML, like Gecko) Chrome/119.0.0.0 Safari/537.36"
130.12.181.143 - - [27/Jan/2026:05:40:35 -0500] "GET /wp-admin/edit.php HTTP/1.1" 404 278 "http://YAYOTUBE.COM/wp-login.php" "Mozilla/5.0 (Macintosh; Intel Mac OS X 13_6_1) AppleWebKit/537.36 (KHTML, like Gecko) Chrome/119.0.0.0 Safari/537.36"
130.12.181.143 - - [27/Jan/2026:05:40:36 -0500] "GET /wp-admin/plugins.php HTTP/1.1" 404 281 "http://YAYOTUBE.COM/wp-login.php" "Mozilla/5.0 (Macintosh; Intel Mac OS X 13_6_1) AppleWebKit/537.36 (KHTML, like Gecko) Chrome/119.0.0.0 Safari/537.36"
64.59.72.148 - - [27/Jan/2026:05:40:36 -0500] "GET /public HTTP/1.1" 301 301 "-" "check_http/v2.4.9 (nagios-plugins 2.4.9)"
64.59.72.148 - - [27/Jan/2026:05:40:36 -0500] "GET /public/ HTTP/1.1" 302 - "-" "check_http/v2.4.9 (nagios-plugins 2.4.9)"
64.59.72.148 - - [27/Jan/2026:05:40:36 -0500] "GET /public/index.php?path_info=login&re_route=homepage HTTP/1.1" 200 4304 "-" "check_http/v2.4.9 (nagios-plugins 2.4.9)"
130.12.181.143 - - [27/Jan/2026:05:40:37 -0500] "GET /wp-admin/index.php HTTP/1.1" 404 279 "http://YAYOTUBE.COM/wp-login.php" "Mozilla/5.0 (Macintosh; Intel Mac OS X 13_6_1; rv:119.0) Gecko/20100101 Firefox/119.0"
130.12.181.143 - - [27/Jan/2026:05:40:37 -0500] "GET /wp-admin/profile.php HTTP/1.1" 404 281 "http://YAYOTUBE.COM/wp-login.php" "Mozilla/5.0 (Macintosh; Intel Mac OS X 13_6_1; rv:119.0) Gecko/20100101 Firefox/119.0"
130.12.181.143 - - [27/Jan/2026:05:40:37 -0500] "GET /wp-admin/edit.php HTTP/1.1" 404 278 "http://YAYOTUBE.COM/wp-login.php" "Mozilla/5.0 (Macintosh; Intel Mac OS X 13_6_1; rv:119.0) Gecko/20100101 Firefox/119.0"
130.12.181.143 - - [27/Jan/2026:05:40:38 -0500] "GET /wp-admin/plugins.php HTTP/1.1" 404 281 "http://YAYOTUBE.COM/wp-login.php" "Mozilla/5.0 (Macintosh; Intel Mac OS X 13_6_1; rv:119.0) Gecko/20100101 Firefox/119.0"
130.12.181.143 - - [27/Jan/2026:05:40:39 -0500] "GET /wp-admin/index.php HTTP/1.1" 404 279 "http://YAYOTUBE.COM/wp-login.php" "Mozilla/5.0 (X11; Ubuntu; Linux x86_64) AppleWebKit/537.36 (KHTML, like Gecko) Chrome/119.0.0.0 Safari/537.36"
130.12.181.143 - - [27/Jan/2026:05:40:39 -0500] "GET /wp-admin/profile.php HTTP/1.1" 404 281 "http://YAYOTUBE.COM/wp-login.php" "Mozilla/5.0 (X11; Ubuntu; Linux x86_64) AppleWebKit/537.36 (KHTML, like Gecko) Chrome/119.0.0.0 Safari/537.36"
130.12.181.143 - - [27/Jan/2026:05:40:40 -0500] "GET /wp-admin/edit.php HTTP/1.1" 404 278 "http://YAYOTUBE.COM/wp-login.php" "Mozilla/5.0 (X11; Ubuntu; Linux x86_64) AppleWebKit/537.36 (KHTML, like Gecko) Chrome/119.0.0.0 Safari/537.36"
130.12.181.143 - - [27/Jan/2026:05:40:41 -0500] "GET /wp-admin/plugins.php HTTP/1.1" 404 281 "http://YAYOTUBE.COM/wp-login.php" "Mozilla/5.0 (X11; Ubuntu; Linux x86_64) AppleWebKit/537.36 (KHTML, like Gecko) Chrome/119.0.0.0 Safari/537.36"
130.12.181.143 - - [27/Jan/2026:05:40:42 -0500] "GET /wp-admin/index.php HTTP/1.1" 404 279 "http://YAYOTUBE.COM/wp-login.php" "Mozilla/5.0 (Macintosh; Intel Mac OS X 10_15_7) AppleWebKit/537.36 (KHTML, like Gecko) Chrome/121.0.0.0 Safari/537.36"
130.12.181.143 - - [27/Jan/2026:05:40:42 -0500] "GET /wp-admin/profile.php HTTP/1.1" 404 281 "http://YAYOTUBE.COM/wp-login.php" "Mozilla/5.0 (Macintosh; Intel Mac OS X 10_15_7) AppleWebKit/537.36 (KHTML, like Gecko) Chrome/121.0.0.0 Safari/537.36"
130.12.181.143 - - [27/Jan/2026:05:40:42 -0500] "GET /wp-admin/edit.php HTTP/1.1" 404 278 "http://YAYOTUBE.COM/wp-login.php" "Mozilla/5.0 (Macintosh; Intel Mac OS X 10_15_7) AppleWebKit/537.36 (KHTML, like Gecko) Chrome/121.0.0.0 Safari/537.36"
130.12.181.143 - - [27/Jan/2026:05:40:43 -0500] "GET /wp-admin/plugins.php HTTP/1.1" 404 281 "http://YAYOTUBE.COM/wp-login.php" "Mozilla/5.0 (Macintosh; Intel Mac OS X 10_15_7) AppleWebKit/537.36 (KHTML, like Gecko) Chrome/121.0.0.0 Safari/537.36"
130.12.181.143 - - [27/Jan/2026:05:40:44 -0500] "GET /wp-admin/index.php HTTP/1.1" 404 279 "http://YAYOTUBE.COM/wp-login.php" "Mozilla/5.0 (Macintosh; Intel Mac OS X 13_6_1) AppleWebKit/605.1.15 (KHTML, like Gecko) Version/17.1 Safari/605.1.15"
130.12.181.143 - - [27/Jan/2026:05:40:44 -0500] "GET /wp-admin/profile.php HTTP/1.1" 404 281 "http://YAYOTUBE.COM/wp-login.php" "Mozilla/5.0 (Macintosh; Intel Mac OS X 13_6_1) AppleWebKit/605.1.15 (KHTML, like Gecko) Version/17.1 Safari/605.1.15"
112.206.69.145 - - [27/Jan/2026:05:40:44 -0500] "GET /public/index.php?path_info=incoming-mail/count-pending HTTP/1.1" 403 1215 "https://www.dowork.biz/public/index.php?path_info=projects%2F33%2Ftickets" "Mozilla/5.0 (Windows NT 10.0; Win64; x64) AppleWebKit/537.36 (KHTML, like Gecko) Chrome/144.0.0.0 Safari/537.36"
130.12.181.143 - - [27/Jan/2026:05:40:44 -0500] "GET /wp-admin/edit.php HTTP/1.1" 404 278 "http://YAYOTUBE.COM/wp-login.php" "Mozilla/5.0 (Macintosh; Intel Mac OS X 13_6_1) AppleWebKit/605.1.15 (KHTML, like Gecko) Version/17.1 Safari/605.1.15"
112.206.69.145 - - [27/Jan/2026:05:40:45 -0500] "GET /public/index.php?path_info=incoming-mail/count-pending HTTP/1.1" 403 1215 "https://www.dowork.biz/public/index.php?path_info=projects%2F33%2Ftickets%2F12263&page=10" "Mozilla/5.0 (Windows NT 10.0; Win64; x64) AppleWebKit/537.36 (KHTML, like Gecko) Chrome/144.0.0.0 Safari/537.36"
130.12.181.143 - - [27/Jan/2026:05:40:45 -0500] "GET /wp-admin/plugins.php HTTP/1.1" 404 281 "http://YAYOTUBE.COM/wp-login.php" "Mozilla/5.0 (Macintosh; Intel Mac OS X 13_6_1) AppleWebKit/605.1.15 (KHTML, like Gecko) Version/17.1 Safari/605.1.15"
130.12.181.143 - - [27/Jan/2026:05:40:46 -0500] "GET /wp-admin/index.php HTTP/1.1" 404 279 "http://YAYOTUBE.COM/wp-login.php" "Mozilla/5.0 (Macintosh; Intel Mac OS X 13_6_1) AppleWebKit/605.1.15 (KHTML, like Gecko) Version/17.1 Safari/605.1.15"
130.12.181.143 - - [27/Jan/2026:05:40:46 -0500] "GET /wp-admin/profile.php HTTP/1.1" 404 281 "http://YAYOTUBE.COM/wp-login.php" "Mozilla/5.0 (Macintosh; Intel Mac OS X 13_6_1) AppleWebKit/605.1.15 (KHTML, like Gecko) Version/17.1 Safari/605.1.15"
130.12.181.143 - - [27/Jan/2026:05:40:47 -0500] "GET /wp-admin/edit.php HTTP/1.1" 404 278 "http://YAYOTUBE.COM/wp-login.php" "Mozilla/5.0 (Macintosh; Intel Mac OS X 13_6_1) AppleWebKit/605.1.15 (KHTML, like Gecko) Version/17.1 Safari/605.1.15"
130.12.181.143 - - [27/Jan/2026:05:40:47 -0500] "GET /wp-admin/plugins.php HTTP/1.1" 404 281 "http://YAYOTUBE.COM/wp-login.php" "Mozilla/5.0 (Macintosh; Intel Mac OS X 13_6_1) AppleWebKit/605.1.15 (KHTML, like Gecko) Version/17.1 Safari/605.1.15"
130.12.181.143 - - [27/Jan/2026:05:40:48 -0500] "GET /wp-admin/index.php HTTP/1.1" 404 279 "http://YAYOTUBE.COM/wp-login.php" "Mozilla/5.0 (Macintosh; Intel Mac OS X 10_15_7) AppleWebKit/605.1.15 (KHTML, like Gecko) Version/17.1 Safari/605.1.15"
130.12.181.143 - - [27/Jan/2026:05:40:48 -0500] "GET /wp-admin/profile.php HTTP/1.1" 404 281 "http://YAYOTUBE.COM/wp-login.php" "Mozilla/5.0 (Macintosh; Intel Mac OS X 10_15_7) AppleWebKit/605.1.15 (KHTML, like Gecko) Version/17.1 Safari/605.1.15"
130.12.181.143 - - [27/Jan/2026:05:40:49 -0500] "GET /wp-admin/edit.php HTTP/1.1" 404 278 "http://YAYOTUBE.COM/wp-login.php" "Mozilla/5.0 (Macintosh; Intel Mac OS X 10_15_7) AppleWebKit/605.1.15 (KHTML, like Gecko) Version/17.1 Safari/605.1.15"
130.12.181.143 - - [27/Jan/2026:05:40:49 -0500] "GET /wp-admin/plugins.php HTTP/1.1" 404 281 "http://YAYOTUBE.COM/wp-login.php" "Mozilla/5.0 (Macintosh; Intel Mac OS X 10_15_7) AppleWebKit/605.1.15 (KHTML, like Gecko) Version/17.1 Safari/605.1.15"
130.12.181.143 - - [27/Jan/2026:05:40:50 -0500] "GET /wp-admin/index.php HTTP/1.1" 404 279 "http://YAYOTUBE.COM/wp-login.php" "Mozilla/5.0 (Macintosh; Intel Mac OS X 10_15_7) AppleWebKit/605.1.15 (KHTML, like Gecko) Version/17.1 Safari/605.1.15"
130.12.181.143 - - [27/Jan/2026:05:40:51 -0500] "GET /wp-admin/profile.php HTTP/1.1" 404 281 "http://YAYOTUBE.COM/wp-login.php" "Mozilla/5.0 (Macintosh; Intel Mac OS X 10_15_7) AppleWebKit/605.1.15 (KHTML, like Gecko) Version/17.1 Safari/605.1.15"
130.12.181.143 - - [27/Jan/2026:05:40:51 -0500] "GET /wp-admin/edit.php HTTP/1.1" 404 278 "http://YAYOTUBE.COM/wp-login.php" "Mozilla/5.0 (Macintosh; Intel Mac OS X 10_15_7) AppleWebKit/605.1.15 (KHTML, like Gecko) Version/17.1 Safari/605.1.15"
130.12.181.143 - - [27/Jan/2026:05:40:51 -0500] "GET /wp-admin/plugins.php HTTP/1.1" 404 281 "http://YAYOTUBE.COM/wp-login.php" "Mozilla/5.0 (Macintosh; Intel Mac OS X 10_15_7) AppleWebKit/605.1.15 (KHTML, like Gecko) Version/17.1 Safari/605.1.15"
130.12.181.143 - - [27/Jan/2026:05:40:52 -0500] "GET /wp-admin/index.php HTTP/1.1" 404 279 "http://YAYOTUBE.COM/wp-login.php" "Mozilla/5.0 (Macintosh; Intel Mac OS X 13_6_1) AppleWebKit/605.1.15 (KHTML, like Gecko) Version/16.6 Safari/605.1.15"
130.12.181.143 - - [27/Jan/2026:05:40:53 -0500] "GET /wp-admin/profile.php HTTP/1.1" 404 281 "http://YAYOTUBE.COM/wp-login.php" "Mozilla/5.0 (Macintosh; Intel Mac OS X 13_6_1) AppleWebKit/605.1.15 (KHTML, like Gecko) Version/16.6 Safari/605.1.15"
130.12.181.143 - - [27/Jan/2026:05:40:53 -0500] "GET /wp-admin/edit.php HTTP/1.1" 404 278 "http://YAYOTUBE.COM/wp-login.php" "Mozilla/5.0 (Macintosh; Intel Mac OS X 13_6_1) AppleWebKit/605.1.15 (KHTML, like Gecko) Version/16.6 Safari/605.1.15"
130.12.181.143 - - [27/Jan/2026:05:40:53 -0500] "GET /wp-admin/plugins.php HTTP/1.1" 404 281 "http://YAYOTUBE.COM/wp-login.php" "Mozilla/5.0 (Macintosh; Intel Mac OS X 13_6_1) AppleWebKit/605.1.15 (KHTML, like Gecko) Version/16.6 Safari/605.1.15"
130.12.181.143 - - [27/Jan/2026:05:40:54 -0500] "GET /wp-admin/index.php HTTP/1.1" 404 279 "http://YAYOTUBE.COM/wp-login.php" "Mozilla/5.0 (Windows NT 10.0; Win64; x64) AppleWebKit/537.36 (KHTML, like Gecko) Chrome/118.0.0.0 Safari/537.36"
130.12.181.143 - - [27/Jan/2026:05:40:55 -0500] "GET /wp-admin/profile.php HTTP/1.1" 404 281 "http://YAYOTUBE.COM/wp-login.php" "Mozilla/5.0 (Windows NT 10.0; Win64; x64) AppleWebKit/537.36 (KHTML, like Gecko) Chrome/118.0.0.0 Safari/537.36"
130.12.181.143 - - [27/Jan/2026:05:40:55 -0500] "GET /wp-admin/edit.php HTTP/1.1" 404 278 "http://YAYOTUBE.COM/wp-login.php" "Mozilla/5.0 (Windows NT 10.0; Win64; x64) AppleWebKit/537.36 (KHTML, like Gecko) Chrome/118.0.0.0 Safari/537.36"
130.12.181.143 - - [27/Jan/2026:05:40:56 -0500] "GET /wp-admin/plugins.php HTTP/1.1" 404 281 "http://YAYOTUBE.COM/wp-login.php" "Mozilla/5.0 (Windows NT 10.0; Win64; x64) AppleWebKit/537.36 (KHTML, like Gecko) Chrome/118.0.0.0 Safari/537.36"
130.12.181.143 - - [27/Jan/2026:05:40:57 -0500] "GET /wp-admin/index.php HTTP/1.1" 404 279 "http://YAYOTUBE.COM/wp-login.php" "Mozilla/5.0 (Macintosh; Intel Mac OS X 13_6_1) AppleWebKit/605.1.15 (KHTML, like Gecko) Version/17.2 Safari/605.1.15"
130.12.181.143 - - [27/Jan/2026:05:40:57 -0500] "GET /wp-admin/profile.php HTTP/1.1" 404 281 "http://YAYOTUBE.COM/wp-login.php" "Mozilla/5.0 (Macintosh; Intel Mac OS X 13_6_1) AppleWebKit/605.1.15 (KHTML, like Gecko) Version/17.2 Safari/605.1.15"
130.12.181.143 - - [27/Jan/2026:05:40:58 -0500] "GET /wp-admin/edit.php HTTP/1.1" 404 278 "http://YAYOTUBE.COM/wp-login.php" "Mozilla/5.0 (Macintosh; Intel Mac OS X 13_6_1) AppleWebKit/605.1.15 (KHTML, like Gecko) Version/17.2 Safari/605.1.15"
130.12.181.143 - - [27/Jan/2026:05:40:58 -0500] "GET /wp-admin/plugins.php HTTP/1.1" 404 281 "http://YAYOTUBE.COM/wp-login.php" "Mozilla/5.0 (Macintosh; Intel Mac OS X 13_6_1) AppleWebKit/605.1.15 (KHTML, like Gecko) Version/17.2 Safari/605.1.15"
130.12.181.143 - - [27/Jan/2026:05:40:59 -0500] "GET /wp-admin/index.php HTTP/1.1" 404 279 "http://YAYOTUBE.COM/wp-login.php" "Mozilla/5.0 (Macintosh; Intel Mac OS X 13_6_1; rv:120.0) Gecko/20100101 Firefox/120.0"
130.12.181.143 - - [27/Jan/2026:05:41:00 -0500] "GET /wp-admin/profile.php HTTP/1.1" 404 281 "http://YAYOTUBE.COM/wp-login.php" "Mozilla/5.0 (Macintosh; Intel Mac OS X 13_6_1; rv:120.0) Gecko/20100101 Firefox/120.0"
130.12.181.143 - - [27/Jan/2026:05:41:00 -0500] "GET /wp-admin/edit.php HTTP/1.1" 404 278 "http://YAYOTUBE.COM/wp-login.php" "Mozilla/5.0 (Macintosh; Intel Mac OS X 13_6_1; rv:120.0) Gecko/20100101 Firefox/120.0"
143.44.184.33 - - [27/Jan/2026:05:41:00 -0500] "GET /public/index.php?path_info=incoming-mail/count-pending HTTP/1.1" 403 1215 "https://www.dowork.biz/public/index.php?path_info=projects%2F33%2Ftickets%2F13781" "Mozilla/5.0 (Windows NT 10.0; Win64; x64) AppleWebKit/537.36 (KHTML, like Gecko) Chrome/144.0.0.0 Safari/537.36"
130.12.181.143 - - [27/Jan/2026:05:41:01 -0500] "GET /wp-admin/plugins.php HTTP/1.1" 404 281 "http://YAYOTUBE.COM/wp-login.php" "Mozilla/5.0 (Macintosh; Intel Mac OS X 13_6_1; rv:120.0) Gecko/20100101 Firefox/120.0"
130.12.181.143 - - [27/Jan/2026:05:41:02 -0500] "GET /wp-admin/index.php HTTP/1.1" 404 279 "http://YAYOTUBE.COM/wp-login.php" "Mozilla/5.0 (Macintosh; Intel Mac OS X 13_6_1) AppleWebKit/605.1.15 (KHTML, like Gecko) Version/17.1 Safari/605.1.15"
130.12.181.143 - - [27/Jan/2026:05:41:02 -0500] "GET /wp-admin/profile.php HTTP/1.1" 404 281 "http://YAYOTUBE.COM/wp-login.php" "Mozilla/5.0 (Macintosh; Intel Mac OS X 13_6_1) AppleWebKit/605.1.15 (KHTML, like Gecko) Version/17.1 Safari/605.1.15"
130.12.181.143 - - [27/Jan/2026:05:41:02 -0500] "GET /wp-admin/edit.php HTTP/1.1" 404 278 "http://YAYOTUBE.COM/wp-login.php" "Mozilla/5.0 (Macintosh; Intel Mac OS X 13_6_1) AppleWebKit/605.1.15 (KHTML, like Gecko) Version/17.1 Safari/605.1.15"
130.12.181.143 - - [27/Jan/2026:05:41:03 -0500] "GET /wp-admin/plugins.php HTTP/1.1" 404 281 "http://YAYOTUBE.COM/wp-login.php" "Mozilla/5.0 (Macintosh; Intel Mac OS X 13_6_1) AppleWebKit/605.1.15 (KHTML, like Gecko) Version/17.1 Safari/605.1.15"
130.12.181.143 - - [27/Jan/2026:05:41:04 -0500] "GET /wp-admin/index.php HTTP/1.1" 404 279 "http://YAYOTUBE.COM/wp-login.php" "Mozilla/5.0 (Windows NT 11.0; Win64; x64; rv:120.0) Gecko/20100101 Firefox/120.0"
130.12.181.143 - - [27/Jan/2026:05:41:05 -0500] "GET /wp-admin/profile.php HTTP/1.1" 404 281 "http://YAYOTUBE.COM/wp-login.php" "Mozilla/5.0 (Windows NT 11.0; Win64; x64; rv:120.0) Gecko/20100101 Firefox/120.0"
130.12.181.143 - - [27/Jan/2026:05:41:05 -0500] "GET /wp-admin/edit.php HTTP/1.1" 404 278 "http://YAYOTUBE.COM/wp-login.php" "Mozilla/5.0 (Windows NT 11.0; Win64; x64; rv:120.0) Gecko/20100101 Firefox/120.0"
130.12.181.143 - - [27/Jan/2026:05:41:06 -0500] "GET /wp-admin/plugins.php HTTP/1.1" 404 281 "http://YAYOTUBE.COM/wp-login.php" "Mozilla/5.0 (Windows NT 11.0; Win64; x64; rv:120.0) Gecko/20100101 Firefox/120.0"
130.12.181.143 - - [27/Jan/2026:05:41:06 -0500] "GET /wp-admin/index.php HTTP/1.1" 404 279 "http://YAYOTUBE.COM/wp-login.php" "Mozilla/5.0 (Macintosh; Intel Mac OS X 13_6_1) AppleWebKit/537.36 (KHTML, like Gecko) Chrome/118.0.0.0 Safari/537.36"
130.12.181.143 - - [27/Jan/2026:05:41:07 -0500] "GET /wp-admin/profile.php HTTP/1.1" 404 281 "http://YAYOTUBE.COM/wp-login.php" "Mozilla/5.0 (Macintosh; Intel Mac OS X 13_6_1) AppleWebKit/537.36 (KHTML, like Gecko) Chrome/118.0.0.0 Safari/537.36"
130.12.181.143 - - [27/Jan/2026:05:41:07 -0500] "GET /wp-admin/edit.php HTTP/1.1" 404 278 "http://YAYOTUBE.COM/wp-login.php" "Mozilla/5.0 (Macintosh; Intel Mac OS X 13_6_1) AppleWebKit/537.36 (KHTML, like Gecko) Chrome/118.0.0.0 Safari/537.36"
130.12.181.143 - - [27/Jan/2026:05:41:08 -0500] "GET /wp-admin/plugins.php HTTP/1.1" 404 281 "http://YAYOTUBE.COM/wp-login.php" "Mozilla/5.0 (Macintosh; Intel Mac OS X 13_6_1) AppleWebKit/537.36 (KHTML, like Gecko) Chrome/118.0.0.0 Safari/537.36"
130.12.181.143 - - [27/Jan/2026:05:41:09 -0500] "GET /wp-admin/index.php HTTP/1.1" 404 279 "http://YAYOTUBE.COM/wp-login.php" "Mozilla/5.0 (Macintosh; Intel Mac OS X 13_6_1) AppleWebKit/537.36 (KHTML, like Gecko) Chrome/118.0.0.0 Safari/537.36"
130.12.181.143 - - [27/Jan/2026:05:41:09 -0500] "GET /wp-admin/profile.php HTTP/1.1" 404 281 "http://YAYOTUBE.COM/wp-login.php" "Mozilla/5.0 (Macintosh; Intel Mac OS X 13_6_1) AppleWebKit/537.36 (KHTML, like Gecko) Chrome/118.0.0.0 Safari/537.36"
130.12.181.143 - - [27/Jan/2026:05:41:10 -0500] "GET /wp-admin/edit.php HTTP/1.1" 404 278 "http://YAYOTUBE.COM/wp-login.php" "Mozilla/5.0 (Macintosh; Intel Mac OS X 13_6_1) AppleWebKit/537.36 (KHTML, like Gecko) Chrome/118.0.0.0 Safari/537.36"
130.12.181.143 - - [27/Jan/2026:05:41:10 -0500] "GET /wp-admin/plugins.php HTTP/1.1" 404 281 "http://YAYOTUBE.COM/wp-login.php" "Mozilla/5.0 (Macintosh; Intel Mac OS X 13_6_1) AppleWebKit/537.36 (KHTML, like Gecko) Chrome/118.0.0.0 Safari/537.36"
130.12.181.143 - - [27/Jan/2026:05:41:11 -0500] "GET /wp-admin/index.php HTTP/1.1" 404 279 "http://YAYOTUBE.COM/wp-login.php" "Mozilla/5.0 (Macintosh; Intel Mac OS X 10_15_7; rv:119.0) Gecko/20100101 Firefox/119.0"
130.12.181.143 - - [27/Jan/2026:05:41:11 -0500] "GET /wp-admin/profile.php HTTP/1.1" 404 281 "http://YAYOTUBE.COM/wp-login.php" "Mozilla/5.0 (Macintosh; Intel Mac OS X 10_15_7; rv:119.0) Gecko/20100101 Firefox/119.0"
130.12.181.143 - - [27/Jan/2026:05:41:12 -0500] "GET /wp-admin/edit.php HTTP/1.1" 404 278 "http://YAYOTUBE.COM/wp-login.php" "Mozilla/5.0 (Macintosh; Intel Mac OS X 10_15_7; rv:119.0) Gecko/20100101 Firefox/119.0"
130.12.181.143 - - [27/Jan/2026:05:41:12 -0500] "GET /wp-admin/plugins.php HTTP/1.1" 404 281 "http://YAYOTUBE.COM/wp-login.php" "Mozilla/5.0 (Macintosh; Intel Mac OS X 10_15_7; rv:119.0) Gecko/20100101 Firefox/119.0"
130.12.181.143 - - [27/Jan/2026:05:41:13 -0500] "GET /wp-admin/index.php HTTP/1.1" 404 279 "http://YAYOTUBE.COM/wp-login.php" "Mozilla/5.0 (X11; Linux x86_64) AppleWebKit/537.36 (KHTML, like Gecko) Chrome/119.0.0.0 Safari/537.36"
130.12.181.143 - - [27/Jan/2026:05:41:13 -0500] "GET /wp-admin/profile.php HTTP/1.1" 404 281 "http://YAYOTUBE.COM/wp-login.php" "Mozilla/5.0 (X11; Linux x86_64) AppleWebKit/537.36 (KHTML, like Gecko) Chrome/119.0.0.0 Safari/537.36"
130.12.181.143 - - [27/Jan/2026:05:41:14 -0500] "GET /wp-admin/edit.php HTTP/1.1" 404 278 "http://YAYOTUBE.COM/wp-login.php" "Mozilla/5.0 (X11; Linux x86_64) AppleWebKit/537.36 (KHTML, like Gecko) Chrome/119.0.0.0 Safari/537.36"
130.12.181.143 - - [27/Jan/2026:05:41:14 -0500] "GET /wp-admin/plugins.php HTTP/1.1" 404 281 "http://YAYOTUBE.COM/wp-login.php" "Mozilla/5.0 (X11; Linux x86_64) AppleWebKit/537.36 (KHTML, like Gecko) Chrome/119.0.0.0 Safari/537.36"
208.122.222.38 - - [27/Jan/2026:05:41:15 -0500] "GET /public/index.php?path_info=refresh-session HTTP/1.1" 200 43 "https://www.dowork.biz/public/index.php?path_info=projects%2F33%2Ftickets%2F11824&page=15" "Mozilla/5.0 (Windows NT 10.0; Win64; x64) AppleWebKit/537.36 (KHTML, like Gecko) Chrome/143.0.0.0 Safari/537.36"
208.122.222.38 - - [27/Jan/2026:05:41:15 -0500] "GET /public/index.php?path_info=incoming-mail/count-pending HTTP/1.1" 403 1215 "https://www.dowork.biz/public/index.php?path_info=projects%2F33%2Ftickets%2F13048&page=4" "Mozilla/5.0 (Windows NT 10.0; Win64; x64) AppleWebKit/537.36 (KHTML, like Gecko) Chrome/143.0.0.0 Safari/537.36"
130.12.181.143 - - [27/Jan/2026:05:41:15 -0500] "GET /wp-admin/index.php HTTP/1.1" 404 279 "http://YAYOTUBE.COM/wp-login.php" "Mozilla/5.0 (Macintosh; Intel Mac OS X 10_15_7) AppleWebKit/605.1.15 (KHTML, like Gecko) Version/16.6 Safari/605.1.15"
208.122.222.38 - - [27/Jan/2026:05:41:15 -0500] "GET /public/index.php?path_info=refresh-session HTTP/1.1" 200 43 "https://www.dowork.biz/public/index.php?path_info=projects%2F33%2Ftickets%2F11440&page=12" "Mozilla/5.0 (Windows NT 10.0; Win64; x64) AppleWebKit/537.36 (KHTML, like Gecko) Chrome/143.0.0.0 Safari/537.36"
208.122.222.38 - - [27/Jan/2026:05:41:15 -0500] "GET /public/index.php?path_info=incoming-mail/count-pending HTTP/1.1" 403 1215 "https://www.dowork.biz/public/index.php?path_info=projects%2F33%2Ftickets%2F11411&page=63" "Mozilla/5.0 (Windows NT 10.0; Win64; x64) AppleWebKit/537.36 (KHTML, like Gecko) Chrome/143.0.0.0 Safari/537.36"
208.122.222.38 - - [27/Jan/2026:05:41:15 -0500] "GET /public/index.php?path_info=refresh-session HTTP/1.1" 200 43 "https://www.dowork.biz/public/index.php?path_info=projects%2F33%2Ftickets%2F11749&page=17" "Mozilla/5.0 (Windows NT 10.0; Win64; x64) AppleWebKit/537.36 (KHTML, like Gecko) Chrome/143.0.0.0 Safari/537.36"
130.12.181.143 - - [27/Jan/2026:05:41:15 -0500] "GET /wp-admin/profile.php HTTP/1.1" 404 281 "http://YAYOTUBE.COM/wp-login.php" "Mozilla/5.0 (Macintosh; Intel Mac OS X 10_15_7) AppleWebKit/605.1.15 (KHTML, like Gecko) Version/16.6 Safari/605.1.15"
130.12.181.143 - - [27/Jan/2026:05:41:16 -0500] "GET /wp-admin/edit.php HTTP/1.1" 404 278 "http://YAYOTUBE.COM/wp-login.php" "Mozilla/5.0 (Macintosh; Intel Mac OS X 10_15_7) AppleWebKit/605.1.15 (KHTML, like Gecko) Version/16.6 Safari/605.1.15"
130.12.181.143 - - [27/Jan/2026:05:41:16 -0500] "GET /wp-admin/plugins.php HTTP/1.1" 404 281 "http://YAYOTUBE.COM/wp-login.php" "Mozilla/5.0 (Macintosh; Intel Mac OS X 10_15_7) AppleWebKit/605.1.15 (KHTML, like Gecko) Version/16.6 Safari/605.1.15"
130.12.181.143 - - [27/Jan/2026:05:41:17 -0500] "GET /wp-admin/index.php HTTP/1.1" 404 279 "http://YAYOTUBE.COM/wp-login.php" "Mozilla/5.0 (X11; Ubuntu; Linux x86_64) AppleWebKit/537.36 (KHTML, like Gecko) Chrome/120.0.0.0 Safari/537.36"
130.12.181.143 - - [27/Jan/2026:05:41:17 -0500] "GET /wp-admin/profile.php HTTP/1.1" 404 281 "http://YAYOTUBE.COM/wp-login.php" "Mozilla/5.0 (X11; Ubuntu; Linux x86_64) AppleWebKit/537.36 (KHTML, like Gecko) Chrome/120.0.0.0 Safari/537.36"
130.12.181.143 - - [27/Jan/2026:05:41:18 -0500] "GET /wp-admin/edit.php HTTP/1.1" 404 278 "http://YAYOTUBE.COM/wp-login.php" "Mozilla/5.0 (X11; Ubuntu; Linux x86_64) AppleWebKit/537.36 (KHTML, like Gecko) Chrome/120.0.0.0 Safari/537.36"
130.12.181.143 - - [27/Jan/2026:05:41:18 -0500] "GET /wp-admin/plugins.php HTTP/1.1" 404 281 "http://YAYOTUBE.COM/wp-login.php" "Mozilla/5.0 (X11; Ubuntu; Linux x86_64) AppleWebKit/537.36 (KHTML, like Gecko) Chrome/120.0.0.0 Safari/537.36"
208.122.222.39 - - [27/Jan/2026:05:41:18 -0500] "GET /public/index.php?path_info=refresh-session HTTP/1.1" 200 43 "https://www.dowork.biz/public/index.php?path_info=projects%2F33%2Ftickets%2F13652&page=1" "Mozilla/5.0 (Windows NT 10.0; Win64; x64) AppleWebKit/537.36 (KHTML, like Gecko) Chrome/143.0.0.0 Safari/537.36"
208.122.222.39 - - [27/Jan/2026:05:41:18 -0500] "GET /public/index.php?path_info=incoming-mail/count-pending HTTP/1.1" 403 1215 "https://www.dowork.biz/public/index.php?path_info=projects%2F33%2Ftickets%2F13330&page=3" "Mozilla/5.0 (Windows NT 10.0; Win64; x64) AppleWebKit/537.36 (KHTML, like Gecko) Chrome/143.0.0.0 Safari/537.36"
208.122.222.39 - - [27/Jan/2026:05:41:19 -0500] "GET /public/index.php?path_info=refresh-session HTTP/1.1" 200 43 "https://www.dowork.biz/public/index.php?path_info=projects%2F33%2Ftickets%2F13414&page=3" "Mozilla/5.0 (Windows NT 10.0; Win64; x64) AppleWebKit/537.36 (KHTML, like Gecko) Chrome/143.0.0.0 Safari/537.36"
208.122.222.39 - - [27/Jan/2026:05:41:19 -0500] "GET /public/index.php?path_info=incoming-mail/count-pending HTTP/1.1" 403 1215 "https://www.dowork.biz/public/index.php?path_info=projects%2F33%2Ftickets%2F13350&page=3" "Mozilla/5.0 (Windows NT 10.0; Win64; x64) AppleWebKit/537.36 (KHTML, like Gecko) Chrome/143.0.0.0 Safari/537.36"
208.122.222.39 - - [27/Jan/2026:05:41:19 -0500] "GET /public/index.php?path_info=refresh-session HTTP/1.1" 200 43 "https://www.dowork.biz/public/index.php?path_info=projects%2F33%2Ftickets%2F11411&page=63" "Mozilla/5.0 (Windows NT 10.0; Win64; x64) AppleWebKit/537.36 (KHTML, like Gecko) Chrome/143.0.0.0 Safari/537.36"
130.12.181.143 - - [27/Jan/2026:05:41:19 -0500] "GET /wp-admin/index.php HTTP/1.1" 404 279 "http://YAYOTUBE.COM/wp-login.php" "Mozilla/5.0 (Macintosh; Intel Mac OS X 10_15_7) AppleWebKit/605.1.15 (KHTML, like Gecko) Version/17.1 Safari/605.1.15"
208.122.222.39 - - [27/Jan/2026:05:41:19 -0500] "GET /public/index.php?path_info=incoming-mail/count-pending HTTP/1.1" 403 1215 "https://www.dowork.biz/public/index.php?path_info=projects%2F33%2Ftickets%2F13579&page=2" "Mozilla/5.0 (Windows NT 10.0; Win64; x64) AppleWebKit/537.36 (KHTML, like Gecko) Chrome/143.0.0.0 Safari/537.36"
208.122.222.39 - - [27/Jan/2026:05:41:19 -0500] "GET /public/index.php?path_info=refresh-session HTTP/1.1" 200 43 "https://www.dowork.biz/public/index.php?path_info=projects%2F33%2Ftickets%2F11430&page=17" "Mozilla/5.0 (Windows NT 10.0; Win64; x64) AppleWebKit/537.36 (KHTML, like Gecko) Chrome/143.0.0.0 Safari/537.36"
208.122.222.39 - - [27/Jan/2026:05:41:19 -0500] "GET /public/index.php?path_info=incoming-mail/count-pending HTTP/1.1" 403 1215 "https://www.dowork.biz/public/index.php?path_info=projects%2F33%2Ftickets%2F11551&page=16" "Mozilla/5.0 (Windows NT 10.0; Win64; x64) AppleWebKit/537.36 (KHTML, like Gecko) Chrome/143.0.0.0 Safari/537.36"
130.12.181.143 - - [27/Jan/2026:05:41:19 -0500] "GET /wp-admin/profile.php HTTP/1.1" 404 281 "http://YAYOTUBE.COM/wp-login.php" "Mozilla/5.0 (Macintosh; Intel Mac OS X 10_15_7) AppleWebKit/605.1.15 (KHTML, like Gecko) Version/17.1 Safari/605.1.15"
208.122.222.39 - - [27/Jan/2026:05:41:19 -0500] "GET /public/index.php?path_info=incoming-mail/count-pending HTTP/1.1" 403 1215 "https://www.dowork.biz/public/index.php?path_info=projects%2F33%2Ftickets%2F12316&page=10" "Mozilla/5.0 (Windows NT 10.0; Win64; x64) AppleWebKit/537.36 (KHTML, like Gecko) Chrome/143.0.0.0 Safari/537.36"
130.12.181.143 - - [27/Jan/2026:05:41:20 -0500] "GET /wp-admin/edit.php HTTP/1.1" 404 278 "http://YAYOTUBE.COM/wp-login.php" "Mozilla/5.0 (Macintosh; Intel Mac OS X 10_15_7) AppleWebKit/605.1.15 (KHTML, like Gecko) Version/17.1 Safari/605.1.15"
120.28.138.106 - - [27/Jan/2026:05:41:18 -0500] "GET /public/index.php?path_info=projects%2F33%2Ftickets HTTP/1.1" 200 219639 "https://www.dowork.biz/public/index.php?path_info=projects%2F33%2Ftickets%2F12707&page=7" "Mozilla/5.0 (Windows NT 10.0; Win64; x64) AppleWebKit/537.36 (KHTML, like Gecko) Chrome/144.0.0.0 Safari/537.36"
130.12.181.143 - - [27/Jan/2026:05:41:20 -0500] "GET /wp-admin/plugins.php HTTP/1.1" 404 281 "http://YAYOTUBE.COM/wp-login.php" "Mozilla/5.0 (Macintosh; Intel Mac OS X 10_15_7) AppleWebKit/605.1.15 (KHTML, like Gecko) Version/17.1 Safari/605.1.15"
130.12.181.143 - - [27/Jan/2026:05:41:21 -0500] "GET /wp-admin/index.php HTTP/1.1" 404 279 "http://YAYOTUBE.COM/wp-login.php" "Mozilla/5.0 (Macintosh; Intel Mac OS X 10_15_7; rv:119.0) Gecko/20100101 Firefox/119.0"
130.12.181.143 - - [27/Jan/2026:05:41:22 -0500] "GET /wp-admin/profile.php HTTP/1.1" 404 281 "http://YAYOTUBE.COM/wp-login.php" "Mozilla/5.0 (Macintosh; Intel Mac OS X 10_15_7; rv:119.0) Gecko/20100101 Firefox/119.0"
130.12.181.143 - - [27/Jan/2026:05:41:22 -0500] "GET /wp-admin/edit.php HTTP/1.1" 404 278 "http://YAYOTUBE.COM/wp-login.php" "Mozilla/5.0 (Macintosh; Intel Mac OS X 10_15_7; rv:119.0) Gecko/20100101 Firefox/119.0"
130.12.181.143 - - [27/Jan/2026:05:41:22 -0500] "GET /wp-admin/plugins.php HTTP/1.1" 404 281 "http://YAYOTUBE.COM/wp-login.php" "Mozilla/5.0 (Macintosh; Intel Mac OS X 10_15_7; rv:119.0) Gecko/20100101 Firefox/119.0"
130.12.181.143 - - [27/Jan/2026:05:41:23 -0500] "GET /wp-admin/index.php HTTP/1.1" 404 279 "http://YAYOTUBE.COM/wp-login.php" "Mozilla/5.0 (Macintosh; Intel Mac OS X 13_6_1) AppleWebKit/537.36 (KHTML, like Gecko) Chrome/121.0.0.0 Safari/537.36"
130.12.181.143 - - [27/Jan/2026:05:41:24 -0500] "GET /wp-admin/profile.php HTTP/1.1" 404 281 "http://YAYOTUBE.COM/wp-login.php" "Mozilla/5.0 (Macintosh; Intel Mac OS X 13_6_1) AppleWebKit/537.36 (KHTML, like Gecko) Chrome/121.0.0.0 Safari/537.36"
130.12.181.143 - - [27/Jan/2026:05:41:24 -0500] "GET /wp-admin/edit.php HTTP/1.1" 404 278 "http://YAYOTUBE.COM/wp-login.php" "Mozilla/5.0 (Macintosh; Intel Mac OS X 13_6_1) AppleWebKit/537.36 (KHTML, like Gecko) Chrome/121.0.0.0 Safari/537.36"
130.12.181.143 - - [27/Jan/2026:05:41:25 -0500] "GET /wp-admin/plugins.php HTTP/1.1" 404 281 "http://YAYOTUBE.COM/wp-login.php" "Mozilla/5.0 (Macintosh; Intel Mac OS X 13_6_1) AppleWebKit/537.36 (KHTML, like Gecko) Chrome/121.0.0.0 Safari/537.36"
130.12.181.143 - - [27/Jan/2026:05:41:26 -0500] "GET /wp-admin/index.php HTTP/1.1" 404 279 "http://YAYOTUBE.COM/wp-login.php" "Mozilla/5.0 (X11; Ubuntu; Linux x86_64) AppleWebKit/537.36 (KHTML, like Gecko) Chrome/120.0.0.0 Safari/537.36"
130.12.181.143 - - [27/Jan/2026:05:41:26 -0500] "GET /wp-admin/profile.php HTTP/1.1" 404 281 "http://YAYOTUBE.COM/wp-login.php" "Mozilla/5.0 (X11; Ubuntu; Linux x86_64) AppleWebKit/537.36 (KHTML, like Gecko) Chrome/120.0.0.0 Safari/537.36"
130.12.181.143 - - [27/Jan/2026:05:41:27 -0500] "GET /wp-admin/edit.php HTTP/1.1" 404 278 "http://YAYOTUBE.COM/wp-login.php" "Mozilla/5.0 (X11; Ubuntu; Linux x86_64) AppleWebKit/537.36 (KHTML, like Gecko) Chrome/120.0.0.0 Safari/537.36"
130.12.181.143 - - [27/Jan/2026:05:41:27 -0500] "GET /wp-admin/plugins.php HTTP/1.1" 404 281 "http://YAYOTUBE.COM/wp-login.php" "Mozilla/5.0 (X11; Ubuntu; Linux x86_64) AppleWebKit/537.36 (KHTML, like Gecko) Chrome/120.0.0.0 Safari/537.36"
130.12.181.143 - - [27/Jan/2026:05:41:28 -0500] "GET /wp-admin/index.php HTTP/1.1" 404 279 "http://YAYOTUBE.COM/wp-login.php" "Mozilla/5.0 (Windows NT 10.0; Win64; x64) AppleWebKit/537.36 (KHTML, like Gecko) Chrome/121.0.0.0 Safari/537.36"
130.12.181.143 - - [27/Jan/2026:05:41:29 -0500] "GET /wp-admin/profile.php HTTP/1.1" 404 281 "http://YAYOTUBE.COM/wp-login.php" "Mozilla/5.0 (Windows NT 10.0; Win64; x64) AppleWebKit/537.36 (KHTML, like Gecko) Chrome/121.0.0.0 Safari/537.36"
130.12.181.143 - - [27/Jan/2026:05:41:29 -0500] "GET /wp-admin/edit.php HTTP/1.1" 404 278 "http://YAYOTUBE.COM/wp-login.php" "Mozilla/5.0 (Windows NT 10.0; Win64; x64) AppleWebKit/537.36 (KHTML, like Gecko) Chrome/121.0.0.0 Safari/537.36"
130.12.181.143 - - [27/Jan/2026:05:41:29 -0500] "GET /wp-admin/plugins.php HTTP/1.1" 404 281 "http://YAYOTUBE.COM/wp-login.php" "Mozilla/5.0 (Windows NT 10.0; Win64; x64) AppleWebKit/537.36 (KHTML, like Gecko) Chrome/121.0.0.0 Safari/537.36"
130.12.181.143 - - [27/Jan/2026:05:41:30 -0500] "GET /wp-admin/index.php HTTP/1.1" 404 279 "http://YAYOTUBE.COM/wp-login.php" "Mozilla/5.0 (X11; Linux x86_64) AppleWebKit/537.36 (KHTML, like Gecko) Chrome/120.0.0.0 Safari/537.36"
130.12.181.143 - - [27/Jan/2026:05:41:31 -0500] "GET /wp-admin/profile.php HTTP/1.1" 404 281 "http://YAYOTUBE.COM/wp-login.php" "Mozilla/5.0 (X11; Linux x86_64) AppleWebKit/537.36 (KHTML, like Gecko) Chrome/120.0.0.0 Safari/537.36"
130.12.181.143 - - [27/Jan/2026:05:41:31 -0500] "GET /wp-admin/edit.php HTTP/1.1" 404 278 "http://YAYOTUBE.COM/wp-login.php" "Mozilla/5.0 (X11; Linux x86_64) AppleWebKit/537.36 (KHTML, like Gecko) Chrome/120.0.0.0 Safari/537.36"
130.12.181.143 - - [27/Jan/2026:05:41:31 -0500] "GET /wp-admin/plugins.php HTTP/1.1" 404 281 "http://YAYOTUBE.COM/wp-login.php" "Mozilla/5.0 (X11; Linux x86_64) AppleWebKit/537.36 (KHTML, like Gecko) Chrome/120.0.0.0 Safari/537.36"
