112.206.69.145 - - [27/Jan/2026:05:16:44 -0500] "GET /public/index.php?path_info=incoming-mail/count-pending HTTP/1.1" 403 1215 "https://www.dowork.biz/public/index.php?path_info=projects%2F33%2Ftickets%2F12263&page=10" "Mozilla/5.0 (Windows NT 10.0; Win64; x64) AppleWebKit/537.36 (KHTML, like Gecko) Chrome/144.0.0.0 Safari/537.36"
216.180.246.128 - - [27/Jan/2026:05:16:52 -0500] "GET /login.jsp HTTP/1.1" 404 271 "-" "'Mozilla/5.0 (compatible; GenomeCrawlerd/1.0; +https://www.nokia.com/genomecrawler)'"
143.44.184.33 - - [27/Jan/2026:05:17:00 -0500] "GET /public/index.php?path_info=refresh-session HTTP/1.1" 200 43 "https://www.dowork.biz/public/index.php?path_info=projects%2F33%2Ftickets%2F13781" "Mozilla/5.0 (Windows NT 10.0; Win64; x64) AppleWebKit/537.36 (KHTML, like Gecko) Chrome/144.0.0.0 Safari/537.36"
143.44.184.33 - - [27/Jan/2026:05:17:00 -0500] "GET /public/index.php?path_info=incoming-mail/count-pending HTTP/1.1" 403 1215 "https://www.dowork.biz/public/index.php?path_info=projects%2F33%2Ftickets%2F13781" "Mozilla/5.0 (Windows NT 10.0; Win64; x64) AppleWebKit/537.36 (KHTML, like Gecko) Chrome/144.0.0.0 Safari/537.36"
143.44.184.33 - - [27/Jan/2026:05:17:01 -0500] "GET /public/index.php?path_info=refresh-session HTTP/1.1" 200 43 "https://www.dowork.biz/public/index.php?path_info=projects%2F33%2Ftickets" "Mozilla/5.0 (Windows NT 10.0; Win64; x64) AppleWebKit/537.36 (KHTML, like Gecko) Chrome/144.0.0.0 Safari/537.36"
216.180.246.128 - - [27/Jan/2026:05:17:04 -0500] "GET /login HTTP/1.1" 404 267 "-" "'Mozilla/5.0 (compatible; GenomeCrawlerd/1.0; +https://www.nokia.com/genomecrawler)'"
112.206.69.145 - - [27/Jan/2026:05:17:12 -0500] "GET /public/index.php?path_info=refresh-session HTTP/1.1" 200 43 "https://www.dowork.biz/public/index.php?path_info=projects%2F33%2Ftickets%2F13578&page=2" "Mozilla/5.0 (Windows NT 10.0; Win64; x64) AppleWebKit/537.36 (KHTML, like Gecko) Chrome/144.0.0.0 Safari/537.36"
208.122.222.38 - - [27/Jan/2026:05:17:15 -0500] "GET /public/index.php?path_info=refresh-session HTTP/1.1" 200 43 "https://www.dowork.biz/public/index.php?path_info=projects%2F33%2Ftickets%2F12238&page=9" "Mozilla/5.0 (Windows NT 10.0; Win64; x64) AppleWebKit/537.36 (KHTML, like Gecko) Chrome/143.0.0.0 Safari/537.36"
208.122.222.38 - - [27/Jan/2026:05:17:15 -0500] "GET /public/index.php?path_info=incoming-mail/count-pending HTTP/1.1" 403 1215 "https://www.dowork.biz/public/index.php?path_info=projects%2F33%2Ftickets%2F13048&page=4" "Mozilla/5.0 (Windows NT 10.0; Win64; x64) AppleWebKit/537.36 (KHTML, like Gecko) Chrome/143.0.0.0 Safari/537.36"
208.122.222.38 - - [27/Jan/2026:05:17:15 -0500] "GET /public/index.php?path_info=refresh-session HTTP/1.1" 200 43 "https://www.dowork.biz/public/index.php?path_info=projects%2F33%2Ftickets%2F12000&page=13" "Mozilla/5.0 (Windows NT 10.0; Win64; x64) AppleWebKit/537.36 (KHTML, like Gecko) Chrome/143.0.0.0 Safari/537.36"
208.122.222.38 - - [27/Jan/2026:05:17:15 -0500] "GET /public/index.php?path_info=incoming-mail/count-pending HTTP/1.1" 403 1215 "https://www.dowork.biz/public/index.php?path_info=projects%2F33%2Ftickets%2F11411&page=63" "Mozilla/5.0 (Windows NT 10.0; Win64; x64) AppleWebKit/537.36 (KHTML, like Gecko) Chrome/143.0.0.0 Safari/537.36"
216.180.246.128 - - [27/Jan/2026:05:17:16 -0500] "GET /login HTTP/1.1" 404 267 "-" "'Mozilla/5.0 (compatible; GenomeCrawlerd/1.0; +https://www.nokia.com/genomecrawler)'"
208.122.222.39 - - [27/Jan/2026:05:17:18 -0500] "GET /public/index.php?path_info=incoming-mail/count-pending HTTP/1.1" 403 1215 "https://www.dowork.biz/public/index.php?path_info=projects%2F33%2Ftickets%2F13350&page=3" "Mozilla/5.0 (Windows NT 10.0; Win64; x64) AppleWebKit/537.36 (KHTML, like Gecko) Chrome/143.0.0.0 Safari/537.36"
208.122.222.39 - - [27/Jan/2026:05:17:19 -0500] "GET /public/index.php?path_info=incoming-mail/count-pending HTTP/1.1" 403 1215 "https://www.dowork.biz/public/index.php?path_info=projects%2F33%2Ftickets%2F13330&page=3" "Mozilla/5.0 (Windows NT 10.0; Win64; x64) AppleWebKit/537.36 (KHTML, like Gecko) Chrome/143.0.0.0 Safari/537.36"
208.122.222.39 - - [27/Jan/2026:05:17:19 -0500] "GET /public/index.php?path_info=incoming-mail/count-pending HTTP/1.1" 403 1215 "https://www.dowork.biz/public/index.php?path_info=projects%2F33%2Ftickets%2F13579&page=2" "Mozilla/5.0 (Windows NT 10.0; Win64; x64) AppleWebKit/537.36 (KHTML, like Gecko) Chrome/143.0.0.0 Safari/537.36"
208.122.222.39 - - [27/Jan/2026:05:17:19 -0500] "GET /public/index.php?path_info=incoming-mail/count-pending HTTP/1.1" 403 1215 "https://www.dowork.biz/public/index.php?path_info=projects%2F33%2Ftickets%2F12316&page=10" "Mozilla/5.0 (Windows NT 10.0; Win64; x64) AppleWebKit/537.36 (KHTML, like Gecko) Chrome/143.0.0.0 Safari/537.36"
208.122.222.39 - - [27/Jan/2026:05:17:19 -0500] "GET /public/index.php?path_info=incoming-mail/count-pending HTTP/1.1" 403 1215 "https://www.dowork.biz/public/index.php?path_info=projects%2F33%2Ftickets%2F11551&page=16" "Mozilla/5.0 (Windows NT 10.0; Win64; x64) AppleWebKit/537.36 (KHTML, like Gecko) Chrome/143.0.0.0 Safari/537.36"
216.180.246.128 - - [27/Jan/2026:05:17:26 -0500] "GET /doc/index.html HTTP/1.1" 404 276 "-" "'Mozilla/5.0 (compatible; GenomeCrawlerd/1.0; +https://www.nokia.com/genomecrawler)'"
216.180.246.128 - - [27/Jan/2026:05:17:38 -0500] "GET /doc/index.html HTTP/1.1" 404 276 "-" "'Mozilla/5.0 (compatible; GenomeCrawlerd/1.0; +https://www.nokia.com/genomecrawler)'"
112.206.69.145 - - [27/Jan/2026:05:17:45 -0500] "GET /public/index.php?path_info=refresh-session HTTP/1.1" 200 43 "https://www.dowork.biz/public/index.php?path_info=projects%2F33%2Ftickets" "Mozilla/5.0 (Windows NT 10.0; Win64; x64) AppleWebKit/537.36 (KHTML, like Gecko) Chrome/144.0.0.0 Safari/537.36"
216.180.246.128 - - [27/Jan/2026:05:17:49 -0500] "GET /remote/login HTTP/1.1" 404 274 "-" "'Mozilla/5.0 (compatible; GenomeCrawlerd/1.0; +https://www.nokia.com/genomecrawler)'"
143.44.184.33 - - [27/Jan/2026:05:18:00 -0500] "GET /public/index.php?path_info=incoming-mail/count-pending HTTP/1.1" 403 1215 "https://www.dowork.biz/public/index.php?path_info=projects%2F33%2Ftickets" "Mozilla/5.0 (Windows NT 10.0; Win64; x64) AppleWebKit/537.36 (KHTML, like Gecko) Chrome/144.0.0.0 Safari/537.36"
216.180.246.128 - - [27/Jan/2026:05:18:01 -0500] "GET /remote/login HTTP/1.1" 404 274 "-" "'Mozilla/5.0 (compatible; GenomeCrawlerd/1.0; +https://www.nokia.com/genomecrawler)'"
216.180.246.128 - - [27/Jan/2026:05:18:13 -0500] "GET //admin/login.asp HTTP/1.1" 404 277 "-" "'Mozilla/5.0 (compatible; GenomeCrawlerd/1.0; +https://www.nokia.com/genomecrawler)'"
208.122.222.38 - - [27/Jan/2026:05:18:15 -0500] "GET /public/index.php?path_info=incoming-mail/count-pending HTTP/1.1" 403 1215 "https://www.dowork.biz/public/index.php?path_info=projects%2F33%2Ftickets%2F12238&page=9" "Mozilla/5.0 (Windows NT 10.0; Win64; x64) AppleWebKit/537.36 (KHTML, like Gecko) Chrome/143.0.0.0 Safari/537.36"
208.122.222.38 - - [27/Jan/2026:05:18:15 -0500] "GET /public/index.php?path_info=refresh-session HTTP/1.1" 200 43 "https://www.dowork.biz/public/index.php?path_info=projects%2F33%2Ftickets%2F12704&page=8" "Mozilla/5.0 (Windows NT 10.0; Win64; x64) AppleWebKit/537.36 (KHTML, like Gecko) Chrome/143.0.0.0 Safari/537.36"
208.122.222.38 - - [27/Jan/2026:05:18:15 -0500] "GET /public/index.php?path_info=incoming-mail/count-pending HTTP/1.1" 403 1215 "https://www.dowork.biz/public/index.php?path_info=projects%2F33%2Ftickets%2F11440&page=12" "Mozilla/5.0 (Windows NT 10.0; Win64; x64) AppleWebKit/537.36 (KHTML, like Gecko) Chrome/143.0.0.0 Safari/537.36"
208.122.222.38 - - [27/Jan/2026:05:18:15 -0500] "GET /public/index.php?path_info=refresh-session HTTP/1.1" 200 43 "https://www.dowork.biz/public/index.php?path_info=projects%2F33%2Ftickets%2F11825&page=14" "Mozilla/5.0 (Windows NT 10.0; Win64; x64) AppleWebKit/537.36 (KHTML, like Gecko) Chrome/143.0.0.0 Safari/537.36"
208.122.222.38 - - [27/Jan/2026:05:18:15 -0500] "GET /public/index.php?path_info=incoming-mail/count-pending HTTP/1.1" 403 1215 "https://www.dowork.biz/public/index.php?path_info=projects%2F33%2Ftickets%2F12000&page=13" "Mozilla/5.0 (Windows NT 10.0; Win64; x64) AppleWebKit/537.36 (KHTML, like Gecko) Chrome/143.0.0.0 Safari/537.36"
208.122.222.38 - - [27/Jan/2026:05:18:15 -0500] "GET /public/index.php?path_info=refresh-session HTTP/1.1" 200 43 "https://www.dowork.biz/public/index.php?path_info=projects%2F33%2Ftickets%2F13044&page=5" "Mozilla/5.0 (Windows NT 10.0; Win64; x64) AppleWebKit/537.36 (KHTML, like Gecko) Chrome/143.0.0.0 Safari/537.36"
208.122.222.38 - - [27/Jan/2026:05:18:15 -0500] "GET /public/index.php?path_info=incoming-mail/count-pending HTTP/1.1" 403 1215 "https://www.dowork.biz/public/index.php?path_info=projects%2F33%2Ftickets%2F11799&page=15" "Mozilla/5.0 (Windows NT 10.0; Win64; x64) AppleWebKit/537.36 (KHTML, like Gecko) Chrome/143.0.0.0 Safari/537.36"
208.122.222.38 - - [27/Jan/2026:05:18:15 -0500] "GET /public/index.php?path_info=refresh-session HTTP/1.1" 200 43 "https://www.dowork.biz/public/index.php?path_info=projects%2F33%2Ftickets%2F13649&page=1" "Mozilla/5.0 (Windows NT 10.0; Win64; x64) AppleWebKit/537.36 (KHTML, like Gecko) Chrome/143.0.0.0 Safari/537.36"
208.122.222.38 - - [27/Jan/2026:05:18:15 -0500] "GET /public/index.php?path_info=incoming-mail/count-pending HTTP/1.1" 403 1215 "https://www.dowork.biz/public/index.php?path_info=projects%2F33%2Ftickets%2F11825&page=14" "Mozilla/5.0 (Windows NT 10.0; Win64; x64) AppleWebKit/537.36 (KHTML, like Gecko) Chrome/143.0.0.0 Safari/537.36"
208.122.222.38 - - [27/Jan/2026:05:18:16 -0500] "GET /public/index.php?path_info=incoming-mail/count-pending HTTP/1.1" 403 1215 "https://www.dowork.biz/public/index.php?path_info=projects%2F33%2Ftickets%2F13044&page=5" "Mozilla/5.0 (Windows NT 10.0; Win64; x64) AppleWebKit/537.36 (KHTML, like Gecko) Chrome/143.0.0.0 Safari/537.36"
208.122.222.38 - - [27/Jan/2026:05:18:16 -0500] "GET /public/index.php?path_info=incoming-mail/count-pending HTTP/1.1" 403 1215 "https://www.dowork.biz/public/index.php?path_info=projects%2F33%2Ftickets%2F13649&page=1" "Mozilla/5.0 (Windows NT 10.0; Win64; x64) AppleWebKit/537.36 (KHTML, like Gecko) Chrome/143.0.0.0 Safari/537.36"
208.122.222.39 - - [27/Jan/2026:05:18:18 -0500] "GET /public/index.php?path_info=incoming-mail/count-pending HTTP/1.1" 403 1215 "https://www.dowork.biz/public/index.php?path_info=projects%2F33%2Ftickets%2F13652&page=1" "Mozilla/5.0 (Windows NT 10.0; Win64; x64) AppleWebKit/537.36 (KHTML, like Gecko) Chrome/143.0.0.0 Safari/537.36"
208.122.222.39 - - [27/Jan/2026:05:18:19 -0500] "GET /public/index.php?path_info=incoming-mail/count-pending HTTP/1.1" 403 1215 "https://www.dowork.biz/public/index.php?path_info=projects%2F33%2Ftickets%2F11430&page=17" "Mozilla/5.0 (Windows NT 10.0; Win64; x64) AppleWebKit/537.36 (KHTML, like Gecko) Chrome/143.0.0.0 Safari/537.36"
208.122.222.39 - - [27/Jan/2026:05:18:19 -0500] "GET /public/index.php?path_info=incoming-mail/count-pending HTTP/1.1" 403 1215 "https://www.dowork.biz/public/index.php?path_info=projects%2F33%2Ftickets%2F11411&page=63" "Mozilla/5.0 (Windows NT 10.0; Win64; x64) AppleWebKit/537.36 (KHTML, like Gecko) Chrome/143.0.0.0 Safari/537.36"
208.122.222.39 - - [27/Jan/2026:05:18:19 -0500] "GET /public/index.php?path_info=incoming-mail/count-pending HTTP/1.1" 403 1215 "https://www.dowork.biz/public/index.php?path_info=projects%2F33%2Ftickets%2F13414&page=3" "Mozilla/5.0 (Windows NT 10.0; Win64; x64) AppleWebKit/537.36 (KHTML, like Gecko) Chrome/143.0.0.0 Safari/537.36"
143.44.184.33 - - [27/Jan/2026:05:18:25 -0500] "GET /public/index.php?path_info=incoming-mail/count-pending HTTP/1.1" 403 1215 "https://www.dowork.biz/public/index.php?path_info=projects%2F33%2Ftickets%2F13784&page=1" "Mozilla/5.0 (Windows NT 10.0; Win64; x64) AppleWebKit/537.36 (KHTML, like Gecko) Chrome/144.0.0.0 Safari/537.36"
216.180.246.128 - - [27/Jan/2026:05:18:34 -0500] "GET /web/ HTTP/1.1" 404 266 "-" "'Mozilla/5.0 (compatible; GenomeCrawlerd/1.0; +https://www.nokia.com/genomecrawler)'"
64.59.72.148 - - [27/Jan/2026:05:18:36 -0500] "GET /public HTTP/1.1" 301 301 "-" "check_http/v2.4.9 (nagios-plugins 2.4.9)"
64.59.72.148 - - [27/Jan/2026:05:18:36 -0500] "GET /public/ HTTP/1.1" 302 - "-" "check_http/v2.4.9 (nagios-plugins 2.4.9)"
64.59.72.148 - - [27/Jan/2026:05:18:36 -0500] "GET /public/index.php?path_info=login&re_route=homepage HTTP/1.1" 200 4304 "-" "check_http/v2.4.9 (nagios-plugins 2.4.9)"
216.180.246.128 - - [27/Jan/2026:05:18:46 -0500] "GET /web/ HTTP/1.1" 404 266 "-" "'Mozilla/5.0 (compatible; GenomeCrawlerd/1.0; +https://www.nokia.com/genomecrawler)'"
35.168.237.101 - - [27/Jan/2026:05:19:03 -0500] "GET / HTTP/1.1" 302 - "-" "Go-http-client/1.1"
35.168.237.101 - - [27/Jan/2026:05:19:03 -0500] "GET /public/index.php?path_info=login&re_route=homepage HTTP/1.1" 200 4304 "https://74.206.190.98" "Go-http-client/1.1"
216.180.246.128 - - [27/Jan/2026:05:19:08 -0500] "GET //webpages/login.html HTTP/1.1" 404 281 "-" "'Mozilla/5.0 (compatible; GenomeCrawlerd/1.0; +https://www.nokia.com/genomecrawler)'"
112.206.69.145 - - [27/Jan/2026:05:19:13 -0500] "GET /public/index.php?path_info=incoming-mail/count-pending HTTP/1.1" 403 1215 "https://www.dowork.biz/public/index.php?path_info=projects%2F33%2Ftickets%2F13578&page=2" "Mozilla/5.0 (Windows NT 10.0; Win64; x64) AppleWebKit/537.36 (KHTML, like Gecko) Chrome/144.0.0.0 Safari/537.36"
208.122.222.38 - - [27/Jan/2026:05:19:15 -0500] "GET /public/index.php?path_info=incoming-mail/count-pending HTTP/1.1" 403 1215 "https://www.dowork.biz/public/index.php?path_info=projects%2F33%2Ftickets%2F11824&page=15" "Mozilla/5.0 (Windows NT 10.0; Win64; x64) AppleWebKit/537.36 (KHTML, like Gecko) Chrome/143.0.0.0 Safari/537.36"
208.122.222.38 - - [27/Jan/2026:05:19:15 -0500] "GET /public/index.php?path_info=refresh-session HTTP/1.1" 200 43 "https://www.dowork.biz/public/index.php?path_info=projects%2F33%2Ftickets%2F13048&page=4" "Mozilla/5.0 (Windows NT 10.0; Win64; x64) AppleWebKit/537.36 (KHTML, like Gecko) Chrome/143.0.0.0 Safari/537.36"
208.122.222.38 - - [27/Jan/2026:05:19:15 -0500] "GET /public/index.php?path_info=incoming-mail/count-pending HTTP/1.1" 403 1215 "https://www.dowork.biz/public/index.php?path_info=projects%2F33%2Ftickets%2F11749&page=17" "Mozilla/5.0 (Windows NT 10.0; Win64; x64) AppleWebKit/537.36 (KHTML, like Gecko) Chrome/143.0.0.0 Safari/537.36"
208.122.222.38 - - [27/Jan/2026:05:19:15 -0500] "GET /public/index.php?path_info=refresh-session HTTP/1.1" 200 43 "https://www.dowork.biz/public/index.php?path_info=projects%2F33%2Ftickets%2F13580&page=1" "Mozilla/5.0 (Windows NT 10.0; Win64; x64) AppleWebKit/537.36 (KHTML, like Gecko) Chrome/143.0.0.0 Safari/537.36"
208.122.222.38 - - [27/Jan/2026:05:19:15 -0500] "GET /public/index.php?path_info=incoming-mail/count-pending HTTP/1.1" 403 1215 "https://www.dowork.biz/public/index.php?path_info=projects%2F33%2Ftickets%2F12704&page=8" "Mozilla/5.0 (Windows NT 10.0; Win64; x64) AppleWebKit/537.36 (KHTML, like Gecko) Chrome/143.0.0.0 Safari/537.36"
208.122.222.38 - - [27/Jan/2026:05:19:15 -0500] "GET /public/index.php?path_info=incoming-mail/count-pending HTTP/1.1" 403 1215 "https://www.dowork.biz/public/index.php?path_info=projects%2F33%2Ftickets%2F13580&page=1" "Mozilla/5.0 (Windows NT 10.0; Win64; x64) AppleWebKit/537.36 (KHTML, like Gecko) Chrome/143.0.0.0 Safari/537.36"
208.122.222.39 - - [27/Jan/2026:05:19:18 -0500] "GET /public/index.php?path_info=refresh-session HTTP/1.1" 200 43 "https://www.dowork.biz/public/index.php?path_info=projects%2F33%2Ftickets%2F13634&page=2" "Mozilla/5.0 (Windows NT 10.0; Win64; x64) AppleWebKit/537.36 (KHTML, like Gecko) Chrome/143.0.0.0 Safari/537.36"
208.122.222.39 - - [27/Jan/2026:05:19:18 -0500] "GET /public/index.php?path_info=incoming-mail/count-pending HTTP/1.1" 403 1215 "https://www.dowork.biz/public/index.php?path_info=projects%2F33%2Ftickets%2F13634&page=2" "Mozilla/5.0 (Windows NT 10.0; Win64; x64) AppleWebKit/537.36 (KHTML, like Gecko) Chrome/143.0.0.0 Safari/537.36"
208.122.222.39 - - [27/Jan/2026:05:19:19 -0500] "GET /public/index.php?path_info=refresh-session HTTP/1.1" 200 43 "https://www.dowork.biz/public/index.php?path_info=projects%2F33%2Ftickets%2F12777&page=2" "Mozilla/5.0 (Windows NT 10.0; Win64; x64) AppleWebKit/537.36 (KHTML, like Gecko) Chrome/143.0.0.0 Safari/537.36"
208.122.222.39 - - [27/Jan/2026:05:19:19 -0500] "GET /public/index.php?path_info=incoming-mail/count-pending HTTP/1.1" 403 1215 "https://www.dowork.biz/public/index.php?path_info=projects%2F33%2Ftickets%2F12777&page=2" "Mozilla/5.0 (Windows NT 10.0; Win64; x64) AppleWebKit/537.36 (KHTML, like Gecko) Chrome/143.0.0.0 Safari/537.36"
112.206.69.145 - - [27/Jan/2026:05:19:44 -0500] "GET /public/index.php?path_info=incoming-mail/count-pending HTTP/1.1" 403 1215 "https://www.dowork.biz/public/index.php?path_info=projects%2F33%2Ftickets" "Mozilla/5.0 (Windows NT 10.0; Win64; x64) AppleWebKit/537.36 (KHTML, like Gecko) Chrome/144.0.0.0 Safari/537.36"
112.206.69.145 - - [27/Jan/2026:05:19:45 -0500] "GET /public/index.php?path_info=incoming-mail/count-pending HTTP/1.1" 403 1215 "https://www.dowork.biz/public/index.php?path_info=projects%2F33%2Ftickets%2F12263&page=10" "Mozilla/5.0 (Windows NT 10.0; Win64; x64) AppleWebKit/537.36 (KHTML, like Gecko) Chrome/144.0.0.0 Safari/537.36"
143.44.184.33 - - [27/Jan/2026:05:20:00 -0500] "GET /public/index.php?path_info=incoming-mail/count-pending HTTP/1.1" 403 1215 "https://www.dowork.biz/public/index.php?path_info=projects%2F33%2Ftickets%2F13781" "Mozilla/5.0 (Windows NT 10.0; Win64; x64) AppleWebKit/537.36 (KHTML, like Gecko) Chrome/144.0.0.0 Safari/537.36"
208.122.222.38 - - [27/Jan/2026:05:20:15 -0500] "GET /public/index.php?path_info=refresh-session HTTP/1.1" 200 43 "https://www.dowork.biz/public/index.php?path_info=projects%2F33%2Ftickets%2F11411&page=63" "Mozilla/5.0 (Windows NT 10.0; Win64; x64) AppleWebKit/537.36 (KHTML, like Gecko) Chrome/143.0.0.0 Safari/537.36"
208.122.222.38 - - [27/Jan/2026:05:20:15 -0500] "GET /public/index.php?path_info=incoming-mail/count-pending HTTP/1.1" 403 1215 "https://www.dowork.biz/public/index.php?path_info=projects%2F33%2Ftickets%2F13048&page=4" "Mozilla/5.0 (Windows NT 10.0; Win64; x64) AppleWebKit/537.36 (KHTML, like Gecko) Chrome/143.0.0.0 Safari/537.36"
208.122.222.38 - - [27/Jan/2026:05:20:15 -0500] "GET /public/index.php?path_info=refresh-session HTTP/1.1" 200 43 "https://www.dowork.biz/public/index.php?path_info=projects%2F33%2Ftickets%2F11799&page=15" "Mozilla/5.0 (Windows NT 10.0; Win64; x64) AppleWebKit/537.36 (KHTML, like Gecko) Chrome/143.0.0.0 Safari/537.36"
208.122.222.38 - - [27/Jan/2026:05:20:16 -0500] "GET /public/index.php?path_info=incoming-mail/count-pending HTTP/1.1" 403 1215 "https://www.dowork.biz/public/index.php?path_info=projects%2F33%2Ftickets%2F11411&page=63" "Mozilla/5.0 (Windows NT 10.0; Win64; x64) AppleWebKit/537.36 (KHTML, like Gecko) Chrome/143.0.0.0 Safari/537.36"
208.122.222.39 - - [27/Jan/2026:05:20:18 -0500] "GET /public/index.php?path_info=refresh-session HTTP/1.1" 200 43 "https://www.dowork.biz/public/index.php?path_info=projects%2F33%2Ftickets%2F13579&page=2" "Mozilla/5.0 (Windows NT 10.0; Win64; x64) AppleWebKit/537.36 (KHTML, like Gecko) Chrome/143.0.0.0 Safari/537.36"
208.122.222.39 - - [27/Jan/2026:05:20:18 -0500] "GET /public/index.php?path_info=incoming-mail/count-pending HTTP/1.1" 403 1215 "https://www.dowork.biz/public/index.php?path_info=projects%2F33%2Ftickets%2F13579&page=2" "Mozilla/5.0 (Windows NT 10.0; Win64; x64) AppleWebKit/537.36 (KHTML, like Gecko) Chrome/143.0.0.0 Safari/537.36"
208.122.222.39 - - [27/Jan/2026:05:20:19 -0500] "GET /public/index.php?path_info=refresh-session HTTP/1.1" 200 43 "https://www.dowork.biz/public/index.php?path_info=projects%2F33%2Ftickets%2F13350&page=3" "Mozilla/5.0 (Windows NT 10.0; Win64; x64) AppleWebKit/537.36 (KHTML, like Gecko) Chrome/143.0.0.0 Safari/537.36"
208.122.222.39 - - [27/Jan/2026:05:20:19 -0500] "GET /public/index.php?path_info=incoming-mail/count-pending HTTP/1.1" 403 1215 "https://www.dowork.biz/public/index.php?path_info=projects%2F33%2Ftickets%2F13350&page=3" "Mozilla/5.0 (Windows NT 10.0; Win64; x64) AppleWebKit/537.36 (KHTML, like Gecko) Chrome/143.0.0.0 Safari/537.36"
208.122.222.39 - - [27/Jan/2026:05:20:19 -0500] "GET /public/index.php?path_info=refresh-session HTTP/1.1" 200 43 "https://www.dowork.biz/public/index.php?path_info=projects%2F33%2Ftickets%2F13330&page=3" "Mozilla/5.0 (Windows NT 10.0; Win64; x64) AppleWebKit/537.36 (KHTML, like Gecko) Chrome/143.0.0.0 Safari/537.36"
208.122.222.39 - - [27/Jan/2026:05:20:20 -0500] "GET /public/index.php?path_info=incoming-mail/count-pending HTTP/1.1" 403 1215 "https://www.dowork.biz/public/index.php?path_info=projects%2F33%2Ftickets%2F13330&page=3" "Mozilla/5.0 (Windows NT 10.0; Win64; x64) AppleWebKit/537.36 (KHTML, like Gecko) Chrome/143.0.0.0 Safari/537.36"
208.122.222.39 - - [27/Jan/2026:05:20:20 -0500] "GET /public/index.php?path_info=refresh-session HTTP/1.1" 200 43 "https://www.dowork.biz/public/index.php?path_info=projects%2F33%2Ftickets%2F11551&page=16" "Mozilla/5.0 (Windows NT 10.0; Win64; x64) AppleWebKit/537.36 (KHTML, like Gecko) Chrome/143.0.0.0 Safari/537.36"
208.122.222.39 - - [27/Jan/2026:05:20:20 -0500] "GET /public/index.php?path_info=incoming-mail/count-pending HTTP/1.1" 403 1215 "https://www.dowork.biz/public/index.php?path_info=projects%2F33%2Ftickets%2F11551&page=16" "Mozilla/5.0 (Windows NT 10.0; Win64; x64) AppleWebKit/537.36 (KHTML, like Gecko) Chrome/143.0.0.0 Safari/537.36"
208.122.222.39 - - [27/Jan/2026:05:20:21 -0500] "GET /public/index.php?path_info=refresh-session HTTP/1.1" 200 43 "https://www.dowork.biz/public/index.php?path_info=projects%2F33%2Ftickets%2F12316&page=10" "Mozilla/5.0 (Windows NT 10.0; Win64; x64) AppleWebKit/537.36 (KHTML, like Gecko) Chrome/143.0.0.0 Safari/537.36"
208.122.222.39 - - [27/Jan/2026:05:20:21 -0500] "GET /public/index.php?path_info=incoming-mail/count-pending HTTP/1.1" 403 1215 "https://www.dowork.biz/public/index.php?path_info=projects%2F33%2Ftickets%2F12316&page=10" "Mozilla/5.0 (Windows NT 10.0; Win64; x64) AppleWebKit/537.36 (KHTML, like Gecko) Chrome/143.0.0.0 Safari/537.36"
64.59.72.148 - - [27/Jan/2026:05:20:36 -0500] "GET /public HTTP/1.1" 301 301 "-" "check_http/v2.4.9 (nagios-plugins 2.4.9)"
64.59.72.148 - - [27/Jan/2026:05:20:36 -0500] "GET /public/ HTTP/1.1" 302 - "-" "check_http/v2.4.9 (nagios-plugins 2.4.9)"
64.59.72.148 - - [27/Jan/2026:05:20:36 -0500] "GET /public/index.php?path_info=login&re_route=homepage HTTP/1.1" 200 4304 "-" "check_http/v2.4.9 (nagios-plugins 2.4.9)"
143.44.184.33 - - [27/Jan/2026:05:20:59 -0500] "GET /public/index.php?path_info=incoming-mail/count-pending HTTP/1.1" 403 1215 "https://www.dowork.biz/public/index.php?path_info=projects%2F33%2Ftickets" "Mozilla/5.0 (Windows NT 10.0; Win64; x64) AppleWebKit/537.36 (KHTML, like Gecko) Chrome/144.0.0.0 Safari/537.36"
120.28.138.106 - - [27/Jan/2026:05:21:12 -0500] "GET /public/index.php?path_info=incoming-mail/count-pending HTTP/1.1" 403 1215 "https://www.dowork.biz/public/index.php?path_info=projects%2F33%2Ftickets%2F12707&page=7" "Mozilla/5.0 (Windows NT 10.0; Win64; x64) AppleWebKit/537.36 (KHTML, like Gecko) Chrome/144.0.0.0 Safari/537.36"
120.28.138.106 - - [27/Jan/2026:05:21:12 -0500] "GET /public/index.php?path_info=refresh-session HTTP/1.1" 200 43 "https://www.dowork.biz/public/index.php?path_info=projects%2F33%2Ftickets%2F12707&page=7" "Mozilla/5.0 (Windows NT 10.0; Win64; x64) AppleWebKit/537.36 (KHTML, like Gecko) Chrome/144.0.0.0 Safari/537.36"
208.122.222.38 - - [27/Jan/2026:05:21:15 -0500] "GET /public/index.php?path_info=incoming-mail/count-pending HTTP/1.1" 403 1215 "https://www.dowork.biz/public/index.php?path_info=projects%2F33%2Ftickets%2F11799&page=15" "Mozilla/5.0 (Windows NT 10.0; Win64; x64) AppleWebKit/537.36 (KHTML, like Gecko) Chrome/143.0.0.0 Safari/537.36"
208.122.222.38 - - [27/Jan/2026:05:21:15 -0500] "GET /public/index.php?path_info=refresh-session HTTP/1.1" 200 43 "https://www.dowork.biz/public/index.php?path_info=projects%2F33%2Ftickets%2F11824&page=15" "Mozilla/5.0 (Windows NT 10.0; Win64; x64) AppleWebKit/537.36 (KHTML, like Gecko) Chrome/143.0.0.0 Safari/537.36"
208.122.222.38 - - [27/Jan/2026:05:21:15 -0500] "GET /public/index.php?path_info=incoming-mail/count-pending HTTP/1.1" 403 1215 "https://www.dowork.biz/public/index.php?path_info=projects%2F33%2Ftickets%2F11825&page=14" "Mozilla/5.0 (Windows NT 10.0; Win64; x64) AppleWebKit/537.36 (KHTML, like Gecko) Chrome/143.0.0.0 Safari/537.36"
208.122.222.38 - - [27/Jan/2026:05:21:15 -0500] "GET /public/index.php?path_info=refresh-session HTTP/1.1" 200 43 "https://www.dowork.biz/public/index.php?path_info=projects%2F33%2Ftickets%2F11749&page=17" "Mozilla/5.0 (Windows NT 10.0; Win64; x64) AppleWebKit/537.36 (KHTML, like Gecko) Chrome/143.0.0.0 Safari/537.36"
208.122.222.38 - - [27/Jan/2026:05:21:15 -0500] "GET /public/index.php?path_info=incoming-mail/count-pending HTTP/1.1" 403 1215 "https://www.dowork.biz/public/index.php?path_info=projects%2F33%2Ftickets%2F12238&page=9" "Mozilla/5.0 (Windows NT 10.0; Win64; x64) AppleWebKit/537.36 (KHTML, like Gecko) Chrome/143.0.0.0 Safari/537.36"
208.122.222.38 - - [27/Jan/2026:05:21:15 -0500] "GET /public/index.php?path_info=refresh-session HTTP/1.1" 200 43 "https://www.dowork.biz/public/index.php?path_info=projects%2F33%2Ftickets%2F11440&page=12" "Mozilla/5.0 (Windows NT 10.0; Win64; x64) AppleWebKit/537.36 (KHTML, like Gecko) Chrome/143.0.0.0 Safari/537.36"
208.122.222.38 - - [27/Jan/2026:05:21:15 -0500] "GET /public/index.php?path_info=incoming-mail/count-pending HTTP/1.1" 403 1215 "https://www.dowork.biz/public/index.php?path_info=projects%2F33%2Ftickets%2F13044&page=5" "Mozilla/5.0 (Windows NT 10.0; Win64; x64) AppleWebKit/537.36 (KHTML, like Gecko) Chrome/143.0.0.0 Safari/537.36"
208.122.222.38 - - [27/Jan/2026:05:21:16 -0500] "GET /public/index.php?path_info=incoming-mail/count-pending HTTP/1.1" 403 1215 "https://www.dowork.biz/public/index.php?path_info=projects%2F33%2Ftickets%2F13649&page=1" "Mozilla/5.0 (Windows NT 10.0; Win64; x64) AppleWebKit/537.36 (KHTML, like Gecko) Chrome/143.0.0.0 Safari/537.36"
208.122.222.38 - - [27/Jan/2026:05:21:16 -0500] "GET /public/index.php?path_info=incoming-mail/count-pending HTTP/1.1" 403 1215 "https://www.dowork.biz/public/index.php?path_info=projects%2F33%2Ftickets%2F12000&page=13" "Mozilla/5.0 (Windows NT 10.0; Win64; x64) AppleWebKit/537.36 (KHTML, like Gecko) Chrome/143.0.0.0 Safari/537.36"
208.122.222.38 - - [27/Jan/2026:05:21:16 -0500] "GET /public/index.php?path_info=incoming-mail/count-pending HTTP/1.1" 403 1215 "https://www.dowork.biz/public/index.php?path_info=projects%2F33%2Ftickets%2F11440&page=12" "Mozilla/5.0 (Windows NT 10.0; Win64; x64) AppleWebKit/537.36 (KHTML, like Gecko) Chrome/143.0.0.0 Safari/537.36"
208.122.222.39 - - [27/Jan/2026:05:21:18 -0500] "GET /public/index.php?path_info=refresh-session HTTP/1.1" 200 43 "https://www.dowork.biz/public/index.php?path_info=projects%2F33%2Ftickets%2F11430&page=17" "Mozilla/5.0 (Windows NT 10.0; Win64; x64) AppleWebKit/537.36 (KHTML, like Gecko) Chrome/143.0.0.0 Safari/537.36"
208.122.222.39 - - [27/Jan/2026:05:21:18 -0500] "GET /public/index.php?path_info=incoming-mail/count-pending HTTP/1.1" 403 1215 "https://www.dowork.biz/public/index.php?path_info=projects%2F33%2Ftickets%2F11430&page=17" "Mozilla/5.0 (Windows NT 10.0; Win64; x64) AppleWebKit/537.36 (KHTML, like Gecko) Chrome/143.0.0.0 Safari/537.36"
208.122.222.39 - - [27/Jan/2026:05:21:19 -0500] "GET /public/index.php?path_info=refresh-session HTTP/1.1" 200 43 "https://www.dowork.biz/public/index.php?path_info=projects%2F33%2Ftickets%2F13652&page=1" "Mozilla/5.0 (Windows NT 10.0; Win64; x64) AppleWebKit/537.36 (KHTML, like Gecko) Chrome/143.0.0.0 Safari/537.36"
208.122.222.39 - - [27/Jan/2026:05:21:19 -0500] "GET /public/index.php?path_info=incoming-mail/count-pending HTTP/1.1" 403 1215 "https://www.dowork.biz/public/index.php?path_info=projects%2F33%2Ftickets%2F13652&page=1" "Mozilla/5.0 (Windows NT 10.0; Win64; x64) AppleWebKit/537.36 (KHTML, like Gecko) Chrome/143.0.0.0 Safari/537.36"
208.122.222.39 - - [27/Jan/2026:05:21:19 -0500] "GET /public/index.php?path_info=refresh-session HTTP/1.1" 200 43 "https://www.dowork.biz/public/index.php?path_info=projects%2F33%2Ftickets%2F11411&page=63" "Mozilla/5.0 (Windows NT 10.0; Win64; x64) AppleWebKit/537.36 (KHTML, like Gecko) Chrome/143.0.0.0 Safari/537.36"
208.122.222.39 - - [27/Jan/2026:05:21:19 -0500] "GET /public/index.php?path_info=incoming-mail/count-pending HTTP/1.1" 403 1215 "https://www.dowork.biz/public/index.php?path_info=projects%2F33%2Ftickets%2F11411&page=63" "Mozilla/5.0 (Windows NT 10.0; Win64; x64) AppleWebKit/537.36 (KHTML, like Gecko) Chrome/143.0.0.0 Safari/537.36"
208.122.222.39 - - [27/Jan/2026:05:21:19 -0500] "GET /public/index.php?path_info=refresh-session HTTP/1.1" 200 43 "https://www.dowork.biz/public/index.php?path_info=projects%2F33%2Ftickets%2F13414&page=3" "Mozilla/5.0 (Windows NT 10.0; Win64; x64) AppleWebKit/537.36 (KHTML, like Gecko) Chrome/143.0.0.0 Safari/537.36"
208.122.222.39 - - [27/Jan/2026:05:21:19 -0500] "GET /public/index.php?path_info=incoming-mail/count-pending HTTP/1.1" 403 1215 "https://www.dowork.biz/public/index.php?path_info=projects%2F33%2Ftickets%2F13414&page=3" "Mozilla/5.0 (Windows NT 10.0; Win64; x64) AppleWebKit/537.36 (KHTML, like Gecko) Chrome/143.0.0.0 Safari/537.36"
143.44.184.33 - - [27/Jan/2026:05:21:25 -0500] "GET /public/index.php?path_info=refresh-session HTTP/1.1" 200 43 "https://www.dowork.biz/public/index.php?path_info=projects%2F33%2Ftickets%2F13784&page=1" "Mozilla/5.0 (Windows NT 10.0; Win64; x64) AppleWebKit/537.36 (KHTML, like Gecko) Chrome/144.0.0.0 Safari/537.36"
143.44.184.33 - - [27/Jan/2026:05:21:25 -0500] "GET /public/index.php?path_info=incoming-mail/count-pending HTTP/1.1" 403 1215 "https://www.dowork.biz/public/index.php?path_info=projects%2F33%2Ftickets%2F13784&page=1" "Mozilla/5.0 (Windows NT 10.0; Win64; x64) AppleWebKit/537.36 (KHTML, like Gecko) Chrome/144.0.0.0 Safari/537.36"
112.203.52.168 - - [27/Jan/2026:05:21:28 -0500] "GET /public/index.php?path_info=incoming-mail/count-pending HTTP/1.1" 403 1215 "https://www.dowork.biz/public/index.php?path_info=projects%2F33%2Ftickets%2F12707&page=7" "Mozilla/5.0 (Windows NT 10.0; Win64; x64) AppleWebKit/537.36 (KHTML, like Gecko) Chrome/144.0.0.0 Safari/537.36"
112.206.69.145 - - [27/Jan/2026:05:21:45 -0500] "GET /public/index.php?path_info=refresh-session HTTP/1.1" 200 43 "https://www.dowork.biz/public/index.php?path_info=projects%2F33%2Ftickets%2F12263&page=10" "Mozilla/5.0 (Windows NT 10.0; Win64; x64) AppleWebKit/537.36 (KHTML, like Gecko) Chrome/144.0.0.0 Safari/537.36"
143.44.184.33 - - [27/Jan/2026:05:22:00 -0500] "GET /public/index.php?path_info=refresh-session HTTP/1.1" 200 43 "https://www.dowork.biz/public/index.php?path_info=projects%2F33%2Ftickets%2F13781" "Mozilla/5.0 (Windows NT 10.0; Win64; x64) AppleWebKit/537.36 (KHTML, like Gecko) Chrome/144.0.0.0 Safari/537.36"
143.44.184.33 - - [27/Jan/2026:05:22:00 -0500] "GET /public/index.php?path_info=refresh-session HTTP/1.1" 200 43 "https://www.dowork.biz/public/index.php?path_info=projects%2F33%2Ftickets" "Mozilla/5.0 (Windows NT 10.0; Win64; x64) AppleWebKit/537.36 (KHTML, like Gecko) Chrome/144.0.0.0 Safari/537.36"
112.206.69.145 - - [27/Jan/2026:05:22:12 -0500] "GET /public/index.php?path_info=refresh-session HTTP/1.1" 200 43 "https://www.dowork.biz/public/index.php?path_info=projects%2F33%2Ftickets%2F13578&page=2" "Mozilla/5.0 (Windows NT 10.0; Win64; x64) AppleWebKit/537.36 (KHTML, like Gecko) Chrome/144.0.0.0 Safari/537.36"
112.206.69.145 - - [27/Jan/2026:05:22:13 -0500] "GET /public/index.php?path_info=incoming-mail/count-pending HTTP/1.1" 403 1215 "https://www.dowork.biz/public/index.php?path_info=projects%2F33%2Ftickets%2F13578&page=2" "Mozilla/5.0 (Windows NT 10.0; Win64; x64) AppleWebKit/537.36 (KHTML, like Gecko) Chrome/144.0.0.0 Safari/537.36"
208.122.222.38 - - [27/Jan/2026:05:22:15 -0500] "GET /public/index.php?path_info=incoming-mail/count-pending HTTP/1.1" 403 1215 "https://www.dowork.biz/public/index.php?path_info=projects%2F33%2Ftickets%2F11824&page=15" "Mozilla/5.0 (Windows NT 10.0; Win64; x64) AppleWebKit/537.36 (KHTML, like Gecko) Chrome/143.0.0.0 Safari/537.36"
208.122.222.38 - - [27/Jan/2026:05:22:15 -0500] "GET /public/index.php?path_info=refresh-session HTTP/1.1" 200 43 "https://www.dowork.biz/public/index.php?path_info=projects%2F33%2Ftickets%2F12238&page=9" "Mozilla/5.0 (Windows NT 10.0; Win64; x64) AppleWebKit/537.36 (KHTML, like Gecko) Chrome/143.0.0.0 Safari/537.36"
208.122.222.38 - - [27/Jan/2026:05:22:15 -0500] "GET /public/index.php?path_info=incoming-mail/count-pending HTTP/1.1" 403 1215 "https://www.dowork.biz/public/index.php?path_info=projects%2F33%2Ftickets%2F13580&page=1" "Mozilla/5.0 (Windows NT 10.0; Win64; x64) AppleWebKit/537.36 (KHTML, like Gecko) Chrome/143.0.0.0 Safari/537.36"
208.122.222.38 - - [27/Jan/2026:05:22:15 -0500] "GET /public/index.php?path_info=refresh-session HTTP/1.1" 200 43 "https://www.dowork.biz/public/index.php?path_info=projects%2F33%2Ftickets%2F12000&page=13" "Mozilla/5.0 (Windows NT 10.0; Win64; x64) AppleWebKit/537.36 (KHTML, like Gecko) Chrome/143.0.0.0 Safari/537.36"
208.122.222.38 - - [27/Jan/2026:05:22:15 -0500] "GET /public/index.php?path_info=incoming-mail/count-pending HTTP/1.1" 403 1215 "https://www.dowork.biz/public/index.php?path_info=projects%2F33%2Ftickets%2F11749&page=17" "Mozilla/5.0 (Windows NT 10.0; Win64; x64) AppleWebKit/537.36 (KHTML, like Gecko) Chrome/143.0.0.0 Safari/537.36"
208.122.222.38 - - [27/Jan/2026:05:22:15 -0500] "GET /public/index.php?path_info=incoming-mail/count-pending HTTP/1.1" 403 1215 "https://www.dowork.biz/public/index.php?path_info=projects%2F33%2Ftickets%2F12704&page=8" "Mozilla/5.0 (Windows NT 10.0; Win64; x64) AppleWebKit/537.36 (KHTML, like Gecko) Chrome/143.0.0.0 Safari/537.36"
208.122.222.39 - - [27/Jan/2026:05:22:18 -0500] "GET /public/index.php?path_info=incoming-mail/count-pending HTTP/1.1" 403 1215 "https://www.dowork.biz/public/index.php?path_info=projects%2F33%2Ftickets%2F13634&page=2" "Mozilla/5.0 (Windows NT 10.0; Win64; x64) AppleWebKit/537.36 (KHTML, like Gecko) Chrome/143.0.0.0 Safari/537.36"
208.122.222.39 - - [27/Jan/2026:05:22:19 -0500] "GET /public/index.php?path_info=incoming-mail/count-pending HTTP/1.1" 403 1215 "https://www.dowork.biz/public/index.php?path_info=projects%2F33%2Ftickets%2F12777&page=2" "Mozilla/5.0 (Windows NT 10.0; Win64; x64) AppleWebKit/537.36 (KHTML, like Gecko) Chrome/143.0.0.0 Safari/537.36"
64.59.72.148 - - [27/Jan/2026:05:22:36 -0500] "GET /public HTTP/1.1" 301 301 "-" "check_http/v2.4.9 (nagios-plugins 2.4.9)"
64.59.72.148 - - [27/Jan/2026:05:22:36 -0500] "GET /public/ HTTP/1.1" 302 - "-" "check_http/v2.4.9 (nagios-plugins 2.4.9)"
64.59.72.148 - - [27/Jan/2026:05:22:36 -0500] "GET /public/index.php?path_info=login&re_route=homepage HTTP/1.1" 200 4304 "-" "check_http/v2.4.9 (nagios-plugins 2.4.9)"
112.206.69.145 - - [27/Jan/2026:05:22:44 -0500] "GET /public/index.php?path_info=refresh-session HTTP/1.1" 200 43 "https://www.dowork.biz/public/index.php?path_info=projects%2F33%2Ftickets" "Mozilla/5.0 (Windows NT 10.0; Win64; x64) AppleWebKit/537.36 (KHTML, like Gecko) Chrome/144.0.0.0 Safari/537.36"
112.206.69.145 - - [27/Jan/2026:05:22:44 -0500] "GET /public/index.php?path_info=incoming-mail/count-pending HTTP/1.1" 403 1215 "https://www.dowork.biz/public/index.php?path_info=projects%2F33%2Ftickets%2F12263&page=10" "Mozilla/5.0 (Windows NT 10.0; Win64; x64) AppleWebKit/537.36 (KHTML, like Gecko) Chrome/144.0.0.0 Safari/537.36"
112.206.69.145 - - [27/Jan/2026:05:22:45 -0500] "GET /public/index.php?path_info=incoming-mail/count-pending HTTP/1.1" 403 1215 "https://www.dowork.biz/public/index.php?path_info=projects%2F33%2Ftickets" "Mozilla/5.0 (Windows NT 10.0; Win64; x64) AppleWebKit/537.36 (KHTML, like Gecko) Chrome/144.0.0.0 Safari/537.36"
143.44.184.33 - - [27/Jan/2026:05:23:00 -0500] "GET /public/index.php?path_info=incoming-mail/count-pending HTTP/1.1" 403 1215 "https://www.dowork.biz/public/index.php?path_info=projects%2F33%2Ftickets%2F13781" "Mozilla/5.0 (Windows NT 10.0; Win64; x64) AppleWebKit/537.36 (KHTML, like Gecko) Chrome/144.0.0.0 Safari/537.36"
208.122.222.38 - - [27/Jan/2026:05:23:15 -0500] "GET /public/index.php?path_info=refresh-session HTTP/1.1" 200 43 "https://www.dowork.biz/public/index.php?path_info=projects%2F33%2Ftickets%2F11825&page=14" "Mozilla/5.0 (Windows NT 10.0; Win64; x64) AppleWebKit/537.36 (KHTML, like Gecko) Chrome/143.0.0.0 Safari/537.36"
208.122.222.38 - - [27/Jan/2026:05:23:15 -0500] "GET /public/index.php?path_info=incoming-mail/count-pending HTTP/1.1" 403 1215 "https://www.dowork.biz/public/index.php?path_info=projects%2F33%2Ftickets%2F11411&page=63" "Mozilla/5.0 (Windows NT 10.0; Win64; x64) AppleWebKit/537.36 (KHTML, like Gecko) Chrome/143.0.0.0 Safari/537.36"
208.122.222.38 - - [27/Jan/2026:05:23:15 -0500] "GET /public/index.php?path_info=refresh-session HTTP/1.1" 200 43 "https://www.dowork.biz/public/index.php?path_info=projects%2F33%2Ftickets%2F13044&page=5" "Mozilla/5.0 (Windows NT 10.0; Win64; x64) AppleWebKit/537.36 (KHTML, like Gecko) Chrome/143.0.0.0 Safari/537.36"
208.122.222.38 - - [27/Jan/2026:05:23:15 -0500] "GET /public/index.php?path_info=incoming-mail/count-pending HTTP/1.1" 403 1215 "https://www.dowork.biz/public/index.php?path_info=projects%2F33%2Ftickets%2F13048&page=4" "Mozilla/5.0 (Windows NT 10.0; Win64; x64) AppleWebKit/537.36 (KHTML, like Gecko) Chrome/143.0.0.0 Safari/537.36"
208.122.222.38 - - [27/Jan/2026:05:23:15 -0500] "GET /public/index.php?path_info=refresh-session HTTP/1.1" 200 43 "https://www.dowork.biz/public/index.php?path_info=projects%2F33%2Ftickets%2F13649&page=1" "Mozilla/5.0 (Windows NT 10.0; Win64; x64) AppleWebKit/537.36 (KHTML, like Gecko) Chrome/143.0.0.0 Safari/537.36"
208.122.222.38 - - [27/Jan/2026:05:23:15 -0500] "GET /public/index.php?path_info=refresh-session HTTP/1.1" 200 43 "https://www.dowork.biz/public/index.php?path_info=projects%2F33%2Ftickets%2F12704&page=8" "Mozilla/5.0 (Windows NT 10.0; Win64; x64) AppleWebKit/537.36 (KHTML, like Gecko) Chrome/143.0.0.0 Safari/537.36"
208.122.222.39 - - [27/Jan/2026:05:23:18 -0500] "GET /public/index.php?path_info=incoming-mail/count-pending HTTP/1.1" 403 1215 "https://www.dowork.biz/public/index.php?path_info=projects%2F33%2Ftickets%2F13579&page=2" "Mozilla/5.0 (Windows NT 10.0; Win64; x64) AppleWebKit/537.36 (KHTML, like Gecko) Chrome/143.0.0.0 Safari/537.36"
208.122.222.39 - - [27/Jan/2026:05:23:19 -0500] "GET /public/index.php?path_info=incoming-mail/count-pending HTTP/1.1" 403 1215 "https://www.dowork.biz/public/index.php?path_info=projects%2F33%2Ftickets%2F13330&page=3" "Mozilla/5.0 (Windows NT 10.0; Win64; x64) AppleWebKit/537.36 (KHTML, like Gecko) Chrome/143.0.0.0 Safari/537.36"
208.122.222.39 - - [27/Jan/2026:05:23:19 -0500] "GET /public/index.php?path_info=incoming-mail/count-pending HTTP/1.1" 403 1215 "https://www.dowork.biz/public/index.php?path_info=projects%2F33%2Ftickets%2F13350&page=3" "Mozilla/5.0 (Windows NT 10.0; Win64; x64) AppleWebKit/537.36 (KHTML, like Gecko) Chrome/143.0.0.0 Safari/537.36"
208.122.222.39 - - [27/Jan/2026:05:23:19 -0500] "GET /public/index.php?path_info=incoming-mail/count-pending HTTP/1.1" 403 1215 "https://www.dowork.biz/public/index.php?path_info=projects%2F33%2Ftickets%2F11551&page=16" "Mozilla/5.0 (Windows NT 10.0; Win64; x64) AppleWebKit/537.36 (KHTML, like Gecko) Chrome/143.0.0.0 Safari/537.36"
208.122.222.39 - - [27/Jan/2026:05:23:19 -0500] "GET /public/index.php?path_info=incoming-mail/count-pending HTTP/1.1" 403 1215 "https://www.dowork.biz/public/index.php?path_info=projects%2F33%2Ftickets%2F12316&page=10" "Mozilla/5.0 (Windows NT 10.0; Win64; x64) AppleWebKit/537.36 (KHTML, like Gecko) Chrome/143.0.0.0 Safari/537.36"
143.44.184.33 - - [27/Jan/2026:05:23:59 -0500] "GET /public/index.php?path_info=incoming-mail/count-pending HTTP/1.1" 403 1215 "https://www.dowork.biz/public/index.php?path_info=projects%2F33%2Ftickets" "Mozilla/5.0 (Windows NT 10.0; Win64; x64) AppleWebKit/537.36 (KHTML, like Gecko) Chrome/144.0.0.0 Safari/537.36"
208.122.222.38 - - [27/Jan/2026:05:24:15 -0500] "GET /public/index.php?path_info=incoming-mail/count-pending HTTP/1.1" 403 1215 "https://www.dowork.biz/public/index.php?path_info=projects%2F33%2Ftickets%2F11440&page=12" "Mozilla/5.0 (Windows NT 10.0; Win64; x64) AppleWebKit/537.36 (KHTML, like Gecko) Chrome/143.0.0.0 Safari/537.36"
208.122.222.38 - - [27/Jan/2026:05:24:15 -0500] "GET /public/index.php?path_info=refresh-session HTTP/1.1" 200 43 "https://www.dowork.biz/public/index.php?path_info=projects%2F33%2Ftickets%2F13048&page=4" "Mozilla/5.0 (Windows NT 10.0; Win64; x64) AppleWebKit/537.36 (KHTML, like Gecko) Chrome/143.0.0.0 Safari/537.36"
208.122.222.38 - - [27/Jan/2026:05:24:15 -0500] "GET /public/index.php?path_info=incoming-mail/count-pending HTTP/1.1" 403 1215 "https://www.dowork.biz/public/index.php?path_info=projects%2F33%2Ftickets%2F11799&page=15" "Mozilla/5.0 (Windows NT 10.0; Win64; x64) AppleWebKit/537.36 (KHTML, like Gecko) Chrome/143.0.0.0 Safari/537.36"
208.122.222.38 - - [27/Jan/2026:05:24:15 -0500] "GET /public/index.php?path_info=refresh-session HTTP/1.1" 200 43 "https://www.dowork.biz/public/index.php?path_info=projects%2F33%2Ftickets%2F13580&page=1" "Mozilla/5.0 (Windows NT 10.0; Win64; x64) AppleWebKit/537.36 (KHTML, like Gecko) Chrome/143.0.0.0 Safari/537.36"
208.122.222.38 - - [27/Jan/2026:05:24:15 -0500] "GET /public/index.php?path_info=incoming-mail/count-pending HTTP/1.1" 403 1215 "https://www.dowork.biz/public/index.php?path_info=projects%2F33%2Ftickets%2F12238&page=9" "Mozilla/5.0 (Windows NT 10.0; Win64; x64) AppleWebKit/537.36 (KHTML, like Gecko) Chrome/143.0.0.0 Safari/537.36"
208.122.222.38 - - [27/Jan/2026:05:24:15 -0500] "GET /public/index.php?path_info=incoming-mail/count-pending HTTP/1.1" 403 1215 "https://www.dowork.biz/public/index.php?path_info=projects%2F33%2Ftickets%2F11825&page=14" "Mozilla/5.0 (Windows NT 10.0; Win64; x64) AppleWebKit/537.36 (KHTML, like Gecko) Chrome/143.0.0.0 Safari/537.36"
208.122.222.38 - - [27/Jan/2026:05:24:15 -0500] "GET /public/index.php?path_info=incoming-mail/count-pending HTTP/1.1" 403 1215 "https://www.dowork.biz/public/index.php?path_info=projects%2F33%2Ftickets%2F13044&page=5" "Mozilla/5.0 (Windows NT 10.0; Win64; x64) AppleWebKit/537.36 (KHTML, like Gecko) Chrome/143.0.0.0 Safari/537.36"
208.122.222.38 - - [27/Jan/2026:05:24:16 -0500] "GET /public/index.php?path_info=incoming-mail/count-pending HTTP/1.1" 403 1215 "https://www.dowork.biz/public/index.php?path_info=projects%2F33%2Ftickets%2F12000&page=13" "Mozilla/5.0 (Windows NT 10.0; Win64; x64) AppleWebKit/537.36 (KHTML, like Gecko) Chrome/143.0.0.0 Safari/537.36"
208.122.222.38 - - [27/Jan/2026:05:24:16 -0500] "GET /public/index.php?path_info=incoming-mail/count-pending HTTP/1.1" 403 1215 "https://www.dowork.biz/public/index.php?path_info=projects%2F33%2Ftickets%2F13649&page=1" "Mozilla/5.0 (Windows NT 10.0; Win64; x64) AppleWebKit/537.36 (KHTML, like Gecko) Chrome/143.0.0.0 Safari/537.36"
208.122.222.39 - - [27/Jan/2026:05:24:18 -0500] "GET /public/index.php?path_info=incoming-mail/count-pending HTTP/1.1" 403 1215 "https://www.dowork.biz/public/index.php?path_info=projects%2F33%2Ftickets%2F11430&page=17" "Mozilla/5.0 (Windows NT 10.0; Win64; x64) AppleWebKit/537.36 (KHTML, like Gecko) Chrome/143.0.0.0 Safari/537.36"
208.122.222.39 - - [27/Jan/2026:05:24:18 -0500] "GET /public/index.php?path_info=refresh-session HTTP/1.1" 200 43 "https://www.dowork.biz/public/index.php?path_info=projects%2F33%2Ftickets%2F13634&page=2" "Mozilla/5.0 (Windows NT 10.0; Win64; x64) AppleWebKit/537.36 (KHTML, like Gecko) Chrome/143.0.0.0 Safari/537.36"
208.122.222.39 - - [27/Jan/2026:05:24:19 -0500] "GET /public/index.php?path_info=incoming-mail/count-pending HTTP/1.1" 403 1215 "https://www.dowork.biz/public/index.php?path_info=projects%2F33%2Ftickets%2F13652&page=1" "Mozilla/5.0 (Windows NT 10.0; Win64; x64) AppleWebKit/537.36 (KHTML, like Gecko) Chrome/143.0.0.0 Safari/537.36"
208.122.222.39 - - [27/Jan/2026:05:24:19 -0500] "GET /public/index.php?path_info=refresh-session HTTP/1.1" 200 43 "https://www.dowork.biz/public/index.php?path_info=projects%2F33%2Ftickets%2F12777&page=2" "Mozilla/5.0 (Windows NT 10.0; Win64; x64) AppleWebKit/537.36 (KHTML, like Gecko) Chrome/143.0.0.0 Safari/537.36"
208.122.222.39 - - [27/Jan/2026:05:24:19 -0500] "GET /public/index.php?path_info=incoming-mail/count-pending HTTP/1.1" 403 1215 "https://www.dowork.biz/public/index.php?path_info=projects%2F33%2Ftickets%2F13414&page=3" "Mozilla/5.0 (Windows NT 10.0; Win64; x64) AppleWebKit/537.36 (KHTML, like Gecko) Chrome/143.0.0.0 Safari/537.36"
208.122.222.39 - - [27/Jan/2026:05:24:19 -0500] "GET /public/index.php?path_info=incoming-mail/count-pending HTTP/1.1" 403 1215 "https://www.dowork.biz/public/index.php?path_info=projects%2F33%2Ftickets%2F11411&page=63" "Mozilla/5.0 (Windows NT 10.0; Win64; x64) AppleWebKit/537.36 (KHTML, like Gecko) Chrome/143.0.0.0 Safari/537.36"
120.28.138.106 - - [27/Jan/2026:05:24:29 -0500] "GET /public/index.php?path_info=incoming-mail/count-pending HTTP/1.1" 403 1215 "https://www.dowork.biz/public/index.php?path_info=projects%2F33%2Ftickets%2F12707&page=7" "Mozilla/5.0 (Windows NT 10.0; Win64; x64) AppleWebKit/537.36 (KHTML, like Gecko) Chrome/144.0.0.0 Safari/537.36"
64.59.72.148 - - [27/Jan/2026:05:24:36 -0500] "GET /public HTTP/1.1" 301 301 "-" "check_http/v2.4.9 (nagios-plugins 2.4.9)"
64.59.72.148 - - [27/Jan/2026:05:24:36 -0500] "GET /public/ HTTP/1.1" 302 - "-" "check_http/v2.4.9 (nagios-plugins 2.4.9)"
64.59.72.148 - - [27/Jan/2026:05:24:36 -0500] "GET /public/index.php?path_info=login&re_route=homepage HTTP/1.1" 200 4304 "-" "check_http/v2.4.9 (nagios-plugins 2.4.9)"
112.206.69.145 - - [27/Jan/2026:05:25:13 -0500] "GET /public/index.php?path_info=incoming-mail/count-pending HTTP/1.1" 403 1215 "https://www.dowork.biz/public/index.php?path_info=projects%2F33%2Ftickets%2F13578&page=2" "Mozilla/5.0 (Windows NT 10.0; Win64; x64) AppleWebKit/537.36 (KHTML, like Gecko) Chrome/144.0.0.0 Safari/537.36"
208.122.222.38 - - [27/Jan/2026:05:25:15 -0500] "GET /public/index.php?path_info=refresh-session HTTP/1.1" 200 43 "https://www.dowork.biz/public/index.php?path_info=projects%2F33%2Ftickets%2F11411&page=63" "Mozilla/5.0 (Windows NT 10.0; Win64; x64) AppleWebKit/537.36 (KHTML, like Gecko) Chrome/143.0.0.0 Safari/537.36"
208.122.222.38 - - [27/Jan/2026:05:25:15 -0500] "GET /public/index.php?path_info=incoming-mail/count-pending HTTP/1.1" 403 1215 "https://www.dowork.biz/public/index.php?path_info=projects%2F33%2Ftickets%2F11749&page=17" "Mozilla/5.0 (Windows NT 10.0; Win64; x64) AppleWebKit/537.36 (KHTML, like Gecko) Chrome/143.0.0.0 Safari/537.36"
208.122.222.38 - - [27/Jan/2026:05:25:15 -0500] "GET /public/index.php?path_info=refresh-session HTTP/1.1" 200 43 "https://www.dowork.biz/public/index.php?path_info=projects%2F33%2Ftickets%2F11799&page=15" "Mozilla/5.0 (Windows NT 10.0; Win64; x64) AppleWebKit/537.36 (KHTML, like Gecko) Chrome/143.0.0.0 Safari/537.36"
208.122.222.38 - - [27/Jan/2026:05:25:15 -0500] "GET /public/index.php?path_info=incoming-mail/count-pending HTTP/1.1" 403 1215 "https://www.dowork.biz/public/index.php?path_info=projects%2F33%2Ftickets%2F11824&page=15" "Mozilla/5.0 (Windows NT 10.0; Win64; x64) AppleWebKit/537.36 (KHTML, like Gecko) Chrome/143.0.0.0 Safari/537.36"
208.122.222.38 - - [27/Jan/2026:05:25:15 -0500] "GET /public/index.php?path_info=incoming-mail/count-pending HTTP/1.1" 403 1215 "https://www.dowork.biz/public/index.php?path_info=projects%2F33%2Ftickets%2F12704&page=8" "Mozilla/5.0 (Windows NT 10.0; Win64; x64) AppleWebKit/537.36 (KHTML, like Gecko) Chrome/143.0.0.0 Safari/537.36"
208.122.222.38 - - [27/Jan/2026:05:25:15 -0500] "GET /public/index.php?path_info=incoming-mail/count-pending HTTP/1.1" 403 1215 "https://www.dowork.biz/public/index.php?path_info=projects%2F33%2Ftickets%2F13580&page=1" "Mozilla/5.0 (Windows NT 10.0; Win64; x64) AppleWebKit/537.36 (KHTML, like Gecko) Chrome/143.0.0.0 Safari/537.36"
208.122.222.39 - - [27/Jan/2026:05:25:18 -0500] "GET /public/index.php?path_info=refresh-session HTTP/1.1" 200 43 "https://www.dowork.biz/public/index.php?path_info=projects%2F33%2Ftickets%2F13330&page=3" "Mozilla/5.0 (Windows NT 10.0; Win64; x64) AppleWebKit/537.36 (KHTML, like Gecko) Chrome/143.0.0.0 Safari/537.36"
208.122.222.39 - - [27/Jan/2026:05:25:18 -0500] "GET /public/index.php?path_info=incoming-mail/count-pending HTTP/1.1" 403 1215 "https://www.dowork.biz/public/index.php?path_info=projects%2F33%2Ftickets%2F13634&page=2" "Mozilla/5.0 (Windows NT 10.0; Win64; x64) AppleWebKit/537.36 (KHTML, like Gecko) Chrome/143.0.0.0 Safari/537.36"
208.122.222.39 - - [27/Jan/2026:05:25:19 -0500] "GET /public/index.php?path_info=refresh-session HTTP/1.1" 200 43 "https://www.dowork.biz/public/index.php?path_info=projects%2F33%2Ftickets%2F13350&page=3" "Mozilla/5.0 (Windows NT 10.0; Win64; x64) AppleWebKit/537.36 (KHTML, like Gecko) Chrome/143.0.0.0 Safari/537.36"
208.122.222.39 - - [27/Jan/2026:05:25:19 -0500] "GET /public/index.php?path_info=incoming-mail/count-pending HTTP/1.1" 403 1215 "https://www.dowork.biz/public/index.php?path_info=projects%2F33%2Ftickets%2F12777&page=2" "Mozilla/5.0 (Windows NT 10.0; Win64; x64) AppleWebKit/537.36 (KHTML, like Gecko) Chrome/143.0.0.0 Safari/537.36"
208.122.222.39 - - [27/Jan/2026:05:25:19 -0500] "GET /public/index.php?path_info=refresh-session HTTP/1.1" 200 43 "https://www.dowork.biz/public/index.php?path_info=projects%2F33%2Ftickets%2F13579&page=2" "Mozilla/5.0 (Windows NT 10.0; Win64; x64) AppleWebKit/537.36 (KHTML, like Gecko) Chrome/143.0.0.0 Safari/537.36"
