74.206.190.115 - - [29/Jan/2026:18:33:07 -0500] "GET /wp-admin/theme-editor.php?theme=tubetheme-2017-v3-filled&file=index.php&wp_scrape_key=3cf5a51f7c40ff3abf1a7e777f12a38e&wp_scrape_nonce=315799922 HTTP/1.1" 200 67543 "http://discoporn.com/wp-admin/theme-editor.php?theme=tubetheme-2017-v3-filled&file=index.php&wp_scrape_key=3cf5a51f7c40ff3abf1a7e777f12a38e&wp_scrape_nonce=315799922" "WordPress/5.2.9; http://discoporn.com"
74.206.190.115 - - [29/Jan/2026:18:33:08 -0500] "GET /?wp_scrape_key=3cf5a51f7c40ff3abf1a7e777f12a38e&wp_scrape_nonce=315799922 HTTP/1.1" 200 27649 "http://discoporn.com/?wp_scrape_key=3cf5a51f7c40ff3abf1a7e777f12a38e&wp_scrape_nonce=315799922" "WordPress/5.2.9; http://discoporn.com"
193.24.211.22 - - [29/Jan/2026:18:33:07 -0500] "POST /wp-admin/admin-ajax.php HTTP/1.1" 200 63 "http://discoporn.com/wp-admin/admin-ajax.php" "Mozilla/5.0 (Windows NT 10.0; Win64; x64) AppleWebKit/537.36 (KHTML, like Gecko) Chrome/124.0.6367.207 Safari/537.36"
74.206.190.115 - - [29/Jan/2026:18:33:10 -0500] "GET /wp-admin/theme-editor.php?theme=tubetheme-2017-v3-filled&file=index.php&wp_scrape_key=2bd88f6dedb98780457c1e5a12c9a89a&wp_scrape_nonce=679267278 HTTP/1.1" 200 63694 "http://discoporn.com/wp-admin/theme-editor.php?theme=tubetheme-2017-v3-filled&file=index.php&wp_scrape_key=2bd88f6dedb98780457c1e5a12c9a89a&wp_scrape_nonce=679267278" "WordPress/5.2.9; http://discoporn.com"
74.206.190.115 - - [29/Jan/2026:18:33:11 -0500] "GET /?wp_scrape_key=2bd88f6dedb98780457c1e5a12c9a89a&wp_scrape_nonce=679267278 HTTP/1.1" 200 27649 "http://discoporn.com/?wp_scrape_key=2bd88f6dedb98780457c1e5a12c9a89a&wp_scrape_nonce=679267278" "WordPress/5.2.9; http://discoporn.com"
193.24.211.22 - - [29/Jan/2026:18:33:09 -0500] "POST /wp-admin/admin-ajax.php HTTP/1.1" 200 63 "http://discoporn.com/wp-admin/admin-ajax.php" "Mozilla/5.0 (Windows NT 10.0; Win64; x64) AppleWebKit/537.36 (KHTML, like Gecko) Chrome/124.0.6367.207 Safari/537.36"
193.24.211.22 - - [29/Jan/2026:18:33:12 -0500] "GET /wp-admin/theme-editor.php?file=searchform.php&theme=tubetheme-2017-v3-filled HTTP/1.1" 200 44471 "-" "Mozilla/5.0 (Windows NT 10.0; Win64; x64) AppleWebKit/537.36 (KHTML, like Gecko) Chrome/124.0.6367.207 Safari/537.36"
74.206.190.115 - - [29/Jan/2026:18:33:13 -0500] "GET /wp-admin/theme-editor.php?theme=tubetheme-2017-v3-filled&file=searchform.php&wp_scrape_key=840952567b80ca4777b99b75d0616385&wp_scrape_nonce=775251407 HTTP/1.1" 200 49363 "http://discoporn.com/wp-admin/theme-editor.php?theme=tubetheme-2017-v3-filled&file=searchform.php&wp_scrape_key=840952567b80ca4777b99b75d0616385&wp_scrape_nonce=775251407" "WordPress/5.2.9; http://discoporn.com"
74.206.190.115 - - [29/Jan/2026:18:33:14 -0500] "GET /?wp_scrape_key=840952567b80ca4777b99b75d0616385&wp_scrape_nonce=775251407 HTTP/1.1" 200 7484 "http://discoporn.com/?wp_scrape_key=840952567b80ca4777b99b75d0616385&wp_scrape_nonce=775251407" "WordPress/5.2.9; http://discoporn.com"
193.24.211.22 - - [29/Jan/2026:18:33:13 -0500] "POST /wp-admin/admin-ajax.php HTTP/1.1" 200 179 "http://discoporn.com/wp-admin/admin-ajax.php" "Mozilla/5.0 (Windows NT 10.0; Win64; x64) AppleWebKit/537.36 (KHTML, like Gecko) Chrome/124.0.6367.207 Safari/537.36"
193.24.211.22 - - [29/Jan/2026:18:33:15 -0500] "GET /wp-admin/theme-editor.php?file=404.php&theme=tubetheme-2017-v3-filled HTTP/1.1" 200 53313 "-" "Mozilla/5.0 (Windows NT 10.0; Win64; x64) AppleWebKit/537.36 (KHTML, like Gecko) Chrome/124.0.6367.207 Safari/537.36"
74.206.190.115 - - [29/Jan/2026:18:33:16 -0500] "GET /wp-admin/theme-editor.php?theme=tubetheme-2017-v3-filled&file=404.php&wp_scrape_key=410ffc29ce55645dad43b26375ece436&wp_scrape_nonce=1480839673 HTTP/1.1" 200 57558 "http://discoporn.com/wp-admin/theme-editor.php?theme=tubetheme-2017-v3-filled&file=404.php&wp_scrape_key=410ffc29ce55645dad43b26375ece436&wp_scrape_nonce=1480839673" "WordPress/5.2.9; http://discoporn.com"
74.206.190.115 - - [29/Jan/2026:18:33:16 -0500] "GET /?wp_scrape_key=410ffc29ce55645dad43b26375ece436&wp_scrape_nonce=1480839673 HTTP/1.1" 200 27660 "http://discoporn.com/?wp_scrape_key=410ffc29ce55645dad43b26375ece436&wp_scrape_nonce=1480839673" "WordPress/5.2.9; http://discoporn.com"
193.24.211.22 - - [29/Jan/2026:18:33:15 -0500] "POST /wp-admin/admin-ajax.php HTTP/1.1" 200 63 "http://discoporn.com/wp-admin/admin-ajax.php" "Mozilla/5.0 (Windows NT 10.0; Win64; x64) AppleWebKit/537.36 (KHTML, like Gecko) Chrome/124.0.6367.207 Safari/537.36"
192.71.23.211 - - [29/Jan/2026:18:33:17 -0500] "GET / HTTP/1.1" 200 19858 "-" "Mozilla/5.0 (Windows NT 6.3; Win64; x64; rv:109.0) Gecko/20100101 Firefox/115"
74.206.190.115 - - [29/Jan/2026:18:33:18 -0500] "GET /wp-admin/theme-editor.php?theme=tubetheme-2017-v3-filled&file=404.php&wp_scrape_key=afd9f598aee0260a4452708f28ef2893&wp_scrape_nonce=828617864 HTTP/1.1" 200 53706 "http://discoporn.com/wp-admin/theme-editor.php?theme=tubetheme-2017-v3-filled&file=404.php&wp_scrape_key=afd9f598aee0260a4452708f28ef2893&wp_scrape_nonce=828617864" "WordPress/5.2.9; http://discoporn.com"
74.206.190.115 - - [29/Jan/2026:18:33:18 -0500] "GET /?wp_scrape_key=afd9f598aee0260a4452708f28ef2893&wp_scrape_nonce=828617864 HTTP/1.1" 200 27649 "http://discoporn.com/?wp_scrape_key=afd9f598aee0260a4452708f28ef2893&wp_scrape_nonce=828617864" "WordPress/5.2.9; http://discoporn.com"
192.71.3.26 - - [29/Jan/2026:18:33:18 -0500] "GET /index.php/hidden-cam-porn/%d0%b3%d0%bb%d0%b0%d0%b2%d0%bd%d1%8b%d0%b5-%d0%b8%d0%b7%d0%bc%d0%b5%d0%bd%d0%b5%d0%bd%d0%b8%d1%8f-%d0%b2-%d1%81%d1%84%d0%b5%d1%80%d0%b5-%d1%8d%d0%bb%d0%b8%d1%82%d0%bd%d0%be%d0%b3%d0%be-%d1%8d%d1%81.html HTTP/1.1" 404 9493 "-" "Mozilla/5.0 (Windows NT 6.3; Win64; x64; rv:109.0) Gecko/20100101 Firefox/115"
193.24.211.22 - - [29/Jan/2026:18:33:17 -0500] "POST /wp-admin/admin-ajax.php HTTP/1.1" 200 63 "http://discoporn.com/wp-admin/admin-ajax.php" "Mozilla/5.0 (Windows NT 10.0; Win64; x64) AppleWebKit/537.36 (KHTML, like Gecko) Chrome/124.0.6367.207 Safari/537.36"
192.71.42.108 - - [29/Jan/2026:18:33:19 -0500] "GET /index.php/hidden-cam-porn/%d0%be%d1%84%d0%b8%d1%86%d0%b8%d0%b0%d0%bb%d1%8c%d0%bd%d1%8b%d0%b9-%d1%81%d0%b0%d0%b9%d1%82-%d0%b2%d0%be%d0%b4%d0%ba%d0%b0-%d0%ba%d0%b0%d0%b7%d0%b8%d0%bd%d0%be-%d0%be%d1%82%d0%ba%d1%80%d1%8b%d1%82.html HTTP/1.1" 404 9493 "-" "Mozilla/5.0 (Windows NT 6.3; Win64; x64; rv:109.0) Gecko/20100101 Firefox/115"
193.24.211.22 - - [29/Jan/2026:18:33:19 -0500] "GET /wp-admin/theme-editor.php?file=custom%2Fmeta.php&theme=tubetheme-2017-v3-filled HTTP/1.1" 200 44859 "-" "Mozilla/5.0 (Windows NT 10.0; Win64; x64) AppleWebKit/537.36 (KHTML, like Gecko) Chrome/124.0.6367.207 Safari/537.36"
192.36.52.37 - - [29/Jan/2026:18:33:19 -0500] "GET /index.php/hidden-cam-porn/%d0%bf%d0%be%d1%81%d0%bb%d0%b5%d0%b4%d0%bd%d0%b8%d0%b5-%d0%bd%d0%be%d0%b2%d0%be%d1%81%d1%82%d0%b8-%d1%80%d0%b0%d0%b1%d0%be%d1%87%d0%b5%d0%b5-%d0%b7%d0%b5%d1%80%d0%ba%d0%b0%d0%bb%d0%be-%d0%b2%d0%be.html HTTP/1.1" 404 9493 "-" "Mozilla/5.0 (Windows NT 6.3; Win64; x64; rv:109.0) Gecko/20100101 Firefox/115"
74.206.190.115 - - [29/Jan/2026:18:33:20 -0500] "GET /wp-admin/theme-editor.php?theme=tubetheme-2017-v3-filled&file=custom%2Fmeta.php&wp_scrape_key=d0153f0b1516098463126a0d64efe0a0&wp_scrape_nonce=464093766 HTTP/1.1" 200 50366 "http://discoporn.com/wp-admin/theme-editor.php?theme=tubetheme-2017-v3-filled&file=custom%2Fmeta.php&wp_scrape_key=d0153f0b1516098463126a0d64efe0a0&wp_scrape_nonce=464093766" "WordPress/5.2.9; http://discoporn.com"
74.206.190.115 - - [29/Jan/2026:18:33:20 -0500] "GET /?wp_scrape_key=d0153f0b1516098463126a0d64efe0a0&wp_scrape_nonce=464093766 HTTP/1.1" 200 27649 "http://discoporn.com/?wp_scrape_key=d0153f0b1516098463126a0d64efe0a0&wp_scrape_nonce=464093766" "WordPress/5.2.9; http://discoporn.com"
193.24.211.22 - - [29/Jan/2026:18:33:19 -0500] "POST /wp-admin/admin-ajax.php HTTP/1.1" 200 63 "http://discoporn.com/wp-admin/admin-ajax.php" "Mozilla/5.0 (Windows NT 10.0; Win64; x64) AppleWebKit/537.36 (KHTML, like Gecko) Chrome/124.0.6367.207 Safari/537.36"
74.206.190.115 - - [29/Jan/2026:18:33:22 -0500] "GET /wp-admin/theme-editor.php?theme=tubetheme-2017-v3-filled&file=custom%2Fmeta.php&wp_scrape_key=076204d1599e34255b01f3eee3ccb8e0&wp_scrape_nonce=1102078963 HTTP/1.1" 200 45255 "http://discoporn.com/wp-admin/theme-editor.php?theme=tubetheme-2017-v3-filled&file=custom%2Fmeta.php&wp_scrape_key=076204d1599e34255b01f3eee3ccb8e0&wp_scrape_nonce=1102078963" "WordPress/5.2.9; http://discoporn.com"
74.206.190.115 - - [29/Jan/2026:18:33:22 -0500] "GET /?wp_scrape_key=076204d1599e34255b01f3eee3ccb8e0&wp_scrape_nonce=1102078963 HTTP/1.1" 200 27660 "http://discoporn.com/?wp_scrape_key=076204d1599e34255b01f3eee3ccb8e0&wp_scrape_nonce=1102078963" "WordPress/5.2.9; http://discoporn.com"
193.24.211.22 - - [29/Jan/2026:18:33:21 -0500] "POST /wp-admin/admin-ajax.php HTTP/1.1" 200 63 "http://discoporn.com/wp-admin/admin-ajax.php" "Mozilla/5.0 (Windows NT 10.0; Win64; x64) AppleWebKit/537.36 (KHTML, like Gecko) Chrome/124.0.6367.207 Safari/537.36"
193.24.211.22 - - [29/Jan/2026:18:33:23 -0500] "GET /wp-admin/theme-editor.php?file=sidebar.php&theme=tubetheme-2017-v3-filled HTTP/1.1" 200 45096 "-" "Mozilla/5.0 (Windows NT 10.0; Win64; x64) AppleWebKit/537.36 (KHTML, like Gecko) Chrome/124.0.6367.207 Safari/537.36"
74.206.190.115 - - [29/Jan/2026:18:33:24 -0500] "GET /wp-admin/theme-editor.php?theme=tubetheme-2017-v3-filled&file=sidebar.php&wp_scrape_key=9bcb9b85d820bb580e137b4f8e8f6dad&wp_scrape_nonce=395635372 HTTP/1.1" 200 50015 "http://discoporn.com/wp-admin/theme-editor.php?theme=tubetheme-2017-v3-filled&file=sidebar.php&wp_scrape_key=9bcb9b85d820bb580e137b4f8e8f6dad&wp_scrape_nonce=395635372" "WordPress/5.2.9; http://discoporn.com"
74.206.190.115 - - [29/Jan/2026:18:33:24 -0500] "GET /?wp_scrape_key=9bcb9b85d820bb580e137b4f8e8f6dad&wp_scrape_nonce=395635372 HTTP/1.1" 200 19218 "http://discoporn.com/?wp_scrape_key=9bcb9b85d820bb580e137b4f8e8f6dad&wp_scrape_nonce=395635372" "WordPress/5.2.9; http://discoporn.com"
193.24.211.22 - - [29/Jan/2026:18:33:23 -0500] "POST /wp-admin/admin-ajax.php HTTP/1.1" 200 176 "http://discoporn.com/wp-admin/admin-ajax.php" "Mozilla/5.0 (Windows NT 10.0; Win64; x64) AppleWebKit/537.36 (KHTML, like Gecko) Chrome/124.0.6367.207 Safari/537.36"
193.24.211.22 - - [29/Jan/2026:18:33:25 -0500] "GET /wp-admin/theme-editor.php?file=home.php&theme=tubetheme-2017-v3-filled HTTP/1.1" 200 47192 "-" "Mozilla/5.0 (Windows NT 10.0; Win64; x64) AppleWebKit/537.36 (KHTML, like Gecko) Chrome/124.0.6367.207 Safari/537.36"
74.206.190.115 - - [29/Jan/2026:18:33:26 -0500] "GET /wp-admin/theme-editor.php?theme=tubetheme-2017-v3-filled&file=home.php&wp_scrape_key=4d04b22b2824ca06b516aa3c299303af&wp_scrape_nonce=1736795436 HTTP/1.1" 200 52131 "http://discoporn.com/wp-admin/theme-editor.php?theme=tubetheme-2017-v3-filled&file=home.php&wp_scrape_key=4d04b22b2824ca06b516aa3c299303af&wp_scrape_nonce=1736795436" "WordPress/5.2.9; http://discoporn.com"
74.206.190.115 - - [29/Jan/2026:18:33:26 -0500] "GET /?wp_scrape_key=4d04b22b2824ca06b516aa3c299303af&wp_scrape_nonce=1736795436 HTTP/1.1" 200 27660 "http://discoporn.com/?wp_scrape_key=4d04b22b2824ca06b516aa3c299303af&wp_scrape_nonce=1736795436" "WordPress/5.2.9; http://discoporn.com"
193.24.211.22 - - [29/Jan/2026:18:33:25 -0500] "POST /wp-admin/admin-ajax.php HTTP/1.1" 200 63 "http://discoporn.com/wp-admin/admin-ajax.php" "Mozilla/5.0 (Windows NT 10.0; Win64; x64) AppleWebKit/537.36 (KHTML, like Gecko) Chrome/124.0.6367.207 Safari/537.36"
74.206.190.115 - - [29/Jan/2026:18:33:27 -0500] "GET /wp-admin/theme-editor.php?theme=tubetheme-2017-v3-filled&file=home.php&wp_scrape_key=5953bf9914033d4f5f205f804bd8c4fd&wp_scrape_nonce=1515323668 HTTP/1.1" 200 47588 "http://discoporn.com/wp-admin/theme-editor.php?theme=tubetheme-2017-v3-filled&file=home.php&wp_scrape_key=5953bf9914033d4f5f205f804bd8c4fd&wp_scrape_nonce=1515323668" "WordPress/5.2.9; http://discoporn.com"
74.206.190.115 - - [29/Jan/2026:18:33:28 -0500] "GET /?wp_scrape_key=5953bf9914033d4f5f205f804bd8c4fd&wp_scrape_nonce=1515323668 HTTP/1.1" 200 27660 "http://discoporn.com/?wp_scrape_key=5953bf9914033d4f5f205f804bd8c4fd&wp_scrape_nonce=1515323668" "WordPress/5.2.9; http://discoporn.com"
193.24.211.22 - - [29/Jan/2026:18:33:27 -0500] "POST /wp-admin/admin-ajax.php HTTP/1.1" 200 63 "http://discoporn.com/wp-admin/admin-ajax.php" "Mozilla/5.0 (Windows NT 10.0; Win64; x64) AppleWebKit/537.36 (KHTML, like Gecko) Chrome/124.0.6367.207 Safari/537.36"
193.24.211.22 - - [29/Jan/2026:18:33:29 -0500] "GET /wp-admin/theme-editor.php?file=single.php&theme=tubetheme-2017-v3-filled HTTP/1.1" 200 50462 "-" "Mozilla/5.0 (Windows NT 10.0; Win64; x64) AppleWebKit/537.36 (KHTML, like Gecko) Chrome/124.0.6367.207 Safari/537.36"
74.206.190.115 - - [29/Jan/2026:18:33:29 -0500] "GET /wp-admin/theme-editor.php?theme=tubetheme-2017-v3-filled&file=single.php&wp_scrape_key=4a111b2855d10615811a953e72d2f81d&wp_scrape_nonce=812715823 HTTP/1.1" 200 55456 "http://discoporn.com/wp-admin/theme-editor.php?theme=tubetheme-2017-v3-filled&file=single.php&wp_scrape_key=4a111b2855d10615811a953e72d2f81d&wp_scrape_nonce=812715823" "WordPress/5.2.9; http://discoporn.com"
74.206.190.115 - - [29/Jan/2026:18:33:30 -0500] "GET /?wp_scrape_key=4a111b2855d10615811a953e72d2f81d&wp_scrape_nonce=812715823 HTTP/1.1" 200 27649 "http://discoporn.com/?wp_scrape_key=4a111b2855d10615811a953e72d2f81d&wp_scrape_nonce=812715823" "WordPress/5.2.9; http://discoporn.com"
193.24.211.22 - - [29/Jan/2026:18:33:29 -0500] "POST /wp-admin/admin-ajax.php HTTP/1.1" 200 63 "http://discoporn.com/wp-admin/admin-ajax.php" "Mozilla/5.0 (Windows NT 10.0; Win64; x64) AppleWebKit/537.36 (KHTML, like Gecko) Chrome/124.0.6367.207 Safari/537.36"
74.206.190.115 - - [29/Jan/2026:18:33:31 -0500] "GET /wp-admin/theme-editor.php?theme=tubetheme-2017-v3-filled&file=single.php&wp_scrape_key=a07047fba1e8b355267216f5762e3177&wp_scrape_nonce=165400072 HTTP/1.1" 200 50855 "http://discoporn.com/wp-admin/theme-editor.php?theme=tubetheme-2017-v3-filled&file=single.php&wp_scrape_key=a07047fba1e8b355267216f5762e3177&wp_scrape_nonce=165400072" "WordPress/5.2.9; http://discoporn.com"
74.206.190.115 - - [29/Jan/2026:18:33:31 -0500] "GET /?wp_scrape_key=a07047fba1e8b355267216f5762e3177&wp_scrape_nonce=165400072 HTTP/1.1" 200 27649 "http://discoporn.com/?wp_scrape_key=a07047fba1e8b355267216f5762e3177&wp_scrape_nonce=165400072" "WordPress/5.2.9; http://discoporn.com"
193.24.211.22 - - [29/Jan/2026:18:33:30 -0500] "POST /wp-admin/admin-ajax.php HTTP/1.1" 200 63 "http://discoporn.com/wp-admin/admin-ajax.php" "Mozilla/5.0 (Windows NT 10.0; Win64; x64) AppleWebKit/537.36 (KHTML, like Gecko) Chrome/124.0.6367.207 Safari/537.36"
193.24.211.22 - - [29/Jan/2026:18:33:32 -0500] "GET /wp-admin/theme-editor.php?file=sidebar_single.php&theme=tubetheme-2017-v3-filled HTTP/1.1" 200 45067 "-" "Mozilla/5.0 (Windows NT 10.0; Win64; x64) AppleWebKit/537.36 (KHTML, like Gecko) Chrome/124.0.6367.207 Safari/537.36"
74.206.190.115 - - [29/Jan/2026:18:33:33 -0500] "GET /wp-admin/theme-editor.php?theme=tubetheme-2017-v3-filled&file=sidebar_single.php&wp_scrape_key=688df39b32b78d201d3327b84fccd131&wp_scrape_nonce=2106938036 HTTP/1.1" 200 50006 "http://discoporn.com/wp-admin/theme-editor.php?theme=tubetheme-2017-v3-filled&file=sidebar_single.php&wp_scrape_key=688df39b32b78d201d3327b84fccd131&wp_scrape_nonce=2106938036" "WordPress/5.2.9; http://discoporn.com"
74.206.190.115 - - [29/Jan/2026:18:33:33 -0500] "GET /?wp_scrape_key=688df39b32b78d201d3327b84fccd131&wp_scrape_nonce=2106938036 HTTP/1.1" 200 27660 "http://discoporn.com/?wp_scrape_key=688df39b32b78d201d3327b84fccd131&wp_scrape_nonce=2106938036" "WordPress/5.2.9; http://discoporn.com"
193.24.211.22 - - [29/Jan/2026:18:33:32 -0500] "POST /wp-admin/admin-ajax.php HTTP/1.1" 200 63 "http://discoporn.com/wp-admin/admin-ajax.php" "Mozilla/5.0 (Windows NT 10.0; Win64; x64) AppleWebKit/537.36 (KHTML, like Gecko) Chrome/124.0.6367.207 Safari/537.36"
74.206.190.115 - - [29/Jan/2026:18:33:34 -0500] "GET /wp-admin/theme-editor.php?theme=tubetheme-2017-v3-filled&file=sidebar_single.php&wp_scrape_key=4290b0dd5823c38e7cebcfb042a4fbb8&wp_scrape_nonce=1877022998 HTTP/1.1" 200 45463 "http://discoporn.com/wp-admin/theme-editor.php?theme=tubetheme-2017-v3-filled&file=sidebar_single.php&wp_scrape_key=4290b0dd5823c38e7cebcfb042a4fbb8&wp_scrape_nonce=1877022998" "WordPress/5.2.9; http://discoporn.com"
74.206.190.115 - - [29/Jan/2026:18:33:35 -0500] "GET /?wp_scrape_key=4290b0dd5823c38e7cebcfb042a4fbb8&wp_scrape_nonce=1877022998 HTTP/1.1" 200 27660 "http://discoporn.com/?wp_scrape_key=4290b0dd5823c38e7cebcfb042a4fbb8&wp_scrape_nonce=1877022998" "WordPress/5.2.9; http://discoporn.com"
193.24.211.22 - - [29/Jan/2026:18:33:34 -0500] "POST /wp-admin/admin-ajax.php HTTP/1.1" 200 63 "http://discoporn.com/wp-admin/admin-ajax.php" "Mozilla/5.0 (Windows NT 10.0; Win64; x64) AppleWebKit/537.36 (KHTML, like Gecko) Chrome/124.0.6367.207 Safari/537.36"
193.24.211.22 - - [29/Jan/2026:18:33:35 -0500] "GET /wp-admin/theme-editor.php?file=header.php&theme=tubetheme-2017-v3-filled HTTP/1.1" 200 50331 "-" "Mozilla/5.0 (Windows NT 10.0; Win64; x64) AppleWebKit/537.36 (KHTML, like Gecko) Chrome/124.0.6367.207 Safari/537.36"
74.206.190.115 - - [29/Jan/2026:18:33:36 -0500] "GET /wp-admin/theme-editor.php?theme=tubetheme-2017-v3-filled&file=header.php&wp_scrape_key=a92747e15b876b526d2627de81cd742d&wp_scrape_nonce=942681940 HTTP/1.1" 200 55271 "http://discoporn.com/wp-admin/theme-editor.php?theme=tubetheme-2017-v3-filled&file=header.php&wp_scrape_key=a92747e15b876b526d2627de81cd742d&wp_scrape_nonce=942681940" "WordPress/5.2.9; http://discoporn.com"
74.206.190.115 - - [29/Jan/2026:18:33:36 -0500] "GET /?wp_scrape_key=a92747e15b876b526d2627de81cd742d&wp_scrape_nonce=942681940 HTTP/1.1" 200 27649 "http://discoporn.com/?wp_scrape_key=a92747e15b876b526d2627de81cd742d&wp_scrape_nonce=942681940" "WordPress/5.2.9; http://discoporn.com"
193.24.211.22 - - [29/Jan/2026:18:33:36 -0500] "POST /wp-admin/admin-ajax.php HTTP/1.1" 200 63 "http://discoporn.com/wp-admin/admin-ajax.php" "Mozilla/5.0 (Windows NT 10.0; Win64; x64) AppleWebKit/537.36 (KHTML, like Gecko) Chrome/124.0.6367.207 Safari/537.36"
74.206.190.115 - - [29/Jan/2026:18:33:37 -0500] "GET /wp-admin/theme-editor.php?theme=tubetheme-2017-v3-filled&file=header.php&wp_scrape_key=0a9549f24054cb96d88a91765c67900f&wp_scrape_nonce=1299343144 HTTP/1.1" 200 50727 "http://discoporn.com/wp-admin/theme-editor.php?theme=tubetheme-2017-v3-filled&file=header.php&wp_scrape_key=0a9549f24054cb96d88a91765c67900f&wp_scrape_nonce=1299343144" "WordPress/5.2.9; http://discoporn.com"
74.206.190.115 - - [29/Jan/2026:18:33:38 -0500] "GET /?wp_scrape_key=0a9549f24054cb96d88a91765c67900f&wp_scrape_nonce=1299343144 HTTP/1.1" 200 27660 "http://discoporn.com/?wp_scrape_key=0a9549f24054cb96d88a91765c67900f&wp_scrape_nonce=1299343144" "WordPress/5.2.9; http://discoporn.com"
193.24.211.22 - - [29/Jan/2026:18:33:37 -0500] "POST /wp-admin/admin-ajax.php HTTP/1.1" 200 63 "http://discoporn.com/wp-admin/admin-ajax.php" "Mozilla/5.0 (Windows NT 10.0; Win64; x64) AppleWebKit/537.36 (KHTML, like Gecko) Chrome/124.0.6367.207 Safari/537.36"
193.24.211.22 - - [29/Jan/2026:18:33:38 -0500] "GET /wp-login.php HTTP/1.1" 200 2871 "-" "Mozilla/5.0 (Windows NT 10.0; Win64; x64) AppleWebKit/537.36 (KHTML, like Gecko) Chrome/124.0.6367.207 Safari/537.36"
193.24.211.22 - - [29/Jan/2026:18:33:39 -0500] "GET /wp-login.php?wp_lang=en_US HTTP/1.1" 200 2871 "-" "Mozilla/5.0 (Windows NT 10.0; Win64; x64) AppleWebKit/537.36 (KHTML, like Gecko) Chrome/124.0.6367.207 Safari/537.36"
193.24.211.22 - - [29/Jan/2026:18:33:39 -0500] "POST /wp-login.php?wp_lang=en_US HTTP/1.1" 302 - "http://discoporn.com/wp-login.php?wp_lang=en_US" "Mozilla/5.0 (Windows NT 10.0; Win64; x64) AppleWebKit/537.36 (KHTML, like Gecko) Chrome/124.0.6367.207 Safari/537.36"
193.24.211.22 - - [29/Jan/2026:18:33:40 -0500] "GET /wp-admin/ HTTP/1.1" 200 71455 "http://discoporn.com/wp-login.php?wp_lang=en_US" "Mozilla/5.0 (Windows NT 10.0; Win64; x64) AppleWebKit/537.36 (KHTML, like Gecko) Chrome/124.0.6367.207 Safari/537.36"
193.24.211.22 - - [29/Jan/2026:18:33:41 -0500] "GET /wp-admin/plugin-install.php HTTP/1.1" 200 79623 "-" "Mozilla/5.0 (Windows NT 10.0; Win64; x64) AppleWebKit/537.36 (KHTML, like Gecko) Chrome/124.0.6367.207 Safari/537.36"
193.24.211.22 - - [29/Jan/2026:18:33:42 -0500] "POST /wp-admin/update.php?action=upload-plugin HTTP/1.1" 200 23976 "http://discoporn.com/wp-admin/update.php?action=upload-plugin" "Mozilla/5.0 (Windows NT 10.0; Win64; x64) AppleWebKit/537.36 (KHTML, like Gecko) Chrome/124.0.6367.207 Safari/537.36"
114.119.144.105 - - [29/Jan/2026:19:07:54 -0500] "GET /robots.txt HTTP/1.1" 200 29 "-" "Mozilla/5.0 (compatible;PetalBot;+https://webmaster.petalsearch.com/site/petalbot)"
192.178.6.64 - - [29/Jan/2026:19:08:21 -0500] "GET /index.php/page/2 HTTP/1.1" 200 21389 "-" "Mozilla/5.0 (Linux; Android 6.0.1; Nexus 5X Build/MMB29P) AppleWebKit/537.36 (KHTML, like Gecko) Chrome/143.0.7499.192 Mobile Safari/537.36 (compatible; GoogleOther)"
74.206.190.115 - - [29/Jan/2026:19:31:31 -0500] "POST /wp-cron.php?doing_wp_cron=1769733091.2989211082458496093750 HTTP/1.1" 200 - "http://discoporn.com/wp-cron.php?doing_wp_cron=1769733091.2989211082458496093750" "WordPress/5.2.9; http://discoporn.com"
37.59.21.100 - - [29/Jan/2026:19:31:31 -0500] "GET /index.php/feed HTTP/1.1" 301 - "-" "Mozilla/5.0 (X11; Linux i686) AppleWebKit/537.36 (KHTML, like Gecko) Chrome/30.0.1599.66 Safari/537.36"
37.59.21.100 - - [29/Jan/2026:19:31:31 -0500] "GET /index.php/feed HTTP/1.1" 200 71569 "-" "Mozilla/5.0 (X11; Linux i686) AppleWebKit/537.36 (KHTML, like Gecko) Chrome/30.0.1599.66 Safari/537.36"
74.206.190.115 - - [29/Jan/2026:20:02:35 -0500] "POST /wp-cron.php?doing_wp_cron=1769734955.1400310993194580078125 HTTP/1.1" 200 - "http://discoporn.com/wp-cron.php?doing_wp_cron=1769734955.1400310993194580078125" "WordPress/5.2.9; http://discoporn.com"
83.217.208.83 - - [29/Jan/2026:20:02:34 -0500] "GET /wp-login.php HTTP/1.1" 200 2871 "-" "Mozilla/5.0 (Windows NT 6.3; WOW64; rv:31.0) Gecko/20100101 Firefox/31.0"
83.217.208.83 - - [29/Jan/2026:20:02:35 -0500] "POST /wp-login.php HTTP/1.1" 200 3821 "-" "Mozilla/5.0 (Windows NT 6.3; WOW64; rv:31.0) Gecko/20100101 Firefox/31.0"
45.61.188.177 - - [29/Jan/2026:20:05:55 -0500] "GET /wp-login.php HTTP/1.1" 200 2871 "-" "Mozilla/5.0 (X11; Linux x86_64) AppleWebKit/537.36 (KHTML, like Gecko) Ubuntu Chromium/36.0.1985.125 Chrome/36.0.1985.125 Safari/537.36"
45.61.188.177 - - [29/Jan/2026:20:05:56 -0500] "POST /wp-login.php HTTP/1.1" 200 3859 "-" "Mozilla/5.0 (X11; Linux x86_64) AppleWebKit/537.36 (KHTML, like Gecko) Ubuntu Chromium/36.0.1985.125 Chrome/36.0.1985.125 Safari/537.36"
66.249.75.69 - - [29/Jan/2026:20:29:10 -0500] "GET /ads.txt HTTP/1.1" 301 - "-" "Mozilla/5.0 (compatible; Googlebot/2.1; +http://www.google.com/bot.html)"
192.178.6.72 - - [29/Jan/2026:20:29:11 -0500] "GET /ads.txt HTTP/1.1" 404 9493 "-" "Mozilla/5.0 (compatible; Googlebot/2.1; +http://www.google.com/bot.html)"
192.178.6.73 - - [29/Jan/2026:20:29:11 -0500] "GET /ads.txt HTTP/1.1" 404 9493 "-" "Mozilla/5.0 (compatible; Googlebot/2.1; +http://www.google.com/bot.html)"
74.206.190.115 - - [29/Jan/2026:21:04:08 -0500] "POST /wp-cron.php?doing_wp_cron=1769738648.7608730792999267578125 HTTP/1.1" 200 - "http://discoporn.com/wp-cron.php?doing_wp_cron=1769738648.7608730792999267578125" "WordPress/5.2.9; http://discoporn.com"
5.46.134.107 - - [29/Jan/2026:21:04:08 -0500] "GET / HTTP/1.1" 200 19858 "-" "Mozilla/5.0 (Windows NT 10.0; Win64; x64) AppleWebKit/537.36 (KHTML, like Gecko) Chrome/120.0.0.0 Safari/537.36"
74.206.190.115 - - [29/Jan/2026:21:35:37 -0500] "POST /wp-cron.php?doing_wp_cron=1769740537.2792189121246337890625 HTTP/1.1" 200 - "http://discoporn.com/wp-cron.php?doing_wp_cron=1769740537.2792189121246337890625" "WordPress/5.2.9; http://discoporn.com"
43.153.96.233 - - [29/Jan/2026:21:35:37 -0500] "GET / HTTP/1.1" 200 19858 "-" "Mozilla/5.0 (iPhone; CPU iPhone OS 13_2_3 like Mac OS X) AppleWebKit/605.1.15 (KHTML, like Gecko) Version/13.0.3 Mobile/15E148 Safari/604.1"
104.244.72.189 - - [29/Jan/2026:21:44:23 -0500] "GET / HTTP/1.1" 200 19858 "http://discoporn.com/wp-login.php" "Mozilla/5.0 (Windows NT 10.0; Win64; x64) AppleWebKit/537.36 (KHTML, like Gecko) Chrome/119.0.0.0 Safari/537.36"
104.244.72.189 - - [29/Jan/2026:21:45:06 -0500] "GET /wp-login.php HTTP/1.1" 200 2871 "http://discoporn.com/wp-login.php" "Mozilla/5.0 (Windows NT 10.0; Win64; x64) AppleWebKit/537.36 (KHTML, like Gecko) Chrome/119.0.0.0 Safari/537.36"
104.244.72.189 - - [29/Jan/2026:21:45:52 -0500] "POST /wp-login.php HTTP/1.1" 200 3839 "http://discoporn.com/wp-login.php" "Mozilla/5.0 (Windows NT 10.0; Win64; x64) AppleWebKit/537.36 (KHTML, like Gecko) Chrome/119.0.0.0 Safari/537.36"
45.61.187.77 - - [29/Jan/2026:22:02:26 -0500] "GET /wp-login.php HTTP/1.1" 200 2871 "-" "Mozilla/5.0 (Windows NT 6.3; WOW64) AppleWebKit/537.36 (KHTML, like Gecko) Chrome/36.0.1985.143 Safari/537.36"
45.61.187.77 - - [29/Jan/2026:22:02:26 -0500] "POST /wp-login.php HTTP/1.1" 200 3877 "-" "Mozilla/5.0 (Windows NT 6.3; WOW64) AppleWebKit/537.36 (KHTML, like Gecko) Chrome/36.0.1985.143 Safari/537.36"
49.233.45.47 - - [29/Jan/2026:22:03:27 -0500] "GET / HTTP/1.1" 200 19858 "-" "Mozilla/5.0 (iPhone; CPU iPhone OS 13_2_3 like Mac OS X) AppleWebKit/605.1.15 (KHTML, like Gecko) Version/13.0.3 Mobile/15E148 Safari/604.1"
74.206.190.115 - - [29/Jan/2026:22:25:32 -0500] "POST /wp-cron.php?doing_wp_cron=1769743532.6920359134674072265625 HTTP/1.1" 200 - "http://discoporn.com/wp-cron.php?doing_wp_cron=1769743532.6920359134674072265625" "WordPress/5.2.9; http://discoporn.com"
37.59.21.100 - - [29/Jan/2026:22:25:32 -0500] "GET /index.php/feed HTTP/1.1" 301 - "-" "Mozilla/5.0 (X11; Linux i686) AppleWebKit/537.36 (KHTML, like Gecko) Chrome/30.0.1599.66 Safari/537.36"
37.59.21.100 - - [29/Jan/2026:22:25:33 -0500] "GET /index.php/feed HTTP/1.1" 200 71569 "-" "Mozilla/5.0 (X11; Linux i686) AppleWebKit/537.36 (KHTML, like Gecko) Chrome/30.0.1599.66 Safari/537.36"
95.85.238.19 - - [29/Jan/2026:22:42:04 -0500] "GET /wp-login.php HTTP/1.1" 200 2871 "-" "Mozilla/5.0 (Windows NT 5.1; rv:31.0) Gecko/20100101 Firefox/31.0"
74.206.190.115 - - [29/Jan/2026:22:42:04 -0500] "POST /wp-cron.php?doing_wp_cron=1769744524.8698329925537109375000 HTTP/1.1" 200 - "http://discoporn.com/wp-cron.php?doing_wp_cron=1769744524.8698329925537109375000" "WordPress/5.2.9; http://discoporn.com"
95.85.238.19 - - [29/Jan/2026:22:42:06 -0500] "POST /wp-login.php HTTP/1.1" 200 3859 "-" "Mozilla/5.0 (Windows NT 5.1; rv:31.0) Gecko/20100101 Firefox/31.0"
141.255.164.211 - - [29/Jan/2026:22:42:27 -0500] "GET /index.php/hidden-cam-porn/ HTTP/1.1" 301 - "-" "Mozilla/5.0 (Windows NT 10.0; Win64; x64) AppleWebKit/537.36 (KHTML, like Gecko) Chrome/118.0.0.0 Safari/537.36"
141.255.164.211 - - [29/Jan/2026:22:42:34 -0500] "GET /index.php/hidden-cam-porn HTTP/1.1" 200 19935 "-" "Mozilla/5.0 (Windows NT 10.0; Win64; x64) AppleWebKit/537.36 (KHTML, like Gecko) Chrome/118.0.0.0 Safari/537.36"
107.189.30.53 - - [29/Jan/2026:22:47:02 -0500] "GET /wp-login.php HTTP/1.1" 200 2871 "-" "Mozilla/5.0 (iPhone; CPU iPhone OS 18_1 like Mac OS X) AppleWebKit/605.1.15 (KHTML, like Gecko) Version/18.1 Mobile/15E148 Safari/604.1"
107.189.30.53 - - [29/Jan/2026:22:47:04 -0500] "POST /wp-login.php HTTP/1.1" 200 3839 "-" "Mozilla/5.0 (iPhone; CPU iPhone OS 18_1 like Mac OS X) AppleWebKit/605.1.15 (KHTML, like Gecko) Version/18.1 Mobile/15E148 Safari/604.1"
23.95.22.65 - - [29/Jan/2026:22:47:11 -0500] "GET /wp-content/plugins/backupwordpress.DISABLED/neabz.php?pass=lufix HTTP/1.1" 200 5668 "-" "Mozilla/5.0 (Windows NT 10.0; Win64; x64) AppleWebKit/537.36 (KHTML, like Gecko) Chrome/127.0.0.0 Safari/537.36"
172.93.206.96 - - [29/Jan/2026:22:47:11 -0500] "POST /wp-content/plugins/backupwordpress.DISABLED/neabz.php?pass=lufix HTTP/1.1" 200 45940 "-" "Mozilla/5.0 (Windows NT 10.0; Win64; x64) AppleWebKit/537.36 (KHTML, like Gecko) Chrome/127.0.0.0 Safari/537.36"
192.178.6.73 - - [29/Jan/2026:23:06:09 -0500] "GET /index.php/hidden-cam-porn/%D1%8D%D0%BA%D1%81%D0%BA%D0%BB%D1%8E%D0%B7%D0%B8%D0%B2%D0%BD%D1%8B%D0%B5-%D0%BD%D0%BE%D0%B2%D0%BE%D1%81%D1%82%D0%B8-%D0%B2%D0%BE%D0%B4%D0%BA%D0%B0-%D0%BA%D0%B0%D0%B7%D0%B8%D0%BD%D0%BE-%D1%80%D0%B0.html HTTP/1.1" 404 9493 "-" "Mozilla/5.0 (Linux; Android 6.0.1; Nexus 5X Build/MMB29P) AppleWebKit/537.36 (KHTML, like Gecko) Chrome/143.0.7499.192 Mobile Safari/537.36 (compatible; GoogleOther)"
116.76.38.226 - - [29/Jan/2026:23:06:20 -0500] "GET /robots.txt HTTP/1.1" 200 29 "-" "Mozilla/5.0 (Windows NT 10.0; WOW64) AppleWebKit/537.36 (KHTML, like Gecko) Chrome/68.0.4239.98 Safari/537.36 Core/1.70.3722.400 QQBrowser/10.5.3739.400"
91.224.92.99 - - [29/Jan/2026:23:25:59 -0500] "GET /wp-login.php HTTP/1.1" 200 2871 "-" "Mozilla/5.0 (Windows NT 6.1; Win64; x64) AppleWebKit/537.36 (KHTML, like Gecko) Chrome/91.0.4472.124 Safari/537.36"
91.224.92.99 - - [29/Jan/2026:23:26:00 -0500] "POST /wp-login.php HTTP/1.1" 200 3821 "http://discoporn.com/wp-login.php" "Mozilla/5.0 (Windows NT 10.0; Win64; x64) AppleWebKit/537.36 (KHTML, like Gecko) Chrome/93.0.4577.63 Safari/537.36"
91.224.92.99 - - [29/Jan/2026:23:26:00 -0500] "GET /wp-admin/index.php HTTP/1.1" 302 - "http://discoporn.com/wp-login.php" "Mozilla/5.0 (Macintosh; Intel Mac OS X 10_15_7) AppleWebKit/605.1.15 (KHTML, like Gecko) Version/14.1.2 Safari/605.1.15"
91.224.92.99 - - [29/Jan/2026:23:26:00 -0500] "GET /wp-login.php?redirect_to=http%3A%2F%2Fdiscoporn.com%2Fwp-admin%2Findex.php&reauth=1 HTTP/1.1" 200 2880 "http://discoporn.com/wp-login.php" "Mozilla/5.0 (Macintosh; Intel Mac OS X 10_15_7) AppleWebKit/605.1.15 (KHTML, like Gecko) Version/14.1.2 Safari/605.1.15"
91.224.92.99 - - [29/Jan/2026:23:26:01 -0500] "GET /wp-admin/index.php HTTP/1.1" 302 - "http://discoporn.com/wp-login.php" "Mozilla/5.0 (Macintosh; Intel Mac OS X 10_15_7) AppleWebKit/605.1.15 (KHTML, like Gecko) Version/14.1.2 Safari/605.1.15"
91.224.92.99 - - [29/Jan/2026:23:26:01 -0500] "GET /wp-login.php?redirect_to=http%3A%2F%2Fdiscoporn.com%2Fwp-admin%2Findex.php&reauth=1 HTTP/1.1" 200 2880 "http://discoporn.com/wp-login.php" "Mozilla/5.0 (Macintosh; Intel Mac OS X 10_15_7) AppleWebKit/605.1.15 (KHTML, like Gecko) Version/14.1.2 Safari/605.1.15"
91.224.92.99 - - [29/Jan/2026:23:26:01 -0500] "POST /wp-login.php HTTP/1.1" 200 3859 "http://discoporn.com/wp-login.php" "Mozilla/5.0 (X11; Linux x86_64) AppleWebKit/537.36 (KHTML, like Gecko) Chrome/90.0.4430.212 Safari/537.36"
91.224.92.99 - - [29/Jan/2026:23:26:01 -0500] "GET /wp-admin/index.php HTTP/1.1" 302 - "http://discoporn.com/wp-login.php" "Mozilla/5.0 (Macintosh; Intel Mac OS X 10_15_7) AppleWebKit/605.1.15 (KHTML, like Gecko) Version/14.1.2 Safari/605.1.15"
91.224.92.99 - - [29/Jan/2026:23:26:02 -0500] "GET /wp-login.php?redirect_to=http%3A%2F%2Fdiscoporn.com%2Fwp-admin%2Findex.php&reauth=1 HTTP/1.1" 200 2880 "http://discoporn.com/wp-login.php" "Mozilla/5.0 (Macintosh; Intel Mac OS X 10_15_7) AppleWebKit/605.1.15 (KHTML, like Gecko) Version/14.1.2 Safari/605.1.15"
91.224.92.99 - - [29/Jan/2026:23:26:02 -0500] "GET /wp-admin/index.php HTTP/1.1" 302 - "http://discoporn.com/wp-login.php" "Mozilla/5.0 (Macintosh; Intel Mac OS X 10_15_7) AppleWebKit/605.1.15 (KHTML, like Gecko) Version/14.1.2 Safari/605.1.15"
91.224.92.99 - - [29/Jan/2026:23:26:02 -0500] "GET /wp-login.php?redirect_to=http%3A%2F%2Fdiscoporn.com%2Fwp-admin%2Findex.php&reauth=1 HTTP/1.1" 200 2880 "http://discoporn.com/wp-login.php" "Mozilla/5.0 (Macintosh; Intel Mac OS X 10_15_7) AppleWebKit/605.1.15 (KHTML, like Gecko) Version/14.1.2 Safari/605.1.15"
91.224.92.99 - - [29/Jan/2026:23:26:02 -0500] "POST /wp-login.php HTTP/1.1" 200 3821 "http://discoporn.com/wp-login.php" "Mozilla/5.0 (Windows NT 10.0; Win64; x64) AppleWebKit/537.36 (KHTML, like Gecko) Chrome/90.0.4430.212 Safari/537.36"
91.224.92.99 - - [29/Jan/2026:23:26:03 -0500] "GET /wp-admin/index.php HTTP/1.1" 302 - "http://discoporn.com/wp-login.php" "Mozilla/5.0 (Macintosh; Intel Mac OS X 10_15_7) AppleWebKit/537.36 (KHTML, like Gecko) Chrome/90.0.4430.212 Safari/537.36"
91.224.92.99 - - [29/Jan/2026:23:26:03 -0500] "GET /wp-login.php?redirect_to=http%3A%2F%2Fdiscoporn.com%2Fwp-admin%2Findex.php&reauth=1 HTTP/1.1" 200 2880 "http://discoporn.com/wp-login.php" "Mozilla/5.0 (Macintosh; Intel Mac OS X 10_15_7) AppleWebKit/537.36 (KHTML, like Gecko) Chrome/90.0.4430.212 Safari/537.36"
91.224.92.99 - - [29/Jan/2026:23:26:03 -0500] "GET /wp-admin/index.php HTTP/1.1" 302 - "http://discoporn.com/wp-login.php" "Mozilla/5.0 (Macintosh; Intel Mac OS X 10_15_7) AppleWebKit/537.36 (KHTML, like Gecko) Chrome/90.0.4430.212 Safari/537.36"
91.224.92.99 - - [29/Jan/2026:23:26:04 -0500] "GET /wp-login.php?redirect_to=http%3A%2F%2Fdiscoporn.com%2Fwp-admin%2Findex.php&reauth=1 HTTP/1.1" 200 2880 "http://discoporn.com/wp-login.php" "Mozilla/5.0 (Macintosh; Intel Mac OS X 10_15_7) AppleWebKit/537.36 (KHTML, like Gecko) Chrome/90.0.4430.212 Safari/537.36"
91.224.92.99 - - [29/Jan/2026:23:26:04 -0500] "POST /wp-login.php HTTP/1.1" 200 3821 "http://discoporn.com/wp-login.php" "Mozilla/5.0 (Windows NT 10.0; Win64; x64) AppleWebKit/537.36 (KHTML, like Gecko) Chrome/92.0.4515.131 Safari/537.36"
91.224.92.99 - - [29/Jan/2026:23:26:04 -0500] "GET /wp-admin/index.php HTTP/1.1" 302 - "http://discoporn.com/wp-login.php" "Mozilla/5.0 (Windows NT 10.0; Win64; x64) AppleWebKit/537.36 (KHTML, like Gecko) Chrome/93.0.4577.63 Safari/537.36"
91.224.92.99 - - [29/Jan/2026:23:26:04 -0500] "GET /wp-login.php?redirect_to=http%3A%2F%2Fdiscoporn.com%2Fwp-admin%2Findex.php&reauth=1 HTTP/1.1" 200 2880 "http://discoporn.com/wp-login.php" "Mozilla/5.0 (Windows NT 10.0; Win64; x64) AppleWebKit/537.36 (KHTML, like Gecko) Chrome/93.0.4577.63 Safari/537.36"
91.224.92.99 - - [29/Jan/2026:23:26:05 -0500] "GET /wp-admin/index.php HTTP/1.1" 302 - "http://discoporn.com/wp-login.php" "Mozilla/5.0 (Windows NT 10.0; Win64; x64) AppleWebKit/537.36 (KHTML, like Gecko) Chrome/93.0.4577.63 Safari/537.36"
91.224.92.99 - - [29/Jan/2026:23:26:05 -0500] "GET /wp-login.php?redirect_to=http%3A%2F%2Fdiscoporn.com%2Fwp-admin%2Findex.php&reauth=1 HTTP/1.1" 200 2880 "http://discoporn.com/wp-login.php" "Mozilla/5.0 (Windows NT 10.0; Win64; x64) AppleWebKit/537.36 (KHTML, like Gecko) Chrome/93.0.4577.63 Safari/537.36"
91.224.92.99 - - [29/Jan/2026:23:26:05 -0500] "POST /wp-login.php HTTP/1.1" 200 3821 "http://discoporn.com/wp-login.php" "Mozilla/5.0 (X11; Linux x86_64) AppleWebKit/537.36 (KHTML, like Gecko) Chrome/92.0.4515.131 Safari/537.36"
91.224.92.99 - - [29/Jan/2026:23:26:06 -0500] "GET /wp-admin/index.php HTTP/1.1" 302 - "http://discoporn.com/wp-login.php" "Mozilla/5.0 (Windows NT 10.0; Win64; x64; rv:92.0) Gecko/20100101 Firefox/92.0"
91.224.92.99 - - [29/Jan/2026:23:26:06 -0500] "GET /wp-login.php?redirect_to=http%3A%2F%2Fdiscoporn.com%2Fwp-admin%2Findex.php&reauth=1 HTTP/1.1" 200 2880 "http://discoporn.com/wp-login.php" "Mozilla/5.0 (Windows NT 10.0; Win64; x64; rv:92.0) Gecko/20100101 Firefox/92.0"
91.224.92.99 - - [29/Jan/2026:23:26:06 -0500] "GET /wp-admin/index.php HTTP/1.1" 302 - "http://discoporn.com/wp-login.php" "Mozilla/5.0 (Windows NT 10.0; Win64; x64; rv:92.0) Gecko/20100101 Firefox/92.0"
91.224.92.99 - - [29/Jan/2026:23:26:06 -0500] "GET /wp-login.php?redirect_to=http%3A%2F%2Fdiscoporn.com%2Fwp-admin%2Findex.php&reauth=1 HTTP/1.1" 200 2880 "http://discoporn.com/wp-login.php" "Mozilla/5.0 (Windows NT 10.0; Win64; x64; rv:92.0) Gecko/20100101 Firefox/92.0"
91.224.92.99 - - [29/Jan/2026:23:26:07 -0500] "POST /wp-login.php HTTP/1.1" 200 3821 "http://discoporn.com/wp-login.php" "Mozilla/5.0 (Macintosh; Intel Mac OS X 10_15_7) AppleWebKit/605.1.15 (KHTML, like Gecko) Version/15.0 Safari/605.1.15"
91.224.92.99 - - [29/Jan/2026:23:26:07 -0500] "GET /wp-admin/index.php HTTP/1.1" 302 - "http://discoporn.com/wp-login.php" "Mozilla/5.0 (Macintosh; Intel Mac OS X 10_15_7) AppleWebKit/537.36 (KHTML, like Gecko) Chrome/94.0.4606.71 Safari/537.36"
91.224.92.99 - - [29/Jan/2026:23:26:07 -0500] "GET /wp-login.php?redirect_to=http%3A%2F%2Fdiscoporn.com%2Fwp-admin%2Findex.php&reauth=1 HTTP/1.1" 200 2880 "http://discoporn.com/wp-login.php" "Mozilla/5.0 (Macintosh; Intel Mac OS X 10_15_7) AppleWebKit/537.36 (KHTML, like Gecko) Chrome/94.0.4606.71 Safari/537.36"
91.224.92.99 - - [29/Jan/2026:23:26:08 -0500] "GET /wp-admin/index.php HTTP/1.1" 302 - "http://discoporn.com/wp-login.php" "Mozilla/5.0 (Macintosh; Intel Mac OS X 10_15_7) AppleWebKit/537.36 (KHTML, like Gecko) Chrome/94.0.4606.71 Safari/537.36"
91.224.92.99 - - [29/Jan/2026:23:26:08 -0500] "GET /wp-login.php?redirect_to=http%3A%2F%2Fdiscoporn.com%2Fwp-admin%2Findex.php&reauth=1 HTTP/1.1" 200 2880 "http://discoporn.com/wp-login.php" "Mozilla/5.0 (Macintosh; Intel Mac OS X 10_15_7) AppleWebKit/537.36 (KHTML, like Gecko) Chrome/94.0.4606.71 Safari/537.36"
91.224.92.99 - - [29/Jan/2026:23:26:08 -0500] "POST /wp-login.php HTTP/1.1" 200 3859 "http://discoporn.com/wp-login.php" "Mozilla/5.0 (Windows NT 6.1; Win64; x64; rv:92.0) Gecko/20100101 Firefox/92.0"
91.224.92.99 - - [29/Jan/2026:23:26:08 -0500] "GET /wp-admin/index.php HTTP/1.1" 302 - "http://discoporn.com/wp-login.php" "Mozilla/5.0 (Macintosh; Intel Mac OS X 10_15_7) AppleWebKit/605.1.15 (KHTML, like Gecko) Version/14.1 Safari/605.1.15"
91.224.92.99 - - [29/Jan/2026:23:26:09 -0500] "GET /wp-login.php?redirect_to=http%3A%2F%2Fdiscoporn.com%2Fwp-admin%2Findex.php&reauth=1 HTTP/1.1" 200 2880 "http://discoporn.com/wp-login.php" "Mozilla/5.0 (Macintosh; Intel Mac OS X 10_15_7) AppleWebKit/605.1.15 (KHTML, like Gecko) Version/14.1 Safari/605.1.15"
91.224.92.99 - - [29/Jan/2026:23:26:09 -0500] "GET /wp-admin/index.php HTTP/1.1" 302 - "http://discoporn.com/wp-login.php" "Mozilla/5.0 (Macintosh; Intel Mac OS X 10_15_7) AppleWebKit/605.1.15 (KHTML, like Gecko) Version/14.1 Safari/605.1.15"
91.224.92.99 - - [29/Jan/2026:23:26:09 -0500] "GET /wp-login.php?redirect_to=http%3A%2F%2Fdiscoporn.com%2Fwp-admin%2Findex.php&reauth=1 HTTP/1.1" 200 2880 "http://discoporn.com/wp-login.php" "Mozilla/5.0 (Macintosh; Intel Mac OS X 10_15_7) AppleWebKit/605.1.15 (KHTML, like Gecko) Version/14.1 Safari/605.1.15"
91.224.92.99 - - [29/Jan/2026:23:26:10 -0500] "POST /wp-login.php HTTP/1.1" 200 3821 "http://discoporn.com/wp-login.php" "Mozilla/5.0 (Macintosh; Intel Mac OS X 10_15_7) AppleWebKit/537.36 (KHTML, like Gecko) Chrome/93.0.4577.63 Safari/537.36"
91.224.92.99 - - [29/Jan/2026:23:26:10 -0500] "GET /wp-admin/index.php HTTP/1.1" 302 - "http://discoporn.com/wp-login.php" "Mozilla/5.0 (Macintosh; Intel Mac OS X 10_15_7; rv:90.0) Gecko/20100101 Firefox/90.0.1"
91.224.92.99 - - [29/Jan/2026:23:26:10 -0500] "GET /wp-login.php?redirect_to=http%3A%2F%2Fdiscoporn.com%2Fwp-admin%2Findex.php&reauth=1 HTTP/1.1" 200 2880 "http://discoporn.com/wp-login.php" "Mozilla/5.0 (Macintosh; Intel Mac OS X 10_15_7; rv:90.0) Gecko/20100101 Firefox/90.0.1"
91.224.92.99 - - [29/Jan/2026:23:26:10 -0500] "GET /wp-admin/index.php HTTP/1.1" 302 - "http://discoporn.com/wp-login.php" "Mozilla/5.0 (Macintosh; Intel Mac OS X 10_15_7; rv:90.0) Gecko/20100101 Firefox/90.0.1"
91.224.92.99 - - [29/Jan/2026:23:26:11 -0500] "GET /wp-login.php?redirect_to=http%3A%2F%2Fdiscoporn.com%2Fwp-admin%2Findex.php&reauth=1 HTTP/1.1" 200 2880 "http://discoporn.com/wp-login.php" "Mozilla/5.0 (Macintosh; Intel Mac OS X 10_15_7; rv:90.0) Gecko/20100101 Firefox/90.0.1"
91.224.92.99 - - [29/Jan/2026:23:26:11 -0500] "POST /wp-login.php HTTP/1.1" 200 3859 "http://discoporn.com/wp-login.php" "Mozilla/5.0 (Windows NT 10.0; Win64; x64) AppleWebKit/605.1.15 (KHTML, like Gecko) Version/14.1.1 Safari/605.1.15"
91.224.92.99 - - [29/Jan/2026:23:26:11 -0500] "GET /wp-admin/index.php HTTP/1.1" 302 - "http://discoporn.com/wp-login.php" "Mozilla/5.0 (X11; Linux x86_64) AppleWebKit/537.36 (KHTML, like Gecko) Chrome/92.0.4515.131 Safari/537.36"
91.224.92.99 - - [29/Jan/2026:23:26:12 -0500] "GET /wp-login.php?redirect_to=http%3A%2F%2Fdiscoporn.com%2Fwp-admin%2Findex.php&reauth=1 HTTP/1.1" 200 2880 "http://discoporn.com/wp-login.php" "Mozilla/5.0 (X11; Linux x86_64) AppleWebKit/537.36 (KHTML, like Gecko) Chrome/92.0.4515.131 Safari/537.36"
91.224.92.99 - - [29/Jan/2026:23:26:12 -0500] "GET /wp-admin/index.php HTTP/1.1" 302 - "http://discoporn.com/wp-login.php" "Mozilla/5.0 (X11; Linux x86_64) AppleWebKit/537.36 (KHTML, like Gecko) Chrome/92.0.4515.131 Safari/537.36"
91.224.92.99 - - [29/Jan/2026:23:26:12 -0500] "GET /wp-login.php?redirect_to=http%3A%2F%2Fdiscoporn.com%2Fwp-admin%2Findex.php&reauth=1 HTTP/1.1" 200 2880 "http://discoporn.com/wp-login.php" "Mozilla/5.0 (X11; Linux x86_64) AppleWebKit/537.36 (KHTML, like Gecko) Chrome/92.0.4515.131 Safari/537.36"
91.224.92.99 - - [29/Jan/2026:23:26:13 -0500] "POST /wp-login.php HTTP/1.1" 200 3821 "http://discoporn.com/wp-login.php" "Mozilla/5.0 (Macintosh; Intel Mac OS X 10_15_7) AppleWebKit/537.36 (KHTML, like Gecko) Chrome/91.0.4472.124 Safari/537.36"
91.224.92.99 - - [29/Jan/2026:23:26:13 -0500] "GET /wp-admin/index.php HTTP/1.1" 302 - "http://discoporn.com/wp-login.php" "Mozilla/5.0 (Macintosh; Intel Mac OS X 10_15_7) AppleWebKit/537.36 (KHTML, like Gecko) Chrome/90.0.4430.212 Safari/537.36"
91.224.92.99 - - [29/Jan/2026:23:26:13 -0500] "GET /wp-login.php?redirect_to=http%3A%2F%2Fdiscoporn.com%2Fwp-admin%2Findex.php&reauth=1 HTTP/1.1" 200 2880 "http://discoporn.com/wp-login.php" "Mozilla/5.0 (Macintosh; Intel Mac OS X 10_15_7) AppleWebKit/537.36 (KHTML, like Gecko) Chrome/90.0.4430.212 Safari/537.36"
91.224.92.99 - - [29/Jan/2026:23:26:14 -0500] "GET /wp-admin/index.php HTTP/1.1" 302 - "http://discoporn.com/wp-login.php" "Mozilla/5.0 (Macintosh; Intel Mac OS X 10_15_7) AppleWebKit/537.36 (KHTML, like Gecko) Chrome/90.0.4430.212 Safari/537.36"
91.224.92.99 - - [29/Jan/2026:23:26:14 -0500] "GET /wp-login.php?redirect_to=http%3A%2F%2Fdiscoporn.com%2Fwp-admin%2Findex.php&reauth=1 HTTP/1.1" 200 2880 "http://discoporn.com/wp-login.php" "Mozilla/5.0 (Macintosh; Intel Mac OS X 10_15_7) AppleWebKit/537.36 (KHTML, like Gecko) Chrome/90.0.4430.212 Safari/537.36"
91.224.92.99 - - [29/Jan/2026:23:26:15 -0500] "POST /wp-login.php HTTP/1.1" 200 3821 "http://discoporn.com/wp-login.php" "Mozilla/5.0 (X11; Linux x86_64) AppleWebKit/537.36 (KHTML, like Gecko) Chrome/91.0.4472.124 Safari/537.36"
91.224.92.99 - - [29/Jan/2026:23:26:15 -0500] "GET /wp-admin/index.php HTTP/1.1" 302 - "http://discoporn.com/wp-login.php" "Mozilla/5.0 (Windows NT 10.0; Win64; x64) AppleWebKit/537.36 (KHTML, like Gecko) Chrome/94.0.4606.71 Safari/537.36"
91.224.92.99 - - [29/Jan/2026:23:26:15 -0500] "GET /wp-login.php?redirect_to=http%3A%2F%2Fdiscoporn.com%2Fwp-admin%2Findex.php&reauth=1 HTTP/1.1" 200 2880 "http://discoporn.com/wp-login.php" "Mozilla/5.0 (Windows NT 10.0; Win64; x64) AppleWebKit/537.36 (KHTML, like Gecko) Chrome/94.0.4606.71 Safari/537.36"
91.224.92.99 - - [29/Jan/2026:23:26:16 -0500] "GET /wp-admin/index.php HTTP/1.1" 302 - "http://discoporn.com/wp-login.php" "Mozilla/5.0 (Windows NT 10.0; Win64; x64) AppleWebKit/537.36 (KHTML, like Gecko) Chrome/94.0.4606.71 Safari/537.36"
91.224.92.99 - - [29/Jan/2026:23:26:16 -0500] "GET /wp-login.php?redirect_to=http%3A%2F%2Fdiscoporn.com%2Fwp-admin%2Findex.php&reauth=1 HTTP/1.1" 200 2880 "http://discoporn.com/wp-login.php" "Mozilla/5.0 (Windows NT 10.0; Win64; x64) AppleWebKit/537.36 (KHTML, like Gecko) Chrome/94.0.4606.71 Safari/537.36"
91.224.92.99 - - [29/Jan/2026:23:26:16 -0500] "POST /wp-login.php HTTP/1.1" 200 3859 "http://discoporn.com/wp-login.php" "Mozilla/5.0 (Windows NT 6.1; Win64; x64) AppleWebKit/537.36 (KHTML, like Gecko) Chrome/91.0.4472.124 Safari/537.36"
91.224.92.99 - - [29/Jan/2026:23:26:17 -0500] "GET /wp-admin/index.php HTTP/1.1" 302 - "http://discoporn.com/wp-login.php" "Mozilla/5.0 (Macintosh; Intel Mac OS X 10_15_7) AppleWebKit/537.36 (KHTML, like Gecko) Chrome/90.0.4430.212 Safari/537.36"
91.224.92.99 - - [29/Jan/2026:23:26:17 -0500] "GET /wp-login.php?redirect_to=http%3A%2F%2Fdiscoporn.com%2Fwp-admin%2Findex.php&reauth=1 HTTP/1.1" 200 2880 "http://discoporn.com/wp-login.php" "Mozilla/5.0 (Macintosh; Intel Mac OS X 10_15_7) AppleWebKit/537.36 (KHTML, like Gecko) Chrome/90.0.4430.212 Safari/537.36"
91.224.92.99 - - [29/Jan/2026:23:26:17 -0500] "GET /wp-admin/index.php HTTP/1.1" 302 - "http://discoporn.com/wp-login.php" "Mozilla/5.0 (Macintosh; Intel Mac OS X 10_15_7) AppleWebKit/537.36 (KHTML, like Gecko) Chrome/90.0.4430.212 Safari/537.36"
91.224.92.99 - - [29/Jan/2026:23:26:18 -0500] "GET /wp-login.php?redirect_to=http%3A%2F%2Fdiscoporn.com%2Fwp-admin%2Findex.php&reauth=1 HTTP/1.1" 200 2880 "http://discoporn.com/wp-login.php" "Mozilla/5.0 (Macintosh; Intel Mac OS X 10_15_7) AppleWebKit/537.36 (KHTML, like Gecko) Chrome/90.0.4430.212 Safari/537.36"
91.224.92.99 - - [29/Jan/2026:23:26:18 -0500] "POST /wp-login.php HTTP/1.1" 200 3821 "http://discoporn.com/wp-login.php" "Mozilla/5.0 (Windows NT 6.1; Win64; x64; rv:91.0) Gecko/20100101 Firefox/91.0"
91.224.92.99 - - [29/Jan/2026:23:26:18 -0500] "GET /wp-admin/index.php HTTP/1.1" 302 - "http://discoporn.com/wp-login.php" "Mozilla/5.0 (Macintosh; Intel Mac OS X 10_15_7) AppleWebKit/605.1.15 (KHTML, like Gecko) Version/14.1 Safari/605.1.15"
91.224.92.99 - - [29/Jan/2026:23:26:19 -0500] "GET /wp-login.php?redirect_to=http%3A%2F%2Fdiscoporn.com%2Fwp-admin%2Findex.php&reauth=1 HTTP/1.1" 200 2880 "http://discoporn.com/wp-login.php" "Mozilla/5.0 (Macintosh; Intel Mac OS X 10_15_7) AppleWebKit/605.1.15 (KHTML, like Gecko) Version/14.1 Safari/605.1.15"
91.224.92.99 - - [29/Jan/2026:23:26:19 -0500] "GET /wp-admin/index.php HTTP/1.1" 302 - "http://discoporn.com/wp-login.php" "Mozilla/5.0 (Macintosh; Intel Mac OS X 10_15_7) AppleWebKit/605.1.15 (KHTML, like Gecko) Version/14.1 Safari/605.1.15"
91.224.92.99 - - [29/Jan/2026:23:26:19 -0500] "GET /wp-login.php?redirect_to=http%3A%2F%2Fdiscoporn.com%2Fwp-admin%2Findex.php&reauth=1 HTTP/1.1" 200 2880 "http://discoporn.com/wp-login.php" "Mozilla/5.0 (Macintosh; Intel Mac OS X 10_15_7) AppleWebKit/605.1.15 (KHTML, like Gecko) Version/14.1 Safari/605.1.15"
91.224.92.99 - - [29/Jan/2026:23:26:19 -0500] "POST /wp-login.php HTTP/1.1" 200 3821 "http://discoporn.com/wp-login.php" "Mozilla/5.0 (Macintosh; Intel Mac OS X 10_15_7) AppleWebKit/605.1.15 (KHTML, like Gecko) Version/14.1 Safari/605.1.15"
91.224.92.99 - - [29/Jan/2026:23:26:20 -0500] "GET /wp-admin/index.php HTTP/1.1" 302 - "http://discoporn.com/wp-login.php" "Mozilla/5.0 (X11; Linux x86_64) AppleWebKit/537.36 (KHTML, like Gecko) Chrome/92.0.4515.131 Safari/537.36"
91.224.92.99 - - [29/Jan/2026:23:26:20 -0500] "GET /wp-login.php?redirect_to=http%3A%2F%2Fdiscoporn.com%2Fwp-admin%2Findex.php&reauth=1 HTTP/1.1" 200 2880 "http://discoporn.com/wp-login.php" "Mozilla/5.0 (X11; Linux x86_64) AppleWebKit/537.36 (KHTML, like Gecko) Chrome/92.0.4515.131 Safari/537.36"
91.224.92.99 - - [29/Jan/2026:23:26:20 -0500] "GET /wp-admin/index.php HTTP/1.1" 302 - "http://discoporn.com/wp-login.php" "Mozilla/5.0 (X11; Linux x86_64) AppleWebKit/537.36 (KHTML, like Gecko) Chrome/92.0.4515.131 Safari/537.36"
91.224.92.99 - - [29/Jan/2026:23:26:21 -0500] "GET /wp-login.php?redirect_to=http%3A%2F%2Fdiscoporn.com%2Fwp-admin%2Findex.php&reauth=1 HTTP/1.1" 200 2880 "http://discoporn.com/wp-login.php" "Mozilla/5.0 (X11; Linux x86_64) AppleWebKit/537.36 (KHTML, like Gecko) Chrome/92.0.4515.131 Safari/537.36"
91.224.92.99 - - [29/Jan/2026:23:26:21 -0500] "POST /wp-login.php HTTP/1.1" 200 3821 "http://discoporn.com/wp-login.php" "Mozilla/5.0 (Windows NT 10.0; Win64; x64) AppleWebKit/537.36 (KHTML, like Gecko) Chrome/93.0.4577.63 Safari/537.36"
91.224.92.99 - - [29/Jan/2026:23:26:21 -0500] "GET /wp-admin/index.php HTTP/1.1" 302 - "http://discoporn.com/wp-login.php" "Mozilla/5.0 (X11; Linux x86_64) AppleWebKit/537.36 (KHTML, like Gecko) Chrome/90.0.4430.212 Safari/537.36"
91.224.92.99 - - [29/Jan/2026:23:26:21 -0500] "GET /wp-login.php?redirect_to=http%3A%2F%2Fdiscoporn.com%2Fwp-admin%2Findex.php&reauth=1 HTTP/1.1" 200 2880 "http://discoporn.com/wp-login.php" "Mozilla/5.0 (X11; Linux x86_64) AppleWebKit/537.36 (KHTML, like Gecko) Chrome/90.0.4430.212 Safari/537.36"
91.224.92.99 - - [29/Jan/2026:23:26:22 -0500] "GET /wp-admin/index.php HTTP/1.1" 302 - "http://discoporn.com/wp-login.php" "Mozilla/5.0 (X11; Linux x86_64) AppleWebKit/537.36 (KHTML, like Gecko) Chrome/90.0.4430.212 Safari/537.36"
91.224.92.99 - - [29/Jan/2026:23:26:22 -0500] "GET /wp-login.php?redirect_to=http%3A%2F%2Fdiscoporn.com%2Fwp-admin%2Findex.php&reauth=1 HTTP/1.1" 200 2880 "http://discoporn.com/wp-login.php" "Mozilla/5.0 (X11; Linux x86_64) AppleWebKit/537.36 (KHTML, like Gecko) Chrome/90.0.4430.212 Safari/537.36"
91.224.92.99 - - [29/Jan/2026:23:26:22 -0500] "POST /wp-login.php HTTP/1.1" 200 3786 "http://discoporn.com/wp-login.php" "Mozilla/5.0 (Windows NT 10.0; Win64; x64) AppleWebKit/537.36 (KHTML, like Gecko) Chrome/91.0.4472.124 Safari/537.36"
91.224.92.99 - - [29/Jan/2026:23:26:23 -0500] "GET /wp-admin/index.php HTTP/1.1" 302 - "http://discoporn.com/wp-login.php" "Mozilla/5.0 (Windows NT 6.1; Win64; x64; rv:93.0) Gecko/20100101 Firefox/93.0"
91.224.92.99 - - [29/Jan/2026:23:26:23 -0500] "GET /wp-login.php?redirect_to=http%3A%2F%2Fdiscoporn.com%2Fwp-admin%2Findex.php&reauth=1 HTTP/1.1" 200 2880 "http://discoporn.com/wp-login.php" "Mozilla/5.0 (Windows NT 6.1; Win64; x64; rv:93.0) Gecko/20100101 Firefox/93.0"
91.224.92.99 - - [29/Jan/2026:23:26:23 -0500] "GET /wp-admin/index.php HTTP/1.1" 302 - "http://discoporn.com/wp-login.php" "Mozilla/5.0 (Windows NT 6.1; Win64; x64; rv:93.0) Gecko/20100101 Firefox/93.0"
91.224.92.99 - - [29/Jan/2026:23:26:23 -0500] "GET /wp-login.php?redirect_to=http%3A%2F%2Fdiscoporn.com%2Fwp-admin%2Findex.php&reauth=1 HTTP/1.1" 200 2880 "http://discoporn.com/wp-login.php" "Mozilla/5.0 (Windows NT 6.1; Win64; x64; rv:93.0) Gecko/20100101 Firefox/93.0"
