HEX
Server: Apache
System: Linux msm5694.mjhst.com 3.10.0-1160.119.1.el7.x86_64 #1 SMP Tue Jun 4 14:43:51 UTC 2024 x86_64
User: camjab_ssh (1000)
PHP: 5.3.29
Disabled: NONE
Upload Files
File: //home/httpd/logs/crackedtube.com_access_log.3
204.76.203.212 - - [27/Jan/2026:04:20:39 -0500] "GET / HTTP/1.1" 403 266 "-" "Mozilla/5.0 (Windows NT 10.0; Win64; x64) AppleWebKit/537.36 (KHTML, like Gecko) Chrome/90.0.4430.85 Safari/537.36 Edg/90.0.818.46"
91.224.92.115 - - [27/Jan/2026:04:41:35 -0500] "GET /cgi-bin/luci/;stok=/locale HTTP/1.1" 404 288 "-" "-"
145.239.10.137 - - [27/Jan/2026:04:43:04 -0500] "GET /ola.php HTTP/1.1" 404 270 "http://crackedtube.com/ola.php" "Mozilla/5.0 (iPhone; CPU iPhone OS 17_5_1 like Mac OS X) AppleWebKit/605.1.15 (KHTML, like Gecko) Version/17.5 Mobile/15E148 Safari/604.1"
145.239.10.137 - - [27/Jan/2026:04:44:57 -0500] "GET /g.php HTTP/1.1" 404 268 "http://crackedtube.com/g.php" "Mozilla/5.0 (iPhone; CPU iPhone OS 17_5_1 like Mac OS X) AppleWebKit/605.1.15 (KHTML, like Gecko) Version/17.5 Mobile/15E148 Safari/604.1"
204.76.203.212 - - [27/Jan/2026:04:46:38 -0500] "GET / HTTP/1.1" 403 266 "-" "Mozilla/5.0 (Windows NT 10.0; Win64; x64) AppleWebKit/537.36 (KHTML, like Gecko) Chrome/90.0.4430.85 Safari/537.36 Edg/90.0.818.46"
204.76.203.212 - - [27/Jan/2026:05:10:36 -0500] "GET / HTTP/1.1" 403 266 "-" "Mozilla/5.0 (Windows NT 10.0; Win64; x64) AppleWebKit/537.36 (KHTML, like Gecko) Chrome/90.0.4430.85 Safari/537.36 Edg/90.0.818.46"
204.76.203.18 - - [27/Jan/2026:05:18:49 -0500] "GET /backup/ HTTP/1.1" 404 269 "-" "-"
79.124.40.174 - - [27/Jan/2026:05:27:10 -0500] "GET /actuator/gateway/routes HTTP/1.1" 404 285 "-" "Mozilla/5.0 (Windows NT 10.0; Win64; x64) AppleWebKit/537.36 (KHTML, like Gecko) Chrome/78.0.3904.108 Safari/537.36"
204.76.203.212 - - [27/Jan/2026:05:34:18 -0500] "GET / HTTP/1.1" 403 266 "-" "Mozilla/5.0 (Windows NT 10.0; Win64; x64) AppleWebKit/537.36 (KHTML, like Gecko) Chrome/90.0.4430.85 Safari/537.36 Edg/90.0.818.46"
204.76.203.212 - - [27/Jan/2026:05:59:34 -0500] "GET / HTTP/1.1" 403 266 "-" "Mozilla/5.0 (Windows NT 10.0; Win64; x64) AppleWebKit/537.36 (KHTML, like Gecko) Chrome/90.0.4430.85 Safari/537.36 Edg/90.0.818.46"
5.183.209.196 - - [27/Jan/2026:06:00:13 -0500] "GET /SDK/webLanguage HTTP/1.1" 404 277 "-" "Mozilla/5.0 (Windows NT 10.0; Win64; x64) AppleWebKit/537.36 (KHTML, like Gecko) Chrome/90.0.4430.85 Safari/537.36 Edg/90.0.818.46"
204.76.203.69 - - [27/Jan/2026:06:06:07 -0500] "GET / HTTP/1.1" 403 266 "-" "-"
193.142.147.209 - - [27/Jan/2026:06:14:12 -0500] "POST / HTTP/1.1" 404 262 "-" "Mozilla/5.0 (Windows NT 10.0; Win64; x64) AppleWebKit/537.36"
170.106.72.178 - - [27/Jan/2026:06:18:39 -0500] "GET / HTTP/1.1" 403 271 "-" "Mozilla/5.0 (iPhone; CPU iPhone OS 13_2_3 like Mac OS X) AppleWebKit/605.1.15 (KHTML, like Gecko) Version/13.0.3 Mobile/15E148 Safari/604.1"
147.185.132.109 - - [27/Jan/2026:06:20:56 -0500] "GET / HTTP/1.1" 403 266 "-" "Hello from Palo Alto Networks, find out more about our scans in https://docs-cortex.paloaltonetworks.com/r/1/Cortex-Xpanse/Scanning-activity"
204.76.203.212 - - [27/Jan/2026:06:25:07 -0500] "GET / HTTP/1.1" 403 266 "-" "Mozilla/5.0 (Windows NT 10.0; Win64; x64) AppleWebKit/537.36 (KHTML, like Gecko) Chrome/90.0.4430.85 Safari/537.36 Edg/90.0.818.46"
204.76.203.212 - - [27/Jan/2026:06:51:58 -0500] "GET / HTTP/1.1" 403 266 "-" "Mozilla/5.0 (Windows NT 10.0; Win64; x64) AppleWebKit/537.36 (KHTML, like Gecko) Chrome/90.0.4430.85 Safari/537.36 Edg/90.0.818.46"
185.93.89.39 - - [27/Jan/2026:06:53:15 -0500] "GET / HTTP/1.1" 403 266 "-" "Mozilla/5.0 (X11; Linux x86_64; rv:140.0) Gecko/20100101 Firefox/140.0"
204.76.203.69 - - [27/Jan/2026:06:57:52 -0500] "GET / HTTP/1.1" 403 266 "-" "Mozilla/5.0 (Windows NT 10.0; Win64; x64) AppleWebKit/537.36 (KHTML, like Gecko) Chrome/90.0.4430.85 Safari/537.36 Edg/90.0.818.46"
66.249.66.69 - - [27/Jan/2026:07:00:49 -0500] "GET /robots.txt HTTP/1.1" 404 273 "-" "Mozilla/5.0 (compatible; Googlebot/2.1; +http://www.google.com/bot.html)"
43.130.131.18 - - [27/Jan/2026:07:10:48 -0500] "GET / HTTP/1.1" 403 266 "-" "Mozilla/5.0 (iPhone; CPU iPhone OS 13_2_3 like Mac OS X) AppleWebKit/605.1.15 (KHTML, like Gecko) Version/13.0.3 Mobile/15E148 Safari/604.1"
204.76.203.212 - - [27/Jan/2026:07:15:56 -0500] "GET / HTTP/1.1" 403 266 "-" "Mozilla/5.0 (Windows NT 10.0; Win64; x64) AppleWebKit/537.36 (KHTML, like Gecko) Chrome/90.0.4430.85 Safari/537.36 Edg/90.0.818.46"
43.135.172.89 - - [27/Jan/2026:07:16:02 -0500] "GET / HTTP/1.1" 403 267 "-" "Mozilla/5.0 (iPhone; CPU iPhone OS 13_2_3 like Mac OS X) AppleWebKit/605.1.15 (KHTML, like Gecko) Version/13.0.3 Mobile/15E148 Safari/604.1"
45.148.10.247 - - [27/Jan/2026:07:20:02 -0500] "GET /.git/config HTTP/1.1" 404 274 "-" "Mozilla/5.0 (Windows NT 10.0; rv:91.0) Gecko/20100101 Firefox/91.0"
45.148.10.247 - - [27/Jan/2026:07:20:03 -0500] "GET / HTTP/1.1" 403 267 "-" "-"
209.38.108.150 - - [27/Jan/2026:07:33:09 -0500] "GET / HTTP/1.1" 403 267 "-" "Mozilla/5.0 (X11; Linux x86_64) AppleWebKit/537.36 (KHTML, like Gecko) Chrome/142.0.0.0 Safari/537.36"
204.76.203.212 - - [27/Jan/2026:07:42:44 -0500] "GET / HTTP/1.1" 403 266 "-" "Mozilla/5.0 (Windows NT 10.0; Win64; x64) AppleWebKit/537.36 (KHTML, like Gecko) Chrome/90.0.4430.85 Safari/537.36 Edg/90.0.818.46"
172.215.145.207 - - [27/Jan/2026:07:52:26 -0500] "GET / HTTP/1.1" 403 266 "-" "Mozilla/5.0 zgrab/0.x"
204.76.203.212 - - [27/Jan/2026:08:06:05 -0500] "GET / HTTP/1.1" 403 266 "-" "Mozilla/5.0 (Windows NT 10.0; Win64; x64) AppleWebKit/537.36 (KHTML, like Gecko) Chrome/90.0.4430.85 Safari/537.36 Edg/90.0.818.46"
114.96.103.33 - - [27/Jan/2026:08:08:15 -0500] "GET / HTTP/1.1" 403 271 "-" "Mozilla/5.0 (iPhone; CPU iPhone OS 13_2_3 like Mac OS X) AppleWebKit/605.1.15 (KHTML, like Gecko) Version/13.0.3 Mobile/15E148 Safari/604.1"
122.129.120.226 - - [27/Jan/2026:08:13:18 -0500] "GET /manager/html HTTP/1.1" 404 274 "-" "python-requests/2.27.1"
193.142.147.209 - - [27/Jan/2026:08:30:08 -0500] "POST / HTTP/1.1" 404 262 "-" "Mozilla/5.0 (Windows NT 10.0; Win64; x64) AppleWebKit/537.36"
204.76.203.212 - - [27/Jan/2026:08:31:49 -0500] "GET / HTTP/1.1" 403 266 "-" "Mozilla/5.0 (Windows NT 10.0; Win64; x64) AppleWebKit/537.36 (KHTML, like Gecko) Chrome/90.0.4430.85 Safari/537.36 Edg/90.0.818.46"
45.156.87.161 - - [27/Jan/2026:08:41:04 -0500] "GET /.env HTTP/1.1" 404 266 "-" "Mozilla/5.0 (compatible; Googlebot/2.1; +http://www.google.com/bot.html)"
204.76.203.212 - - [27/Jan/2026:08:55:55 -0500] "GET / HTTP/1.1" 403 266 "-" "Mozilla/5.0 (Windows NT 10.0; Win64; x64) AppleWebKit/537.36 (KHTML, like Gecko) Chrome/90.0.4430.85 Safari/537.36 Edg/90.0.818.46"
137.103.240.172 - - [27/Jan/2026:08:58:04 -0500] "GET /api/v0/blocks/latest HTTP/1.1" 404 297 "-" "Mozilla/7.0 (Windows NT 10.0; Win64; x64; rv:67.0) Gecko/20100101 Firefox/67.0"
13.61.136.107 - - [27/Jan/2026:09:16:59 -0500] "GET / HTTP/1.1" 403 266 "-" "Go-http-client/1.1"
204.76.203.212 - - [27/Jan/2026:09:23:09 -0500] "GET / HTTP/1.1" 403 266 "-" "Mozilla/5.0 (Windows NT 10.0; Win64; x64) AppleWebKit/537.36 (KHTML, like Gecko) Chrome/90.0.4430.85 Safari/537.36 Edg/90.0.818.46"
66.249.66.68 - - [27/Jan/2026:09:27:54 -0500] "GET /robots.txt HTTP/1.1" 404 277 "-" "Mozilla/5.0 (compatible; Googlebot/2.1; +http://www.google.com/bot.html)"
91.231.89.47 - - [27/Jan/2026:09:45:34 -0500] "GET / HTTP/1.1" 403 266 "-" "Mozilla/5.0 (X11; Ubuntu; Linux x86_64; rv:134.0) Gecko/20100101 Firefox/134.0"
146.103.121.90 - - [27/Jan/2026:09:48:31 -0500] "GET /wp-login.php HTTP/1.1" 404 275 "-" "Mozilla/5.0 (X11; Linux x86_64) AppleWebKit/537.36 (KHTML, like Gecko) Chrome/120.0.0.0 Safari/537.36"
146.103.121.90 - - [27/Jan/2026:09:48:35 -0500] "GET /wp-admin/ HTTP/1.1" 404 272 "-" "Mozilla/5.0 (Macintosh; Intel Mac OS X 10_15_7) AppleWebKit/537.36 (KHTML, like Gecko) Chrome/120.0.0.0 Safari/537.36"
146.103.121.90 - - [27/Jan/2026:09:48:35 -0500] "GET /login HTTP/1.1" 404 268 "-" "Mozilla/5.0 (Windows NT 10.0; Win64; x64; rv:121.0) Gecko/20100101 Firefox/121.0"
146.103.121.90 - - [27/Jan/2026:09:48:35 -0500] "GET /admin HTTP/1.1" 404 268 "-" "Mozilla/5.0 (X11; Linux x86_64) AppleWebKit/537.36 (KHTML, like Gecko) Chrome/120.0.0.0 Safari/537.36"
146.103.121.90 - - [27/Jan/2026:09:48:35 -0500] "GET /wp-login HTTP/1.1" 404 271 "-" "Mozilla/5.0 (Macintosh; Intel Mac OS X 10_15_7) AppleWebKit/537.36 (KHTML, like Gecko) Chrome/120.0.0.0 Safari/537.36"
146.103.121.90 - - [27/Jan/2026:09:48:36 -0500] "GET /wordpress/wp-login.php HTTP/1.1" 404 285 "-" "Mozilla/5.0 (X11; Linux x86_64) AppleWebKit/537.36 (KHTML, like Gecko) Chrome/120.0.0.0 Safari/537.36"
146.103.121.90 - - [27/Jan/2026:09:48:37 -0500] "GET /blog/wp-login.php HTTP/1.1" 404 280 "-" "Mozilla/5.0 (Macintosh; Intel Mac OS X 10_15_7) AppleWebKit/537.36 (KHTML, like Gecko) Chrome/120.0.0.0 Safari/537.36"
146.103.121.90 - - [27/Jan/2026:09:48:37 -0500] "GET /wp/wp-login.php HTTP/1.1" 404 278 "-" "Mozilla/5.0 (Windows NT 10.0; Win64; x64) AppleWebKit/537.36 (KHTML, like Gecko) Chrome/120.0.0.0 Safari/537.36"
146.103.121.90 - - [27/Jan/2026:09:48:38 -0500] "GET /cms/wp-login.php HTTP/1.1" 404 279 "-" "Mozilla/5.0 (Windows NT 10.0; Win64; x64) AppleWebKit/537.36 (KHTML, like Gecko) Chrome/120.0.0.0 Safari/537.36"
204.76.203.212 - - [27/Jan/2026:09:50:13 -0500] "GET / HTTP/1.1" 403 266 "-" "Mozilla/5.0 (Windows NT 10.0; Win64; x64) AppleWebKit/537.36 (KHTML, like Gecko) Chrome/90.0.4430.85 Safari/537.36 Edg/90.0.818.46"
204.76.203.212 - - [27/Jan/2026:10:13:04 -0500] "GET / HTTP/1.1" 403 266 "-" "Mozilla/5.0 (Windows NT 10.0; Win64; x64) AppleWebKit/537.36 (KHTML, like Gecko) Chrome/90.0.4430.85 Safari/537.36 Edg/90.0.818.46"
150.109.230.210 - - [27/Jan/2026:10:21:55 -0500] "GET / HTTP/1.1" 403 266 "-" "Mozilla/5.0 (iPhone; CPU iPhone OS 13_2_3 like Mac OS X) AppleWebKit/605.1.15 (KHTML, like Gecko) Version/13.0.3 Mobile/15E148 Safari/604.1"
3.235.145.179 - - [27/Jan/2026:10:31:45 -0500] "GET / HTTP/1.1" 403 266 "-" "Go-http-client/1.1"
176.113.115.74 - - [27/Jan/2026:10:35:10 -0500] "GET / HTTP/1.1" 403 266 "-" "Mozilla/5.0 (Windows NT 10.0; Win64; x64) AppleWebKit/537.36 (KHTML, like Gecko) Chrome/140.0.0.0 Safari/537.36"
204.76.203.212 - - [27/Jan/2026:10:41:17 -0500] "GET / HTTP/1.1" 403 266 "-" "Mozilla/5.0 (Windows NT 10.0; Win64; x64) AppleWebKit/537.36 (KHTML, like Gecko) Chrome/90.0.4430.85 Safari/537.36 Edg/90.0.818.46"
193.142.147.209 - - [27/Jan/2026:11:03:25 -0500] "POST / HTTP/1.1" 404 262 "-" "Mozilla/5.0 (Windows NT 10.0; Win64; x64) AppleWebKit/537.36"
204.76.203.212 - - [27/Jan/2026:11:03:36 -0500] "GET / HTTP/1.1" 403 266 "-" "Mozilla/5.0 (Windows NT 10.0; Win64; x64) AppleWebKit/537.36 (KHTML, like Gecko) Chrome/90.0.4430.85 Safari/537.36 Edg/90.0.818.46"
20.64.104.184 - - [27/Jan/2026:11:04:23 -0500] "GET /developmentserver/metadatauploader HTTP/1.1" 404 296 "-" "Mozilla/5.0 zgrab/0.x"
91.224.92.115 - - [27/Jan/2026:11:17:51 -0500] "GET /cgi-bin/luci/;stok=/locale HTTP/1.1" 404 288 "-" "-"
204.76.203.212 - - [27/Jan/2026:11:29:49 -0500] "GET / HTTP/1.1" 403 266 "-" "Mozilla/5.0 (Windows NT 10.0; Win64; x64) AppleWebKit/537.36 (KHTML, like Gecko) Chrome/90.0.4430.85 Safari/537.36 Edg/90.0.818.46"
104.28.246.114 - - [27/Jan/2026:11:39:19 -0500] "GET /style.php HTTP/1.1" 404 272 "-" "Go-http-client/1.1"
104.28.246.114 - - [27/Jan/2026:11:39:20 -0500] "GET /wp-content/style.php HTTP/1.1" 404 283 "-" "Go-http-client/1.1"
104.28.246.114 - - [27/Jan/2026:11:39:20 -0500] "GET /wp-content/themes/style.php HTTP/1.1" 404 290 "-" "Go-http-client/1.1"
104.28.246.114 - - [27/Jan/2026:11:39:20 -0500] "GET /wp-admin/style.php HTTP/1.1" 404 281 "-" "Go-http-client/1.1"
104.28.246.114 - - [27/Jan/2026:11:39:20 -0500] "GET /wp-includes/style.php HTTP/1.1" 404 284 "-" "Go-http-client/1.1"
104.28.246.114 - - [27/Jan/2026:11:39:21 -0500] "GET /chosen.php?p= HTTP/1.1" 404 273 "-" "Go-http-client/1.1"
104.28.246.114 - - [27/Jan/2026:11:39:21 -0500] "GET /file.php HTTP/1.1" 404 271 "-" "Go-http-client/1.1"
104.28.246.114 - - [27/Jan/2026:11:39:21 -0500] "GET /flower.php HTTP/1.1" 404 273 "-" "Go-http-client/1.1"
104.28.246.114 - - [27/Jan/2026:11:39:21 -0500] "GET /gifclass.php HTTP/1.1" 404 275 "-" "Go-http-client/1.1"
104.28.246.114 - - [27/Jan/2026:11:39:21 -0500] "GET /bless.php HTTP/1.1" 404 272 "-" "Go-http-client/1.1"
104.28.246.114 - - [27/Jan/2026:11:39:21 -0500] "GET /class-t.api.php HTTP/1.1" 404 278 "-" "Go-http-client/1.1"
104.28.246.114 - - [27/Jan/2026:11:39:22 -0500] "GET /blurbs.php HTTP/1.1" 404 273 "-" "Go-http-client/1.1"
104.28.246.114 - - [27/Jan/2026:11:39:22 -0500] "GET /akcc.php HTTP/1.1" 404 271 "-" "Go-http-client/1.1"
104.28.246.114 - - [27/Jan/2026:11:39:22 -0500] "GET /abcd.php HTTP/1.1" 404 271 "-" "Go-http-client/1.1"
104.28.246.114 - - [27/Jan/2026:11:39:22 -0500] "GET /shelp.php HTTP/1.1" 404 272 "-" "Go-http-client/1.1"
104.28.246.114 - - [27/Jan/2026:11:39:22 -0500] "GET /cord.php HTTP/1.1" 404 271 "-" "Go-http-client/1.1"
104.28.246.114 - - [27/Jan/2026:11:39:22 -0500] "GET /dex.php HTTP/1.1" 404 270 "-" "Go-http-client/1.1"
104.28.214.114 - - [27/Jan/2026:11:39:51 -0500] "GET /wp-admin/admin-ajax.php HTTP/1.1" 404 286 "-" "Go-http-client/1.1"
104.28.214.114 - - [27/Jan/2026:11:39:51 -0500] "GET /file2.php HTTP/1.1" 404 272 "-" "Go-http-client/1.1"
104.28.214.114 - - [27/Jan/2026:11:39:51 -0500] "GET //zwso.php HTTP/1.1" 404 271 "-" "Go-http-client/1.1"
104.28.214.114 - - [27/Jan/2026:11:39:52 -0500] "GET /wp-admin/zwso.php HTTP/1.1" 404 280 "-" "Go-http-client/1.1"
104.28.214.114 - - [27/Jan/2026:11:39:52 -0500] "GET /wp-content/plugins/hellopress/wp_mna.php HTTP/1.1" 404 303 "-" "Go-http-client/1.1"
104.28.214.114 - - [27/Jan/2026:11:39:52 -0500] "GET /bolt.php HTTP/1.1" 404 271 "-" "Go-http-client/1.1"
104.28.246.114 - - [27/Jan/2026:11:39:56 -0500] "GET /shlo.php HTTP/1.1" 404 271 "-" "Go-http-client/1.1"
104.28.246.114 - - [27/Jan/2026:11:39:56 -0500] "GET /133.php HTTP/1.1" 404 270 "-" "Go-http-client/1.1"
104.28.246.114 - - [27/Jan/2026:11:39:56 -0500] "GET /ahax.php HTTP/1.1" 404 271 "-" "Go-http-client/1.1"
104.28.246.114 - - [27/Jan/2026:11:39:56 -0500] "GET /php8.php HTTP/1.1" 404 271 "-" "Go-http-client/1.1"
104.28.246.114 - - [27/Jan/2026:11:39:57 -0500] "GET /lufix1.php HTTP/1.1" 404 273 "-" "Go-http-client/1.1"
104.28.246.114 - - [27/Jan/2026:11:39:57 -0500] "GET /witmm.php HTTP/1.1" 404 272 "-" "Go-http-client/1.1"
104.28.246.114 - - [27/Jan/2026:11:39:57 -0500] "GET /wp-admin/css/index.php HTTP/1.1" 404 285 "-" "Go-http-client/1.1"
104.28.246.114 - - [27/Jan/2026:11:39:57 -0500] "GET /wp-content/plugins/index.php HTTP/1.1" 404 291 "-" "Go-http-client/1.1"
104.28.246.114 - - [27/Jan/2026:11:39:57 -0500] "GET /wp-content/index.php HTTP/1.1" 404 283 "-" "Go-http-client/1.1"
104.28.246.114 - - [27/Jan/2026:11:39:57 -0500] "GET /ioxi-o.php HTTP/1.1" 404 273 "-" "Go-http-client/1.1"
104.28.246.114 - - [27/Jan/2026:11:39:57 -0500] "GET /222.php HTTP/1.1" 404 270 "-" "Go-http-client/1.1"
104.28.246.114 - - [27/Jan/2026:11:39:57 -0500] "GET /files.php HTTP/1.1" 404 272 "-" "Go-http-client/1.1"
104.28.246.114 - - [27/Jan/2026:11:39:57 -0500] "GET /wp-editor.php HTTP/1.1" 404 276 "-" "Go-http-client/1.1"
104.28.246.114 - - [27/Jan/2026:11:39:57 -0500] "GET /txets.php HTTP/1.1" 404 272 "-" "Go-http-client/1.1"
104.28.246.114 - - [27/Jan/2026:11:39:57 -0500] "GET /wp-content/txets.php HTTP/1.1" 404 283 "-" "Go-http-client/1.1"
104.28.246.114 - - [27/Jan/2026:11:40:07 -0500] "GET /wp-admin/txets.php HTTP/1.1" 404 281 "-" "Go-http-client/1.1"
104.28.246.114 - - [27/Jan/2026:11:40:07 -0500] "GET /postnews.php HTTP/1.1" 404 275 "-" "Go-http-client/1.1"
104.28.246.114 - - [27/Jan/2026:11:40:08 -0500] "GET /wp-content/postnews.php HTTP/1.1" 404 286 "-" "Go-http-client/1.1"
104.28.246.114 - - [27/Jan/2026:11:40:08 -0500] "GET /wp-admin/postnews.php HTTP/1.1" 404 284 "-" "Go-http-client/1.1"
77.83.39.162 - - [27/Jan/2026:11:47:19 -0500] "GET /.git/config HTTP/1.1" 404 273 "-" "Mozilla/5.0 (Linux; Android 9; SM-G960U) AppleWebKit/537.36 (KHTML, like Gecko) Chrome/76.0.3809.111 Mobile Safari/537.36"
204.76.203.212 - - [27/Jan/2026:11:53:56 -0500] "GET / HTTP/1.1" 403 266 "-" "Mozilla/5.0 (Windows NT 10.0; Win64; x64) AppleWebKit/537.36 (KHTML, like Gecko) Chrome/90.0.4430.85 Safari/537.36 Edg/90.0.818.46"
204.76.203.69 - - [27/Jan/2026:11:54:05 -0500] "GET / HTTP/1.1" 403 266 "-" "-"
204.76.203.212 - - [27/Jan/2026:12:21:43 -0500] "GET / HTTP/1.1" 403 266 "-" "Mozilla/5.0 (Windows NT 10.0; Win64; x64) AppleWebKit/537.36 (KHTML, like Gecko) Chrome/90.0.4430.85 Safari/537.36 Edg/90.0.818.46"
92.255.85.73 - - [27/Jan/2026:12:26:47 -0500] "GET / HTTP/1.1" 403 267 "http://crackedtube.com/" "Mozilla/5.0 (Windows NT 10.0; Win64; x64) AppleWebKit/537.36 (KHTML, like Gecko) Chrome/130.0.0.0 Safari/537.36"
92.255.85.73 - - [27/Jan/2026:12:26:47 -0500] "GET / HTTP/1.1" 403 267 "http://crackedtube.com/" "Mozilla/5.0 (Windows NT 10.0; Win64; x64) AppleWebKit/537.36 (KHTML, like Gecko) Chrome/130.0.0.0 Safari/537.36"
92.255.85.73 - - [27/Jan/2026:12:26:48 -0500] "GET / HTTP/1.1" 403 267 "http://crackedtube.com/" "Mozilla/5.0 (Windows NT 10.0; Win64; x64) AppleWebKit/537.36 (KHTML, like Gecko) Chrome/130.0.0.0 Safari/537.36"
92.255.85.73 - - [27/Jan/2026:12:26:48 -0500] "GET / HTTP/1.1" 403 267 "http://crackedtube.com/" "Mozilla/5.0 (Windows NT 10.0; Win64; x64) AppleWebKit/537.36 (KHTML, like Gecko) Chrome/130.0.0.0 Safari/537.36"
60.205.110.44 - - [27/Jan/2026:12:32:13 -0500] "GET / HTTP/1.1" 403 266 "-" "Go-http-client/1.1"
98.81.195.81 - - [27/Jan/2026:12:40:21 -0500] "GET / HTTP/1.1" 403 266 "-" "Mozilla/5.0 (Windows NT 10.0; Win64; x64) AppleWebKit/537.36 (KHTML, like Gecko) Chrome/136.0.0.0 Safari/537.36"
165.22.231.190 - - [27/Jan/2026:12:51:36 -0500] "GET /.env HTTP/1.1" 404 266 "-" "Mozilla/5.0; Keydrop.io/1.0(onlyscans.com/about);"
165.22.231.190 - - [27/Jan/2026:12:51:36 -0500] "GET /.git/config HTTP/1.1" 404 273 "-" "Mozilla/5.0; Keydrop.io/1.0(onlyscans.com/about);"
204.76.203.212 - - [27/Jan/2026:13:09:27 -0500] "GET / HTTP/1.1" 403 266 "-" "Mozilla/5.0 (Windows NT 10.0; Win64; x64) AppleWebKit/537.36 (KHTML, like Gecko) Chrome/90.0.4430.85 Safari/537.36 Edg/90.0.818.46"
93.174.93.12 - - [27/Jan/2026:13:12:52 -0500] "GET / HTTP/1.1" 403 271 "-" "libwww-perl/5.820"
199.45.154.139 - - [27/Jan/2026:13:31:48 -0500] "GET / HTTP/1.1" 403 266 "-" "Mozilla/5.0 (compatible; CensysInspect/1.1; +https://about.censys.io/)"
199.45.154.139 - - [27/Jan/2026:13:32:03 -0500] "GET /.well-known/security.txt HTTP/1.1" 404 286 "-" "Mozilla/5.0 (compatible; CensysInspect/1.1; +https://about.censys.io/)"
204.76.203.212 - - [27/Jan/2026:13:35:44 -0500] "GET / HTTP/1.1" 403 266 "-" "Mozilla/5.0 (Windows NT 10.0; Win64; x64) AppleWebKit/537.36 (KHTML, like Gecko) Chrome/90.0.4430.85 Safari/537.36 Edg/90.0.818.46"
5.61.209.92 - - [27/Jan/2026:13:38:22 -0500] "GET /SDK/webLanguage HTTP/1.1" 404 277 "-" "Mozilla/5.0 (Windows NT 10.0; Win64; x64) AppleWebKit/537.36 (KHTML, like Gecko) Chrome/90.0.4430.85 Safari/537.36 Edg/90.0.818.46"
43.133.139.6 - - [27/Jan/2026:13:43:37 -0500] "GET / HTTP/1.1" 403 271 "-" "Mozilla/5.0 (iPhone; CPU iPhone OS 13_2_3 like Mac OS X) AppleWebKit/605.1.15 (KHTML, like Gecko) Version/13.0.3 Mobile/15E148 Safari/604.1"
204.76.203.212 - - [27/Jan/2026:14:02:28 -0500] "GET / HTTP/1.1" 403 266 "-" "Mozilla/5.0 (Windows NT 10.0; Win64; x64) AppleWebKit/537.36 (KHTML, like Gecko) Chrome/90.0.4430.85 Safari/537.36 Edg/90.0.818.46"
47.245.94.130 - - [27/Jan/2026:14:07:09 -0500] "GET / HTTP/1.1" 403 266 "-" "Go-http-client/1.1"
43.167.239.66 - - [27/Jan/2026:14:17:30 -0500] "GET / HTTP/1.1" 403 266 "-" "Mozilla/5.0 (iPhone; CPU iPhone OS 13_2_3 like Mac OS X) AppleWebKit/605.1.15 (KHTML, like Gecko) Version/13.0.3 Mobile/15E148 Safari/604.1"
204.76.203.212 - - [27/Jan/2026:14:26:29 -0500] "GET / HTTP/1.1" 403 266 "-" "Mozilla/5.0 (Windows NT 10.0; Win64; x64) AppleWebKit/537.36 (KHTML, like Gecko) Chrome/90.0.4430.85 Safari/537.36 Edg/90.0.818.46"
165.22.36.17 - - [27/Jan/2026:14:27:51 -0500] "GET / HTTP/1.1" 403 266 "-" "Mozilla/5.0 (X11; Linux x86_64; rv:142.0) Gecko/20100101 Firefox/142.0"
136.119.127.163 - - [27/Jan/2026:14:41:36 -0500] "HEAD /wordpress/ HTTP/1.1" 404 - "-" "Mozilla/5.0 (Linux; Android 14; Xiaomi 14 Pro) AppleWebKit/537.36 (KHTML, like Gecko) Chrome/126.0.6478.33 Mobile Safari/537.36"
136.119.127.163 - - [27/Jan/2026:14:41:36 -0500] "HEAD /blog/ HTTP/1.1" 404 - "-" "Mozilla/5.0 (Linux; Android 13; Pixel 7a) AppleWebKit/537.36 (KHTML, like Gecko) Chrome/124.0.6367.82 Mobile Safari/537.36"
136.119.127.163 - - [27/Jan/2026:14:41:36 -0500] "HEAD /backup/ HTTP/1.1" 404 - "-" "Mozilla/5.0 (Linux; Android 12; Redmi Note 11) AppleWebKit/537.36 (KHTML, like Gecko) Chrome/123.0.6312.112 Mobile Safari/537.36"
136.119.127.163 - - [27/Jan/2026:14:41:36 -0500] "HEAD /new/ HTTP/1.1" 404 - "-" "Mozilla/5.0 (Linux; Android 14; Xiaomi 14 Pro) AppleWebKit/537.36 (KHTML, like Gecko) Chrome/126.0.6478.33 Mobile Safari/537.36"
136.119.127.163 - - [27/Jan/2026:14:41:36 -0500] "HEAD /wp/ HTTP/1.1" 404 - "-" "Mozilla/5.0 (Linux; Android 13; Pixel 7a) AppleWebKit/537.36 (KHTML, like Gecko) Chrome/124.0.6367.82 Mobile Safari/537.36"
136.119.127.163 - - [27/Jan/2026:14:41:36 -0500] "HEAD / HTTP/1.1" 403 - "-" "Mozilla/5.0 (Macintosh; Intel Mac OS X 13_5) AppleWebKit/605.1.15 (KHTML, like Gecko) Version/16.5 Safari/605.1.15"
136.119.127.163 - - [27/Jan/2026:14:41:36 -0500] "HEAD /old/ HTTP/1.1" 404 - "-" "Mozilla/5.0 (Linux; Android 12; Redmi Note 11) AppleWebKit/537.36 (KHTML, like Gecko) Chrome/123.0.6312.112 Mobile Safari/537.36"
101.33.80.42 - - [27/Jan/2026:14:50:12 -0500] "GET / HTTP/1.1" 403 267 "-" "Mozilla/5.0 (iPhone; CPU iPhone OS 13_2_3 like Mac OS X) AppleWebKit/605.1.15 (KHTML, like Gecko) Version/13.0.3 Mobile/15E148 Safari/604.1"
204.76.203.212 - - [27/Jan/2026:14:53:51 -0500] "GET / HTTP/1.1" 403 266 "-" "Mozilla/5.0 (Windows NT 10.0; Win64; x64) AppleWebKit/537.36 (KHTML, like Gecko) Chrome/90.0.4430.85 Safari/537.36 Edg/90.0.818.46"
204.76.203.212 - - [27/Jan/2026:15:16:48 -0500] "GET / HTTP/1.1" 403 266 "-" "Mozilla/5.0 (Windows NT 10.0; Win64; x64) AppleWebKit/537.36 (KHTML, like Gecko) Chrome/90.0.4430.85 Safari/537.36 Edg/90.0.818.46"
45.156.87.161 - - [27/Jan/2026:15:29:05 -0500] "GET /.env HTTP/1.1" 404 266 "-" "Mozilla/5.0 (compatible; Googlebot/2.1; +http://www.google.com/bot.html)"
193.142.147.209 - - [27/Jan/2026:15:38:20 -0500] "POST / HTTP/1.1" 404 262 "-" "Mozilla/5.0 (Windows NT 10.0; Win64; x64) AppleWebKit/537.36"
204.76.203.212 - - [27/Jan/2026:15:43:28 -0500] "GET / HTTP/1.1" 403 266 "-" "Mozilla/5.0 (Windows NT 10.0; Win64; x64) AppleWebKit/537.36 (KHTML, like Gecko) Chrome/90.0.4430.85 Safari/537.36 Edg/90.0.818.46"
101.43.199.117 - - [27/Jan/2026:16:02:16 -0500] "GET / HTTP/1.1" 403 266 "-" "Go-http-client/1.1"
195.3.222.218 - - [27/Jan/2026:16:05:50 -0500] "GET / HTTP/1.1" 403 266 "-" "Mozilla/5.0 (Windows NT 10.0; Win64; x64) AppleWebKit/537.36 (KHTML, like Gecko) Chrome/131.0.6778.140 Safari/537.36"
204.76.203.212 - - [27/Jan/2026:16:06:14 -0500] "GET / HTTP/1.1" 403 266 "-" "Mozilla/5.0 (Windows NT 10.0; Win64; x64) AppleWebKit/537.36 (KHTML, like Gecko) Chrome/90.0.4430.85 Safari/537.36 Edg/90.0.818.46"
81.71.136.65 - - [27/Jan/2026:16:19:04 -0500] "GET / HTTP/1.1" 403 266 "-" "Go-http-client/1.1"
152.32.188.207 - - [27/Jan/2026:16:26:39 -0500] "GET / HTTP/1.1" 403 266 "-" "curl/7.29.0"
165.154.163.113 - - [27/Jan/2026:16:26:54 -0500] "GET / HTTP/1.1" 403 266 "-" "Mozilla/5.0 (X11; Linux x86_64) AppleWebKit/562.54 (KHTML, like Gecko) Chrome/98.0.401 Safari/537.36"
165.154.163.113 - - [27/Jan/2026:16:26:54 -0500] "GET /robots.txt HTTP/1.1" 404 272 "-" "Go-http-client/1.1"
204.76.203.212 - - [27/Jan/2026:16:34:42 -0500] "GET / HTTP/1.1" 403 266 "-" "Mozilla/5.0 (Windows NT 10.0; Win64; x64) AppleWebKit/537.36 (KHTML, like Gecko) Chrome/90.0.4430.85 Safari/537.36 Edg/90.0.818.46"
205.210.31.86 - - [27/Jan/2026:16:36:04 -0500] "GET / HTTP/1.1" 403 271 "-" "Hello from Palo Alto Networks, find out more about our scans in https://docs-cortex.paloaltonetworks.com/r/1/Cortex-Xpanse/Scanning-activity"
204.76.203.69 - - [27/Jan/2026:16:42:18 -0500] "GET / HTTP/1.1" 403 266 "-" "-"
204.76.203.212 - - [27/Jan/2026:17:00:21 -0500] "GET / HTTP/1.1" 403 266 "-" "Mozilla/5.0 (Windows NT 10.0; Win64; x64) AppleWebKit/537.36 (KHTML, like Gecko) Chrome/90.0.4430.85 Safari/537.36 Edg/90.0.818.46"
174.138.93.203 - - [27/Jan/2026:17:03:41 -0500] "GET /.env HTTP/1.1" 404 266 "-" "Mozilla/5.0; Keydrop.io/1.0(onlyscans.com/about);"
174.138.93.203 - - [27/Jan/2026:17:03:41 -0500] "GET /.git/config HTTP/1.1" 404 273 "-" "Mozilla/5.0; Keydrop.io/1.0(onlyscans.com/about);"
94.102.49.193 - - [27/Jan/2026:17:10:42 -0500] "GET / HTTP/1.1" 403 266 "-" "Mozilla/5.0 (Windows NT 6.1) AppleWebKit/537.36 (KHTML, like Gecko) Chrome/41.0.2228.0 Safari/537.36"
94.102.49.193 - - [27/Jan/2026:17:10:42 -0500] "GET /robots.txt HTTP/1.1" 404 272 "-" "-"
94.102.49.193 - - [27/Jan/2026:17:10:43 -0500] "GET /.well-known/security.txt HTTP/1.1" 404 286 "-" "-"
204.76.203.212 - - [27/Jan/2026:17:23:53 -0500] "GET / HTTP/1.1" 403 266 "-" "Mozilla/5.0 (Windows NT 10.0; Win64; x64) AppleWebKit/537.36 (KHTML, like Gecko) Chrome/90.0.4430.85 Safari/537.36 Edg/90.0.818.46"
78.153.140.179 - - [27/Jan/2026:17:27:00 -0500] "GET /.env HTTP/1.1" 404 266 "-" "Mozilla/5.0 (X11; CrOS x86_64 7520.67.0) AppleWebKit/537.36 (KHTML, like Gecko) Chrome/47.0.2526.110 Safari/537.36"
78.153.140.179 - - [27/Jan/2026:17:27:02 -0500] "GET /api/.env HTTP/1.1" 404 270 "-" "Mozilla/5.0 (Mobile; LYF/F41T/LYF-F41T-000-01-15-221217; Android; rv:48.0) Gecko/48.0 Firefox/48.0 KAIOS/2.0"
78.153.140.179 - - [27/Jan/2026:17:27:05 -0500] "GET /backend/.env HTTP/1.1" 404 274 "-" "Mozilla/5.0 (Windows NT 5.1; U; rv:5.0) Gecko/20100101 Firefox/5.0"
78.153.140.179 - - [27/Jan/2026:17:27:05 -0500] "GET /admin/.env HTTP/1.1" 404 272 "-" "Mozilla/5.0 (Linux; U; Android 2.3.6; it-it; GT-I9070 Build/GINGERBREAD) AppleWebKit/533.1 (KHTML, like Gecko) Version/4.0 Mobile Safari/533.1"
78.153.140.179 - - [27/Jan/2026:17:27:06 -0500] "GET /.env.example HTTP/1.1" 404 274 "-" "Mozilla/5.0 (Windows; U; Windows NT 5.2; en-US; rv:1.9.1.3) Gecko/20090824 Firefox/3.5.3 (.NET CLR 3.5.30729)"
78.153.140.179 - - [27/Jan/2026:17:27:15 -0500] "GET /app_dev.php/_profiler/phpinfo HTTP/1.1" 404 291 "-" "Mozilla/5.0 (compatible; MSIE 10.0; Windows NT 6.2; WOW64; Trident/7.0; 1ButtonTaskbar)"
78.153.140.179 - - [27/Jan/2026:17:27:17 -0500] "GET /?phpinfo=-1 HTTP/1.1" 403 266 "-" "Mozilla/5.0 (X11; U; Linux x86_64; en-US) AppleWebKit/534.7 (KHTML, like Gecko) Chrome/7.0.514.0 Safari/534.7"
78.153.140.179 - - [27/Jan/2026:17:27:17 -0500] "GET /config.yaml HTTP/1.1" 404 273 "-" "Mozilla/5.0 (Windows NT 6.3; rv:48.0) Gecko/20100101 Firefox/48.0"
78.153.140.179 - - [27/Jan/2026:17:27:17 -0500] "GET /env.example HTTP/1.1" 404 273 "-" "Mozilla/5.0 (Windows NT 6.1) AppleWebKit/537.2 (KHTML, like Gecko) Chrome/22.0.1216.0 Safari/537.2"
78.153.140.179 - - [27/Jan/2026:17:27:18 -0500] "GET /config.ini HTTP/1.1" 404 272 "-" "Mozilla/5.0 (Macintosh; Intel Mac OS X 10_12_3) AppleWebKit/537.36 (KHTML, like Gecko) Chrome/59.0.3071.115 Safari/537.36"
78.153.140.179 - - [27/Jan/2026:17:27:18 -0500] "GET /test1.php HTTP/1.1" 404 271 "-" "Mozilla/4.0 (compatible; MSIE 7.0; Windows NT 6.1; Trident/7.0; SLCC2; .NET CLR 2.0.50727; .NET CLR 3.5.30729; .NET CLR 3.0.30729; Media Center PC 6.0; .NET4.0C; .NET4.0E)"
78.153.140.179 - - [27/Jan/2026:17:27:19 -0500] "GET /admin/infophp.php HTTP/1.1" 404 279 "-" "Mozilla/5.0 (Linux; U; Android 4.1.2; en-us; SGH-T599 Build/JZO54K) AppleWebKit/534.30 (KHTML, like Gecko) Version/4.0 Mobile Safari/534.30"
78.153.140.179 - - [27/Jan/2026:17:27:20 -0500] "GET /settings.inc.php HTTP/1.1" 404 278 "-" "Mozilla/5.0 (Macintosh; Intel Mac OS X 10.8; rv:40.0) Gecko/20100101 Firefox/40.0"
78.153.140.179 - - [27/Jan/2026:17:27:21 -0500] "GET /settings.cfg HTTP/1.1" 404 274 "-" "Mozilla/5.0 (Windows; U; Windows NT 5.1; en-US) AppleWebKit/530.8 (KHTML, like Gecko) Chrome/2.0.178.0 Safari/530.8"
78.153.140.179 - - [27/Jan/2026:17:27:21 -0500] "GET /staging2/.env HTTP/1.1" 404 275 "-" "Mozilla/5.0 (Windows NT 10.0; Win64; x64) AppleWebKit/537.36 (KHTML, like Gecko) Chrome/63.0.3239.132 Safari/537.36 OPR/50.0.2762.67"
78.153.140.179 - - [27/Jan/2026:17:27:21 -0500] "GET /robomongo.json HTTP/1.1" 404 276 "-" "Mozilla/5.0 (X11; U; OpenBSD i386; en-US; rv:1.9.2.20) Gecko/20110803 Firefox/3.6.20"
78.153.140.179 - - [27/Jan/2026:17:27:25 -0500] "GET /settings.py HTTP/1.1" 404 273 "-" "Mozilla/5.0 (X11; U; Linux i686; fr; rv:1.9.1.6) Gecko/20100205 Ordissimo/0.1 (like Firefox/3.5)"
52.33.243.176 - - [27/Jan/2026:17:30:17 -0500] "GET / HTTP/1.1" 403 266 "-" "Go-http-client/1.1"
43.165.189.206 - - [27/Jan/2026:17:44:30 -0500] "GET / HTTP/1.1" 403 266 "-" "Mozilla/5.0 (iPhone; CPU iPhone OS 13_2_3 like Mac OS X) AppleWebKit/605.1.15 (KHTML, like Gecko) Version/13.0.3 Mobile/15E148 Safari/604.1"
204.76.203.212 - - [27/Jan/2026:17:47:29 -0500] "GET / HTTP/1.1" 403 266 "-" "Mozilla/5.0 (Windows NT 10.0; Win64; x64) AppleWebKit/537.36 (KHTML, like Gecko) Chrome/90.0.4430.85 Safari/537.36 Edg/90.0.818.46"
91.224.92.115 - - [27/Jan/2026:17:52:51 -0500] "GET /cgi-bin/luci/;stok=/locale HTTP/1.1" 404 288 "-" "-"
193.142.147.209 - - [27/Jan/2026:18:00:35 -0500] "POST / HTTP/1.1" 404 262 "-" "Mozilla/5.0 (Windows NT 10.0; Win64; x64) AppleWebKit/537.36"
204.76.203.212 - - [27/Jan/2026:18:15:46 -0500] "GET / HTTP/1.1" 403 266 "-" "Mozilla/5.0 (Windows NT 10.0; Win64; x64) AppleWebKit/537.36 (KHTML, like Gecko) Chrome/90.0.4430.85 Safari/537.36 Edg/90.0.818.46"
185.194.178.93 - - [27/Jan/2026:18:24:50 -0500] "GET /vendor/phpunit/phpunit/phpunit.xsd HTTP/1.1" 404 297 "-" "Mozilla/5.0 (X11; Linux x86_64; rv:52.0) Gecko/20100101 Firefox/52.0"
77.83.39.162 - - [27/Jan/2026:18:28:27 -0500] "GET /.git/index HTTP/1.1" 404 272 "-" "Mozilla/5.0 (Windows NT 6.1) AppleWebKit/537.36 (KHTML, like Gecko) Chrome/63.0.3239.108 Safari/537.36"
202.96.99.82 - - [27/Jan/2026:18:34:30 -0500] "GET / HTTP/1.1" 403 271 "-" "-"
204.76.203.212 - - [27/Jan/2026:18:40:04 -0500] "GET / HTTP/1.1" 403 266 "-" "Mozilla/5.0 (Windows NT 10.0; Win64; x64) AppleWebKit/537.36 (KHTML, like Gecko) Chrome/90.0.4430.85 Safari/537.36 Edg/90.0.818.46"
92.255.85.75 - - [27/Jan/2026:18:41:56 -0500] "GET / HTTP/1.1" 403 267 "http://crackedtube.com/" "Mozilla/5.0 (Windows NT 10.0; Win64; x64) AppleWebKit/537.36 (KHTML, like Gecko) Chrome/131.0.0.0 Safari/537.36"
92.255.85.75 - - [27/Jan/2026:18:41:56 -0500] "GET / HTTP/1.1" 403 267 "http://crackedtube.com/" "Mozilla/5.0 (Windows NT 10.0; Win64; x64) AppleWebKit/537.36 (KHTML, like Gecko) Chrome/131.0.0.0 Safari/537.36"
92.255.85.75 - - [27/Jan/2026:18:41:56 -0500] "GET / HTTP/1.1" 403 267 "http://crackedtube.com/" "Mozilla/5.0 (Windows NT 10.0; Win64; x64) AppleWebKit/537.36 (KHTML, like Gecko) Chrome/131.0.0.0 Safari/537.36"
92.255.85.75 - - [27/Jan/2026:18:41:57 -0500] "GET / HTTP/1.1" 403 267 "http://crackedtube.com/" "Mozilla/5.0 (Windows NT 10.0; Win64; x64) AppleWebKit/537.36 (KHTML, like Gecko) Chrome/131.0.0.0 Safari/537.36"
204.76.203.6 - - [27/Jan/2026:18:54:25 -0500] "GET /SDK/webLanguage HTTP/1.1" 404 277 "-" "Mozilla/5.0 (Windows NT 10.0; Win64; x64) AppleWebKit/537.36 (KHTML, like Gecko) Chrome/90.0.4430.85 Safari/537.36 Edg/90.0.818.46"
204.76.203.212 - - [27/Jan/2026:19:04:11 -0500] "GET / HTTP/1.1" 403 266 "-" "Mozilla/5.0 (Windows NT 10.0; Win64; x64) AppleWebKit/537.36 (KHTML, like Gecko) Chrome/90.0.4430.85 Safari/537.36 Edg/90.0.818.46"
85.11.183.6 - - [27/Jan/2026:19:05:29 -0500] "GET / HTTP/1.1" 403 266 "-" "Mozilla/5.0 (Windows NT 10.0; Win64; x64) AppleWebKit/537.36 (KHTML, like Gecko) Chrome/140.0.0.0 Safari/537.36"
204.76.203.18 - - [27/Jan/2026:19:15:48 -0500] "GET / HTTP/1.1" 403 266 "-" "-"
204.76.203.212 - - [27/Jan/2026:19:31:00 -0500] "GET / HTTP/1.1" 403 266 "-" "Mozilla/5.0 (Windows NT 10.0; Win64; x64) AppleWebKit/537.36 (KHTML, like Gecko) Chrome/90.0.4430.85 Safari/537.36 Edg/90.0.818.46"
176.65.148.220 - - [27/Jan/2026:19:31:48 -0500] "GET / HTTP/1.1" 403 266 "-" "Mozilla/5.0 (Windows NT 10.0; Win64; x64) AppleWebKit/537.36 (KHTML, like Gecko) Chrome/90.0.4430.85 Safari/537.36 Edg/90.0.818.46"
52.203.105.165 - - [27/Jan/2026:19:42:20 -0500] "GET / HTTP/1.1" 403 266 "-" "Go-http-client/1.1"
180.93.228.84 - - [27/Jan/2026:19:46:01 -0500] "GET /.env HTTP/1.1" 404 266 "-" "Mozilla/5.0 (Linux; U; Android 4.4.2; en-US; HM NOTE 1W Build/KOT49H) AppleWebKit/534.30 (KHTML, like Gecko) Version/4.0 UCBrowser/11.0.5.850 U3/0.8.0 Mobile Safari/534.30"
180.93.228.84 - - [27/Jan/2026:19:46:02 -0500] "POST / HTTP/1.1" 404 262 "-" "Mozilla/5.0 (Linux; U; Android 4.4.2; en-US; HM NOTE 1W Build/KOT49H) AppleWebKit/534.30 (KHTML, like Gecko) Version/4.0 UCBrowser/11.0.5.850 U3/0.8.0 Mobile Safari/534.30"
204.76.203.212 - - [27/Jan/2026:19:55:22 -0500] "GET / HTTP/1.1" 403 266 "-" "Mozilla/5.0 (Windows NT 10.0; Win64; x64) AppleWebKit/537.36 (KHTML, like Gecko) Chrome/90.0.4430.85 Safari/537.36 Edg/90.0.818.46"
193.142.147.209 - - [27/Jan/2026:20:09:11 -0500] "POST / HTTP/1.1" 404 262 "-" "Mozilla/5.0 (Windows NT 10.0; Win64; x64) AppleWebKit/537.36"
204.76.203.212 - - [27/Jan/2026:20:18:36 -0500] "GET / HTTP/1.1" 403 266 "-" "Mozilla/5.0 (Windows NT 10.0; Win64; x64) AppleWebKit/537.36 (KHTML, like Gecko) Chrome/90.0.4430.85 Safari/537.36 Edg/90.0.818.46"
20.46.235.162 - - [27/Jan/2026:20:30:22 -0500] "GET /manager/text/list HTTP/1.1" 404 279 "-" "Mozilla/5.0 zgrab/0.x"
192.71.142.150 - - [27/Jan/2026:20:35:31 -0500] "GET / HTTP/1.1" 403 267 "-" "Mozilla/5.0 (Windows NT 10.0; Win64; x64) AppleWebKit/537.36 (KHTML, like Gecko) Chrome/122.0.0.0 Safari/537.36 Agency/93.8.2357.5"
204.76.203.212 - - [27/Jan/2026:20:47:00 -0500] "GET / HTTP/1.1" 403 266 "-" "Mozilla/5.0 (Windows NT 10.0; Win64; x64) AppleWebKit/537.36 (KHTML, like Gecko) Chrome/90.0.4430.85 Safari/537.36 Edg/90.0.818.46"
223.15.245.170 - - [27/Jan/2026:20:52:33 -0500] "GET / HTTP/1.1" 403 271 "-" "Mozilla/5.0 (iPhone; CPU iPhone OS 13_2_3 like Mac OS X) AppleWebKit/605.1.15 (KHTML, like Gecko) Version/13.0.3 Mobile/15E148 Safari/604.1"
204.76.203.212 - - [27/Jan/2026:21:11:07 -0500] "GET / HTTP/1.1" 403 266 "-" "Mozilla/5.0 (Windows NT 10.0; Win64; x64) AppleWebKit/537.36 (KHTML, like Gecko) Chrome/90.0.4430.85 Safari/537.36 Edg/90.0.818.46"
64.62.156.52 - - [27/Jan/2026:21:15:53 -0500] "GET / HTTP/1.1" 403 266 "-" "Mozilla/5.0 (X11; Linux x86_64) AppleWebKit/537.36 (KHTML, like Gecko) Chrome/128.0.0.0 Safari/537.36"
64.62.156.52 - - [27/Jan/2026:21:16:27 -0500] "GET /webui/ HTTP/1.1" 404 268 "-" "Mozilla/5.0 (X11; Linux x86_64) AppleWebKit/537.36 (KHTML, like Gecko) Chrome/124.0.0.0 Safari/537.36 Edg/124.0.0.0"
64.62.156.52 - - [27/Jan/2026:21:19:15 -0500] "GET /geoserver/web/ HTTP/1.1" 404 276 "-" "Mozilla/5.0 (X11; Linux x86_64) AppleWebKit/537.36 (KHTML, like Gecko) Chrome/128.0.0.0 Safari/537.36"
146.59.95.220 - - [27/Jan/2026:21:35:11 -0500] "GET / HTTP/1.1" 403 267 "-" "curl/8.5.0"
204.76.203.212 - - [27/Jan/2026:21:36:32 -0500] "GET / HTTP/1.1" 403 266 "-" "Mozilla/5.0 (Windows NT 10.0; Win64; x64) AppleWebKit/537.36 (KHTML, like Gecko) Chrome/90.0.4430.85 Safari/537.36 Edg/90.0.818.46"
170.106.73.216 - - [27/Jan/2026:21:42:56 -0500] "GET / HTTP/1.1" 403 271 "-" "Mozilla/5.0 (iPhone; CPU iPhone OS 13_2_3 like Mac OS X) AppleWebKit/605.1.15 (KHTML, like Gecko) Version/13.0.3 Mobile/15E148 Safari/604.1"
43.157.46.118 - - [27/Jan/2026:21:43:44 -0500] "GET / HTTP/1.1" 403 266 "-" "Mozilla/5.0 (iPhone; CPU iPhone OS 13_2_3 like Mac OS X) AppleWebKit/605.1.15 (KHTML, like Gecko) Version/13.0.3 Mobile/15E148 Safari/604.1"
105.119.8.29 - - [27/Jan/2026:21:44:46 -0500] "GET / HTTP/1.1" 403 266 "-" "Mozilla/5.0 (Windows NT 10.0; Win64; x64; rv:128.0) Gecko/20100101 Firefox/128.0"
105.119.8.29 - - [27/Jan/2026:21:44:46 -0500] "GET /_profiler/phpinfo.php HTTP/1.1" 404 283 "-" "Mozilla/5.0 (Windows NT 10.0; Win64; x64; rv:128.0) Gecko/20100101 Firefox/128.0"
105.119.8.29 - - [27/Jan/2026:21:44:47 -0500] "GET /phpinfo HTTP/1.1" 404 269 "-" "Mozilla/5.0 (Windows NT 10.0; Win64; x64; rv:128.0) Gecko/20100101 Firefox/128.0"
105.119.8.29 - - [27/Jan/2026:21:44:48 -0500] "GET /_profiler/phpinfo HTTP/1.1" 404 279 "-" "Mozilla/5.0 (Windows NT 10.0; Win64; x64; rv:128.0) Gecko/20100101 Firefox/128.0"
105.119.8.29 - - [27/Jan/2026:21:44:49 -0500] "GET /info HTTP/1.1" 404 266 "-" "Mozilla/5.0 (Windows NT 10.0; Win64; x64; rv:128.0) Gecko/20100101 Firefox/128.0"
105.119.8.29 - - [27/Jan/2026:21:44:50 -0500] "GET /phpinfo.php HTTP/1.1" 404 273 "-" "Mozilla/5.0 (Windows NT 10.0; Win64; x64; rv:128.0) Gecko/20100101 Firefox/128.0"
105.119.8.29 - - [27/Jan/2026:21:44:51 -0500] "GET /info.php HTTP/1.1" 404 270 "-" "Mozilla/5.0 (Windows NT 10.0; Win64; x64; rv:128.0) Gecko/20100101 Firefox/128.0"
105.119.8.29 - - [27/Jan/2026:21:44:52 -0500] "GET /.env HTTP/1.1" 404 266 "-" "-"
105.119.8.29 - - [27/Jan/2026:21:44:53 -0500] "GET /.env.production HTTP/1.1" 404 277 "-" "-"
105.119.8.29 - - [27/Jan/2026:21:44:53 -0500] "GET /application/.env HTTP/1.1" 404 278 "-" "-"
105.119.8.29 - - [27/Jan/2026:21:44:53 -0500] "GET /prod/.env HTTP/1.1" 404 271 "-" "-"
105.119.8.29 - - [27/Jan/2026:21:44:54 -0500] "GET /.env.save HTTP/1.1" 404 271 "-" "-"
105.119.8.29 - - [27/Jan/2026:21:44:54 -0500] "GET /beta/.env HTTP/1.1" 404 271 "-" "-"
105.119.8.29 - - [27/Jan/2026:21:44:54 -0500] "GET /admin/.env HTTP/1.1" 404 272 "-" "-"
105.119.8.29 - - [27/Jan/2026:21:44:55 -0500] "GET /app/.env HTTP/1.1" 404 270 "-" "-"
105.119.8.29 - - [27/Jan/2026:21:44:55 -0500] "GET /config/.env HTTP/1.1" 404 273 "-" "-"
105.119.8.29 - - [27/Jan/2026:21:44:55 -0500] "GET /api/.env HTTP/1.1" 404 270 "-" "-"
105.119.8.29 - - [27/Jan/2026:21:44:56 -0500] "GET /laravel/.env HTTP/1.1" 404 274 "-" "-"
105.119.8.29 - - [27/Jan/2026:21:44:56 -0500] "POST / HTTP/1.1" 404 262 "-" "-"
105.119.8.29 - - [27/Jan/2026:21:44:57 -0500] "GET //pms?module=logging&file_name=../../../../../../~/.aws/credentials&number_of_lines=10000 HTTP/1.1" 404 265 "-" "-"
105.119.8.29 - - [27/Jan/2026:21:44:57 -0500] "GET //admin/config?cmd=cat+/root/.aws/credentials HTTP/1.1" 404 274 "-" "-"
105.119.8.29 - - [27/Jan/2026:21:44:57 -0500] "GET //.aws/credentials HTTP/1.1" 404 278 "-" "-"
105.119.8.29 - - [27/Jan/2026:21:44:57 -0500] "GET //.aws/config HTTP/1.1" 404 273 "-" "-"
105.119.8.29 - - [27/Jan/2026:21:44:58 -0500] "GET //home/user/.aws/credentials HTTP/1.1" 404 288 "-" "-"
105.119.8.29 - - [27/Jan/2026:21:44:58 -0500] "GET //config/.aws/credentials HTTP/1.1" 404 285 "-" "-"
105.119.8.29 - - [27/Jan/2026:21:44:58 -0500] "GET /.git/config HTTP/1.1" 404 273 "-" "-"
105.119.8.29 - - [27/Jan/2026:21:44:59 -0500] "GET /admin/.git/config HTTP/1.1" 404 279 "-" "-"
66.240.236.116 - - [27/Jan/2026:21:47:04 -0500] "GET / HTTP/1.1" 403 266 "-" "Mozilla/5.0 zgrab/0.x"
204.76.203.212 - - [27/Jan/2026:22:01:19 -0500] "GET / HTTP/1.1" 403 266 "-" "Mozilla/5.0 (Windows NT 10.0; Win64; x64) AppleWebKit/537.36 (KHTML, like Gecko) Chrome/90.0.4430.85 Safari/537.36 Edg/90.0.818.46"
50.16.248.4 - - [27/Jan/2026:22:04:12 -0500] "GET / HTTP/1.1" 403 267 "-" "Mozilla/5.0 (Windows NT 10.0; Win64; x64) AppleWebKit/537.36 (KHTML, like Gecko) Chrome/91.0.4472.124 Safari/537.36"
50.16.248.4 - - [27/Jan/2026:22:04:12 -0500] "GET /wp-json/wc/v3 HTTP/1.1" 404 276 "-" "Mozilla/5.0 (Windows NT 10.0; Win64; x64) AppleWebKit/537.36 (KHTML, like Gecko) Chrome/91.0.4472.124 Safari/537.36"
50.16.248.4 - - [27/Jan/2026:22:04:12 -0500] "GET /magento_version HTTP/1.1" 404 278 "-" "Mozilla/5.0 (Windows NT 10.0; Win64; x64) AppleWebKit/537.36 (KHTML, like Gecko) Chrome/91.0.4472.124 Safari/537.36"
50.16.248.4 - - [27/Jan/2026:22:04:12 -0500] "GET /index.php?route=checkout/cart HTTP/1.1" 404 272 "-" "Mozilla/5.0 (Windows NT 10.0; Win64; x64) AppleWebKit/537.36 (KHTML, like Gecko) Chrome/91.0.4472.124 Safari/537.36"
50.16.248.4 - - [27/Jan/2026:22:04:12 -0500] "GET /index.php?route=account/register HTTP/1.1" 404 272 "-" "Mozilla/5.0 (Windows NT 10.0; Win64; x64) AppleWebKit/537.36 (KHTML, like Gecko) Chrome/91.0.4472.124 Safari/537.36"
50.16.248.4 - - [27/Jan/2026:22:04:12 -0500] "GET /index.php?route=account/login HTTP/1.1" 404 272 "-" "Mozilla/5.0 (Windows NT 10.0; Win64; x64) AppleWebKit/537.36 (KHTML, like Gecko) Chrome/91.0.4472.124 Safari/537.36"
50.16.248.4 - - [27/Jan/2026:22:04:12 -0500] "GET /index.php?route=checkout/checkout HTTP/1.1" 404 272 "-" "Mozilla/5.0 (Windows NT 10.0; Win64; x64) AppleWebKit/537.36 (KHTML, like Gecko) Chrome/91.0.4472.124 Safari/537.36"
50.16.248.4 - - [27/Jan/2026:22:04:12 -0500] "GET /admin/ HTTP/1.1" 404 269 "-" "Mozilla/5.0 (Windows NT 10.0; Win64; x64) AppleWebKit/537.36 (KHTML, like Gecko) Chrome/91.0.4472.124 Safari/537.36"
50.16.248.4 - - [27/Jan/2026:22:04:12 -0500] "GET /wp-json/ HTTP/1.1" 404 271 "-" "Mozilla/5.0 (Windows NT 10.0; Win64; x64) AppleWebKit/537.36 (KHTML, like Gecko) Chrome/91.0.4472.124 Safari/537.36"
149.50.97.212 - - [27/Jan/2026:22:12:23 -0500] "GET / HTTP/1.1" 403 267 "-" "Mozilla/5.0 (Macintosh; Intel Mac OS X 10_10_1) AppleWebKit/537.36 (KHTML, like Gecko) Chrome/41.0.2227.1 Safari/537.36"
20.64.104.132 - - [27/Jan/2026:22:18:28 -0500] "GET /druid/index.html HTTP/1.1" 404 278 "-" "Mozilla/5.0 zgrab/0.x"
204.76.203.212 - - [27/Jan/2026:22:24:12 -0500] "GET / HTTP/1.1" 403 266 "-" "Mozilla/5.0 (Windows NT 10.0; Win64; x64) AppleWebKit/537.36 (KHTML, like Gecko) Chrome/90.0.4430.85 Safari/537.36 Edg/90.0.818.46"
193.142.147.209 - - [27/Jan/2026:22:35:01 -0500] "POST / HTTP/1.1" 404 262 "-" "Mozilla/5.0 (Windows NT 10.0; Win64; x64) AppleWebKit/537.36"
43.157.43.147 - - [27/Jan/2026:22:41:03 -0500] "GET / HTTP/1.1" 403 267 "-" "Mozilla/5.0 (iPhone; CPU iPhone OS 13_2_3 like Mac OS X) AppleWebKit/605.1.15 (KHTML, like Gecko) Version/13.0.3 Mobile/15E148 Safari/604.1"
204.76.203.69 - - [27/Jan/2026:22:50:54 -0500] "GET / HTTP/1.1" 403 266 "-" "-"
204.76.203.212 - - [27/Jan/2026:22:52:20 -0500] "GET / HTTP/1.1" 403 266 "-" "Mozilla/5.0 (Windows NT 10.0; Win64; x64) AppleWebKit/537.36 (KHTML, like Gecko) Chrome/90.0.4430.85 Safari/537.36 Edg/90.0.818.46"
103.252.73.37 - - [27/Jan/2026:22:54:58 -0500] "POST /hello.world?%ADd+allow_url_include%3d1+%ADd+auto_prepend_file%3dphp://input HTTP/1.1" 404 273 "-" "libredtail-http"
103.252.73.37 - - [27/Jan/2026:22:54:59 -0500] "POST /?%ADd+allow_url_include%3d1+%ADd+auto_prepend_file%3dphp://input HTTP/1.1" 404 262 "-" "libredtail-http"
103.252.73.37 - - [27/Jan/2026:22:54:59 -0500] "GET /vendor/phpunit/phpunit/src/Util/PHP/eval-stdin.php HTTP/1.1" 404 312 "-" "libredtail-http"
103.252.73.37 - - [27/Jan/2026:22:55:00 -0500] "GET /vendor/phpunit/phpunit/Util/PHP/eval-stdin.php HTTP/1.1" 404 308 "-" "libredtail-http"
103.252.73.37 - - [27/Jan/2026:22:55:00 -0500] "GET /vendor/phpunit/src/Util/PHP/eval-stdin.php HTTP/1.1" 404 304 "-" "libredtail-http"
103.252.73.37 - - [27/Jan/2026:22:55:01 -0500] "GET /vendor/phpunit/Util/PHP/eval-stdin.php HTTP/1.1" 404 300 "-" "libredtail-http"
103.252.73.37 - - [27/Jan/2026:22:55:01 -0500] "GET /vendor/phpunit/phpunit/LICENSE/eval-stdin.php HTTP/1.1" 404 307 "-" "libredtail-http"
103.252.73.37 - - [27/Jan/2026:22:55:02 -0500] "GET /vendor/vendor/phpunit/phpunit/src/Util/PHP/eval-stdin.php HTTP/1.1" 404 319 "-" "libredtail-http"
103.252.73.37 - - [27/Jan/2026:22:55:02 -0500] "GET /phpunit/phpunit/src/Util/PHP/eval-stdin.php HTTP/1.1" 404 305 "-" "libredtail-http"
103.252.73.37 - - [27/Jan/2026:22:55:03 -0500] "GET /phpunit/phpunit/Util/PHP/eval-stdin.php HTTP/1.1" 404 301 "-" "libredtail-http"
103.252.73.37 - - [27/Jan/2026:22:55:03 -0500] "GET /phpunit/src/Util/PHP/eval-stdin.php HTTP/1.1" 404 297 "-" "libredtail-http"
103.252.73.37 - - [27/Jan/2026:22:55:04 -0500] "GET /phpunit/Util/PHP/eval-stdin.php HTTP/1.1" 404 293 "-" "libredtail-http"
103.252.73.37 - - [27/Jan/2026:22:55:04 -0500] "GET /lib/phpunit/phpunit/src/Util/PHP/eval-stdin.php HTTP/1.1" 404 309 "-" "libredtail-http"
103.252.73.37 - - [27/Jan/2026:22:55:05 -0500] "GET /lib/phpunit/phpunit/Util/PHP/eval-stdin.php HTTP/1.1" 404 305 "-" "libredtail-http"
103.252.73.37 - - [27/Jan/2026:22:55:05 -0500] "GET /lib/phpunit/src/Util/PHP/eval-stdin.php HTTP/1.1" 404 301 "-" "libredtail-http"
103.252.73.37 - - [27/Jan/2026:22:55:05 -0500] "GET /lib/phpunit/Util/PHP/eval-stdin.php HTTP/1.1" 404 297 "-" "libredtail-http"
103.252.73.37 - - [27/Jan/2026:22:55:06 -0500] "GET /lib/vendor/phpunit/phpunit/src/Util/PHP/eval-stdin.php HTTP/1.1" 404 316 "-" "libredtail-http"
103.252.73.37 - - [27/Jan/2026:22:55:06 -0500] "GET /laravel/vendor/phpunit/phpunit/src/Util/PHP/eval-stdin.php HTTP/1.1" 404 320 "-" "libredtail-http"
103.252.73.37 - - [27/Jan/2026:22:55:07 -0500] "GET /www/vendor/phpunit/phpunit/src/Util/PHP/eval-stdin.php HTTP/1.1" 404 316 "-" "libredtail-http"
103.252.73.37 - - [27/Jan/2026:22:55:07 -0500] "GET /ws/vendor/phpunit/phpunit/src/Util/PHP/eval-stdin.php HTTP/1.1" 404 315 "-" "libredtail-http"
103.252.73.37 - - [27/Jan/2026:22:55:07 -0500] "GET /yii/vendor/phpunit/phpunit/src/Util/PHP/eval-stdin.php HTTP/1.1" 404 316 "-" "libredtail-http"
103.252.73.37 - - [27/Jan/2026:22:55:08 -0500] "GET /zend/vendor/phpunit/phpunit/src/Util/PHP/eval-stdin.php HTTP/1.1" 404 317 "-" "libredtail-http"
103.252.73.37 - - [27/Jan/2026:22:55:08 -0500] "GET /ws/ec/vendor/phpunit/phpunit/src/Util/PHP/eval-stdin.php HTTP/1.1" 404 318 "-" "libredtail-http"
103.252.73.37 - - [27/Jan/2026:22:55:08 -0500] "GET /V2/vendor/phpunit/phpunit/src/Util/PHP/eval-stdin.php HTTP/1.1" 404 315 "-" "libredtail-http"
103.252.73.37 - - [27/Jan/2026:22:55:09 -0500] "GET /tests/vendor/phpunit/phpunit/src/Util/PHP/eval-stdin.php HTTP/1.1" 404 318 "-" "libredtail-http"
103.252.73.37 - - [27/Jan/2026:22:55:09 -0500] "GET /test/vendor/phpunit/phpunit/src/Util/PHP/eval-stdin.php HTTP/1.1" 404 317 "-" "libredtail-http"
103.252.73.37 - - [27/Jan/2026:22:55:09 -0500] "GET /testing/vendor/phpunit/phpunit/src/Util/PHP/eval-stdin.php HTTP/1.1" 404 320 "-" "libredtail-http"
103.252.73.37 - - [27/Jan/2026:22:55:10 -0500] "GET /api/vendor/phpunit/phpunit/src/Util/PHP/eval-stdin.php HTTP/1.1" 404 316 "-" "libredtail-http"
103.252.73.37 - - [27/Jan/2026:22:55:11 -0500] "GET /demo/vendor/phpunit/phpunit/src/Util/PHP/eval-stdin.php HTTP/1.1" 404 317 "-" "libredtail-http"
103.252.73.37 - - [27/Jan/2026:22:55:11 -0500] "GET /cms/vendor/phpunit/phpunit/src/Util/PHP/eval-stdin.php HTTP/1.1" 404 316 "-" "libredtail-http"
103.252.73.37 - - [27/Jan/2026:22:55:12 -0500] "GET /crm/vendor/phpunit/phpunit/src/Util/PHP/eval-stdin.php HTTP/1.1" 404 316 "-" "libredtail-http"
103.252.73.37 - - [27/Jan/2026:22:55:12 -0500] "GET /admin/vendor/phpunit/phpunit/src/Util/PHP/eval-stdin.php HTTP/1.1" 404 318 "-" "libredtail-http"
103.252.73.37 - - [27/Jan/2026:22:55:13 -0500] "GET /backup/vendor/phpunit/phpunit/src/Util/PHP/eval-stdin.php HTTP/1.1" 404 319 "-" "libredtail-http"
103.252.73.37 - - [27/Jan/2026:22:55:13 -0500] "GET /blog/vendor/phpunit/phpunit/src/Util/PHP/eval-stdin.php HTTP/1.1" 404 317 "-" "libredtail-http"
103.252.73.37 - - [27/Jan/2026:22:55:14 -0500] "GET /workspace/drupal/vendor/phpunit/phpunit/src/Util/PHP/eval-stdin.php HTTP/1.1" 404 329 "-" "libredtail-http"
103.252.73.37 - - [27/Jan/2026:22:55:14 -0500] "GET /panel/vendor/phpunit/phpunit/src/Util/PHP/eval-stdin.php HTTP/1.1" 404 318 "-" "libredtail-http"
103.252.73.37 - - [27/Jan/2026:22:55:14 -0500] "GET /public/vendor/phpunit/phpunit/src/Util/PHP/eval-stdin.php HTTP/1.1" 404 319 "-" "libredtail-http"
103.252.73.37 - - [27/Jan/2026:22:55:15 -0500] "GET /apps/vendor/phpunit/phpunit/src/Util/PHP/eval-stdin.php HTTP/1.1" 404 317 "-" "libredtail-http"
103.252.73.37 - - [27/Jan/2026:22:55:15 -0500] "GET /app/vendor/phpunit/phpunit/src/Util/PHP/eval-stdin.php HTTP/1.1" 404 316 "-" "libredtail-http"
103.252.73.37 - - [27/Jan/2026:22:55:15 -0500] "GET /index.php?s=/index/\\think\\app/invokefunction&function=call_user_func_array&vars[0]=md5&vars[1][]=Hello HTTP/1.1" 404 271 "-" "libredtail-http"
103.252.73.37 - - [27/Jan/2026:22:55:16 -0500] "GET /public/index.php?s=/index/\\think\\app/invokefunction&function=call_user_func_array&vars[0]=md5&vars[1][]=Hello HTTP/1.1" 404 278 "-" "libredtail-http"
103.252.73.37 - - [27/Jan/2026:22:55:16 -0500] "GET /index.php?lang=../../../../../../../../usr/local/lib/php/pearcmd&+config-create+/&/<?echo(md5(\"hi\"));?>+/tmp/index1.php HTTP/1.1" 404 271 "-" "libredtail-http"
103.252.73.37 - - [27/Jan/2026:22:55:17 -0500] "GET /index.php?lang=../../../../../../../../tmp/index1 HTTP/1.1" 404 271 "-" "libredtail-http"
103.252.73.37 - - [27/Jan/2026:22:55:17 -0500] "GET /containers/json HTTP/1.1" 404 277 "-" "libredtail-http"
101.126.86.90 - - [27/Jan/2026:23:01:49 -0500] "POST /hello.world?%ADd+allow_url_include%3d1+%ADd+auto_prepend_file%3dphp://input HTTP/1.1" 404 273 "-" "libredtail-http"
204.76.203.212 - - [27/Jan/2026:23:14:39 -0500] "GET / HTTP/1.1" 403 266 "-" "Mozilla/5.0 (Windows NT 10.0; Win64; x64) AppleWebKit/537.36 (KHTML, like Gecko) Chrome/90.0.4430.85 Safari/537.36 Edg/90.0.818.46"
46.163.134.250 - - [27/Jan/2026:23:14:44 -0500] "POST /GponForm/diag_Form?images/ HTTP/1.1" 404 275 "-" "Hello, World"
34.22.177.31 - - [27/Jan/2026:23:38:29 -0500] "GET / HTTP/1.1" 403 266 "-" "python-requests/2.32.5"
204.76.203.212 - - [27/Jan/2026:23:39:34 -0500] "GET / HTTP/1.1" 403 266 "-" "Mozilla/5.0 (Windows NT 10.0; Win64; x64) AppleWebKit/537.36 (KHTML, like Gecko) Chrome/90.0.4430.85 Safari/537.36 Edg/90.0.818.46"
5.61.209.92 - - [27/Jan/2026:23:46:00 -0500] "GET /SDK/webLanguage HTTP/1.1" 404 277 "-" "Mozilla/5.0 (Windows NT 10.0; Win64; x64) AppleWebKit/537.36 (KHTML, like Gecko) Chrome/90.0.4430.85 Safari/537.36 Edg/90.0.818.46"
