147.182.200.94 - - [29/Jan/2026:15:04:34 -0500] "GET /swagger/swagger-ui.html HTTP/1.1" 404 285 "-" "Mozilla/5.0 (l9scan/2.0.231313e2039313e2630323e24373; +https://leakix.net)"
147.182.200.94 - - [29/Jan/2026:15:04:35 -0500] "GET /webjars/swagger-ui/index.html HTTP/1.1" 404 291 "-" "Mozilla/5.0 (l9scan/2.0.231313e2039313e2630323e24373; +https://leakix.net)"
147.182.200.94 - - [29/Jan/2026:15:04:36 -0500] "GET /swagger.json HTTP/1.1" 404 274 "-" "Mozilla/5.0 (l9scan/2.0.231313e2039313e2630323e24373; +https://leakix.net)"
147.182.200.94 - - [29/Jan/2026:15:04:37 -0500] "GET /swagger/v1/swagger.json HTTP/1.1" 404 285 "-" "Mozilla/5.0 (l9scan/2.0.231313e2039313e2630323e24373; +https://leakix.net)"
147.182.200.94 - - [29/Jan/2026:15:04:38 -0500] "GET /v2/api-docs HTTP/1.1" 404 273 "-" "Mozilla/5.0 (l9scan/2.0.231313e2039313e2630323e24373; +https://leakix.net)"
147.182.200.94 - - [29/Jan/2026:15:04:39 -0500] "GET /v3/api-docs HTTP/1.1" 404 273 "-" "Mozilla/5.0 (l9scan/2.0.231313e2039313e2630323e24373; +https://leakix.net)"
147.182.200.94 - - [29/Jan/2026:15:04:40 -0500] "GET /api-docs/swagger.json HTTP/1.1" 404 283 "-" "Mozilla/5.0 (l9scan/2.0.231313e2039313e2630323e24373; +https://leakix.net)"
147.182.200.94 - - [29/Jan/2026:15:04:41 -0500] "GET /api/swagger.json HTTP/1.1" 404 278 "-" "Mozilla/5.0 (l9scan/2.0.231313e2039313e2630323e24373; +https://leakix.net)"
147.182.200.94 - - [29/Jan/2026:15:04:42 -0500] "GET /@vite/env HTTP/1.1" 404 271 "-" "Mozilla/5.0 (l9scan/2.0.231313e2039313e2630323e24373; +https://leakix.net)"
147.182.200.94 - - [29/Jan/2026:15:04:43 -0500] "GET /.vscode/sftp.json HTTP/1.1" 404 279 "-" "Mozilla/5.0 (l9scan/2.0.231313e2039313e2630323e24373; +https://leakix.net)"
147.182.200.94 - - [29/Jan/2026:15:04:44 -0500] "GET /?rest_route=/wp/v2/users/ HTTP/1.1" 403 266 "-" "Mozilla/5.0 (l9scan/2.0.231313e2039313e2630323e24373; +https://leakix.net)"
147.182.200.94 - - [29/Jan/2026:15:04:45 -0500] "GET /debug/default/view?panel=config HTTP/1.1" 404 280 "-" "Mozilla/5.0 (l9scan/2.0.231313e2039313e2630323e24373; +https://leakix.net)"
204.76.203.212 - - [29/Jan/2026:15:26:41 -0500] "GET / HTTP/1.1" 403 266 "-" "Mozilla/5.0 (Windows NT 10.0; Win64; x64) AppleWebKit/537.36 (KHTML, like Gecko) Chrome/90.0.4430.85 Safari/537.36 Edg/90.0.818.46"
89.42.231.200 - - [29/Jan/2026:15:27:12 -0500] "GET /cgi-bin/luci/;stok=/locale HTTP/1.1" 404 288 "-" "-"
204.76.203.18 - - [29/Jan/2026:15:35:37 -0500] "GET /backup/ HTTP/1.1" 404 269 "-" "-"
204.76.203.69 - - [29/Jan/2026:15:36:37 -0500] "GET / HTTP/1.1" 403 266 "-" "-"
204.76.203.212 - - [29/Jan/2026:15:50:17 -0500] "GET / HTTP/1.1" 403 266 "-" "Mozilla/5.0 (Windows NT 10.0; Win64; x64) AppleWebKit/537.36 (KHTML, like Gecko) Chrome/90.0.4430.85 Safari/537.36 Edg/90.0.818.46"
172.239.109.138 - - [29/Jan/2026:16:05:09 -0500] "GET / HTTP/1.1" 403 266 "-" "Mozilla/5.0 (Windows NT 6.1; WOW64; rv:8.0) Gecko/20100101 Firefox/8.0"
193.142.147.209 - - [29/Jan/2026:16:12:49 -0500] "POST / HTTP/1.1" 404 262 "-" "Mozilla/5.0 (Windows NT 10.0; Win64; x64) AppleWebKit/537.36"
204.76.203.212 - - [29/Jan/2026:16:15:36 -0500] "GET / HTTP/1.1" 403 266 "-" "Mozilla/5.0 (Windows NT 10.0; Win64; x64) AppleWebKit/537.36 (KHTML, like Gecko) Chrome/90.0.4430.85 Safari/537.36 Edg/90.0.818.46"
193.142.146.230 - - [29/Jan/2026:16:28:45 -0500] "GET /login HTTP/1.1" 404 267 "-" "Go-http-client/1.1"
2.57.171.25 - - [29/Jan/2026:16:41:26 -0500] "GET /.env HTTP/1.1" 404 266 "-" "python-requests/2.26.0"
2.57.171.25 - - [29/Jan/2026:16:41:26 -0500] "POST / HTTP/1.1" 404 262 "-" "python-requests/2.26.0"
204.76.203.212 - - [29/Jan/2026:16:42:07 -0500] "GET / HTTP/1.1" 403 266 "-" "Mozilla/5.0 (Windows NT 10.0; Win64; x64) AppleWebKit/537.36 (KHTML, like Gecko) Chrome/90.0.4430.85 Safari/537.36 Edg/90.0.818.46"
14.18.16.154 - - [29/Jan/2026:16:49:37 -0500] "GET / HTTP/1.1" 403 267 "-" "Mozilla/5.0 (Macintosh; Intel Mac OS X 10_15_7) AppleWebKit/537.36 (KHTML, like Gecko) Chrome/142.0.0.0 Safari/537.36"
89.42.231.200 - - [29/Jan/2026:16:58:56 -0500] "GET /cgi-bin/luci/;stok=/locale HTTP/1.1" 404 288 "-" "-"
204.76.203.212 - - [29/Jan/2026:17:05:24 -0500] "GET / HTTP/1.1" 403 266 "-" "Mozilla/5.0 (Windows NT 10.0; Win64; x64) AppleWebKit/537.36 (KHTML, like Gecko) Chrome/90.0.4430.85 Safari/537.36 Edg/90.0.818.46"
134.209.240.225 - - [29/Jan/2026:17:07:14 -0500] "GET / HTTP/1.1" 403 266 "-" "Mozilla/5.0 (compatible; Odin; https://docs.getodin.com/)"
204.76.203.212 - - [29/Jan/2026:17:32:17 -0500] "GET / HTTP/1.1" 403 266 "-" "Mozilla/5.0 (Windows NT 10.0; Win64; x64) AppleWebKit/537.36 (KHTML, like Gecko) Chrome/90.0.4430.85 Safari/537.36 Edg/90.0.818.46"
2.57.171.139 - - [29/Jan/2026:17:38:29 -0500] "GET /.env HTTP/1.1" 404 266 "-" "python-requests/2.26.0"
2.57.171.139 - - [29/Jan/2026:17:38:29 -0500] "POST / HTTP/1.1" 404 262 "-" "python-requests/2.26.0"
43.130.102.223 - - [29/Jan/2026:17:50:24 -0500] "GET / HTTP/1.1" 403 266 "-" "Mozilla/5.0 (iPhone; CPU iPhone OS 13_2_3 like Mac OS X) AppleWebKit/605.1.15 (KHTML, like Gecko) Version/13.0.3 Mobile/15E148 Safari/604.1"
5.61.209.92 - - [29/Jan/2026:17:54:56 -0500] "GET /SDK/webLanguage HTTP/1.1" 404 277 "-" "Mozilla/5.0 (Windows NT 10.0; Win64; x64) AppleWebKit/537.36 (KHTML, like Gecko) Chrome/90.0.4430.85 Safari/537.36 Edg/90.0.818.46"
204.76.203.212 - - [29/Jan/2026:17:56:50 -0500] "GET / HTTP/1.1" 403 266 "-" "Mozilla/5.0 (Windows NT 10.0; Win64; x64) AppleWebKit/537.36 (KHTML, like Gecko) Chrome/90.0.4430.85 Safari/537.36 Edg/90.0.818.46"
223.15.245.170 - - [29/Jan/2026:18:03:34 -0500] "GET / HTTP/1.1" 403 267 "-" "Mozilla/5.0 (iPhone; CPU iPhone OS 13_2_3 like Mac OS X) AppleWebKit/605.1.15 (KHTML, like Gecko) Version/13.0.3 Mobile/15E148 Safari/604.1"
89.42.231.200 - - [29/Jan/2026:18:13:45 -0500] "GET /cgi-bin/luci/;stok=/locale HTTP/1.1" 404 288 "-" "-"
204.76.203.212 - - [29/Jan/2026:18:23:15 -0500] "GET / HTTP/1.1" 403 266 "-" "Mozilla/5.0 (Windows NT 10.0; Win64; x64) AppleWebKit/537.36 (KHTML, like Gecko) Chrome/90.0.4430.85 Safari/537.36 Edg/90.0.818.46"
204.76.203.69 - - [29/Jan/2026:18:29:06 -0500] "GET / HTTP/1.1" 403 266 "-" "Mozilla/5.0 (Windows NT 10.0; Win64; x64) AppleWebKit/537.36 (KHTML, like Gecko) Chrome/90.0.4430.85 Safari/537.36 Edg/90.0.818.46"
204.76.203.212 - - [29/Jan/2026:18:48:19 -0500] "GET / HTTP/1.1" 403 266 "-" "Mozilla/5.0 (Windows NT 10.0; Win64; x64) AppleWebKit/537.36 (KHTML, like Gecko) Chrome/90.0.4430.85 Safari/537.36 Edg/90.0.818.46"
193.142.147.209 - - [29/Jan/2026:18:49:31 -0500] "POST / HTTP/1.1" 404 262 "-" "Mozilla/5.0 (Windows NT 10.0; Win64; x64) AppleWebKit/537.36"
20.65.194.112 - - [29/Jan/2026:18:50:44 -0500] "GET / HTTP/1.1" 403 266 "-" "Mozilla/5.0 zgrab/0.x"
185.241.208.170 - - [29/Jan/2026:18:51:44 -0500] "GET /.git/config HTTP/1.1" 404 273 "-" "Mozilla/5.0 (Linux; U; Android 2.0; en-us; Milestone Build/ SHOLS_U2_01.03.1) AppleWebKit/530.17 (KHTML, like Gecko) Version/4.0 Mobile Safari/530.17"
130.213.14.73 - - [29/Jan/2026:19:06:35 -0500] "GET / HTTP/1.1" 403 266 "-" "Mozilla/5.0 (Windows NT 10.0; Win64; x64; rv:128.0) Gecko/20100101 Firefox/128.0"
130.213.14.73 - - [29/Jan/2026:19:06:35 -0500] "GET /_profiler/phpinfo.php HTTP/1.1" 404 283 "-" "Mozilla/5.0 (Windows NT 10.0; Win64; x64; rv:128.0) Gecko/20100101 Firefox/128.0"
130.213.14.73 - - [29/Jan/2026:19:06:36 -0500] "GET /phpinfo HTTP/1.1" 404 269 "-" "Mozilla/5.0 (Windows NT 10.0; Win64; x64; rv:128.0) Gecko/20100101 Firefox/128.0"
130.213.14.73 - - [29/Jan/2026:19:06:36 -0500] "GET /_profiler/phpinfo HTTP/1.1" 404 279 "-" "Mozilla/5.0 (Windows NT 10.0; Win64; x64; rv:128.0) Gecko/20100101 Firefox/128.0"
130.213.14.73 - - [29/Jan/2026:19:06:37 -0500] "GET /info HTTP/1.1" 404 266 "-" "Mozilla/5.0 (Windows NT 10.0; Win64; x64; rv:128.0) Gecko/20100101 Firefox/128.0"
130.213.14.73 - - [29/Jan/2026:19:06:38 -0500] "GET /phpinfo.php HTTP/1.1" 404 273 "-" "Mozilla/5.0 (Windows NT 10.0; Win64; x64; rv:128.0) Gecko/20100101 Firefox/128.0"
130.213.14.73 - - [29/Jan/2026:19:06:38 -0500] "GET /info.php HTTP/1.1" 404 270 "-" "Mozilla/5.0 (Windows NT 10.0; Win64; x64; rv:128.0) Gecko/20100101 Firefox/128.0"
130.213.14.73 - - [29/Jan/2026:19:06:39 -0500] "GET /.env HTTP/1.1" 404 266 "-" "-"
130.213.14.73 - - [29/Jan/2026:19:06:39 -0500] "GET /.env.production HTTP/1.1" 404 277 "-" "-"
130.213.14.73 - - [29/Jan/2026:19:06:40 -0500] "GET /application/.env HTTP/1.1" 404 278 "-" "-"
130.213.14.73 - - [29/Jan/2026:19:06:40 -0500] "GET /prod/.env HTTP/1.1" 404 271 "-" "-"
130.213.14.73 - - [29/Jan/2026:19:06:40 -0500] "GET /.env.save HTTP/1.1" 404 271 "-" "-"
130.213.14.73 - - [29/Jan/2026:19:06:40 -0500] "GET /beta/.env HTTP/1.1" 404 271 "-" "-"
130.213.14.73 - - [29/Jan/2026:19:06:40 -0500] "GET /admin/.env HTTP/1.1" 404 272 "-" "-"
130.213.14.73 - - [29/Jan/2026:19:06:41 -0500] "GET /app/.env HTTP/1.1" 404 270 "-" "-"
130.213.14.73 - - [29/Jan/2026:19:06:41 -0500] "GET /config/.env HTTP/1.1" 404 273 "-" "-"
130.213.14.73 - - [29/Jan/2026:19:06:41 -0500] "GET /api/.env HTTP/1.1" 404 270 "-" "-"
130.213.14.73 - - [29/Jan/2026:19:06:41 -0500] "GET /laravel/.env HTTP/1.1" 404 274 "-" "-"
130.213.14.73 - - [29/Jan/2026:19:06:41 -0500] "POST / HTTP/1.1" 404 262 "-" "-"
130.213.14.73 - - [29/Jan/2026:19:06:41 -0500] "GET //pms?module=logging&file_name=../../../../../../~/.aws/credentials&number_of_lines=10000 HTTP/1.1" 404 265 "-" "-"
130.213.14.73 - - [29/Jan/2026:19:06:41 -0500] "GET //admin/config?cmd=cat+/root/.aws/credentials HTTP/1.1" 404 274 "-" "-"
130.213.14.73 - - [29/Jan/2026:19:06:41 -0500] "GET //.aws/credentials HTTP/1.1" 404 278 "-" "-"
130.213.14.73 - - [29/Jan/2026:19:06:41 -0500] "GET //.aws/config HTTP/1.1" 404 273 "-" "-"
130.213.14.73 - - [29/Jan/2026:19:06:41 -0500] "GET //home/user/.aws/credentials HTTP/1.1" 404 288 "-" "-"
130.213.14.73 - - [29/Jan/2026:19:06:41 -0500] "GET //config/.aws/credentials HTTP/1.1" 404 285 "-" "-"
130.213.14.73 - - [29/Jan/2026:19:06:42 -0500] "GET /.git/config HTTP/1.1" 404 273 "-" "-"
130.213.14.73 - - [29/Jan/2026:19:06:42 -0500] "GET /admin/.git/config HTTP/1.1" 404 279 "-" "-"
204.76.203.212 - - [29/Jan/2026:19:11:17 -0500] "GET / HTTP/1.1" 403 266 "-" "Mozilla/5.0 (Windows NT 10.0; Win64; x64) AppleWebKit/537.36 (KHTML, like Gecko) Chrome/90.0.4430.85 Safari/537.36 Edg/90.0.818.46"
45.187.113.15 - - [29/Jan/2026:19:29:18 -0500] "GET / HTTP/1.1" 403 266 "-" "Mozilla/5.0 (Windows NT 10.0; WOW64) AppleWebKit/537.36 (KHTML, like Gecko) Chrome/51.0.2704.103 Safari/537.36"
204.76.203.212 - - [29/Jan/2026:19:38:01 -0500] "GET / HTTP/1.1" 403 266 "-" "Mozilla/5.0 (Windows NT 10.0; Win64; x64) AppleWebKit/537.36 (KHTML, like Gecko) Chrome/90.0.4430.85 Safari/537.36 Edg/90.0.818.46"
89.42.231.200 - - [29/Jan/2026:19:53:12 -0500] "GET /cgi-bin/luci/;stok=/locale HTTP/1.1" 404 288 "-" "-"
204.76.203.212 - - [29/Jan/2026:20:03:17 -0500] "GET / HTTP/1.1" 403 266 "-" "Mozilla/5.0 (Windows NT 10.0; Win64; x64) AppleWebKit/537.36 (KHTML, like Gecko) Chrome/90.0.4430.85 Safari/537.36 Edg/90.0.818.46"
193.142.146.230 - - [29/Jan/2026:20:17:48 -0500] "GET /login HTTP/1.1" 404 267 "-" "Go-http-client/1.1"
35.245.188.175 - - [29/Jan/2026:20:20:59 -0500] "GET / HTTP/1.1" 403 266 "-" "Mozilla/5.0 (Windows NT 10.0; Win64; x64) AppleWebKit/537.36 (KHTML, like Gecko) Chrome/102.0.5005.197 Safari/537.36"
204.76.203.212 - - [29/Jan/2026:20:29:05 -0500] "GET / HTTP/1.1" 403 266 "-" "Mozilla/5.0 (Windows NT 10.0; Win64; x64) AppleWebKit/537.36 (KHTML, like Gecko) Chrome/90.0.4430.85 Safari/537.36 Edg/90.0.818.46"
129.226.213.145 - - [29/Jan/2026:20:33:23 -0500] "GET / HTTP/1.1" 403 271 "-" "Mozilla/5.0 (iPhone; CPU iPhone OS 13_2_3 like Mac OS X) AppleWebKit/605.1.15 (KHTML, like Gecko) Version/13.0.3 Mobile/15E148 Safari/604.1"
45.156.87.161 - - [29/Jan/2026:20:36:05 -0500] "GET /.env HTTP/1.1" 404 266 "-" "Mozilla/5.0 (compatible; Googlebot/2.1; +http://www.google.com/bot.html)"
34.22.151.143 - - [29/Jan/2026:20:42:41 -0500] "GET / HTTP/1.1" 403 266 "-" "python-requests/2.32.5"
204.76.203.212 - - [29/Jan/2026:20:52:25 -0500] "GET / HTTP/1.1" 403 266 "-" "Mozilla/5.0 (Windows NT 10.0; Win64; x64) AppleWebKit/537.36 (KHTML, like Gecko) Chrome/90.0.4430.85 Safari/537.36 Edg/90.0.818.46"
185.241.208.170 - - [29/Jan/2026:21:06:26 -0500] "GET /.git/config HTTP/1.1" 404 273 "-" "Mozilla/5.0 (X11; Linux i686; rv:14.0) Gecko/20100101 Firefox/14.0.1 Iceweasel/14.0.1"
193.142.147.209 - - [29/Jan/2026:21:11:26 -0500] "POST / HTTP/1.1" 404 262 "-" "Mozilla/5.0 (Windows NT 10.0; Win64; x64) AppleWebKit/537.36"
89.42.231.200 - - [29/Jan/2026:21:12:34 -0500] "GET /cgi-bin/luci/;stok=/locale HTTP/1.1" 404 288 "-" "-"
204.76.203.212 - - [29/Jan/2026:21:17:52 -0500] "GET / HTTP/1.1" 403 266 "-" "Mozilla/5.0 (Windows NT 10.0; Win64; x64) AppleWebKit/537.36 (KHTML, like Gecko) Chrome/90.0.4430.85 Safari/537.36 Edg/90.0.818.46"
204.76.203.212 - - [29/Jan/2026:21:42:01 -0500] "GET / HTTP/1.1" 403 266 "-" "Mozilla/5.0 (Windows NT 10.0; Win64; x64) AppleWebKit/537.36 (KHTML, like Gecko) Chrome/90.0.4430.85 Safari/537.36 Edg/90.0.818.46"
172.202.118.21 - - [29/Jan/2026:21:43:59 -0500] "GET /developmentserver/metadatauploader HTTP/1.1" 404 296 "-" "Mozilla/5.0 zgrab/0.x"
170.106.72.178 - - [29/Jan/2026:21:47:34 -0500] "GET / HTTP/1.1" 403 267 "-" "Mozilla/5.0 (iPhone; CPU iPhone OS 13_2_3 like Mac OS X) AppleWebKit/605.1.15 (KHTML, like Gecko) Version/13.0.3 Mobile/15E148 Safari/604.1"
43.159.145.153 - - [29/Jan/2026:21:49:13 -0500] "GET / HTTP/1.1" 403 266 "-" "Mozilla/5.0 (iPhone; CPU iPhone OS 13_2_3 like Mac OS X) AppleWebKit/605.1.15 (KHTML, like Gecko) Version/13.0.3 Mobile/15E148 Safari/604.1"
204.76.203.212 - - [29/Jan/2026:22:06:25 -0500] "GET / HTTP/1.1" 403 266 "-" "Mozilla/5.0 (Windows NT 10.0; Win64; x64) AppleWebKit/537.36 (KHTML, like Gecko) Chrome/90.0.4430.85 Safari/537.36 Edg/90.0.818.46"
204.76.203.212 - - [29/Jan/2026:22:31:31 -0500] "GET / HTTP/1.1" 403 266 "-" "Mozilla/5.0 (Windows NT 10.0; Win64; x64) AppleWebKit/537.36 (KHTML, like Gecko) Chrome/90.0.4430.85 Safari/537.36 Edg/90.0.818.46"
89.42.231.200 - - [29/Jan/2026:22:34:34 -0500] "GET /cgi-bin/luci/;stok=/locale HTTP/1.1" 404 288 "-" "-"
198.235.24.13 - - [29/Jan/2026:22:51:31 -0500] "GET / HTTP/1.1" 403 271 "-" "Hello from Palo Alto Networks, find out more about our scans in https://docs-cortex.paloaltonetworks.com/r/1/Cortex-Xpanse/Scanning-activity"
165.232.73.161 - - [29/Jan/2026:22:52:24 -0500] "GET /.env HTTP/1.1" 404 266 "-" "Mozilla/5.0; Keydrop.io/1.0(onlyscans.com/about);"
165.232.73.161 - - [29/Jan/2026:22:52:24 -0500] "GET /.git/config HTTP/1.1" 404 273 "-" "Mozilla/5.0; Keydrop.io/1.0(onlyscans.com/about);"
204.76.203.212 - - [29/Jan/2026:22:58:11 -0500] "GET / HTTP/1.1" 403 266 "-" "Mozilla/5.0 (Windows NT 10.0; Win64; x64) AppleWebKit/537.36 (KHTML, like Gecko) Chrome/90.0.4430.85 Safari/537.36 Edg/90.0.818.46"
204.76.203.212 - - [29/Jan/2026:23:22:19 -0500] "GET / HTTP/1.1" 403 266 "-" "Mozilla/5.0 (Windows NT 10.0; Win64; x64) AppleWebKit/537.36 (KHTML, like Gecko) Chrome/90.0.4430.85 Safari/537.36 Edg/90.0.818.46"
193.142.147.209 - - [29/Jan/2026:23:24:06 -0500] "POST / HTTP/1.1" 404 262 "-" "Mozilla/5.0 (Windows NT 10.0; Win64; x64) AppleWebKit/537.36"
204.76.203.69 - - [29/Jan/2026:23:26:14 -0500] "GET / HTTP/1.1" 403 266 "-" "-"
104.28.214.122 - - [29/Jan/2026:23:46:55 -0500] "GET /style.php HTTP/1.1" 404 272 "-" "Go-http-client/1.1"
104.28.214.122 - - [29/Jan/2026:23:46:55 -0500] "GET /wp-content/style.php HTTP/1.1" 404 283 "-" "Go-http-client/1.1"
104.28.214.122 - - [29/Jan/2026:23:46:55 -0500] "GET /wp-content/themes/style.php HTTP/1.1" 404 290 "-" "Go-http-client/1.1"
104.28.214.122 - - [29/Jan/2026:23:46:55 -0500] "GET /wp-admin/style.php HTTP/1.1" 404 281 "-" "Go-http-client/1.1"
104.28.214.122 - - [29/Jan/2026:23:46:55 -0500] "GET /wp-includes/style.php HTTP/1.1" 404 284 "-" "Go-http-client/1.1"
104.28.214.122 - - [29/Jan/2026:23:46:55 -0500] "GET /chosen.php?p= HTTP/1.1" 404 273 "-" "Go-http-client/1.1"
104.28.214.122 - - [29/Jan/2026:23:46:55 -0500] "GET /file.php HTTP/1.1" 404 271 "-" "Go-http-client/1.1"
104.28.214.122 - - [29/Jan/2026:23:46:55 -0500] "GET /flower.php HTTP/1.1" 404 273 "-" "Go-http-client/1.1"
104.28.214.122 - - [29/Jan/2026:23:46:56 -0500] "GET /gifclass.php HTTP/1.1" 404 275 "-" "Go-http-client/1.1"
104.28.214.122 - - [29/Jan/2026:23:46:56 -0500] "GET /bless.php HTTP/1.1" 404 272 "-" "Go-http-client/1.1"
104.28.214.122 - - [29/Jan/2026:23:46:56 -0500] "GET /class-t.api.php HTTP/1.1" 404 278 "-" "Go-http-client/1.1"
104.28.214.122 - - [29/Jan/2026:23:46:56 -0500] "GET /blurbs.php HTTP/1.1" 404 273 "-" "Go-http-client/1.1"
104.28.214.122 - - [29/Jan/2026:23:46:56 -0500] "GET /akcc.php HTTP/1.1" 404 271 "-" "Go-http-client/1.1"
104.28.214.122 - - [29/Jan/2026:23:46:56 -0500] "GET /abcd.php HTTP/1.1" 404 271 "-" "Go-http-client/1.1"
104.28.214.122 - - [29/Jan/2026:23:46:56 -0500] "GET /shelp.php HTTP/1.1" 404 272 "-" "Go-http-client/1.1"
104.28.214.122 - - [29/Jan/2026:23:46:56 -0500] "GET /cord.php HTTP/1.1" 404 271 "-" "Go-http-client/1.1"
104.28.214.122 - - [29/Jan/2026:23:46:56 -0500] "GET /dex.php HTTP/1.1" 404 270 "-" "Go-http-client/1.1"
104.28.214.122 - - [29/Jan/2026:23:46:56 -0500] "GET /wp-admin/admin-ajax.php HTTP/1.1" 404 286 "-" "Go-http-client/1.1"
104.28.214.122 - - [29/Jan/2026:23:46:56 -0500] "GET /file2.php HTTP/1.1" 404 272 "-" "Go-http-client/1.1"
104.28.214.122 - - [29/Jan/2026:23:46:56 -0500] "GET //zwso.php HTTP/1.1" 404 271 "-" "Go-http-client/1.1"
104.28.214.122 - - [29/Jan/2026:23:46:57 -0500] "GET /wp-admin/zwso.php HTTP/1.1" 404 280 "-" "Go-http-client/1.1"
104.28.214.122 - - [29/Jan/2026:23:46:57 -0500] "GET /wp-content/plugins/hellopress/wp_mna.php HTTP/1.1" 404 303 "-" "Go-http-client/1.1"
104.28.214.122 - - [29/Jan/2026:23:46:57 -0500] "GET /bolt.php HTTP/1.1" 404 271 "-" "Go-http-client/1.1"
104.28.214.122 - - [29/Jan/2026:23:46:57 -0500] "GET /shlo.php HTTP/1.1" 404 271 "-" "Go-http-client/1.1"
104.28.214.122 - - [29/Jan/2026:23:46:57 -0500] "GET /133.php HTTP/1.1" 404 270 "-" "Go-http-client/1.1"
104.28.214.122 - - [29/Jan/2026:23:46:57 -0500] "GET /ahax.php HTTP/1.1" 404 271 "-" "Go-http-client/1.1"
104.28.214.122 - - [29/Jan/2026:23:46:57 -0500] "GET /php8.php HTTP/1.1" 404 271 "-" "Go-http-client/1.1"
104.28.214.122 - - [29/Jan/2026:23:46:57 -0500] "GET /lufix1.php HTTP/1.1" 404 273 "-" "Go-http-client/1.1"
104.28.214.122 - - [29/Jan/2026:23:46:57 -0500] "GET /witmm.php HTTP/1.1" 404 272 "-" "Go-http-client/1.1"
104.28.214.122 - - [29/Jan/2026:23:46:57 -0500] "GET /wp-admin/css/index.php HTTP/1.1" 404 285 "-" "Go-http-client/1.1"
104.28.214.122 - - [29/Jan/2026:23:46:57 -0500] "GET /wp-content/plugins/index.php HTTP/1.1" 404 291 "-" "Go-http-client/1.1"
104.28.214.122 - - [29/Jan/2026:23:46:58 -0500] "GET /wp-content/index.php HTTP/1.1" 404 283 "-" "Go-http-client/1.1"
104.28.214.122 - - [29/Jan/2026:23:46:58 -0500] "GET /ioxi-o.php HTTP/1.1" 404 273 "-" "Go-http-client/1.1"
104.28.214.122 - - [29/Jan/2026:23:46:58 -0500] "GET /222.php HTTP/1.1" 404 270 "-" "Go-http-client/1.1"
104.28.214.122 - - [29/Jan/2026:23:46:58 -0500] "GET /files.php HTTP/1.1" 404 272 "-" "Go-http-client/1.1"
104.28.214.122 - - [29/Jan/2026:23:46:58 -0500] "GET /wp-editor.php HTTP/1.1" 404 276 "-" "Go-http-client/1.1"
104.28.214.122 - - [29/Jan/2026:23:46:58 -0500] "GET /txets.php HTTP/1.1" 404 272 "-" "Go-http-client/1.1"
104.28.214.122 - - [29/Jan/2026:23:46:58 -0500] "GET /wp-content/txets.php HTTP/1.1" 404 283 "-" "Go-http-client/1.1"
104.28.214.122 - - [29/Jan/2026:23:46:58 -0500] "GET /wp-admin/txets.php HTTP/1.1" 404 281 "-" "Go-http-client/1.1"
104.28.214.122 - - [29/Jan/2026:23:46:58 -0500] "GET /postnews.php HTTP/1.1" 404 275 "-" "Go-http-client/1.1"
104.28.214.122 - - [29/Jan/2026:23:46:58 -0500] "GET /wp-content/postnews.php HTTP/1.1" 404 286 "-" "Go-http-client/1.1"
104.28.214.122 - - [29/Jan/2026:23:46:58 -0500] "GET /wp-admin/postnews.php HTTP/1.1" 404 284 "-" "Go-http-client/1.1"
204.76.203.212 - - [29/Jan/2026:23:48:33 -0500] "GET / HTTP/1.1" 403 266 "-" "Mozilla/5.0 (Windows NT 10.0; Win64; x64) AppleWebKit/537.36 (KHTML, like Gecko) Chrome/90.0.4430.85 Safari/537.36 Edg/90.0.818.46"
157.245.221.107 - - [29/Jan/2026:23:52:02 -0500] "GET /mifs/c/windows/api/v2/device/registration HTTP/1.1" 404 303 "-" "Mozilla/5.0 (Macintosh; Intel Mac OS X 10_15_1) AppleWebKit/605.1.15 (KHTML, like Gecko) Version/13.0.3 Safari/605.1.15"
157.245.221.107 - - [29/Jan/2026:23:52:03 -0500] "GET /mifs/rs/api/v2/device/registration HTTP/1.1" 404 296 "-" "Mozilla/5.0 (Fedora; Linux i686; rv:123.0) Gecko/20100101 Firefox/123.0"
89.42.231.200 - - [29/Jan/2026:23:55:07 -0500] "GET /cgi-bin/luci/;stok=/locale HTTP/1.1" 404 288 "-" "-"
204.76.203.212 - - [30/Jan/2026:00:14:31 -0500] "GET / HTTP/1.1" 403 266 "-" "Mozilla/5.0 (Windows NT 10.0; Win64; x64) AppleWebKit/537.36 (KHTML, like Gecko) Chrome/90.0.4430.85 Safari/537.36 Edg/90.0.818.46"
87.121.84.51 - - [30/Jan/2026:00:19:00 -0500] "GET / HTTP/1.1" 403 266 "-" "Mozilla/5.0 (X11; Linux x86_64; rv:140.0) Gecko/20100101 Firefox/140.0"
34.86.239.201 - - [30/Jan/2026:00:25:06 -0500] "GET / HTTP/1.1" 403 266 "-" "Mozilla/5.0 (Windows NT 10.0; Win64; x64) AppleWebKit/537.36 (KHTML, like Gecko) Chrome/102.0.5005.197 Safari/537.36"
204.76.203.212 - - [30/Jan/2026:00:37:56 -0500] "GET / HTTP/1.1" 403 266 "-" "Mozilla/5.0 (Windows NT 10.0; Win64; x64) AppleWebKit/537.36 (KHTML, like Gecko) Chrome/90.0.4430.85 Safari/537.36 Edg/90.0.818.46"
91.224.92.115 - - [30/Jan/2026:00:39:18 -0500] "GET /cgi-bin/luci/;stok=/locale HTTP/1.1" 404 288 "-" "-"
176.65.148.220 - - [30/Jan/2026:00:49:27 -0500] "GET / HTTP/1.1" 403 266 "-" "Mozilla/5.0 (Windows NT 10.0; Win64; x64) AppleWebKit/537.36 (KHTML, like Gecko) Chrome/90.0.4430.85 Safari/537.36 Edg/90.0.818.46"
204.76.203.212 - - [30/Jan/2026:01:03:01 -0500] "GET / HTTP/1.1" 403 266 "-" "Mozilla/5.0 (Windows NT 10.0; Win64; x64) AppleWebKit/537.36 (KHTML, like Gecko) Chrome/90.0.4430.85 Safari/537.36 Edg/90.0.818.46"
89.42.231.200 - - [30/Jan/2026:01:05:20 -0500] "GET /cgi-bin/luci/;stok=/locale HTTP/1.1" 404 288 "-" "-"
103.203.72.232 - - [30/Jan/2026:01:11:45 -0500] "GET /boaform/admin/formLogin?username=ec8&psd=ec8 HTTP/1.1" 404 290 "-" "-"
35.241.212.143 - - [30/Jan/2026:01:25:35 -0500] "GET / HTTP/1.1" 403 266 "-" "python-requests/2.32.5"
204.76.203.212 - - [30/Jan/2026:01:29:08 -0500] "GET / HTTP/1.1" 403 266 "-" "Mozilla/5.0 (Windows NT 10.0; Win64; x64) AppleWebKit/537.36 (KHTML, like Gecko) Chrome/90.0.4430.85 Safari/537.36 Edg/90.0.818.46"
130.213.14.73 - - [30/Jan/2026:01:30:37 -0500] "GET / HTTP/1.1" 403 266 "-" "Mozilla/5.0 (Windows NT 10.0; Win64; x64; rv:128.0) Gecko/20100101 Firefox/128.0"
130.213.14.73 - - [30/Jan/2026:01:30:38 -0500] "GET /_profiler/phpinfo.php HTTP/1.1" 404 283 "-" "Mozilla/5.0 (Windows NT 10.0; Win64; x64; rv:128.0) Gecko/20100101 Firefox/128.0"
130.213.14.73 - - [30/Jan/2026:01:30:39 -0500] "GET /phpinfo HTTP/1.1" 404 269 "-" "Mozilla/5.0 (Windows NT 10.0; Win64; x64; rv:128.0) Gecko/20100101 Firefox/128.0"
130.213.14.73 - - [30/Jan/2026:01:30:40 -0500] "GET /_profiler/phpinfo HTTP/1.1" 404 279 "-" "Mozilla/5.0 (Windows NT 10.0; Win64; x64; rv:128.0) Gecko/20100101 Firefox/128.0"
130.213.14.73 - - [30/Jan/2026:01:30:41 -0500] "GET /info HTTP/1.1" 404 266 "-" "Mozilla/5.0 (Windows NT 10.0; Win64; x64; rv:128.0) Gecko/20100101 Firefox/128.0"
130.213.14.73 - - [30/Jan/2026:01:30:42 -0500] "GET /phpinfo.php HTTP/1.1" 404 273 "-" "Mozilla/5.0 (Windows NT 10.0; Win64; x64; rv:128.0) Gecko/20100101 Firefox/128.0"
130.213.14.73 - - [30/Jan/2026:01:30:43 -0500] "GET /info.php HTTP/1.1" 404 270 "-" "Mozilla/5.0 (Windows NT 10.0; Win64; x64; rv:128.0) Gecko/20100101 Firefox/128.0"
130.213.14.73 - - [30/Jan/2026:01:30:43 -0500] "GET /.env HTTP/1.1" 404 266 "-" "-"
130.213.14.73 - - [30/Jan/2026:01:30:43 -0500] "GET /.env.production HTTP/1.1" 404 277 "-" "-"
130.213.14.73 - - [30/Jan/2026:01:30:44 -0500] "GET /application/.env HTTP/1.1" 404 278 "-" "-"
130.213.14.73 - - [30/Jan/2026:01:30:44 -0500] "GET /prod/.env HTTP/1.1" 404 271 "-" "-"
130.213.14.73 - - [30/Jan/2026:01:30:44 -0500] "GET /.env.save HTTP/1.1" 404 271 "-" "-"
130.213.14.73 - - [30/Jan/2026:01:30:44 -0500] "GET /beta/.env HTTP/1.1" 404 271 "-" "-"
130.213.14.73 - - [30/Jan/2026:01:30:44 -0500] "GET /admin/.env HTTP/1.1" 404 272 "-" "-"
130.213.14.73 - - [30/Jan/2026:01:30:44 -0500] "GET /app/.env HTTP/1.1" 404 270 "-" "-"
130.213.14.73 - - [30/Jan/2026:01:30:44 -0500] "GET /config/.env HTTP/1.1" 404 273 "-" "-"
130.213.14.73 - - [30/Jan/2026:01:30:44 -0500] "GET /api/.env HTTP/1.1" 404 270 "-" "-"
130.213.14.73 - - [30/Jan/2026:01:30:45 -0500] "GET /laravel/.env HTTP/1.1" 404 274 "-" "-"
130.213.14.73 - - [30/Jan/2026:01:30:45 -0500] "POST / HTTP/1.1" 404 262 "-" "-"
130.213.14.73 - - [30/Jan/2026:01:30:45 -0500] "GET //pms?module=logging&file_name=../../../../../../~/.aws/credentials&number_of_lines=10000 HTTP/1.1" 404 265 "-" "-"
130.213.14.73 - - [30/Jan/2026:01:30:45 -0500] "GET //admin/config?cmd=cat+/root/.aws/credentials HTTP/1.1" 404 274 "-" "-"
130.213.14.73 - - [30/Jan/2026:01:30:45 -0500] "GET //.aws/credentials HTTP/1.1" 404 278 "-" "-"
130.213.14.73 - - [30/Jan/2026:01:30:45 -0500] "GET //.aws/config HTTP/1.1" 404 273 "-" "-"
130.213.14.73 - - [30/Jan/2026:01:30:45 -0500] "GET //home/user/.aws/credentials HTTP/1.1" 404 288 "-" "-"
130.213.14.73 - - [30/Jan/2026:01:30:45 -0500] "GET //config/.aws/credentials HTTP/1.1" 404 285 "-" "-"
130.213.14.73 - - [30/Jan/2026:01:30:45 -0500] "GET /.git/config HTTP/1.1" 404 273 "-" "-"
130.213.14.73 - - [30/Jan/2026:01:30:45 -0500] "GET /admin/.git/config HTTP/1.1" 404 279 "-" "-"
65.49.1.142 - - [30/Jan/2026:01:33:18 -0500] "GET / HTTP/1.1" 403 266 "-" "Mozilla/5.0 (X11; Linux x86_64; rv:102.0) Gecko/20100101 Firefox/102.0"
65.49.1.142 - - [30/Jan/2026:01:33:52 -0500] "GET /webui/ HTTP/1.1" 404 268 "-" "Mozilla/5.0 (X11; Linux x86_64) AppleWebKit/537.36 (KHTML, like Gecko) Chrome/110.0.0.0 Safari/537.36"
193.142.147.209 - - [30/Jan/2026:01:35:53 -0500] "POST / HTTP/1.1" 404 262 "-" "Mozilla/5.0 (Windows NT 10.0; Win64; x64) AppleWebKit/537.36"
65.49.1.142 - - [30/Jan/2026:01:35:55 -0500] "GET /geoserver/web/ HTTP/1.1" 404 276 "-" "Mozilla/5.0 (X11; Linux x86_64; rv:102.0) Gecko/20100101 Firefox/102.0"
27.115.124.114 - - [30/Jan/2026:01:36:06 -0500] "GET / HTTP/1.1" 403 271 "-" "Mozilla/5.0 (Macintosh; Intel Mac OS X 10_15_7) AppleWebKit/537.36 (KHTML, like Gecko) Chrome/120.0.0.0 Safari/537.36 Edg/120.0.0.0"
27.115.124.112 - - [30/Jan/2026:01:36:21 -0500] "GET /robots.txt HTTP/1.1" 404 277 "-" "Mozilla/5.0 (Macintosh; Intel Mac OS X 10_7_0) AppleWebKit/535.11 (KHTML, like Gecko) Chrome/17.0.963.56 Safari/535.11"
147.185.133.84 - - [30/Jan/2026:01:43:56 -0500] "GET / HTTP/1.1" 403 266 "-" "Hello from Palo Alto Networks, find out more about our scans in https://docs-cortex.paloaltonetworks.com/r/1/Cortex-Xpanse/Scanning-activity"
204.76.203.212 - - [30/Jan/2026:01:52:27 -0500] "GET / HTTP/1.1" 403 266 "-" "Mozilla/5.0 (Windows NT 10.0; Win64; x64) AppleWebKit/537.36 (KHTML, like Gecko) Chrome/90.0.4430.85 Safari/537.36 Edg/90.0.818.46"
43.166.237.57 - - [30/Jan/2026:02:09:08 -0500] "GET / HTTP/1.1" 403 266 "-" "Mozilla/5.0 (iPhone; CPU iPhone OS 13_2_3 like Mac OS X) AppleWebKit/605.1.15 (KHTML, like Gecko) Version/13.0.3 Mobile/15E148 Safari/604.1"
204.76.203.212 - - [30/Jan/2026:02:17:49 -0500] "GET / HTTP/1.1" 403 266 "-" "Mozilla/5.0 (Windows NT 10.0; Win64; x64) AppleWebKit/537.36 (KHTML, like Gecko) Chrome/90.0.4430.85 Safari/537.36 Edg/90.0.818.46"
89.42.231.200 - - [30/Jan/2026:02:36:22 -0500] "GET /cgi-bin/luci/;stok=/locale HTTP/1.1" 404 288 "-" "-"
204.76.203.212 - - [30/Jan/2026:02:43:59 -0500] "GET / HTTP/1.1" 403 266 "-" "Mozilla/5.0 (Windows NT 10.0; Win64; x64) AppleWebKit/537.36 (KHTML, like Gecko) Chrome/90.0.4430.85 Safari/537.36 Edg/90.0.818.46"
38.135.24.224 - - [30/Jan/2026:02:44:16 -0500] "POST /hello.world?%ADd+allow_url_include%3d1+%ADd+auto_prepend_file%3dphp://input HTTP/1.1" 404 273 "-" "libredtail-http"
38.135.24.224 - - [30/Jan/2026:02:44:16 -0500] "POST /?%ADd+allow_url_include%3d1+%ADd+auto_prepend_file%3dphp://input HTTP/1.1" 404 262 "-" "libredtail-http"
38.135.24.224 - - [30/Jan/2026:02:44:16 -0500] "GET /vendor/phpunit/phpunit/src/Util/PHP/eval-stdin.php HTTP/1.1" 404 312 "-" "libredtail-http"
38.135.24.224 - - [30/Jan/2026:02:44:16 -0500] "GET /vendor/phpunit/phpunit/Util/PHP/eval-stdin.php HTTP/1.1" 404 308 "-" "libredtail-http"
38.135.24.224 - - [30/Jan/2026:02:44:17 -0500] "GET /vendor/phpunit/src/Util/PHP/eval-stdin.php HTTP/1.1" 404 304 "-" "libredtail-http"
38.135.24.224 - - [30/Jan/2026:02:44:17 -0500] "GET /vendor/phpunit/Util/PHP/eval-stdin.php HTTP/1.1" 404 300 "-" "libredtail-http"
38.135.24.224 - - [30/Jan/2026:02:44:17 -0500] "GET /vendor/phpunit/phpunit/LICENSE/eval-stdin.php HTTP/1.1" 404 307 "-" "libredtail-http"
38.135.24.224 - - [30/Jan/2026:02:44:17 -0500] "GET /vendor/vendor/phpunit/phpunit/src/Util/PHP/eval-stdin.php HTTP/1.1" 404 319 "-" "libredtail-http"
38.135.24.224 - - [30/Jan/2026:02:44:17 -0500] "GET /phpunit/phpunit/src/Util/PHP/eval-stdin.php HTTP/1.1" 404 305 "-" "libredtail-http"
38.135.24.224 - - [30/Jan/2026:02:44:17 -0500] "GET /phpunit/phpunit/Util/PHP/eval-stdin.php HTTP/1.1" 404 301 "-" "libredtail-http"
38.135.24.224 - - [30/Jan/2026:02:44:17 -0500] "GET /phpunit/src/Util/PHP/eval-stdin.php HTTP/1.1" 404 297 "-" "libredtail-http"
38.135.24.224 - - [30/Jan/2026:02:44:17 -0500] "GET /phpunit/Util/PHP/eval-stdin.php HTTP/1.1" 404 293 "-" "libredtail-http"
38.135.24.224 - - [30/Jan/2026:02:44:17 -0500] "GET /lib/phpunit/phpunit/src/Util/PHP/eval-stdin.php HTTP/1.1" 404 309 "-" "libredtail-http"
38.135.24.224 - - [30/Jan/2026:02:44:17 -0500] "GET /lib/phpunit/phpunit/Util/PHP/eval-stdin.php HTTP/1.1" 404 305 "-" "libredtail-http"
38.135.24.224 - - [30/Jan/2026:02:44:17 -0500] "GET /lib/phpunit/src/Util/PHP/eval-stdin.php HTTP/1.1" 404 301 "-" "libredtail-http"
38.135.24.224 - - [30/Jan/2026:02:44:17 -0500] "GET /lib/phpunit/Util/PHP/eval-stdin.php HTTP/1.1" 404 297 "-" "libredtail-http"
38.135.24.224 - - [30/Jan/2026:02:44:17 -0500] "GET /lib/vendor/phpunit/phpunit/src/Util/PHP/eval-stdin.php HTTP/1.1" 404 316 "-" "libredtail-http"
38.135.24.224 - - [30/Jan/2026:02:44:17 -0500] "GET /laravel/vendor/phpunit/phpunit/src/Util/PHP/eval-stdin.php HTTP/1.1" 404 320 "-" "libredtail-http"
38.135.24.224 - - [30/Jan/2026:02:44:17 -0500] "GET /www/vendor/phpunit/phpunit/src/Util/PHP/eval-stdin.php HTTP/1.1" 404 316 "-" "libredtail-http"
38.135.24.224 - - [30/Jan/2026:02:44:17 -0500] "GET /ws/vendor/phpunit/phpunit/src/Util/PHP/eval-stdin.php HTTP/1.1" 404 315 "-" "libredtail-http"
38.135.24.224 - - [30/Jan/2026:02:44:17 -0500] "GET /yii/vendor/phpunit/phpunit/src/Util/PHP/eval-stdin.php HTTP/1.1" 404 316 "-" "libredtail-http"
38.135.24.224 - - [30/Jan/2026:02:44:17 -0500] "GET /zend/vendor/phpunit/phpunit/src/Util/PHP/eval-stdin.php HTTP/1.1" 404 317 "-" "libredtail-http"
38.135.24.224 - - [30/Jan/2026:02:44:17 -0500] "GET /ws/ec/vendor/phpunit/phpunit/src/Util/PHP/eval-stdin.php HTTP/1.1" 404 318 "-" "libredtail-http"
38.135.24.224 - - [30/Jan/2026:02:44:17 -0500] "GET /V2/vendor/phpunit/phpunit/src/Util/PHP/eval-stdin.php HTTP/1.1" 404 315 "-" "libredtail-http"
38.135.24.224 - - [30/Jan/2026:02:44:17 -0500] "GET /tests/vendor/phpunit/phpunit/src/Util/PHP/eval-stdin.php HTTP/1.1" 404 318 "-" "libredtail-http"
38.135.24.224 - - [30/Jan/2026:02:44:17 -0500] "GET /test/vendor/phpunit/phpunit/src/Util/PHP/eval-stdin.php HTTP/1.1" 404 317 "-" "libredtail-http"
38.135.24.224 - - [30/Jan/2026:02:44:17 -0500] "GET /testing/vendor/phpunit/phpunit/src/Util/PHP/eval-stdin.php HTTP/1.1" 404 320 "-" "libredtail-http"
38.135.24.224 - - [30/Jan/2026:02:44:18 -0500] "GET /api/vendor/phpunit/phpunit/src/Util/PHP/eval-stdin.php HTTP/1.1" 404 316 "-" "libredtail-http"
38.135.24.224 - - [30/Jan/2026:02:44:18 -0500] "GET /demo/vendor/phpunit/phpunit/src/Util/PHP/eval-stdin.php HTTP/1.1" 404 317 "-" "libredtail-http"
38.135.24.224 - - [30/Jan/2026:02:44:18 -0500] "GET /cms/vendor/phpunit/phpunit/src/Util/PHP/eval-stdin.php HTTP/1.1" 404 316 "-" "libredtail-http"
38.135.24.224 - - [30/Jan/2026:02:44:18 -0500] "GET /crm/vendor/phpunit/phpunit/src/Util/PHP/eval-stdin.php HTTP/1.1" 404 316 "-" "libredtail-http"
38.135.24.224 - - [30/Jan/2026:02:44:18 -0500] "GET /admin/vendor/phpunit/phpunit/src/Util/PHP/eval-stdin.php HTTP/1.1" 404 318 "-" "libredtail-http"
38.135.24.224 - - [30/Jan/2026:02:44:18 -0500] "GET /backup/vendor/phpunit/phpunit/src/Util/PHP/eval-stdin.php HTTP/1.1" 404 319 "-" "libredtail-http"
38.135.24.224 - - [30/Jan/2026:02:44:18 -0500] "GET /blog/vendor/phpunit/phpunit/src/Util/PHP/eval-stdin.php HTTP/1.1" 404 317 "-" "libredtail-http"
38.135.24.224 - - [30/Jan/2026:02:44:18 -0500] "GET /workspace/drupal/vendor/phpunit/phpunit/src/Util/PHP/eval-stdin.php HTTP/1.1" 404 329 "-" "libredtail-http"
38.135.24.224 - - [30/Jan/2026:02:44:18 -0500] "GET /panel/vendor/phpunit/phpunit/src/Util/PHP/eval-stdin.php HTTP/1.1" 404 318 "-" "libredtail-http"
38.135.24.224 - - [30/Jan/2026:02:44:18 -0500] "GET /public/vendor/phpunit/phpunit/src/Util/PHP/eval-stdin.php HTTP/1.1" 404 319 "-" "libredtail-http"
38.135.24.224 - - [30/Jan/2026:02:44:18 -0500] "GET /apps/vendor/phpunit/phpunit/src/Util/PHP/eval-stdin.php HTTP/1.1" 404 317 "-" "libredtail-http"
38.135.24.224 - - [30/Jan/2026:02:44:18 -0500] "GET /app/vendor/phpunit/phpunit/src/Util/PHP/eval-stdin.php HTTP/1.1" 404 316 "-" "libredtail-http"
38.135.24.224 - - [30/Jan/2026:02:44:18 -0500] "GET /index.php?s=/index/\\think\\app/invokefunction&function=call_user_func_array&vars[0]=md5&vars[1][]=Hello HTTP/1.1" 404 271 "-" "libredtail-http"
38.135.24.224 - - [30/Jan/2026:02:44:18 -0500] "GET /public/index.php?s=/index/\\think\\app/invokefunction&function=call_user_func_array&vars[0]=md5&vars[1][]=Hello HTTP/1.1" 404 278 "-" "libredtail-http"
38.135.24.224 - - [30/Jan/2026:02:44:18 -0500] "GET /index.php?lang=../../../../../../../../usr/local/lib/php/pearcmd&+config-create+/&/<?echo(md5(\"hi\"));?>+/tmp/index1.php HTTP/1.1" 404 271 "-" "libredtail-http"
38.135.24.224 - - [30/Jan/2026:02:44:18 -0500] "GET /index.php?lang=../../../../../../../../tmp/index1 HTTP/1.1" 404 271 "-" "libredtail-http"
38.135.24.224 - - [30/Jan/2026:02:44:18 -0500] "GET /containers/json HTTP/1.1" 404 277 "-" "libredtail-http"
93.174.93.12 - - [30/Jan/2026:02:47:10 -0500] "GET / HTTP/1.1" 403 271 "-" "Mozilla/4.0 (compatible; MSIE 4.01; Windows CE; PPC; MDA Pro/1.0 Profile/MIDP-2.0 Configuration/CLDC-1.1)"
91.224.92.115 - - [30/Jan/2026:02:52:22 -0500] "GET /cgi-bin/luci/;stok=/locale HTTP/1.1" 404 288 "-" "-"
204.76.203.69 - - [30/Jan/2026:03:01:22 -0500] "GET / HTTP/1.1" 403 266 "-" "Mozilla/5.0 (Windows NT 10.0; Win64; x64) AppleWebKit/537.36 (KHTML, like Gecko) Chrome/90.0.4430.85 Safari/537.36 Edg/90.0.818.46"
3.149.59.26 - - [30/Jan/2026:03:02:26 -0500] "GET / HTTP/1.1" 403 266 "-" "cypex.ai/scanning Mozilla/5.0 (Macintosh; Intel Mac OS X 10_15_7) Chrome/126.0.0.0 Safari/537.36"
3.149.59.26 - - [30/Jan/2026:03:04:55 -0500] "GET / HTTP/1.1" 403 266 "-" "cypex.ai/scanning Mozilla/5.0 (Macintosh; Intel Mac OS X 10_15_7) Chrome/126.0.0.0 Safari/537.36"
204.76.203.212 - - [30/Jan/2026:03:11:42 -0500] "GET / HTTP/1.1" 403 266 "-" "Mozilla/5.0 (Windows NT 10.0; Win64; x64) AppleWebKit/537.36 (KHTML, like Gecko) Chrome/90.0.4430.85 Safari/537.36 Edg/90.0.818.46"
87.121.84.115 - - [30/Jan/2026:03:15:56 -0500] "GET /admin/assets/jquery-file-upload/server/php/index.php?file=tf2rghf.jpg HTTP/1.1" 404 315 "-" "ALittle Client"
204.76.203.212 - - [30/Jan/2026:03:36:25 -0500] "GET / HTTP/1.1" 403 266 "-" "Mozilla/5.0 (Windows NT 10.0; Win64; x64) AppleWebKit/537.36 (KHTML, like Gecko) Chrome/90.0.4430.85 Safari/537.36 Edg/90.0.818.46"
204.76.203.46 - - [30/Jan/2026:03:41:57 -0500] "GET / HTTP/1.1" 403 272 "-" "Mozilla/5.0 (Windows NT 10.0; Win64; x64) AppleWebKit/537.36"
193.142.147.209 - - [30/Jan/2026:03:50:33 -0500] "POST / HTTP/1.1" 404 262 "-" "Mozilla/5.0 (Windows NT 10.0; Win64; x64) AppleWebKit/537.36"
201.192.156.208 - - [30/Jan/2026:03:53:33 -0500] "GET / HTTP/1.1" 403 266 "-" "Mozilla/5.0 (Macintosh; Intel Mac OS X 10_15_3) AppleWebKit/537.36 (KHTML, like Gecko) Chrome/92.0.4515.107 Safari/537.36"
189.111.213.171 - - [30/Jan/2026:03:53:57 -0500] "GET / HTTP/1.1" 403 266 "-" "Mozilla/5.0 (Macintosh; Intel Mac OS X 10_15_3) AppleWebKit/537.36 (KHTML, like Gecko) Chrome/92.0.4515.107 Safari/537.36"