File: //home/httpd/logs/crackedtube.com_access_log
89.42.231.200 - - [30/Jan/2026:03:55:56 -0500] "GET /cgi-bin/luci/;stok=/locale HTTP/1.1" 404 288 "-" "-"
204.76.203.212 - - [30/Jan/2026:03:58:17 -0500] "GET / HTTP/1.1" 403 266 "-" "Mozilla/5.0 (Windows NT 10.0; Win64; x64) AppleWebKit/537.36 (KHTML, like Gecko) Chrome/90.0.4430.85 Safari/537.36 Edg/90.0.818.46"
20.65.194.68 - - [30/Jan/2026:03:58:45 -0500] "GET /manager/html HTTP/1.1" 404 274 "-" "Mozilla/5.0 zgrab/0.x"
5.183.209.196 - - [30/Jan/2026:04:00:59 -0500] "GET /SDK/webLanguage HTTP/1.1" 404 277 "-" "Mozilla/5.0 (Windows NT 10.0; Win64; x64) AppleWebKit/537.36 (KHTML, like Gecko) Chrome/90.0.4430.85 Safari/537.36 Edg/90.0.818.46"
89.42.231.200 - - [30/Jan/2026:04:03:23 -0500] "GET /cgi-bin/luci/;stok=/locale HTTP/1.1" 404 288 "-" "-"
5.61.209.92 - - [30/Jan/2026:04:23:07 -0500] "GET /SDK/webLanguage HTTP/1.1" 404 277 "-" "Mozilla/5.0 (Windows NT 10.0; Win64; x64) AppleWebKit/537.36 (KHTML, like Gecko) Chrome/90.0.4430.85 Safari/537.36 Edg/90.0.818.46"
204.76.203.212 - - [30/Jan/2026:04:26:25 -0500] "GET / HTTP/1.1" 403 266 "-" "Mozilla/5.0 (Windows NT 10.0; Win64; x64) AppleWebKit/537.36 (KHTML, like Gecko) Chrome/90.0.4430.85 Safari/537.36 Edg/90.0.818.46"
64.112.126.83 - - [30/Jan/2026:04:29:32 -0500] "GET /.bash_history HTTP/1.1" 404 275 "-" "Mozilla/5.0 (Windows NT 10.0; Win64; x64) AppleWebKit/537.36 (KHTML, like Gecko) Chrome/124.0.0.0 Safari/537.36"
93.123.109.125 - - [30/Jan/2026:04:31:10 -0500] "GET / HTTP/1.1" 403 267 "-" "Mozilla/5.0 (Windows NT 10.0; Win64; x64) AppleWebKit/537.36 (KHTML, like Gecko) Chrome/142.0.0.0 Safari/537.36"
93.123.109.125 - - [30/Jan/2026:04:31:13 -0500] "GET / HTTP/1.1" 403 266 "-" "Mozilla/5.0 (Windows NT 10.0; Win64; x64) AppleWebKit/537.36 (KHTML, like Gecko) Chrome/142.0.0.0 Safari/537.36"
45.156.87.161 - - [30/Jan/2026:04:40:01 -0500] "GET /frontend/.env HTTP/1.1" 404 275 "-" "Mozilla/5.0 (compatible; Googlebot/2.1; +http://www.google.com/bot.html)"
204.76.203.212 - - [30/Jan/2026:04:52:06 -0500] "GET / HTTP/1.1" 403 266 "-" "Mozilla/5.0 (Windows NT 10.0; Win64; x64) AppleWebKit/537.36 (KHTML, like Gecko) Chrome/90.0.4430.85 Safari/537.36 Edg/90.0.818.46"
91.224.92.115 - - [30/Jan/2026:04:57:48 -0500] "GET /cgi-bin/luci/;stok=/locale HTTP/1.1" 404 288 "-" "-"
43.164.197.224 - - [30/Jan/2026:05:03:11 -0500] "GET / HTTP/1.1" 403 271 "-" "Mozilla/5.0 (iPhone; CPU iPhone OS 13_2_3 like Mac OS X) AppleWebKit/605.1.15 (KHTML, like Gecko) Version/13.0.3 Mobile/15E148 Safari/604.1"
204.76.203.18 - - [30/Jan/2026:05:16:49 -0500] "GET / HTTP/1.1" 403 266 "-" "-"
204.76.203.212 - - [30/Jan/2026:05:16:59 -0500] "GET / HTTP/1.1" 403 266 "-" "Mozilla/5.0 (Windows NT 10.0; Win64; x64) AppleWebKit/537.36 (KHTML, like Gecko) Chrome/90.0.4430.85 Safari/537.36 Edg/90.0.818.46"
204.76.203.69 - - [30/Jan/2026:05:30:57 -0500] "GET / HTTP/1.1" 403 266 "-" "-"
204.76.203.212 - - [30/Jan/2026:05:41:13 -0500] "GET / HTTP/1.1" 403 266 "-" "Mozilla/5.0 (Windows NT 10.0; Win64; x64) AppleWebKit/537.36 (KHTML, like Gecko) Chrome/90.0.4430.85 Safari/537.36 Edg/90.0.818.46"
68.183.216.51 - - [30/Jan/2026:05:43:16 -0500] "GET /query?q=SHOW+DIAGNOSTICS HTTP/1.1" 404 267 "-" "Go-http-client/1.1"
43.156.109.53 - - [30/Jan/2026:05:44:48 -0500] "GET / HTTP/1.1" 403 266 "-" "Mozilla/5.0 (iPhone; CPU iPhone OS 13_2_3 like Mac OS X) AppleWebKit/605.1.15 (KHTML, like Gecko) Version/13.0.3 Mobile/15E148 Safari/604.1"
117.72.204.78 - - [30/Jan/2026:05:48:45 -0500] "GET / HTTP/1.1" 403 266 "-" "Go-http-client/1.1"
145.239.10.137 - - [30/Jan/2026:05:56:08 -0500] "GET /xx.php HTTP/1.1" 404 269 "http://crackedtube.com/xx.php" "Mozilla/5.0 (iPhone; CPU iPhone OS 17_5_1 like Mac OS X) AppleWebKit/605.1.15 (KHTML, like Gecko) Version/17.5 Mobile/15E148 Safari/604.1"
43.153.62.161 - - [30/Jan/2026:06:05:28 -0500] "GET / HTTP/1.1" 403 267 "-" "Mozilla/5.0 (iPhone; CPU iPhone OS 13_2_3 like Mac OS X) AppleWebKit/605.1.15 (KHTML, like Gecko) Version/13.0.3 Mobile/15E148 Safari/604.1"
204.76.203.212 - - [30/Jan/2026:06:06:39 -0500] "GET / HTTP/1.1" 403 266 "-" "Mozilla/5.0 (Windows NT 10.0; Win64; x64) AppleWebKit/537.36 (KHTML, like Gecko) Chrome/90.0.4430.85 Safari/537.36 Edg/90.0.818.46"
5.61.209.92 - - [30/Jan/2026:06:08:22 -0500] "GET /SDK/webLanguage HTTP/1.1" 404 277 "-" "Mozilla/5.0 (Windows NT 10.0; Win64; x64) AppleWebKit/537.36 (KHTML, like Gecko) Chrome/90.0.4430.85 Safari/537.36 Edg/90.0.818.46"
206.168.34.215 - - [30/Jan/2026:06:09:44 -0500] "GET / HTTP/1.1" 403 266 "-" "Mozilla/5.0 (compatible; CensysInspect/1.1; +https://about.censys.io/)"
206.168.34.215 - - [30/Jan/2026:06:09:59 -0500] "GET /login HTTP/1.1" 404 267 "-" "Mozilla/5.0 (compatible; CensysInspect/1.1; +https://about.censys.io/)"
34.86.239.201 - - [30/Jan/2026:06:19:23 -0500] "GET / HTTP/1.1" 403 266 "-" "Mozilla/5.0 (Windows NT 10.0; Win64; x64) AppleWebKit/537.36 (KHTML, like Gecko) Chrome/102.0.5005.197 Safari/537.36"
198.235.24.170 - - [30/Jan/2026:06:24:52 -0500] "GET / HTTP/1.1" 403 266 "-" "Hello from Palo Alto Networks, find out more about our scans in https://docs-cortex.paloaltonetworks.com/r/1/Cortex-Xpanse/Scanning-activity"
204.76.203.212 - - [30/Jan/2026:06:33:09 -0500] "GET / HTTP/1.1" 403 266 "-" "Mozilla/5.0 (Windows NT 10.0; Win64; x64) AppleWebKit/537.36 (KHTML, like Gecko) Chrome/90.0.4430.85 Safari/537.36 Edg/90.0.818.46"
193.142.147.209 - - [30/Jan/2026:06:37:14 -0500] "POST / HTTP/1.1" 404 262 "-" "Mozilla/5.0 (Windows NT 10.0; Win64; x64) AppleWebKit/537.36"
182.42.111.213 - - [30/Jan/2026:06:47:07 -0500] "GET / HTTP/1.1" 403 267 "-" "Mozilla/5.0 (iPhone; CPU iPhone OS 13_2_3 like Mac OS X) AppleWebKit/605.1.15 (KHTML, like Gecko) Version/13.0.3 Mobile/15E148 Safari/604.1"
204.76.203.212 - - [30/Jan/2026:06:55:10 -0500] "GET / HTTP/1.1" 403 266 "-" "Mozilla/5.0 (Windows NT 10.0; Win64; x64) AppleWebKit/537.36 (KHTML, like Gecko) Chrome/90.0.4430.85 Safari/537.36 Edg/90.0.818.46"
5.61.209.92 - - [30/Jan/2026:06:59:37 -0500] "GET /SDK/webLanguage HTTP/1.1" 404 277 "-" "Mozilla/5.0 (Windows NT 10.0; Win64; x64) AppleWebKit/537.36 (KHTML, like Gecko) Chrome/90.0.4430.85 Safari/537.36 Edg/90.0.818.46"
14.18.16.150 - - [30/Jan/2026:07:11:53 -0500] "GET / HTTP/1.1" 403 271 "-" "Mozilla/5.0 (Macintosh; Intel Mac OS X 10_15_7) AppleWebKit/537.36 (KHTML, like Gecko) Chrome/142.0.0.0 Safari/537.36"
204.76.203.18 - - [30/Jan/2026:07:15:02 -0500] "GET /bins/ HTTP/1.1" 404 267 "-" "-"
64.112.126.83 - - [30/Jan/2026:07:20:25 -0500] "GET /.env HTTP/1.1" 404 266 "-" "Mozilla/5.0 (Windows NT 10.0; Win64; x64) AppleWebKit/537.36 (KHTML, like Gecko) Chrome/124.0.0.0 Safari/537.36"
204.76.203.212 - - [30/Jan/2026:07:22:34 -0500] "GET / HTTP/1.1" 403 266 "-" "Mozilla/5.0 (Windows NT 10.0; Win64; x64) AppleWebKit/537.36 (KHTML, like Gecko) Chrome/90.0.4430.85 Safari/537.36 Edg/90.0.818.46"
204.76.203.212 - - [30/Jan/2026:07:45:36 -0500] "GET / HTTP/1.1" 403 266 "-" "Mozilla/5.0 (Windows NT 10.0; Win64; x64) AppleWebKit/537.36 (KHTML, like Gecko) Chrome/90.0.4430.85 Safari/537.36 Edg/90.0.818.46"
192.71.95.5 - - [30/Jan/2026:07:58:15 -0500] "GET / HTTP/1.1" 403 267 "-" "Mozilla/5.0 (Windows NT 10.0; Win64; x64) AppleWebKit/537.36 (KHTML, like Gecko) Chrome/122.0.0.0 Safari/537.3"
81.168.83.103 - - [30/Jan/2026:08:01:56 -0500] "GET /.vscode/sftp.json HTTP/1.1" 404 279 "-" "Mozilla/5.0 (Windows NT 10.0; Win64; x64) AppleWebKit/537.36 (KHTML, like Gecko) Chrome/124.0.0.0 Safari/537.36"
45.78.235.66 - - [30/Jan/2026:08:10:48 -0500] "POST /hello.world?%ADd+allow_url_include%3d1+%ADd+auto_prepend_file%3dphp://input HTTP/1.1" 404 273 "-" "libredtail-http"
45.78.235.66 - - [30/Jan/2026:08:10:49 -0500] "POST /?%ADd+allow_url_include%3d1+%ADd+auto_prepend_file%3dphp://input HTTP/1.1" 404 262 "-" "libredtail-http"
45.78.235.66 - - [30/Jan/2026:08:10:49 -0500] "GET /vendor/phpunit/phpunit/src/Util/PHP/eval-stdin.php HTTP/1.1" 404 312 "-" "libredtail-http"
45.78.235.66 - - [30/Jan/2026:08:10:50 -0500] "GET /vendor/phpunit/phpunit/Util/PHP/eval-stdin.php HTTP/1.1" 404 308 "-" "libredtail-http"
45.78.235.66 - - [30/Jan/2026:08:10:50 -0500] "GET /vendor/phpunit/src/Util/PHP/eval-stdin.php HTTP/1.1" 404 304 "-" "libredtail-http"
45.78.235.66 - - [30/Jan/2026:08:10:51 -0500] "GET /vendor/phpunit/Util/PHP/eval-stdin.php HTTP/1.1" 404 300 "-" "libredtail-http"
45.78.235.66 - - [30/Jan/2026:08:10:51 -0500] "GET /vendor/phpunit/phpunit/LICENSE/eval-stdin.php HTTP/1.1" 404 307 "-" "libredtail-http"
45.78.235.66 - - [30/Jan/2026:08:10:52 -0500] "GET /vendor/vendor/phpunit/phpunit/src/Util/PHP/eval-stdin.php HTTP/1.1" 404 319 "-" "libredtail-http"
45.78.235.66 - - [30/Jan/2026:08:10:52 -0500] "GET /phpunit/phpunit/src/Util/PHP/eval-stdin.php HTTP/1.1" 404 305 "-" "libredtail-http"
45.78.235.66 - - [30/Jan/2026:08:10:53 -0500] "GET /phpunit/phpunit/Util/PHP/eval-stdin.php HTTP/1.1" 404 301 "-" "libredtail-http"
45.78.235.66 - - [30/Jan/2026:08:10:53 -0500] "GET /phpunit/src/Util/PHP/eval-stdin.php HTTP/1.1" 404 297 "-" "libredtail-http"
45.78.235.66 - - [30/Jan/2026:08:10:54 -0500] "GET /phpunit/Util/PHP/eval-stdin.php HTTP/1.1" 404 293 "-" "libredtail-http"
45.78.235.66 - - [30/Jan/2026:08:10:54 -0500] "GET /lib/phpunit/phpunit/src/Util/PHP/eval-stdin.php HTTP/1.1" 404 309 "-" "libredtail-http"
45.78.235.66 - - [30/Jan/2026:08:10:55 -0500] "GET /lib/phpunit/phpunit/Util/PHP/eval-stdin.php HTTP/1.1" 404 305 "-" "libredtail-http"
45.78.235.66 - - [30/Jan/2026:08:10:55 -0500] "GET /lib/phpunit/src/Util/PHP/eval-stdin.php HTTP/1.1" 404 301 "-" "libredtail-http"
45.78.235.66 - - [30/Jan/2026:08:10:56 -0500] "GET /lib/phpunit/Util/PHP/eval-stdin.php HTTP/1.1" 404 297 "-" "libredtail-http"
45.78.235.66 - - [30/Jan/2026:08:10:56 -0500] "GET /lib/vendor/phpunit/phpunit/src/Util/PHP/eval-stdin.php HTTP/1.1" 404 316 "-" "libredtail-http"
45.78.235.66 - - [30/Jan/2026:08:10:57 -0500] "GET /laravel/vendor/phpunit/phpunit/src/Util/PHP/eval-stdin.php HTTP/1.1" 404 320 "-" "libredtail-http"
45.78.235.66 - - [30/Jan/2026:08:10:57 -0500] "GET /www/vendor/phpunit/phpunit/src/Util/PHP/eval-stdin.php HTTP/1.1" 404 316 "-" "libredtail-http"
45.78.235.66 - - [30/Jan/2026:08:10:58 -0500] "GET /ws/vendor/phpunit/phpunit/src/Util/PHP/eval-stdin.php HTTP/1.1" 404 315 "-" "libredtail-http"
45.78.235.66 - - [30/Jan/2026:08:10:58 -0500] "GET /yii/vendor/phpunit/phpunit/src/Util/PHP/eval-stdin.php HTTP/1.1" 404 316 "-" "libredtail-http"
45.78.235.66 - - [30/Jan/2026:08:10:59 -0500] "GET /zend/vendor/phpunit/phpunit/src/Util/PHP/eval-stdin.php HTTP/1.1" 404 317 "-" "libredtail-http"
45.78.235.66 - - [30/Jan/2026:08:10:59 -0500] "GET /ws/ec/vendor/phpunit/phpunit/src/Util/PHP/eval-stdin.php HTTP/1.1" 404 318 "-" "libredtail-http"
45.78.235.66 - - [30/Jan/2026:08:10:59 -0500] "GET /V2/vendor/phpunit/phpunit/src/Util/PHP/eval-stdin.php HTTP/1.1" 404 315 "-" "libredtail-http"
45.78.235.66 - - [30/Jan/2026:08:11:00 -0500] "GET /tests/vendor/phpunit/phpunit/src/Util/PHP/eval-stdin.php HTTP/1.1" 404 318 "-" "libredtail-http"
45.78.235.66 - - [30/Jan/2026:08:11:00 -0500] "GET /test/vendor/phpunit/phpunit/src/Util/PHP/eval-stdin.php HTTP/1.1" 404 317 "-" "libredtail-http"
45.78.235.66 - - [30/Jan/2026:08:11:01 -0500] "GET /testing/vendor/phpunit/phpunit/src/Util/PHP/eval-stdin.php HTTP/1.1" 404 320 "-" "libredtail-http"
45.78.235.66 - - [30/Jan/2026:08:11:01 -0500] "GET /api/vendor/phpunit/phpunit/src/Util/PHP/eval-stdin.php HTTP/1.1" 404 316 "-" "libredtail-http"
45.78.235.66 - - [30/Jan/2026:08:11:02 -0500] "GET /demo/vendor/phpunit/phpunit/src/Util/PHP/eval-stdin.php HTTP/1.1" 404 317 "-" "libredtail-http"
45.78.235.66 - - [30/Jan/2026:08:11:02 -0500] "GET /cms/vendor/phpunit/phpunit/src/Util/PHP/eval-stdin.php HTTP/1.1" 404 316 "-" "libredtail-http"
45.78.235.66 - - [30/Jan/2026:08:11:03 -0500] "GET /crm/vendor/phpunit/phpunit/src/Util/PHP/eval-stdin.php HTTP/1.1" 404 316 "-" "libredtail-http"
45.78.235.66 - - [30/Jan/2026:08:11:03 -0500] "GET /admin/vendor/phpunit/phpunit/src/Util/PHP/eval-stdin.php HTTP/1.1" 404 318 "-" "libredtail-http"
45.78.235.66 - - [30/Jan/2026:08:11:03 -0500] "GET /backup/vendor/phpunit/phpunit/src/Util/PHP/eval-stdin.php HTTP/1.1" 404 319 "-" "libredtail-http"
45.78.235.66 - - [30/Jan/2026:08:11:04 -0500] "GET /blog/vendor/phpunit/phpunit/src/Util/PHP/eval-stdin.php HTTP/1.1" 404 317 "-" "libredtail-http"
45.78.235.66 - - [30/Jan/2026:08:11:04 -0500] "GET /workspace/drupal/vendor/phpunit/phpunit/src/Util/PHP/eval-stdin.php HTTP/1.1" 404 329 "-" "libredtail-http"
45.78.235.66 - - [30/Jan/2026:08:11:05 -0500] "GET /panel/vendor/phpunit/phpunit/src/Util/PHP/eval-stdin.php HTTP/1.1" 404 318 "-" "libredtail-http"
45.78.235.66 - - [30/Jan/2026:08:11:05 -0500] "GET /public/vendor/phpunit/phpunit/src/Util/PHP/eval-stdin.php HTTP/1.1" 404 319 "-" "libredtail-http"
45.78.235.66 - - [30/Jan/2026:08:11:06 -0500] "GET /apps/vendor/phpunit/phpunit/src/Util/PHP/eval-stdin.php HTTP/1.1" 404 317 "-" "libredtail-http"
45.78.235.66 - - [30/Jan/2026:08:11:06 -0500] "GET /app/vendor/phpunit/phpunit/src/Util/PHP/eval-stdin.php HTTP/1.1" 404 316 "-" "libredtail-http"
45.78.235.66 - - [30/Jan/2026:08:11:07 -0500] "GET /index.php?s=/index/\\think\\app/invokefunction&function=call_user_func_array&vars[0]=md5&vars[1][]=Hello HTTP/1.1" 404 271 "-" "libredtail-http"
45.78.235.66 - - [30/Jan/2026:08:11:07 -0500] "GET /public/index.php?s=/index/\\think\\app/invokefunction&function=call_user_func_array&vars[0]=md5&vars[1][]=Hello HTTP/1.1" 404 278 "-" "libredtail-http"
45.78.235.66 - - [30/Jan/2026:08:11:08 -0500] "GET /index.php?lang=../../../../../../../../usr/local/lib/php/pearcmd&+config-create+/&/<?echo(md5(\"hi\"));?>+/tmp/index1.php HTTP/1.1" 404 271 "-" "libredtail-http"
45.78.235.66 - - [30/Jan/2026:08:11:08 -0500] "GET /index.php?lang=../../../../../../../../tmp/index1 HTTP/1.1" 404 271 "-" "libredtail-http"
45.78.235.66 - - [30/Jan/2026:08:11:09 -0500] "GET /containers/json HTTP/1.1" 404 277 "-" "libredtail-http"
204.76.203.212 - - [30/Jan/2026:08:12:08 -0500] "GET / HTTP/1.1" 403 266 "-" "Mozilla/5.0 (Windows NT 10.0; Win64; x64) AppleWebKit/537.36 (KHTML, like Gecko) Chrome/90.0.4430.85 Safari/537.36 Edg/90.0.818.46"
89.42.231.200 - - [30/Jan/2026:08:16:21 -0500] "GET /SDK/webLanguage HTTP/1.1" 404 277 "-" "Mozilla/5.0 (Windows NT 10.0; Win64; x64) AppleWebKit/537.36 (KHTML, like Gecko) Chrome/90.0.4430.85 Safari/537.36 Edg/90.0.818.46"
185.241.208.170 - - [30/Jan/2026:08:22:30 -0500] "GET /.git/HEAD HTTP/1.1" 404 271 "-" "Mozilla/5.0 (Linux; Android 9; SM-G950F) AppleWebKit/537.36 (KHTML, like Gecko) Chrome/75.0.3770.143 Mobile Safari/537.36"
185.241.208.170 - - [30/Jan/2026:08:22:46 -0500] "GET /.git/HEAD HTTP/1.1" 404 271 "-" "Mozilla/5.0 (X11; Linux x86_64) AppleWebKit/537.36 (KHTML, like Gecko) Chrome/70.0.3538.77 Safari/537.36"
193.142.147.209 - - [30/Jan/2026:08:34:44 -0500] "POST / HTTP/1.1" 404 262 "-" "Mozilla/5.0 (Windows NT 10.0; Win64; x64) AppleWebKit/537.36"
204.76.203.212 - - [30/Jan/2026:08:37:13 -0500] "GET / HTTP/1.1" 403 266 "-" "Mozilla/5.0 (Windows NT 10.0; Win64; x64) AppleWebKit/537.36 (KHTML, like Gecko) Chrome/90.0.4430.85 Safari/537.36 Edg/90.0.818.46"
5.61.209.92 - - [30/Jan/2026:08:41:27 -0500] "GET /SDK/webLanguage HTTP/1.1" 404 277 "-" "Mozilla/5.0 (Windows NT 10.0; Win64; x64) AppleWebKit/537.36 (KHTML, like Gecko) Chrome/90.0.4430.85 Safari/537.36 Edg/90.0.818.46"
79.124.40.174 - - [30/Jan/2026:09:02:35 -0500] "GET /?XDEBUG_SESSION_START=phpstorm HTTP/1.1" 403 266 "-" "Mozilla/5.0 (Windows NT 10.0; Win64; x64) AppleWebKit/537.36 (KHTML, like Gecko) Chrome/78.0.3904.108 Safari/537.36"
204.76.203.212 - - [30/Jan/2026:09:04:15 -0500] "GET / HTTP/1.1" 403 266 "-" "Mozilla/5.0 (Windows NT 10.0; Win64; x64) AppleWebKit/537.36 (KHTML, like Gecko) Chrome/90.0.4430.85 Safari/537.36 Edg/90.0.818.46"
24.65.233.27 - - [30/Jan/2026:09:19:05 -0500] "POST /hello.world?%ADd+allow_url_include%3d1+%ADd+auto_prepend_file%3dphp://input HTTP/1.1" 404 273 "-" "libredtail-http"
24.65.233.27 - - [30/Jan/2026:09:19:08 -0500] "POST /?%ADd+allow_url_include%3d1+%ADd+auto_prepend_file%3dphp://input HTTP/1.1" 404 262 "-" "libredtail-http"
24.65.233.27 - - [30/Jan/2026:09:19:10 -0500] "GET /vendor/phpunit/phpunit/src/Util/PHP/eval-stdin.php HTTP/1.1" 404 312 "-" "libredtail-http"
24.65.233.27 - - [30/Jan/2026:09:19:12 -0500] "GET /vendor/phpunit/phpunit/Util/PHP/eval-stdin.php HTTP/1.1" 404 308 "-" "libredtail-http"
24.65.233.27 - - [30/Jan/2026:09:19:15 -0500] "GET /vendor/phpunit/src/Util/PHP/eval-stdin.php HTTP/1.1" 404 304 "-" "libredtail-http"
24.65.233.27 - - [30/Jan/2026:09:19:17 -0500] "GET /vendor/phpunit/Util/PHP/eval-stdin.php HTTP/1.1" 404 300 "-" "libredtail-http"
24.65.233.27 - - [30/Jan/2026:09:19:20 -0500] "GET /vendor/phpunit/phpunit/LICENSE/eval-stdin.php HTTP/1.1" 404 307 "-" "libredtail-http"
24.65.233.27 - - [30/Jan/2026:09:19:23 -0500] "GET /vendor/vendor/phpunit/phpunit/src/Util/PHP/eval-stdin.php HTTP/1.1" 404 319 "-" "libredtail-http"
24.65.233.27 - - [30/Jan/2026:09:19:25 -0500] "GET /phpunit/phpunit/src/Util/PHP/eval-stdin.php HTTP/1.1" 404 305 "-" "libredtail-http"
24.65.233.27 - - [30/Jan/2026:09:19:28 -0500] "GET /phpunit/phpunit/Util/PHP/eval-stdin.php HTTP/1.1" 404 301 "-" "libredtail-http"
24.65.233.27 - - [30/Jan/2026:09:19:30 -0500] "GET /phpunit/src/Util/PHP/eval-stdin.php HTTP/1.1" 404 297 "-" "libredtail-http"
24.65.233.27 - - [30/Jan/2026:09:19:33 -0500] "GET /phpunit/Util/PHP/eval-stdin.php HTTP/1.1" 404 293 "-" "libredtail-http"
24.65.233.27 - - [30/Jan/2026:09:19:36 -0500] "GET /lib/phpunit/phpunit/src/Util/PHP/eval-stdin.php HTTP/1.1" 404 309 "-" "libredtail-http"
24.65.233.27 - - [30/Jan/2026:09:19:39 -0500] "GET /lib/phpunit/phpunit/Util/PHP/eval-stdin.php HTTP/1.1" 404 305 "-" "libredtail-http"
24.65.233.27 - - [30/Jan/2026:09:19:41 -0500] "GET /lib/phpunit/src/Util/PHP/eval-stdin.php HTTP/1.1" 404 301 "-" "libredtail-http"
24.65.233.27 - - [30/Jan/2026:09:19:43 -0500] "GET /lib/phpunit/Util/PHP/eval-stdin.php HTTP/1.1" 404 297 "-" "libredtail-http"
24.65.233.27 - - [30/Jan/2026:09:19:46 -0500] "GET /lib/vendor/phpunit/phpunit/src/Util/PHP/eval-stdin.php HTTP/1.1" 404 316 "-" "libredtail-http"
24.65.233.27 - - [30/Jan/2026:09:19:49 -0500] "GET /laravel/vendor/phpunit/phpunit/src/Util/PHP/eval-stdin.php HTTP/1.1" 404 320 "-" "libredtail-http"
24.65.233.27 - - [30/Jan/2026:09:19:52 -0500] "GET /www/vendor/phpunit/phpunit/src/Util/PHP/eval-stdin.php HTTP/1.1" 404 316 "-" "libredtail-http"
24.65.233.27 - - [30/Jan/2026:09:19:54 -0500] "GET /ws/vendor/phpunit/phpunit/src/Util/PHP/eval-stdin.php HTTP/1.1" 404 315 "-" "libredtail-http"
24.65.233.27 - - [30/Jan/2026:09:19:57 -0500] "GET /yii/vendor/phpunit/phpunit/src/Util/PHP/eval-stdin.php HTTP/1.1" 404 316 "-" "libredtail-http"
24.65.233.27 - - [30/Jan/2026:09:20:00 -0500] "GET /zend/vendor/phpunit/phpunit/src/Util/PHP/eval-stdin.php HTTP/1.1" 404 317 "-" "libredtail-http"
24.65.233.27 - - [30/Jan/2026:09:20:02 -0500] "GET /ws/ec/vendor/phpunit/phpunit/src/Util/PHP/eval-stdin.php HTTP/1.1" 404 318 "-" "libredtail-http"
24.65.233.27 - - [30/Jan/2026:09:20:05 -0500] "GET /V2/vendor/phpunit/phpunit/src/Util/PHP/eval-stdin.php HTTP/1.1" 404 315 "-" "libredtail-http"
24.65.233.27 - - [30/Jan/2026:09:20:08 -0500] "GET /tests/vendor/phpunit/phpunit/src/Util/PHP/eval-stdin.php HTTP/1.1" 404 318 "-" "libredtail-http"
24.65.233.27 - - [30/Jan/2026:09:20:10 -0500] "GET /test/vendor/phpunit/phpunit/src/Util/PHP/eval-stdin.php HTTP/1.1" 404 317 "-" "libredtail-http"
24.65.233.27 - - [30/Jan/2026:09:20:13 -0500] "GET /testing/vendor/phpunit/phpunit/src/Util/PHP/eval-stdin.php HTTP/1.1" 404 320 "-" "libredtail-http"
24.65.233.27 - - [30/Jan/2026:09:20:16 -0500] "GET /api/vendor/phpunit/phpunit/src/Util/PHP/eval-stdin.php HTTP/1.1" 404 316 "-" "libredtail-http"
24.65.233.27 - - [30/Jan/2026:09:20:18 -0500] "GET /demo/vendor/phpunit/phpunit/src/Util/PHP/eval-stdin.php HTTP/1.1" 404 317 "-" "libredtail-http"
24.65.233.27 - - [30/Jan/2026:09:20:21 -0500] "GET /cms/vendor/phpunit/phpunit/src/Util/PHP/eval-stdin.php HTTP/1.1" 404 316 "-" "libredtail-http"
24.65.233.27 - - [30/Jan/2026:09:20:23 -0500] "GET /crm/vendor/phpunit/phpunit/src/Util/PHP/eval-stdin.php HTTP/1.1" 404 316 "-" "libredtail-http"
24.65.233.27 - - [30/Jan/2026:09:20:26 -0500] "GET /admin/vendor/phpunit/phpunit/src/Util/PHP/eval-stdin.php HTTP/1.1" 404 318 "-" "libredtail-http"
24.65.233.27 - - [30/Jan/2026:09:20:28 -0500] "GET /backup/vendor/phpunit/phpunit/src/Util/PHP/eval-stdin.php HTTP/1.1" 404 319 "-" "libredtail-http"
24.65.233.27 - - [30/Jan/2026:09:20:31 -0500] "GET /blog/vendor/phpunit/phpunit/src/Util/PHP/eval-stdin.php HTTP/1.1" 404 317 "-" "libredtail-http"
24.65.233.27 - - [30/Jan/2026:09:20:34 -0500] "GET /workspace/drupal/vendor/phpunit/phpunit/src/Util/PHP/eval-stdin.php HTTP/1.1" 404 329 "-" "libredtail-http"
24.65.233.27 - - [30/Jan/2026:09:20:36 -0500] "GET /panel/vendor/phpunit/phpunit/src/Util/PHP/eval-stdin.php HTTP/1.1" 404 318 "-" "libredtail-http"
24.65.233.27 - - [30/Jan/2026:09:20:39 -0500] "GET /public/vendor/phpunit/phpunit/src/Util/PHP/eval-stdin.php HTTP/1.1" 404 319 "-" "libredtail-http"
24.65.233.27 - - [30/Jan/2026:09:20:41 -0500] "GET /apps/vendor/phpunit/phpunit/src/Util/PHP/eval-stdin.php HTTP/1.1" 404 317 "-" "libredtail-http"
24.65.233.27 - - [30/Jan/2026:09:20:44 -0500] "GET /app/vendor/phpunit/phpunit/src/Util/PHP/eval-stdin.php HTTP/1.1" 404 316 "-" "libredtail-http"
24.65.233.27 - - [30/Jan/2026:09:20:47 -0500] "GET /index.php?s=/index/\\think\\app/invokefunction&function=call_user_func_array&vars[0]=md5&vars[1][]=Hello HTTP/1.1" 404 271 "-" "libredtail-http"
24.65.233.27 - - [30/Jan/2026:09:20:50 -0500] "GET /public/index.php?s=/index/\\think\\app/invokefunction&function=call_user_func_array&vars[0]=md5&vars[1][]=Hello HTTP/1.1" 404 278 "-" "libredtail-http"
24.65.233.27 - - [30/Jan/2026:09:20:52 -0500] "GET /index.php?lang=../../../../../../../../usr/local/lib/php/pearcmd&+config-create+/&/<?echo(md5(\"hi\"));?>+/tmp/index1.php HTTP/1.1" 404 271 "-" "libredtail-http"
24.65.233.27 - - [30/Jan/2026:09:20:55 -0500] "GET /index.php?lang=../../../../../../../../tmp/index1 HTTP/1.1" 404 271 "-" "libredtail-http"
24.65.233.27 - - [30/Jan/2026:09:20:57 -0500] "GET /containers/json HTTP/1.1" 404 277 "-" "libredtail-http"
34.86.239.201 - - [30/Jan/2026:09:26:25 -0500] "GET / HTTP/1.1" 403 266 "-" "Mozilla/5.0 (Windows NT 10.0; Win64; x64) AppleWebKit/537.36 (KHTML, like Gecko) Chrome/102.0.5005.197 Safari/537.36"
204.76.203.212 - - [30/Jan/2026:09:27:00 -0500] "GET / HTTP/1.1" 403 266 "-" "Mozilla/5.0 (Windows NT 10.0; Win64; x64) AppleWebKit/537.36 (KHTML, like Gecko) Chrome/90.0.4430.85 Safari/537.36 Edg/90.0.818.46"
54.233.41.185 - - [30/Jan/2026:09:33:07 -0500] "GET /cluster/cluster/ HTTP/1.1" 404 278 "-" "Mozilla/5.0 (SS; Linux x86_64) AppleWebKit/537.36 (KHTML, like Gecko) Chrome/139.0.0.0 Safari/537.36"
56.124.15.89 - - [30/Jan/2026:09:33:27 -0500] "GET /script HTTP/1.1" 404 268 "-" "Mozilla/5.0 (Windows NT 10.0; rv:68.0) Gecko/20100101 Firefox/68.0"
170.106.73.216 - - [30/Jan/2026:09:45:26 -0500] "GET / HTTP/1.1" 403 266 "-" "Mozilla/5.0 (iPhone; CPU iPhone OS 13_2_3 like Mac OS X) AppleWebKit/605.1.15 (KHTML, like Gecko) Version/13.0.3 Mobile/15E148 Safari/604.1"
204.76.203.212 - - [30/Jan/2026:09:54:08 -0500] "GET / HTTP/1.1" 403 266 "-" "Mozilla/5.0 (Windows NT 10.0; Win64; x64) AppleWebKit/537.36 (KHTML, like Gecko) Chrome/90.0.4430.85 Safari/537.36 Edg/90.0.818.46"
79.124.40.174 - - [30/Jan/2026:10:00:15 -0500] "GET /actuator/gateway/routes HTTP/1.1" 404 285 "-" "Mozilla/5.0 (Windows NT 10.0; Win64; x64) AppleWebKit/537.36 (KHTML, like Gecko) Chrome/78.0.3904.108 Safari/537.36"
56.125.174.238 - - [30/Jan/2026:10:00:50 -0500] "GET / HTTP/1.1" 403 266 "-" "Mozilla/5.0 (X11; Linux x86_64; rv:1.9.5.20) Gecko/ Firefox/13.0"
18.230.218.179 - - [30/Jan/2026:10:06:59 -0500] "GET / HTTP/1.1" 403 266 "-" "Mozilla/5.0 (Windows NT 6.1; WOW64; rv:45.0) Gecko/20100101 Firefox/45.0"
204.76.203.212 - - [30/Jan/2026:10:17:41 -0500] "GET / HTTP/1.1" 403 266 "-" "Mozilla/5.0 (Windows NT 10.0; Win64; x64) AppleWebKit/537.36 (KHTML, like Gecko) Chrome/90.0.4430.85 Safari/537.36 Edg/90.0.818.46"
94.102.49.193 - - [30/Jan/2026:10:25:01 -0500] "GET / HTTP/1.1" 403 266 "-" "Mozilla/5.0 (Windows NT 6.1) AppleWebKit/537.36 (KHTML, like Gecko) Chrome/41.0.2228.0 Safari/537.36"
94.102.49.193 - - [30/Jan/2026:10:25:02 -0500] "GET /robots.txt HTTP/1.1" 404 272 "-" "-"
94.102.49.193 - - [30/Jan/2026:10:25:02 -0500] "GET /.well-known/security.txt HTTP/1.1" 404 286 "-" "-"
102.22.20.125 - - [30/Jan/2026:10:28:05 -0500] "GET /admin/config.php HTTP/1.1" 404 278 "-" "xfa1,nvdorz,nvd0rz"
204.76.203.212 - - [30/Jan/2026:10:44:41 -0500] "GET / HTTP/1.1" 403 266 "-" "Mozilla/5.0 (Windows NT 10.0; Win64; x64) AppleWebKit/537.36 (KHTML, like Gecko) Chrome/90.0.4430.85 Safari/537.36 Edg/90.0.818.46"
23.88.118.176 - - [30/Jan/2026:10:50:45 -0500] "POST /hello.world?%ADd+allow_url_include%3d1+%ADd+auto_prepend_file%3dphp://input HTTP/1.1" 404 273 "-" "libredtail-http"
23.88.118.176 - - [30/Jan/2026:10:50:45 -0500] "POST /?%ADd+allow_url_include%3d1+%ADd+auto_prepend_file%3dphp://input HTTP/1.1" 404 262 "-" "libredtail-http"
23.88.118.176 - - [30/Jan/2026:10:50:45 -0500] "GET /vendor/phpunit/phpunit/src/Util/PHP/eval-stdin.php HTTP/1.1" 404 312 "-" "libredtail-http"
23.88.118.176 - - [30/Jan/2026:10:50:46 -0500] "GET /vendor/phpunit/phpunit/Util/PHP/eval-stdin.php HTTP/1.1" 404 308 "-" "libredtail-http"
23.88.118.176 - - [30/Jan/2026:10:50:46 -0500] "GET /vendor/phpunit/src/Util/PHP/eval-stdin.php HTTP/1.1" 404 304 "-" "libredtail-http"
23.88.118.176 - - [30/Jan/2026:10:50:46 -0500] "GET /vendor/phpunit/Util/PHP/eval-stdin.php HTTP/1.1" 404 300 "-" "libredtail-http"
23.88.118.176 - - [30/Jan/2026:10:50:46 -0500] "GET /vendor/phpunit/phpunit/LICENSE/eval-stdin.php HTTP/1.1" 404 307 "-" "libredtail-http"
23.88.118.176 - - [30/Jan/2026:10:50:46 -0500] "GET /vendor/vendor/phpunit/phpunit/src/Util/PHP/eval-stdin.php HTTP/1.1" 404 319 "-" "libredtail-http"
23.88.118.176 - - [30/Jan/2026:10:50:46 -0500] "GET /phpunit/phpunit/src/Util/PHP/eval-stdin.php HTTP/1.1" 404 305 "-" "libredtail-http"
23.88.118.176 - - [30/Jan/2026:10:50:47 -0500] "GET /phpunit/phpunit/Util/PHP/eval-stdin.php HTTP/1.1" 404 301 "-" "libredtail-http"
23.88.118.176 - - [30/Jan/2026:10:50:47 -0500] "GET /phpunit/src/Util/PHP/eval-stdin.php HTTP/1.1" 404 297 "-" "libredtail-http"
23.88.118.176 - - [30/Jan/2026:10:50:47 -0500] "GET /phpunit/Util/PHP/eval-stdin.php HTTP/1.1" 404 293 "-" "libredtail-http"
23.88.118.176 - - [30/Jan/2026:10:50:47 -0500] "GET /lib/phpunit/phpunit/src/Util/PHP/eval-stdin.php HTTP/1.1" 404 309 "-" "libredtail-http"
23.88.118.176 - - [30/Jan/2026:10:50:47 -0500] "GET /lib/phpunit/phpunit/Util/PHP/eval-stdin.php HTTP/1.1" 404 305 "-" "libredtail-http"
23.88.118.176 - - [30/Jan/2026:10:50:47 -0500] "GET /lib/phpunit/src/Util/PHP/eval-stdin.php HTTP/1.1" 404 301 "-" "libredtail-http"
23.88.118.176 - - [30/Jan/2026:10:50:47 -0500] "GET /lib/phpunit/Util/PHP/eval-stdin.php HTTP/1.1" 404 297 "-" "libredtail-http"
23.88.118.176 - - [30/Jan/2026:10:50:48 -0500] "GET /lib/vendor/phpunit/phpunit/src/Util/PHP/eval-stdin.php HTTP/1.1" 404 316 "-" "libredtail-http"
23.88.118.176 - - [30/Jan/2026:10:50:48 -0500] "GET /laravel/vendor/phpunit/phpunit/src/Util/PHP/eval-stdin.php HTTP/1.1" 404 320 "-" "libredtail-http"
23.88.118.176 - - [30/Jan/2026:10:50:48 -0500] "GET /www/vendor/phpunit/phpunit/src/Util/PHP/eval-stdin.php HTTP/1.1" 404 316 "-" "libredtail-http"
23.88.118.176 - - [30/Jan/2026:10:50:48 -0500] "GET /ws/vendor/phpunit/phpunit/src/Util/PHP/eval-stdin.php HTTP/1.1" 404 315 "-" "libredtail-http"
23.88.118.176 - - [30/Jan/2026:10:50:48 -0500] "GET /yii/vendor/phpunit/phpunit/src/Util/PHP/eval-stdin.php HTTP/1.1" 404 316 "-" "libredtail-http"
23.88.118.176 - - [30/Jan/2026:10:50:48 -0500] "GET /zend/vendor/phpunit/phpunit/src/Util/PHP/eval-stdin.php HTTP/1.1" 404 317 "-" "libredtail-http"
23.88.118.176 - - [30/Jan/2026:10:50:49 -0500] "GET /ws/ec/vendor/phpunit/phpunit/src/Util/PHP/eval-stdin.php HTTP/1.1" 404 318 "-" "libredtail-http"
23.88.118.176 - - [30/Jan/2026:10:50:49 -0500] "GET /V2/vendor/phpunit/phpunit/src/Util/PHP/eval-stdin.php HTTP/1.1" 404 315 "-" "libredtail-http"
23.88.118.176 - - [30/Jan/2026:10:50:49 -0500] "GET /tests/vendor/phpunit/phpunit/src/Util/PHP/eval-stdin.php HTTP/1.1" 404 318 "-" "libredtail-http"
23.88.118.176 - - [30/Jan/2026:10:50:49 -0500] "GET /test/vendor/phpunit/phpunit/src/Util/PHP/eval-stdin.php HTTP/1.1" 404 317 "-" "libredtail-http"
23.88.118.176 - - [30/Jan/2026:10:50:49 -0500] "GET /testing/vendor/phpunit/phpunit/src/Util/PHP/eval-stdin.php HTTP/1.1" 404 320 "-" "libredtail-http"
23.88.118.176 - - [30/Jan/2026:10:50:49 -0500] "GET /api/vendor/phpunit/phpunit/src/Util/PHP/eval-stdin.php HTTP/1.1" 404 316 "-" "libredtail-http"
23.88.118.176 - - [30/Jan/2026:10:50:50 -0500] "GET /demo/vendor/phpunit/phpunit/src/Util/PHP/eval-stdin.php HTTP/1.1" 404 317 "-" "libredtail-http"
23.88.118.176 - - [30/Jan/2026:10:50:50 -0500] "GET /cms/vendor/phpunit/phpunit/src/Util/PHP/eval-stdin.php HTTP/1.1" 404 316 "-" "libredtail-http"
23.88.118.176 - - [30/Jan/2026:10:50:50 -0500] "GET /crm/vendor/phpunit/phpunit/src/Util/PHP/eval-stdin.php HTTP/1.1" 404 316 "-" "libredtail-http"
23.88.118.176 - - [30/Jan/2026:10:50:50 -0500] "GET /admin/vendor/phpunit/phpunit/src/Util/PHP/eval-stdin.php HTTP/1.1" 404 318 "-" "libredtail-http"
23.88.118.176 - - [30/Jan/2026:10:50:50 -0500] "GET /backup/vendor/phpunit/phpunit/src/Util/PHP/eval-stdin.php HTTP/1.1" 404 319 "-" "libredtail-http"
23.88.118.176 - - [30/Jan/2026:10:50:50 -0500] "GET /blog/vendor/phpunit/phpunit/src/Util/PHP/eval-stdin.php HTTP/1.1" 404 317 "-" "libredtail-http"
23.88.118.176 - - [30/Jan/2026:10:50:50 -0500] "GET /workspace/drupal/vendor/phpunit/phpunit/src/Util/PHP/eval-stdin.php HTTP/1.1" 404 329 "-" "libredtail-http"
23.88.118.176 - - [30/Jan/2026:10:50:51 -0500] "GET /panel/vendor/phpunit/phpunit/src/Util/PHP/eval-stdin.php HTTP/1.1" 404 318 "-" "libredtail-http"
23.88.118.176 - - [30/Jan/2026:10:50:51 -0500] "GET /public/vendor/phpunit/phpunit/src/Util/PHP/eval-stdin.php HTTP/1.1" 404 319 "-" "libredtail-http"
23.88.118.176 - - [30/Jan/2026:10:50:51 -0500] "GET /apps/vendor/phpunit/phpunit/src/Util/PHP/eval-stdin.php HTTP/1.1" 404 317 "-" "libredtail-http"
23.88.118.176 - - [30/Jan/2026:10:50:51 -0500] "GET /app/vendor/phpunit/phpunit/src/Util/PHP/eval-stdin.php HTTP/1.1" 404 316 "-" "libredtail-http"
23.88.118.176 - - [30/Jan/2026:10:50:51 -0500] "GET /index.php?s=/index/\\think\\app/invokefunction&function=call_user_func_array&vars[0]=md5&vars[1][]=Hello HTTP/1.1" 404 271 "-" "libredtail-http"
23.88.118.176 - - [30/Jan/2026:10:50:51 -0500] "GET /public/index.php?s=/index/\\think\\app/invokefunction&function=call_user_func_array&vars[0]=md5&vars[1][]=Hello HTTP/1.1" 404 278 "-" "libredtail-http"
23.88.118.176 - - [30/Jan/2026:10:50:52 -0500] "GET /index.php?lang=../../../../../../../../usr/local/lib/php/pearcmd&+config-create+/&/<?echo(md5(\"hi\"));?>+/tmp/index1.php HTTP/1.1" 404 271 "-" "libredtail-http"
23.88.118.176 - - [30/Jan/2026:10:50:52 -0500] "GET /index.php?lang=../../../../../../../../tmp/index1 HTTP/1.1" 404 271 "-" "libredtail-http"
23.88.118.176 - - [30/Jan/2026:10:50:52 -0500] "GET /containers/json HTTP/1.1" 404 277 "-" "libredtail-http"
193.142.147.209 - - [30/Jan/2026:11:00:14 -0500] "POST / HTTP/1.1" 404 262 "-" "Mozilla/5.0 (Windows NT 10.0; Win64; x64) AppleWebKit/537.36"
89.47.249.61 - - [30/Jan/2026:11:03:35 -0500] "GET / HTTP/1.1" 403 267 "-" "Mozilla/5.0 (Windows NT 11.0; Win64; x64) AppleWebKit/537.36 (KHTML, like Gecko) Chrome/134.0.6998.166 Safari/537.36"
93.123.109.205 - - [30/Jan/2026:11:05:12 -0500] "GET / HTTP/1.1" 403 266 "-" "Mozilla/5.0 (ZZ; Linux i686) AppleWebKit/537.36 (KHTML, like Gecko) Chrome/134.0.0.0 Safari/537.36"
204.76.203.212 - - [30/Jan/2026:11:10:07 -0500] "GET / HTTP/1.1" 403 266 "-" "Mozilla/5.0 (Windows NT 10.0; Win64; x64) AppleWebKit/537.36 (KHTML, like Gecko) Chrome/90.0.4430.85 Safari/537.36 Edg/90.0.818.46"
204.76.203.212 - - [30/Jan/2026:11:34:39 -0500] "GET / HTTP/1.1" 403 266 "-" "Mozilla/5.0 (Windows NT 10.0; Win64; x64) AppleWebKit/537.36 (KHTML, like Gecko) Chrome/90.0.4430.85 Safari/537.36 Edg/90.0.818.46"