114.119.138.33 - - [29/Jan/2026:06:20:58 -0500] "GET /search/gay-anal-amateur-blowjob/page12.html HTTP/1.1" 200 36902 "http://www.baretube.com/search/gay-anal-amateur-blowjob/page12.html" "Mozilla/5.0 (Linux; Android 7.0;) AppleWebKit/537.36 (KHTML, like Gecko) Mobile Safari/537.36 (compatible; PetalBot;+https://webmaster.petalsearch.com/site/petalbot)"
114.119.136.254 - - [29/Jan/2026:06:21:59 -0500] "GET /video/sexy-alluring-chick-shows-licking-toy-42.html HTTP/1.1" 200 80486 "http://baretube.com/most-discussed/page2.html" "Mozilla/5.0 (Linux; Android 7.0;) AppleWebKit/537.36 (KHTML, like Gecko) Mobile Safari/537.36 (compatible; PetalBot;+https://webmaster.petalsearch.com/site/petalbot)"
3.219.81.66 - - [29/Jan/2026:06:23:22 -0500] "GET /robots.txt HTTP/1.1" 200 243 "-" "Mozilla/5.0 AppleWebKit/537.36 (KHTML, like Gecko; compatible; Amazonbot/0.1; +https://developer.amazon.com/support/amazonbot) Chrome/119.0.6045.214 Safari/537.36"
114.119.150.32 - - [29/Jan/2026:06:23:55 -0500] "GET /video/horny-guys-have-a-sexy-threesome-1.html HTTP/1.1" 200 52631 "http://www.baretube.com/search/Cumshot-Facial-anal-blowjob-barebacked-gay-manbuttered-/rating/" "Mozilla/5.0 (Linux; Android 7.0;) AppleWebKit/537.36 (KHTML, like Gecko) Mobile Safari/537.36 (compatible; PetalBot;+https://webmaster.petalsearch.com/site/petalbot)"
184.94.156.53 - - [29/Jan/2026:06:25:02 -0500] "GET / HTTP/1.1" 200 140375 "-" "curl/7.29.0"
5.102.173.71 - - [29/Jan/2026:06:26:30 -0500] "GET /robots.txt HTTP/1.1" 200 243 "-" "Mozilla/5.0 (compatible; MojeekBot/0.11; +https://www.mojeek.com/bot.html)"
5.102.173.71 - - [29/Jan/2026:06:26:30 -0500] "GET /search/gangster-gay/page1.html HTTP/1.1" 200 35994 "-" "Mozilla/5.0 (compatible; MojeekBot/0.11; +https://www.mojeek.com/bot.html)"
23.21.250.48 - - [29/Jan/2026:06:27:26 -0500] "GET /filters?hd=true&ref=/ HTTP/1.1" 302 - "-" "Mozilla/5.0 AppleWebKit/537.36 (KHTML, like Gecko; compatible; Amazonbot/0.1; +https://developer.amazon.com/support/amazonbot) Chrome/119.0.6045.214 Safari/537.36"
52.45.15.233 - - [29/Jan/2026:06:27:42 -0500] "GET /filters?hd=true&ref=/models/w/ HTTP/1.1" 302 - "-" "Mozilla/5.0 AppleWebKit/537.36 (KHTML, like Gecko; compatible; Amazonbot/0.1; +https://developer.amazon.com/support/amazonbot) Chrome/119.0.6045.214 Safari/537.36"
34.194.165.45 - - [29/Jan/2026:06:27:47 -0500] "GET /filters?hd=true&ref=/models/e/ HTTP/1.1" 302 - "-" "Mozilla/5.0 AppleWebKit/537.36 (KHTML, like Gecko; compatible; Amazonbot/0.1; +https://developer.amazon.com/support/amazonbot) Chrome/119.0.6045.214 Safari/537.36"
44.193.102.198 - - [29/Jan/2026:06:27:50 -0500] "GET /filters?ref=/most-recent/&vr=true HTTP/1.1" 302 - "-" "Mozilla/5.0 AppleWebKit/537.36 (KHTML, like Gecko; compatible; Amazonbot/0.1; +https://developer.amazon.com/support/amazonbot) Chrome/119.0.6045.214 Safari/537.36"
43.156.202.34 - - [29/Jan/2026:06:28:37 -0500] "GET /action.php?action=add_favorites&id=33 HTTP/1.1" 200 735 "-" "Mozilla/5.0 (iPhone; CPU iPhone OS 13_2_3 like Mac OS X) AppleWebKit/605.1.15 (KHTML, like Gecko) Version/13.0.3 Mobile/15E148 Safari/604.1"
114.119.138.33 - - [29/Jan/2026:06:28:50 -0500] "GET /uploads-by-user/26/ HTTP/1.1" 200 63220 "http://baretube.com/filters?hd=true&ref=/uploads-by-user/26/week/" "Mozilla/5.0 (Linux; Android 7.0;) AppleWebKit/537.36 (KHTML, like Gecko) Mobile Safari/537.36 (compatible; PetalBot;+https://webmaster.petalsearch.com/site/petalbot)"
114.119.150.32 - - [29/Jan/2026:06:29:50 -0500] "GET /uploads-by-user/10/day/ HTTP/1.1" 200 61063 "http://baretube.com/uploads-by-user/10/week/" "Mozilla/5.0 (Linux; Android 7.0;) AppleWebKit/537.36 (KHTML, like Gecko) Mobile Safari/537.36 (compatible; PetalBot;+https://webmaster.petalsearch.com/site/petalbot)"
184.94.156.53 - - [29/Jan/2026:06:30:02 -0500] "GET / HTTP/1.1" 200 140375 "-" "curl/7.29.0"
114.119.131.11 - - [29/Jan/2026:06:30:48 -0500] "GET /channels/11/daddies/longest/ HTTP/1.1" 200 70039 "http://www.baretube.com/channels/11/daddies/views/" "Mozilla/5.0 (Linux; Android 7.0;) AppleWebKit/537.36 (KHTML, like Gecko) Mobile Safari/537.36 (compatible; PetalBot;+https://webmaster.petalsearch.com/site/petalbot)"
114.119.136.254 - - [29/Jan/2026:06:31:47 -0500] "GET /action.php?action=add_favorites&id=40 HTTP/1.1" 200 735 "http://www.baretube.com/search/JOI-Dildo-play-dildo-cum-cumshot-JOI-stroke-jerking-teen-toy/rating/page3.html" "Mozilla/5.0 (Linux; Android 7.0;) AppleWebKit/537.36 (KHTML, like Gecko) Mobile Safari/537.36 (compatible; PetalBot;+https://webmaster.petalsearch.com/site/petalbot)"
3.224.205.25 - - [29/Jan/2026:06:32:35 -0500] "GET /vr/week/ HTTP/1.1" 200 60888 "-" "Mozilla/5.0 AppleWebKit/537.36 (KHTML, like Gecko; compatible; Amazonbot/0.1; +https://developer.amazon.com/support/amazonbot) Chrome/119.0.6045.214 Safari/537.36"
114.119.144.88 - - [29/Jan/2026:06:32:47 -0500] "GET /tags/g HTTP/1.1" 200 37439 "http://baretube.com/filters?vr=true&ref=/tags/g" "Mozilla/5.0 (Linux; Android 7.0;) AppleWebKit/537.36 (KHTML, like Gecko) Mobile Safari/537.36 (compatible; PetalBot;+https://webmaster.petalsearch.com/site/petalbot)"
114.119.136.254 - - [29/Jan/2026:06:34:44 -0500] "GET /filters?hd=true&ref=/uploads-by-user/5/week/ HTTP/1.1" 302 - "http://baretube.com/uploads-by-user/5/week/" "Mozilla/5.0 (Linux; Android 7.0;) AppleWebKit/537.36 (KHTML, like Gecko) Mobile Safari/537.36 (compatible; PetalBot;+https://webmaster.petalsearch.com/site/petalbot)"
114.119.136.254 - - [29/Jan/2026:06:34:44 -0500] "GET /uploads-by-user/5/week/ HTTP/1.1" 200 61039 "http://baretube.com/uploads-by-user/5/week/" "Mozilla/5.0 (Linux; Android 7.0;) AppleWebKit/537.36 (KHTML, like Gecko) Mobile Safari/537.36 (compatible; PetalBot;+https://webmaster.petalsearch.com/site/petalbot)"
184.94.156.53 - - [29/Jan/2026:06:35:02 -0500] "GET / HTTP/1.1" 200 140375 "-" "curl/7.29.0"
123.21.114.56 - - [29/Jan/2026:06:35:08 -0500] "GET /video/gay-sex-hardcore-anal-penetration-13.html HTTP/1.1" 200 55818 "-" "Mozilla/5.0 (Windows NT 10.0; Win64; x64) AppleWebKit/537.36 (KHTML, like Gecko) Chrome/92.0.4515.107 Safari/537.36"
113.180.232.35 - - [29/Jan/2026:06:35:32 -0500] "GET /tags/v/ HTTP/1.1" 200 37444 "-" "Mozilla/5.0 (Macintosh; Intel Mac OS X 10_15_6) AppleWebKit/537.36 (KHTML, like Gecko) Chrome/88.0.4324.150 Safari/537.36"
18.205.91.101 - - [29/Jan/2026:06:37:20 -0500] "GET /models/d/ HTTP/1.1" 200 38658 "-" "Mozilla/5.0 AppleWebKit/537.36 (KHTML, like Gecko; compatible; Amazonbot/0.1; +https://developer.amazon.com/support/amazonbot) Chrome/119.0.6045.214 Safari/537.36"
3.222.85.38 - - [29/Jan/2026:06:37:35 -0500] "GET /longest/day/ HTTP/1.1" 200 61379 "-" "Mozilla/5.0 AppleWebKit/537.36 (KHTML, like Gecko; compatible; Amazonbot/0.1; +https://developer.amazon.com/support/amazonbot) Chrome/119.0.6045.214 Safari/537.36"
43.157.67.70 - - [29/Jan/2026:06:39:34 -0500] "GET /filters?hd=true&ref=/video/blonde-babe-enjoys-playing-with-her-dildo-142.html HTTP/1.1" 302 - "-" "Mozilla/5.0 (iPhone; CPU iPhone OS 13_2_3 like Mac OS X) AppleWebKit/605.1.15 (KHTML, like Gecko) Version/13.0.3 Mobile/15E148 Safari/604.1"
43.157.67.70 - - [29/Jan/2026:06:39:35 -0500] "GET / HTTP/1.1" 200 140565 "http://www.baretube.com/filters?hd=true&ref=/video/blonde-babe-enjoys-playing-with-her-dildo-142.html" "Mozilla/5.0 (iPhone; CPU iPhone OS 13_2_3 like Mac OS X) AppleWebKit/605.1.15 (KHTML, like Gecko) Version/13.0.3 Mobile/15E148 Safari/604.1"
52.167.144.16 - - [29/Jan/2026:06:39:59 -0500] "GET /search/russian-blonde-webcam-babes-sexy-cam-girls-ukranian-blond-teen-solo-girls-booty-shake-lingerie-vibrator-dildo-masturbation-squirt-wet-pussy-multiple-squirt-webcams/rating/page1.html HTTP/1.1" 200 84149 "-" "Mozilla/5.0 AppleWebKit/537.36 (KHTML, like Gecko; compatible; bingbot/2.0; +http://www.bing.com/bingbot.htm) Chrome/116.0.1938.76 Safari/537.36"
184.94.156.53 - - [29/Jan/2026:06:40:03 -0500] "GET / HTTP/1.1" 200 140541 "-" "curl/7.29.0"
45.161.2.135 - - [29/Jan/2026:06:41:21 -0500] "GET /filters?hd=false&ref=%2Fvideo%2Fsexy-blonde-is-doing-a-hand-job-show-28.html HTTP/1.1" 302 - "-" "Mozilla/5.0 (Windows NT 10.0; Win64; x64) AppleWebKit/537.36 (KHTML, like Gecko) Chrome/87.0.4280.88 Safari/537.36 CravingExplorer/2.4.1"
45.161.2.135 - - [29/Jan/2026:06:41:23 -0500] "GET / HTTP/1.1" 200 139817 "-" "Mozilla/5.0 (Windows NT 10.0; Win64; x64) AppleWebKit/537.36 (KHTML, like Gecko) Chrome/87.0.4280.88 Safari/537.36 CravingExplorer/2.4.1"
114.119.131.11 - - [29/Jan/2026:06:41:38 -0500] "GET /uploads-by-user/7/week/ HTTP/1.1" 200 61053 "http://baretube.com/uploads-by-user/7/" "Mozilla/5.0 (Linux; Android 7.0;) AppleWebKit/537.36 (KHTML, like Gecko) Mobile Safari/537.36 (compatible; PetalBot;+https://webmaster.petalsearch.com/site/petalbot)"
5.102.173.71 - - [29/Jan/2026:06:42:47 -0500] "GET /robots.txt HTTP/1.1" 200 243 "-" "Mozilla/5.0 (compatible; MojeekBot/0.11; +https://www.mojeek.com/bot.html)"
5.102.173.71 - - [29/Jan/2026:06:42:47 -0500] "GET /search/hot-lovers/page1.html HTTP/1.1" 200 38322 "-" "Mozilla/5.0 (compatible; MojeekBot/0.11; +https://www.mojeek.com/bot.html)"
184.94.156.53 - - [29/Jan/2026:06:45:03 -0500] "GET / HTTP/1.1" 200 140541 "-" "curl/7.29.0"
43.167.245.18 - - [29/Jan/2026:06:48:47 -0500] "GET /search/livecum/page1.html HTTP/1.1" 200 40766 "-" "Mozilla/5.0 (iPhone; CPU iPhone OS 13_2_3 like Mac OS X) AppleWebKit/605.1.15 (KHTML, like Gecko) Version/13.0.3 Mobile/15E148 Safari/604.1"
43.157.170.126 - - [29/Jan/2026:06:49:23 -0500] "GET / HTTP/1.1" 200 139841 "-" "Mozilla/5.0 (iPhone; CPU iPhone OS 13_2_3 like Mac OS X) AppleWebKit/605.1.15 (KHTML, like Gecko) Version/13.0.3 Mobile/15E148 Safari/604.1"
184.94.156.53 - - [29/Jan/2026:06:50:02 -0500] "GET / HTTP/1.1" 200 140541 "-" "curl/7.29.0"
114.119.144.88 - - [29/Jan/2026:06:50:43 -0500] "GET /search/shemale-beauty/page3.html HTTP/1.1" 200 36016 "http://www.baretube.com/search/shemale-beauty/page3.html" "Mozilla/5.0 (Linux; Android 7.0;) AppleWebKit/537.36 (KHTML, like Gecko) Mobile Safari/537.36 (compatible; PetalBot;+https://webmaster.petalsearch.com/site/petalbot)"
114.119.138.33 - - [29/Jan/2026:06:51:41 -0500] "GET /channels/42/my-cock/rating/ HTTP/1.1" 200 67476 "http://www.baretube.com/filters?vr=true&ref=/channels/42/my-cock/views/" "Mozilla/5.0 (Linux; Android 7.0;) AppleWebKit/537.36 (KHTML, like Gecko) Mobile Safari/537.36 (compatible; PetalBot;+https://webmaster.petalsearch.com/site/petalbot)"
177.37.182.189 - - [29/Jan/2026:06:52:38 -0500] "GET /video/gay-couple-has-wild-sex-in-the-locker-room-16.html HTTP/1.1" 200 63333 "-" "Mozilla/5.0 (Windows NT 6.1) AppleWebKit/537.36 (KHTML, like Gecko) Chrome/80.0.3987.132 Safari/537.36"
114.119.136.254 - - [29/Jan/2026:06:52:40 -0500] "GET /video/sexy-blonde-plays-with-her-sex-toy-131.html HTTP/1.1" 200 81264 "http://baretube.com/filters?hd=false&ref=/user/barebackedroy-41/" "Mozilla/5.0 (Linux; Android 7.0;) AppleWebKit/537.36 (KHTML, like Gecko) Mobile Safari/537.36 (compatible; PetalBot;+https://webmaster.petalsearch.com/site/petalbot)"
114.119.138.33 - - [29/Jan/2026:06:53:39 -0500] "GET /filters?hd=true&ref=/video/guy-gets-his-ass-fucked-hard-9.html HTTP/1.1" 302 - "http://baretube.com/video/guy-gets-his-ass-fucked-hard-9.html" "Mozilla/5.0 (Linux; Android 7.0;) AppleWebKit/537.36 (KHTML, like Gecko) Mobile Safari/537.36 (compatible; PetalBot;+https://webmaster.petalsearch.com/site/petalbot)"
114.119.138.33 - - [29/Jan/2026:06:53:39 -0500] "GET /video/guy-gets-his-ass-fucked-hard-9.html HTTP/1.1" 200 80328 "http://baretube.com/video/guy-gets-his-ass-fucked-hard-9.html" "Mozilla/5.0 (Linux; Android 7.0;) AppleWebKit/537.36 (KHTML, like Gecko) Mobile Safari/537.36 (compatible; PetalBot;+https://webmaster.petalsearch.com/site/petalbot)"
184.94.156.53 - - [29/Jan/2026:06:55:03 -0500] "GET / HTTP/1.1" 200 140905 "-" "curl/7.29.0"
114.119.150.32 - - [29/Jan/2026:06:57:35 -0500] "GET /filters?hd=true&ref=/models/a/rating/ HTTP/1.1" 302 - "http://baretube.com/filters?hd=false&ref=/models/a/rating/" "Mozilla/5.0 (Linux; Android 7.0;) AppleWebKit/537.36 (KHTML, like Gecko) Mobile Safari/537.36 (compatible; PetalBot;+https://webmaster.petalsearch.com/site/petalbot)"
114.119.150.32 - - [29/Jan/2026:06:57:36 -0500] "GET /filters?hd=false&ref=/models/a/rating/ HTTP/1.1" 302 - "http://baretube.com/filters?hd=false&ref=/models/a/rating/" "Mozilla/5.0 (Linux; Android 7.0;) AppleWebKit/537.36 (KHTML, like Gecko) Mobile Safari/537.36 (compatible; PetalBot;+https://webmaster.petalsearch.com/site/petalbot)"
114.119.150.32 - - [29/Jan/2026:06:57:36 -0500] "GET /filters?hd=false&ref=/models/a/rating/ HTTP/1.1" 302 - "http://baretube.com/filters?hd=false&ref=/models/a/rating/" "Mozilla/5.0 (Linux; Android 7.0;) AppleWebKit/537.36 (KHTML, like Gecko) Mobile Safari/537.36 (compatible; PetalBot;+https://webmaster.petalsearch.com/site/petalbot)"
114.119.150.32 - - [29/Jan/2026:06:57:37 -0500] "GET /filters?hd=false&ref=/models/a/rating/ HTTP/1.1" 302 - "http://baretube.com/filters?hd=false&ref=/models/a/rating/" "Mozilla/5.0 (Linux; Android 7.0;) AppleWebKit/537.36 (KHTML, like Gecko) Mobile Safari/537.36 (compatible; PetalBot;+https://webmaster.petalsearch.com/site/petalbot)"
114.119.150.32 - - [29/Jan/2026:06:57:37 -0500] "GET /filters?hd=false&ref=/models/a/rating/ HTTP/1.1" 302 - "http://baretube.com/filters?hd=false&ref=/models/a/rating/" "Mozilla/5.0 (Linux; Android 7.0;) AppleWebKit/537.36 (KHTML, like Gecko) Mobile Safari/537.36 (compatible; PetalBot;+https://webmaster.petalsearch.com/site/petalbot)"
114.119.150.32 - - [29/Jan/2026:06:57:38 -0500] "GET /filters?hd=false&ref=/models/a/rating/ HTTP/1.1" 302 - "http://baretube.com/filters?hd=false&ref=/models/a/rating/" "Mozilla/5.0 (Linux; Android 7.0;) AppleWebKit/537.36 (KHTML, like Gecko) Mobile Safari/537.36 (compatible; PetalBot;+https://webmaster.petalsearch.com/site/petalbot)"
114.119.150.32 - - [29/Jan/2026:06:57:38 -0500] "GET /filters?hd=false&ref=/models/a/rating/ HTTP/1.1" 302 - "http://baretube.com/filters?hd=false&ref=/models/a/rating/" "Mozilla/5.0 (Linux; Android 7.0;) AppleWebKit/537.36 (KHTML, like Gecko) Mobile Safari/537.36 (compatible; PetalBot;+https://webmaster.petalsearch.com/site/petalbot)"
114.119.150.32 - - [29/Jan/2026:06:57:39 -0500] "GET /filters?hd=false&ref=/models/a/rating/ HTTP/1.1" 302 - "http://baretube.com/filters?hd=false&ref=/models/a/rating/" "Mozilla/5.0 (Linux; Android 7.0;) AppleWebKit/537.36 (KHTML, like Gecko) Mobile Safari/537.36 (compatible; PetalBot;+https://webmaster.petalsearch.com/site/petalbot)"
114.119.150.32 - - [29/Jan/2026:06:57:39 -0500] "GET /filters?hd=false&ref=/models/a/rating/ HTTP/1.1" 302 - "http://baretube.com/filters?hd=false&ref=/models/a/rating/" "Mozilla/5.0 (Linux; Android 7.0;) AppleWebKit/537.36 (KHTML, like Gecko) Mobile Safari/537.36 (compatible; PetalBot;+https://webmaster.petalsearch.com/site/petalbot)"
114.119.150.32 - - [29/Jan/2026:06:57:40 -0500] "GET /filters?hd=false&ref=/models/a/rating/ HTTP/1.1" 302 - "http://baretube.com/filters?hd=false&ref=/models/a/rating/" "Mozilla/5.0 (Linux; Android 7.0;) AppleWebKit/537.36 (KHTML, like Gecko) Mobile Safari/537.36 (compatible; PetalBot;+https://webmaster.petalsearch.com/site/petalbot)"
17.241.227.215 - - [29/Jan/2026:06:58:31 -0500] "GET /models/r/ HTTP/1.1" 200 38310 "-" "Mozilla/5.0 (Macintosh; Intel Mac OS X 10_15_7) AppleWebKit/605.1.15 (KHTML, like Gecko) Version/17.4 Safari/605.1.15 (Applebot/0.1; +http://www.apple.com/go/applebot)"
114.119.136.254 - - [29/Jan/2026:06:59:33 -0500] "GET /filters?vr=true&ref=/search/guy-webcam-muscular-masturbating-wanking-hard-cock-cumshot-stroking-nude-guy-masturbate-cams-hunk-muscle-guy-solo-big-cock-stroking-amateur-jerking-body-builder-masturbation-ass-butt/page1.html HTTP/1.1" 302 - "-" "Mozilla/5.0 (Linux; Android 7.0;) AppleWebKit/537.36 (KHTML, like Gecko) Mobile Safari/537.36 (compatible; PetalBot;+https://webmaster.petalsearch.com/site/petalbot)"
114.119.136.254 - - [29/Jan/2026:06:59:33 -0500] "GET / HTTP/1.1" 200 60740 "-" "Mozilla/5.0 (Linux; Android 7.0;) AppleWebKit/537.36 (KHTML, like Gecko) Mobile Safari/537.36 (compatible; PetalBot;+https://webmaster.petalsearch.com/site/petalbot)"
49.51.39.209 - - [29/Jan/2026:07:00:01 -0500] "GET /search/Postselfie/page1.html HTTP/1.1" 200 56493 "-" "Mozilla/5.0 (iPhone; CPU iPhone OS 13_2_3 like Mac OS X) AppleWebKit/605.1.15 (KHTML, like Gecko) Version/13.0.3 Mobile/15E148 Safari/604.1"
184.94.156.53 - - [29/Jan/2026:07:00:03 -0500] "GET / HTTP/1.1" 200 140905 "-" "curl/7.29.0"
114.119.132.242 - - [29/Jan/2026:07:00:33 -0500] "GET /filters?hd=false&ref=/channels/22/hunks/longest/ HTTP/1.1" 302 - "http://baretube.com/filters?hd=true&ref=/channels/22/hunks/longest/" "Mozilla/5.0 (Linux; Android 7.0;) AppleWebKit/537.36 (KHTML, like Gecko) Mobile Safari/537.36 (compatible; PetalBot;+https://webmaster.petalsearch.com/site/petalbot)"
114.119.132.242 - - [29/Jan/2026:07:00:34 -0500] "GET /filters?hd=true&ref=/channels/22/hunks/longest/ HTTP/1.1" 302 - "http://baretube.com/filters?hd=true&ref=/channels/22/hunks/longest/" "Mozilla/5.0 (Linux; Android 7.0;) AppleWebKit/537.36 (KHTML, like Gecko) Mobile Safari/537.36 (compatible; PetalBot;+https://webmaster.petalsearch.com/site/petalbot)"
114.119.132.242 - - [29/Jan/2026:07:00:34 -0500] "GET /filters?hd=true&ref=/channels/22/hunks/longest/ HTTP/1.1" 302 - "http://baretube.com/filters?hd=true&ref=/channels/22/hunks/longest/" "Mozilla/5.0 (Linux; Android 7.0;) AppleWebKit/537.36 (KHTML, like Gecko) Mobile Safari/537.36 (compatible; PetalBot;+https://webmaster.petalsearch.com/site/petalbot)"
114.119.132.242 - - [29/Jan/2026:07:00:35 -0500] "GET /filters?hd=true&ref=/channels/22/hunks/longest/ HTTP/1.1" 302 - "http://baretube.com/filters?hd=true&ref=/channels/22/hunks/longest/" "Mozilla/5.0 (Linux; Android 7.0;) AppleWebKit/537.36 (KHTML, like Gecko) Mobile Safari/537.36 (compatible; PetalBot;+https://webmaster.petalsearch.com/site/petalbot)"
114.119.132.242 - - [29/Jan/2026:07:00:36 -0500] "GET /filters?hd=true&ref=/channels/22/hunks/longest/ HTTP/1.1" 302 - "http://baretube.com/filters?hd=true&ref=/channels/22/hunks/longest/" "Mozilla/5.0 (Linux; Android 7.0;) AppleWebKit/537.36 (KHTML, like Gecko) Mobile Safari/537.36 (compatible; PetalBot;+https://webmaster.petalsearch.com/site/petalbot)"
114.119.132.242 - - [29/Jan/2026:07:00:36 -0500] "GET /filters?hd=true&ref=/channels/22/hunks/longest/ HTTP/1.1" 302 - "http://baretube.com/filters?hd=true&ref=/channels/22/hunks/longest/" "Mozilla/5.0 (Linux; Android 7.0;) AppleWebKit/537.36 (KHTML, like Gecko) Mobile Safari/537.36 (compatible; PetalBot;+https://webmaster.petalsearch.com/site/petalbot)"
114.119.132.242 - - [29/Jan/2026:07:00:37 -0500] "GET /filters?hd=true&ref=/channels/22/hunks/longest/ HTTP/1.1" 302 - "http://baretube.com/filters?hd=true&ref=/channels/22/hunks/longest/" "Mozilla/5.0 (Linux; Android 7.0;) AppleWebKit/537.36 (KHTML, like Gecko) Mobile Safari/537.36 (compatible; PetalBot;+https://webmaster.petalsearch.com/site/petalbot)"
114.119.132.242 - - [29/Jan/2026:07:00:37 -0500] "GET /filters?hd=true&ref=/channels/22/hunks/longest/ HTTP/1.1" 302 - "http://baretube.com/filters?hd=true&ref=/channels/22/hunks/longest/" "Mozilla/5.0 (Linux; Android 7.0;) AppleWebKit/537.36 (KHTML, like Gecko) Mobile Safari/537.36 (compatible; PetalBot;+https://webmaster.petalsearch.com/site/petalbot)"
114.119.132.242 - - [29/Jan/2026:07:00:38 -0500] "GET /filters?hd=true&ref=/channels/22/hunks/longest/ HTTP/1.1" 302 - "http://baretube.com/filters?hd=true&ref=/channels/22/hunks/longest/" "Mozilla/5.0 (Linux; Android 7.0;) AppleWebKit/537.36 (KHTML, like Gecko) Mobile Safari/537.36 (compatible; PetalBot;+https://webmaster.petalsearch.com/site/petalbot)"
114.119.132.242 - - [29/Jan/2026:07:00:38 -0500] "GET /filters?hd=true&ref=/channels/22/hunks/longest/ HTTP/1.1" 302 - "http://baretube.com/filters?hd=true&ref=/channels/22/hunks/longest/" "Mozilla/5.0 (Linux; Android 7.0;) AppleWebKit/537.36 (KHTML, like Gecko) Mobile Safari/537.36 (compatible; PetalBot;+https://webmaster.petalsearch.com/site/petalbot)"
114.119.131.11 - - [29/Jan/2026:07:01:33 -0500] "GET /action.php?action=reportVideo&id=41 HTTP/1.1" 200 3601 "http://baretube.com/filters?hd=false&ref=/video/sexy-alluring-chick-shows-licking-toy-41.html" "Mozilla/5.0 (Linux; Android 7.0;) AppleWebKit/537.36 (KHTML, like Gecko) Mobile Safari/537.36 (compatible; PetalBot;+https://webmaster.petalsearch.com/site/petalbot)"
114.119.138.33 - - [29/Jan/2026:07:02:30 -0500] "GET /action.php?action=reportVideo&id=103 HTTP/1.1" 200 3602 "http://baretube.com/video/barebacked-hard-fucking-anal-103.html" "Mozilla/5.0 (Linux; Android 7.0;) AppleWebKit/537.36 (KHTML, like Gecko) Mobile Safari/537.36 (compatible; PetalBot;+https://webmaster.petalsearch.com/site/petalbot)"
114.119.150.32 - - [29/Jan/2026:07:03:31 -0500] "GET /filters?vr=true&ref=/search/Hard-Core/page2.html HTTP/1.1" 302 - "-" "Mozilla/5.0 (Linux; Android 7.0;) AppleWebKit/537.36 (KHTML, like Gecko) Mobile Safari/537.36 (compatible; PetalBot;+https://webmaster.petalsearch.com/site/petalbot)"
114.119.150.32 - - [29/Jan/2026:07:03:32 -0500] "GET / HTTP/1.1" 200 60740 "-" "Mozilla/5.0 (Linux; Android 7.0;) AppleWebKit/537.36 (KHTML, like Gecko) Mobile Safari/537.36 (compatible; PetalBot;+https://webmaster.petalsearch.com/site/petalbot)"
14.18.16.150 - - [29/Jan/2026:07:04:40 -0500] "GET / HTTP/1.1" 200 140905 "-" "Mozilla/5.0 (Macintosh; Intel Mac OS X 10_15_7) AppleWebKit/537.36 (KHTML, like Gecko) Chrome/142.0.0.0 Safari/537.36"
184.94.156.53 - - [29/Jan/2026:07:05:03 -0500] "GET / HTTP/1.1" 200 140905 "-" "curl/7.29.0"
192.178.6.1 - - [29/Jan/2026:07:05:43 -0500] "GET /robots.txt HTTP/1.1" 200 243 "-" "Mozilla/5.0 (compatible; Googlebot/2.1; +http://www.google.com/bot.html)"
192.178.6.1 - - [29/Jan/2026:07:05:43 -0500] "GET /.well-known/assetlinks.json HTTP/1.1" 404 34778 "-" "Mozilla/5.0 (compatible; Googlebot/2.1; +http://www.google.com/bot.html)"
178.20.47.39 - - [29/Jan/2026:07:06:48 -0500] "GET /signup.php HTTP/1.1" 200 1534 "http://baretube.com/signup.php" "Mozilla/5.0 (Windows NT 10.0; Win64; x64) AppleWebKit/537.36 (KHTML, like Gecko) Chrome/129.0.0.0 Safari/537.36"
178.20.47.39 - - [29/Jan/2026:07:06:49 -0500] "GET /captcha.php HTTP/1.1" 200 6255 "http://baretube.com/signup.php" "Mozilla/5.0 (Windows NT 10.0; Win64; x64) AppleWebKit/537.36 (KHTML, like Gecko) Chrome/129.0.0.0 Safari/537.36"
178.20.47.39 - - [29/Jan/2026:07:06:49 -0500] "GET /captcha.php HTTP/1.1" 200 5776 "http://baretube.com/signup.php" "Mozilla/5.0 (Windows NT 10.0; Win64; x64) AppleWebKit/537.36 (KHTML, like Gecko) Chrome/129.0.0.0 Safari/537.36"
178.20.47.39 - - [29/Jan/2026:07:06:50 -0500] "GET /captcha.php HTTP/1.1" 200 6178 "http://baretube.com/signup.php" "Mozilla/5.0 (Windows NT 10.0; Win64; x64) AppleWebKit/537.36 (KHTML, like Gecko) Chrome/129.0.0.0 Safari/537.36"
178.20.47.39 - - [29/Jan/2026:07:06:50 -0500] "GET /captcha.php HTTP/1.1" 200 4599 "http://baretube.com/signup.php" "Mozilla/5.0 (Windows NT 10.0; Win64; x64) AppleWebKit/537.36 (KHTML, like Gecko) Chrome/129.0.0.0 Safari/537.36"
14.242.26.24 - - [29/Jan/2026:07:08:18 -0500] "GET /filters?hd=true&ref=%2F HTTP/1.1" 302 - "-" "Mozilla/5.0 (Windows NT 10.0; Win64; x64) AppleWebKit/537.36 (KHTML, like Gecko) Chrome/77.0.3865.120 Safari/537.36"
14.242.26.24 - - [29/Jan/2026:07:08:18 -0500] "GET / HTTP/1.1" 200 143663 "-" "Mozilla/5.0 (Windows NT 10.0; Win64; x64) AppleWebKit/537.36 (KHTML, like Gecko) Chrome/77.0.3865.120 Safari/537.36"
184.94.156.53 - - [29/Jan/2026:07:10:03 -0500] "GET / HTTP/1.1" 200 140905 "-" "curl/7.29.0"
43.131.253.14 - - [29/Jan/2026:07:10:11 -0500] "GET /search/cams/page1.html HTTP/1.1" 200 47458 "-" "Mozilla/5.0 (iPhone; CPU iPhone OS 13_2_3 like Mac OS X) AppleWebKit/605.1.15 (KHTML, like Gecko) Version/13.0.3 Mobile/15E148 Safari/604.1"
113.173.75.162 - - [29/Jan/2026:07:12:21 -0500] "GET /filters?hd=true&ref=%2Fvideo%2Falex-joi-plays-dildo-161.html HTTP/1.1" 302 - "-" "Mozilla/5.0 (Macintosh; Intel Mac OS X 10_13_6) AppleWebKit/537.36 (KHTML, like Gecko) Brave Chrome/87.0.4280.141 Safari/537.36"
113.173.75.162 - - [29/Jan/2026:07:12:21 -0500] "GET / HTTP/1.1" 200 142939 "-" "Mozilla/5.0 (Macintosh; Intel Mac OS X 10_13_6) AppleWebKit/537.36 (KHTML, like Gecko) Brave Chrome/87.0.4280.141 Safari/537.36"
184.94.156.53 - - [29/Jan/2026:07:15:03 -0500] "GET / HTTP/1.1" 200 140905 "-" "curl/7.29.0"
184.94.156.53 - - [29/Jan/2026:07:20:02 -0500] "GET / HTTP/1.1" 200 140905 "-" "curl/7.29.0"
14.241.58.51 - - [29/Jan/2026:07:21:09 -0500] "GET /video/wild-outdoor-anal-sex-3.html HTTP/1.1" 200 52454 "-" "Mozilla/5.0 (Windows NT 10.0; ) AppleWebKit/537.36 (KHTML, like Gecko) Chrome/82.0.4085.4 Safari/537.36"
184.94.156.53 - - [29/Jan/2026:07:25:02 -0500] "GET / HTTP/1.1" 200 141015 "-" "curl/7.29.0"
184.94.156.53 - - [29/Jan/2026:07:30:03 -0500] "GET / HTTP/1.1" 200 141015 "-" "curl/7.29.0"
43.130.47.33 - - [29/Jan/2026:07:30:07 -0500] "GET /action.php?action=add_favorites&id=1 HTTP/1.1" 200 735 "-" "Mozilla/5.0 (iPhone; CPU iPhone OS 13_2_3 like Mac OS X) AppleWebKit/605.1.15 (KHTML, like Gecko) Version/13.0.3 Mobile/15E148 Safari/604.1"
181.174.105.117 - - [29/Jan/2026:07:30:33 -0500] "GET /action.php?action=add_favorites&id=110 HTTP/1.1" 200 727 "-" "Mozilla/5.0 (Windows NT 6.3; Win64; x64) AppleWebKit/537.36 (KHTML, like Gecko) Chrome/98.0.4758.81 Safari/537.36"
184.94.156.53 - - [29/Jan/2026:07:35:02 -0500] "GET / HTTP/1.1" 200 141015 "-" "curl/7.29.0"
44.215.61.66 - - [29/Jan/2026:07:38:06 -0500] "GET /filters?hd=true&ref=/models/ HTTP/1.1" 302 - "-" "Mozilla/5.0 AppleWebKit/537.36 (KHTML, like Gecko; compatible; Amazonbot/0.1; +https://developer.amazon.com/support/amazonbot) Chrome/119.0.6045.214 Safari/537.36"
98.84.131.195 - - [29/Jan/2026:07:38:47 -0500] "GET /filters?hd=false&ref=/models/p/ HTTP/1.1" 302 - "-" "Mozilla/5.0 AppleWebKit/537.36 (KHTML, like Gecko; compatible; Amazonbot/0.1; +https://developer.amazon.com/support/amazonbot) Chrome/119.0.6045.214 Safari/537.36"
114.119.136.254 - - [29/Jan/2026:07:39:10 -0500] "GET /search/shemae-cams/views/ HTTP/1.1" 200 47517 "http://www.baretube.com/search/shemae-cams/views/" "Mozilla/5.0 (Linux; Android 7.0;) AppleWebKit/537.36 (KHTML, like Gecko) Mobile Safari/537.36 (compatible; PetalBot;+https://webmaster.petalsearch.com/site/petalbot)"
43.159.148.221 - - [29/Jan/2026:07:39:47 -0500] "GET /video/sexy-alluring-chick-shows-licking-toy-42.html HTTP/1.1" 200 80894 "-" "Mozilla/5.0 (iPhone; CPU iPhone OS 13_2_3 like Mac OS X) AppleWebKit/605.1.15 (KHTML, like Gecko) Version/13.0.3 Mobile/15E148 Safari/604.1"
184.94.156.53 - - [29/Jan/2026:07:40:02 -0500] "GET / HTTP/1.1" 200 140861 "-" "curl/7.29.0"
114.119.132.242 - - [29/Jan/2026:07:40:10 -0500] "GET /search/Hard-Cock/views/page2.html HTTP/1.1" 200 73556 "http://www.baretube.com/search/Hard-Cock/views/page2.html" "Mozilla/5.0 (Linux; Android 7.0;) AppleWebKit/537.36 (KHTML, like Gecko) Mobile Safari/537.36 (compatible; PetalBot;+https://webmaster.petalsearch.com/site/petalbot)"
209.50.170.103 - - [29/Jan/2026:07:41:26 -0500] "GET /contact HTTP/1.1" 200 38076 "-" "Mozilla/5.0 (Linux x86_64; rv:114.0) Gecko/20100101 Firefox/114.0"
5.102.173.71 - - [29/Jan/2026:07:44:50 -0500] "GET /search/swallow/page1.html HTTP/1.1" 200 35939 "-" "Mozilla/5.0 (compatible; MojeekBot/0.11; +https://www.mojeek.com/bot.html)"
184.94.156.53 - - [29/Jan/2026:07:45:02 -0500] "GET / HTTP/1.1" 200 140861 "-" "curl/7.29.0"
114.119.136.254 - - [29/Jan/2026:07:46:05 -0500] "GET /most-discussed/ HTTP/1.1" 200 110214 "http://www.baretube.com/search/man-juice/page1.html" "Mozilla/5.0 (Linux; Android 7.0;) AppleWebKit/537.36 (KHTML, like Gecko) Mobile Safari/537.36 (compatible; PetalBot;+https://webmaster.petalsearch.com/site/petalbot)"
18.213.27.222 - - [29/Jan/2026:07:47:47 -0500] "GET /channels/10/general/ HTTP/1.1" 200 84571 "-" "Mozilla/5.0 AppleWebKit/537.36 (KHTML, like Gecko; compatible; Amazonbot/0.1; +https://developer.amazon.com/support/amazonbot) Chrome/119.0.6045.214 Safari/537.36"
43.157.82.252 - - [29/Jan/2026:07:49:39 -0500] "GET /filters?vr=true&ref=/search/livecum/page1.html HTTP/1.1" 302 - "-" "Mozilla/5.0 (iPhone; CPU iPhone OS 13_2_3 like Mac OS X) AppleWebKit/605.1.15 (KHTML, like Gecko) Version/13.0.3 Mobile/15E148 Safari/604.1"
43.157.82.252 - - [29/Jan/2026:07:49:41 -0500] "GET / HTTP/1.1" 200 140885 "http://www.baretube.com/filters?vr=true&ref=/search/livecum/page1.html" "Mozilla/5.0 (iPhone; CPU iPhone OS 13_2_3 like Mac OS X) AppleWebKit/605.1.15 (KHTML, like Gecko) Version/13.0.3 Mobile/15E148 Safari/604.1"
184.94.156.53 - - [29/Jan/2026:07:50:02 -0500] "GET / HTTP/1.1" 200 140861 "-" "curl/7.29.0"
114.119.138.33 - - [29/Jan/2026:07:51:00 -0500] "GET /channels/2/anal/ HTTP/1.1" 200 86948 "http://www.baretube.com/longest/page3.html" "Mozilla/5.0 (Linux; Android 7.0;) AppleWebKit/537.36 (KHTML, like Gecko) Mobile Safari/537.36 (compatible; PetalBot;+https://webmaster.petalsearch.com/site/petalbot)"
95.107.171.151 - - [29/Jan/2026:07:51:05 -0500] "GET /filters?ref=%2F&vr=true HTTP/1.1" 302 - "-" "Mozilla/5.0 (Windows NT 10.0; Win64; x64) AppleWebKit/537.36 (KHTML, like Gecko) Chrome/88.0.4324.43 Safari/537.36"
95.107.171.151 - - [29/Jan/2026:07:51:05 -0500] "GET / HTTP/1.1" 200 60264 "-" "Mozilla/5.0 (Windows NT 10.0; Win64; x64) AppleWebKit/537.36 (KHTML, like Gecko) Chrome/88.0.4324.43 Safari/537.36"
114.119.132.242 - - [29/Jan/2026:07:53:59 -0500] "GET /uploads-by-user/68/day HTTP/1.1" 404 34526 "http://baretube.com/filters?hd=true&ref=/uploads-by-user/68/" "Mozilla/5.0 (Linux; Android 7.0;) AppleWebKit/537.36 (KHTML, like Gecko) Mobile Safari/537.36 (compatible; PetalBot;+https://webmaster.petalsearch.com/site/petalbot)"
114.119.136.254 - - [29/Jan/2026:07:54:56 -0500] "GET /models/b/rating/ HTTP/1.1" 200 38524 "http://baretube.com/models/k/rating/" "Mozilla/5.0 (Linux; Android 7.0;) AppleWebKit/537.36 (KHTML, like Gecko) Mobile Safari/537.36 (compatible; PetalBot;+https://webmaster.petalsearch.com/site/petalbot)"
184.94.156.53 - - [29/Jan/2026:07:55:02 -0500] "GET / HTTP/1.1" 200 140861 "-" "curl/7.29.0"
100.28.133.214 - - [29/Jan/2026:07:55:40 -0500] "GET /filters?hd=true&ref=/models/a/ HTTP/1.1" 302 - "-" "Mozilla/5.0 AppleWebKit/537.36 (KHTML, like Gecko; compatible; Amazonbot/0.1; +https://developer.amazon.com/support/amazonbot) Chrome/119.0.6045.214 Safari/537.36"
54.235.191.179 - - [29/Jan/2026:07:56:47 -0500] "GET /filters?ref=/models/i/&vr=true HTTP/1.1" 302 - "-" "Mozilla/5.0 AppleWebKit/537.36 (KHTML, like Gecko; compatible; Amazonbot/0.1; +https://developer.amazon.com/support/amazonbot) Chrome/119.0.6045.214 Safari/537.36"
34.196.237.236 - - [29/Jan/2026:07:56:49 -0500] "GET /filters?ref=/models/c/&vr=true HTTP/1.1" 302 - "-" "Mozilla/5.0 AppleWebKit/537.36 (KHTML, like Gecko; compatible; Amazonbot/0.1; +https://developer.amazon.com/support/amazonbot) Chrome/119.0.6045.214 Safari/537.36"
57.129.139.103 - - [29/Jan/2026:07:57:43 -0500] "GET /search/analsex/rating/ HTTP/1.1" 200 45312 "-" "Mozilla/5.0 (Windows NT 10.0; Win64; x64) AppleWebKit/537.36 (KHTML, like Gecko) Chrome/139.0.0.0 Safari/537.36"
57.129.81.227 - - [29/Jan/2026:07:58:07 -0500] "GET /search/analsex/newest/ HTTP/1.1" 200 45309 "-" "Mozilla/5.0 (Windows NT 10.0; Win64; x64) AppleWebKit/537.36 (KHTML, like Gecko) Chrome/139.0.0.0 Safari/537.36"
124.156.225.181 - - [29/Jan/2026:07:59:50 -0500] "GET /filters?hd=false&ref=/search/Postselfie/page1.html HTTP/1.1" 302 - "-" "Mozilla/5.0 (iPhone; CPU iPhone OS 13_2_3 like Mac OS X) AppleWebKit/605.1.15 (KHTML, like Gecko) Version/13.0.3 Mobile/15E148 Safari/604.1"
114.119.150.32 - - [29/Jan/2026:07:59:51 -0500] "GET /filters?hd=false&ref=/uploads-by-user/23/ HTTP/1.1" 302 - "http://baretube.com/filters?hd=false&ref=/uploads-by-user/23/" "Mozilla/5.0 (Linux; Android 7.0;) AppleWebKit/537.36 (KHTML, like Gecko) Mobile Safari/537.36 (compatible; PetalBot;+https://webmaster.petalsearch.com/site/petalbot)"
114.119.150.32 - - [29/Jan/2026:07:59:52 -0500] "GET /filters?hd=false&ref=/uploads-by-user/23/ HTTP/1.1" 302 - "http://baretube.com/filters?hd=false&ref=/uploads-by-user/23/" "Mozilla/5.0 (Linux; Android 7.0;) AppleWebKit/537.36 (KHTML, like Gecko) Mobile Safari/537.36 (compatible; PetalBot;+https://webmaster.petalsearch.com/site/petalbot)"
114.119.150.32 - - [29/Jan/2026:07:59:52 -0500] "GET /filters?hd=false&ref=/uploads-by-user/23/ HTTP/1.1" 302 - "http://baretube.com/filters?hd=false&ref=/uploads-by-user/23/" "Mozilla/5.0 (Linux; Android 7.0;) AppleWebKit/537.36 (KHTML, like Gecko) Mobile Safari/537.36 (compatible; PetalBot;+https://webmaster.petalsearch.com/site/petalbot)"
124.156.225.181 - - [29/Jan/2026:07:59:52 -0500] "GET / HTTP/1.1" 200 140885 "http://www.baretube.com/filters?hd=false&ref=/search/Postselfie/page1.html" "Mozilla/5.0 (iPhone; CPU iPhone OS 13_2_3 like Mac OS X) AppleWebKit/605.1.15 (KHTML, like Gecko) Version/13.0.3 Mobile/15E148 Safari/604.1"
114.119.150.32 - - [29/Jan/2026:07:59:53 -0500] "GET /filters?hd=false&ref=/uploads-by-user/23/ HTTP/1.1" 302 - "http://baretube.com/filters?hd=false&ref=/uploads-by-user/23/" "Mozilla/5.0 (Linux; Android 7.0;) AppleWebKit/537.36 (KHTML, like Gecko) Mobile Safari/537.36 (compatible; PetalBot;+https://webmaster.petalsearch.com/site/petalbot)"
114.119.150.32 - - [29/Jan/2026:07:59:53 -0500] "GET /filters?hd=false&ref=/uploads-by-user/23/ HTTP/1.1" 302 - "http://baretube.com/filters?hd=false&ref=/uploads-by-user/23/" "Mozilla/5.0 (Linux; Android 7.0;) AppleWebKit/537.36 (KHTML, like Gecko) Mobile Safari/537.36 (compatible; PetalBot;+https://webmaster.petalsearch.com/site/petalbot)"
114.119.150.32 - - [29/Jan/2026:07:59:54 -0500] "GET /filters?hd=false&ref=/uploads-by-user/23/ HTTP/1.1" 302 - "http://baretube.com/filters?hd=false&ref=/uploads-by-user/23/" "Mozilla/5.0 (Linux; Android 7.0;) AppleWebKit/537.36 (KHTML, like Gecko) Mobile Safari/537.36 (compatible; PetalBot;+https://webmaster.petalsearch.com/site/petalbot)"
114.119.150.32 - - [29/Jan/2026:07:59:55 -0500] "GET /filters?hd=false&ref=/uploads-by-user/23/ HTTP/1.1" 302 - "http://baretube.com/filters?hd=false&ref=/uploads-by-user/23/" "Mozilla/5.0 (Linux; Android 7.0;) AppleWebKit/537.36 (KHTML, like Gecko) Mobile Safari/537.36 (compatible; PetalBot;+https://webmaster.petalsearch.com/site/petalbot)"
114.119.150.32 - - [29/Jan/2026:07:59:55 -0500] "GET /filters?hd=false&ref=/uploads-by-user/23/ HTTP/1.1" 302 - "http://baretube.com/filters?hd=false&ref=/uploads-by-user/23/" "Mozilla/5.0 (Linux; Android 7.0;) AppleWebKit/537.36 (KHTML, like Gecko) Mobile Safari/537.36 (compatible; PetalBot;+https://webmaster.petalsearch.com/site/petalbot)"
114.119.150.32 - - [29/Jan/2026:07:59:56 -0500] "GET /filters?hd=false&ref=/uploads-by-user/23/ HTTP/1.1" 302 - "http://baretube.com/filters?hd=false&ref=/uploads-by-user/23/" "Mozilla/5.0 (Linux; Android 7.0;) AppleWebKit/537.36 (KHTML, like Gecko) Mobile Safari/537.36 (compatible; PetalBot;+https://webmaster.petalsearch.com/site/petalbot)"
114.119.150.32 - - [29/Jan/2026:07:59:56 -0500] "GET /filters?hd=false&ref=/uploads-by-user/23/ HTTP/1.1" 302 - "http://baretube.com/filters?hd=false&ref=/uploads-by-user/23/" "Mozilla/5.0 (Linux; Android 7.0;) AppleWebKit/537.36 (KHTML, like Gecko) Mobile Safari/537.36 (compatible; PetalBot;+https://webmaster.petalsearch.com/site/petalbot)"
184.94.156.53 - - [29/Jan/2026:08:00:04 -0500] "GET / HTTP/1.1" 200 140861 "-" "curl/7.29.0"
114.119.150.32 - - [29/Jan/2026:08:00:50 -0500] "GET /filters?hd=false&ref=/search/sexy-toy/page1.html HTTP/1.1" 302 - "http://baretube.com/filters?hd=false&ref=/search/sexy-toy/page1.html" "Mozilla/5.0 (Linux; Android 7.0;) AppleWebKit/537.36 (KHTML, like Gecko) Mobile Safari/537.36 (compatible; PetalBot;+https://webmaster.petalsearch.com/site/petalbot)"
114.119.150.32 - - [29/Jan/2026:08:00:50 -0500] "GET /filters?hd=false&ref=/search/sexy-toy/page1.html HTTP/1.1" 302 - "http://baretube.com/filters?hd=false&ref=/search/sexy-toy/page1.html" "Mozilla/5.0 (Linux; Android 7.0;) AppleWebKit/537.36 (KHTML, like Gecko) Mobile Safari/537.36 (compatible; PetalBot;+https://webmaster.petalsearch.com/site/petalbot)"
114.119.150.32 - - [29/Jan/2026:08:00:51 -0500] "GET /filters?hd=false&ref=/search/sexy-toy/page1.html HTTP/1.1" 302 - "http://baretube.com/filters?hd=false&ref=/search/sexy-toy/page1.html" "Mozilla/5.0 (Linux; Android 7.0;) AppleWebKit/537.36 (KHTML, like Gecko) Mobile Safari/537.36 (compatible; PetalBot;+https://webmaster.petalsearch.com/site/petalbot)"
114.119.150.32 - - [29/Jan/2026:08:00:51 -0500] "GET /filters?hd=false&ref=/search/sexy-toy/page1.html HTTP/1.1" 302 - "http://baretube.com/filters?hd=false&ref=/search/sexy-toy/page1.html" "Mozilla/5.0 (Linux; Android 7.0;) AppleWebKit/537.36 (KHTML, like Gecko) Mobile Safari/537.36 (compatible; PetalBot;+https://webmaster.petalsearch.com/site/petalbot)"
114.119.150.32 - - [29/Jan/2026:08:00:52 -0500] "GET /filters?hd=false&ref=/search/sexy-toy/page1.html HTTP/1.1" 302 - "http://baretube.com/filters?hd=false&ref=/search/sexy-toy/page1.html" "Mozilla/5.0 (Linux; Android 7.0;) AppleWebKit/537.36 (KHTML, like Gecko) Mobile Safari/537.36 (compatible; PetalBot;+https://webmaster.petalsearch.com/site/petalbot)"
114.119.150.32 - - [29/Jan/2026:08:00:52 -0500] "GET /filters?hd=false&ref=/search/sexy-toy/page1.html HTTP/1.1" 302 - "http://baretube.com/filters?hd=false&ref=/search/sexy-toy/page1.html" "Mozilla/5.0 (Linux; Android 7.0;) AppleWebKit/537.36 (KHTML, like Gecko) Mobile Safari/537.36 (compatible; PetalBot;+https://webmaster.petalsearch.com/site/petalbot)"
114.119.150.32 - - [29/Jan/2026:08:00:53 -0500] "GET /filters?hd=false&ref=/search/sexy-toy/page1.html HTTP/1.1" 302 - "http://baretube.com/filters?hd=false&ref=/search/sexy-toy/page1.html" "Mozilla/5.0 (Linux; Android 7.0;) AppleWebKit/537.36 (KHTML, like Gecko) Mobile Safari/537.36 (compatible; PetalBot;+https://webmaster.petalsearch.com/site/petalbot)"
114.119.150.32 - - [29/Jan/2026:08:00:53 -0500] "GET /filters?hd=false&ref=/search/sexy-toy/page1.html HTTP/1.1" 302 - "http://baretube.com/filters?hd=false&ref=/search/sexy-toy/page1.html" "Mozilla/5.0 (Linux; Android 7.0;) AppleWebKit/537.36 (KHTML, like Gecko) Mobile Safari/537.36 (compatible; PetalBot;+https://webmaster.petalsearch.com/site/petalbot)"
114.119.150.32 - - [29/Jan/2026:08:00:54 -0500] "GET /filters?hd=false&ref=/search/sexy-toy/page1.html HTTP/1.1" 302 - "http://baretube.com/filters?hd=false&ref=/search/sexy-toy/page1.html" "Mozilla/5.0 (Linux; Android 7.0;) AppleWebKit/537.36 (KHTML, like Gecko) Mobile Safari/537.36 (compatible; PetalBot;+https://webmaster.petalsearch.com/site/petalbot)"
114.119.150.32 - - [29/Jan/2026:08:00:54 -0500] "GET /filters?hd=false&ref=/search/sexy-toy/page1.html HTTP/1.1" 302 - "http://baretube.com/filters?hd=false&ref=/search/sexy-toy/page1.html" "Mozilla/5.0 (Linux; Android 7.0;) AppleWebKit/537.36 (KHTML, like Gecko) Mobile Safari/537.36 (compatible; PetalBot;+https://webmaster.petalsearch.com/site/petalbot)"
191.191.63.124 - - [29/Jan/2026:08:01:02 -0500] "GET /page5.html HTTP/1.1" 200 109536 "-" "Mozilla/5.0 (Macintosh; Intel Mac OS X 10_15_7) AppleWebKit/537.36 (KHTML, like Gecko) Chrome/100.0.4896.147 Safari/537.36"
114.119.138.33 - - [29/Jan/2026:08:02:49 -0500] "GET /search/handsome-guys-cams/page9.html HTTP/1.1" 200 36097 "http://www.baretube.com/search/handsome-guys-cams/page9.html" "Mozilla/5.0 (Linux; Android 7.0;) AppleWebKit/537.36 (KHTML, like Gecko) Mobile Safari/537.36 (compatible; PetalBot;+https://webmaster.petalsearch.com/site/petalbot)"
114.119.136.254 - - [29/Jan/2026:08:03:47 -0500] "GET /models/a/ HTTP/1.1" 200 38310 "http://baretube.com/filters?hd=false&ref=/models/t/" "Mozilla/5.0 (Linux; Android 7.0;) AppleWebKit/537.36 (KHTML, like Gecko) Mobile Safari/537.36 (compatible; PetalBot;+https://webmaster.petalsearch.com/site/petalbot)"
114.119.131.11 - - [29/Jan/2026:08:04:47 -0500] "GET /filters?hd=false&ref=/channels/20/hardcore/page1.html HTTP/1.1" 302 - "http://baretube.com/channels/20/hardcore/page1.html" "Mozilla/5.0 (Linux; Android 7.0;) AppleWebKit/537.36 (KHTML, like Gecko) Mobile Safari/537.36 (compatible; PetalBot;+https://webmaster.petalsearch.com/site/petalbot)"
114.119.131.11 - - [29/Jan/2026:08:04:47 -0500] "GET /channels/20/hardcore/page1.html HTTP/1.1" 200 81139 "http://baretube.com/channels/20/hardcore/page1.html" "Mozilla/5.0 (Linux; Android 7.0;) AppleWebKit/537.36 (KHTML, like Gecko) Mobile Safari/537.36 (compatible; PetalBot;+https://webmaster.petalsearch.com/site/petalbot)"
184.94.156.53 - - [29/Jan/2026:08:05:02 -0500] "GET / HTTP/1.1" 200 140861 "-" "curl/7.29.0"
113.172.91.194 - - [29/Jan/2026:08:06:24 -0500] "GET /action.php?action=add_favorites&id=229 HTTP/1.1" 200 727 "-" "Mozilla/5.0 (Macintosh; Intel Mac OS X 10_13_5) AppleWebKit/537.36 (KHTML, like Gecko) Chrome/67.0.3396.87 Safari/537.36"
54.167.32.123 - - [29/Jan/2026:08:06:31 -0500] "GET /filters?hd=false&ref=/models/z/ HTTP/1.1" 302 - "-" "Mozilla/5.0 AppleWebKit/537.36 (KHTML, like Gecko; compatible; Amazonbot/0.1; +https://developer.amazon.com/support/amazonbot) Chrome/119.0.6045.214 Safari/537.36"
114.119.138.33 - - [29/Jan/2026:08:06:45 -0500] "GET /action.php?action=add_favorites&id=64 HTTP/1.1" 200 727 "http://baretube.com/most-discussed/page3.html" "Mozilla/5.0 (Linux; Android 7.0;) AppleWebKit/537.36 (KHTML, like Gecko) Mobile Safari/537.36 (compatible; PetalBot;+https://webmaster.petalsearch.com/site/petalbot)"
43.159.152.4 - - [29/Jan/2026:08:09:59 -0500] "GET /search/cams/newest/ HTTP/1.1" 200 47439 "-" "Mozilla/5.0 (iPhone; CPU iPhone OS 13_2_3 like Mac OS X) AppleWebKit/605.1.15 (KHTML, like Gecko) Version/13.0.3 Mobile/15E148 Safari/604.1"
184.94.156.53 - - [29/Jan/2026:08:10:02 -0500] "GET / HTTP/1.1" 200 140861 "-" "curl/7.29.0"
184.94.156.53 - - [29/Jan/2026:08:15:02 -0500] "GET / HTTP/1.1" 200 140861 "-" "curl/7.29.0"
184.94.156.53 - - [29/Jan/2026:08:20:02 -0500] "GET / HTTP/1.1" 200 140861 "-" "curl/7.29.0"
114.119.131.11 - - [29/Jan/2026:08:20:07 -0500] "GET /action.php?action=add_favorites&id=65 HTTP/1.1" 200 735 "http://www.baretube.com/video/two-hot-men-barebacking-91.html" "Mozilla/5.0 (Linux; Android 7.0;) AppleWebKit/537.36 (KHTML, like Gecko) Mobile Safari/537.36 (compatible; PetalBot;+https://webmaster.petalsearch.com/site/petalbot)"
43.173.177.39 - - [29/Jan/2026:08:22:26 -0500] "GET /filters?hd=true&ref=/search/Gay-Cumswapping/page1.html HTTP/1.1" 302 - "-" "Mozilla/5.0 (Windows NT 10.0; Win64; x64) AppleWebKit/537.36 (KHTML, like Gecko) Chrome/108.0.0.0 Safari/537.36"
43.173.177.39 - - [29/Jan/2026:08:22:27 -0500] "GET / HTTP/1.1" 200 140861 "http://www.baretube.com/filters?hd=true&ref=/search/Gay-Cumswapping/page1.html" "Mozilla/5.0 (Windows NT 10.0; Win64; x64) AppleWebKit/537.36 (KHTML, like Gecko) Chrome/108.0.0.0 Safari/537.36"
187.19.178.205 - - [29/Jan/2026:08:22:28 -0500] "GET /filters?hd=true&ref=%2Fvideo%2Faurora-helps-you-cum-40.html HTTP/1.1" 302 - "-" "Mozilla/5.0 (Windows NT 6.2; WOW64) AppleWebKit/537.14 (KHTML, like Gecko) Chrome/24.0.1292.0 Safari/537.14"
187.19.178.205 - - [29/Jan/2026:08:22:29 -0500] "GET / HTTP/1.1" 200 143577 "-" "Mozilla/5.0 (Windows NT 6.2; WOW64) AppleWebKit/537.14 (KHTML, like Gecko) Chrome/24.0.1292.0 Safari/537.14"
43.173.180.151 - - [29/Jan/2026:08:22:38 -0500] "GET /filters?hd=true&ref=/search/Gay-Cumswapping/page1.html HTTP/1.1" 302 - "-" "Mozilla/5.0 (Windows NT 10.0; Win64; x64) AppleWebKit/537.36 (KHTML, like Gecko) Chrome/110.0.0.0 Safari/537.36"
43.173.180.151 - - [29/Jan/2026:08:22:39 -0500] "GET / HTTP/1.1" 200 140861 "http://www.baretube.com/filters?hd=true&ref=/search/Gay-Cumswapping/page1.html" "Mozilla/5.0 (Windows NT 10.0; Win64; x64) AppleWebKit/537.36 (KHTML, like Gecko) Chrome/110.0.0.0 Safari/537.36"
222.254.212.98 - - [29/Jan/2026:08:22:43 -0500] "GET /filters?ref=%2Fvideo%2Fsexy-alluring-chick-shows-licking-toy-43.html&vr=true HTTP/1.1" 302 - "-" "Mozilla/5.0 (Macintosh; Intel Mac OS X 10_13_6) AppleWebKit/537.36 (KHTML, like Gecko) Chrome/73.0.3683.103 Safari/537.36"
222.254.212.98 - - [29/Jan/2026:08:22:43 -0500] "GET / HTTP/1.1" 200 60264 "-" "Mozilla/5.0 (Macintosh; Intel Mac OS X 10_13_6) AppleWebKit/537.36 (KHTML, like Gecko) Chrome/73.0.3683.103 Safari/537.36"
184.94.156.53 - - [29/Jan/2026:08:25:03 -0500] "GET / HTTP/1.1" 200 140861 "-" "curl/7.29.0"
5.102.173.71 - - [29/Jan/2026:08:28:15 -0500] "GET /search/manbuttered/page5.html HTTP/1.1" 200 35983 "-" "Mozilla/5.0 (compatible; MojeekBot/0.11; +https://www.mojeek.com/bot.html)"
186.192.107.20 - - [29/Jan/2026:08:29:05 -0500] "GET /page3.html HTTP/1.1" 200 108470 "-" "Mozilla/5.0 (Macintosh; Intel Mac OS X 10_16_0) AppleWebKit/537.36 (KHTML, like Gecko) Brave Chrome/80.0.3987.116 Safari/537.36"
184.94.156.53 - - [29/Jan/2026:08:30:02 -0500] "GET / HTTP/1.1" 200 140861 "-" "curl/7.29.0"
52.167.144.170 - - [29/Jan/2026:08:31:38 -0500] "GET /action.php?action=add_favorites&id=64 HTTP/1.1" 200 727 "-" "Mozilla/5.0 AppleWebKit/537.36 (KHTML, like Gecko; compatible; bingbot/2.0; +http://www.bing.com/bingbot.htm) Chrome/116.0.1938.76 Safari/537.36"
14.191.222.47 - - [29/Jan/2026:08:32:30 -0500] "GET /filters?hd=false&ref=%2Fvideo%2Fmy-first-dildo-experience-195.html HTTP/1.1" 302 - "-" "Mozilla/5.0 (Macintosh; Intel Mac OS X 10_15_4) AppleWebKit/537.36 (KHTML, like Gecko) Chrome/87.0.4280.88 Safari/537.36"
14.191.222.47 - - [29/Jan/2026:08:32:31 -0500] "GET / HTTP/1.1" 200 140137 "-" "Mozilla/5.0 (Macintosh; Intel Mac OS X 10_15_4) AppleWebKit/537.36 (KHTML, like Gecko) Chrome/87.0.4280.88 Safari/537.36"
114.119.138.33 - - [29/Jan/2026:08:34:33 -0500] "GET /search/dancing-shemale/page5.html HTTP/1.1" 200 36027 "http://www.baretube.com/search/dancing-shemale/page5.html" "Mozilla/5.0 (Linux; Android 7.0;) AppleWebKit/537.36 (KHTML, like Gecko) Mobile Safari/537.36 (compatible; PetalBot;+https://webmaster.petalsearch.com/site/petalbot)"
184.94.156.53 - - [29/Jan/2026:08:35:01 -0500] "GET / HTTP/1.1" 200 140861 "-" "curl/7.29.0"
114.119.144.88 - - [29/Jan/2026:08:35:31 -0500] "GET /user/barebackedchris-23/ HTTP/1.1" 200 52286 "http://baretube.com/members/page1.html" "Mozilla/5.0 (Linux; Android 7.0;) AppleWebKit/537.36 (KHTML, like Gecko) Mobile Safari/537.36 (compatible; PetalBot;+https://webmaster.petalsearch.com/site/petalbot)"
14.250.132.34 - - [29/Jan/2026:08:35:47 -0500] "GET /filters?hd=true&ref=%2Fvideo%2Fplaying-with-my-purple-toy-213.html HTTP/1.1" 302 - "-" "Mozilla/5.0 (Windows NT 6.1; Win64; x64) AppleWebKit/537.36 (KHTML, like Gecko) Chrome/92.0.4515.131 Safari/537.36"
14.250.132.34 - - [29/Jan/2026:08:35:47 -0500] "GET / HTTP/1.1" 200 142853 "-" "Mozilla/5.0 (Windows NT 6.1; Win64; x64) AppleWebKit/537.36 (KHTML, like Gecko) Chrome/92.0.4515.131 Safari/537.36"
114.119.144.88 - - [29/Jan/2026:08:36:30 -0500] "GET /filters?hd=false&ref=/search/Male-to-Male/page1.html HTTP/1.1" 302 - "http://baretube.com/filters?hd=true&ref=/search/Male-to-Male/page1.html" "Mozilla/5.0 (Linux; Android 7.0;) AppleWebKit/537.36 (KHTML, like Gecko) Mobile Safari/537.36 (compatible; PetalBot;+https://webmaster.petalsearch.com/site/petalbot)"
114.119.144.88 - - [29/Jan/2026:08:36:31 -0500] "GET /filters?hd=true&ref=/search/Male-to-Male/page1.html HTTP/1.1" 302 - "http://baretube.com/filters?hd=true&ref=/search/Male-to-Male/page1.html" "Mozilla/5.0 (Linux; Android 7.0;) AppleWebKit/537.36 (KHTML, like Gecko) Mobile Safari/537.36 (compatible; PetalBot;+https://webmaster.petalsearch.com/site/petalbot)"
114.119.144.88 - - [29/Jan/2026:08:36:32 -0500] "GET /filters?hd=true&ref=/search/Male-to-Male/page1.html HTTP/1.1" 302 - "http://baretube.com/filters?hd=true&ref=/search/Male-to-Male/page1.html" "Mozilla/5.0 (Linux; Android 7.0;) AppleWebKit/537.36 (KHTML, like Gecko) Mobile Safari/537.36 (compatible; PetalBot;+https://webmaster.petalsearch.com/site/petalbot)"
114.119.144.88 - - [29/Jan/2026:08:36:32 -0500] "GET /filters?hd=true&ref=/search/Male-to-Male/page1.html HTTP/1.1" 302 - "http://baretube.com/filters?hd=true&ref=/search/Male-to-Male/page1.html" "Mozilla/5.0 (Linux; Android 7.0;) AppleWebKit/537.36 (KHTML, like Gecko) Mobile Safari/537.36 (compatible; PetalBot;+https://webmaster.petalsearch.com/site/petalbot)"
114.119.144.88 - - [29/Jan/2026:08:36:33 -0500] "GET /filters?hd=true&ref=/search/Male-to-Male/page1.html HTTP/1.1" 302 - "http://baretube.com/filters?hd=true&ref=/search/Male-to-Male/page1.html" "Mozilla/5.0 (Linux; Android 7.0;) AppleWebKit/537.36 (KHTML, like Gecko) Mobile Safari/537.36 (compatible; PetalBot;+https://webmaster.petalsearch.com/site/petalbot)"
114.119.144.88 - - [29/Jan/2026:08:36:33 -0500] "GET /filters?hd=true&ref=/search/Male-to-Male/page1.html HTTP/1.1" 302 - "http://baretube.com/filters?hd=true&ref=/search/Male-to-Male/page1.html" "Mozilla/5.0 (Linux; Android 7.0;) AppleWebKit/537.36 (KHTML, like Gecko) Mobile Safari/537.36 (compatible; PetalBot;+https://webmaster.petalsearch.com/site/petalbot)"
114.119.144.88 - - [29/Jan/2026:08:36:34 -0500] "GET /filters?hd=true&ref=/search/Male-to-Male/page1.html HTTP/1.1" 302 - "http://baretube.com/filters?hd=true&ref=/search/Male-to-Male/page1.html" "Mozilla/5.0 (Linux; Android 7.0;) AppleWebKit/537.36 (KHTML, like Gecko) Mobile Safari/537.36 (compatible; PetalBot;+https://webmaster.petalsearch.com/site/petalbot)"
114.119.144.88 - - [29/Jan/2026:08:36:34 -0500] "GET /filters?hd=true&ref=/search/Male-to-Male/page1.html HTTP/1.1" 302 - "http://baretube.com/filters?hd=true&ref=/search/Male-to-Male/page1.html" "Mozilla/5.0 (Linux; Android 7.0;) AppleWebKit/537.36 (KHTML, like Gecko) Mobile Safari/537.36 (compatible; PetalBot;+https://webmaster.petalsearch.com/site/petalbot)"
