43.173.177.225 - - [30/Jan/2026:01:15:53 -0500] "GET /filters?hd=true&ref=/search/gay-jerkoff/newest/ HTTP/1.1" 302 - "-" "Mozilla/5.0 (Windows NT 10.0; Win64; x64) AppleWebKit/537.36 (KHTML, like Gecko) Chrome/131.0.0.0 Safari/537.36"
43.173.177.225 - - [30/Jan/2026:01:15:54 -0500] "GET / HTTP/1.1" 200 140591 "http://www.baretube.com/filters?hd=true&ref=/search/gay-jerkoff/newest/" "Mozilla/5.0 (Windows NT 10.0; Win64; x64) AppleWebKit/537.36 (KHTML, like Gecko) Chrome/131.0.0.0 Safari/537.36"
43.154.127.188 - - [30/Jan/2026:01:16:22 -0500] "GET / HTTP/1.1" 200 139891 "-" "Mozilla/5.0 (iPhone; CPU iPhone OS 13_2_3 like Mac OS X) AppleWebKit/605.1.15 (KHTML, like Gecko) Version/13.0.3 Mobile/15E148 Safari/604.1"
52.203.152.231 - - [30/Jan/2026:01:17:27 -0500] "GET /filters?hd=true&ref=/models/t/ HTTP/1.1" 302 - "-" "Mozilla/5.0 AppleWebKit/537.36 (KHTML, like Gecko; compatible; Amazonbot/0.1; +https://developer.amazon.com/support/amazonbot) Chrome/119.0.6045.214 Safari/537.36"
44.206.65.8 - - [30/Jan/2026:01:17:30 -0500] "GET /models/h/rating/ HTTP/1.1" 200 38524 "-" "Mozilla/5.0 AppleWebKit/537.36 (KHTML, like Gecko; compatible; Amazonbot/0.1; +https://developer.amazon.com/support/amazonbot) Chrome/119.0.6045.214 Safari/537.36"
18.204.152.114 - - [30/Jan/2026:01:17:34 -0500] "GET /models/l/rating/ HTTP/1.1" 200 38524 "-" "Mozilla/5.0 AppleWebKit/537.36 (KHTML, like Gecko; compatible; Amazonbot/0.1; +https://developer.amazon.com/support/amazonbot) Chrome/119.0.6045.214 Safari/537.36"
184.94.156.53 - - [30/Jan/2026:01:20:09 -0500] "GET / HTTP/1.1" 200 36826 "-" "curl/7.29.0"
197.185.172.10 - - [30/Jan/2026:01:22:09 -0500] "GET /filters?hd=false&ref=%2Fchannels%2F10%2Fgeneral%2Flongest%2F HTTP/1.1" 302 - "-" "Mozilla/5.0 (Macintosh; Intel Mac OS X 10_11_6) AppleWebKit/537.36 (KHTML, like Gecko) Brave Chrome/89.0.4389.72 Safari/537.36"
197.185.172.10 - - [30/Jan/2026:01:22:10 -0500] "GET / HTTP/1.1" 200 139867 "-" "Mozilla/5.0 (Macintosh; Intel Mac OS X 10_11_6) AppleWebKit/537.36 (KHTML, like Gecko) Brave Chrome/89.0.4389.72 Safari/537.36"
185.170.167.18 - - [30/Jan/2026:01:24:21 -0500] "GET /robots.txt HTTP/1.1" 200 243 "-" "Mozilla/5.0 (compatible; BacklinksExtendedBot)"
185.170.167.18 - - [30/Jan/2026:01:24:21 -0500] "GET /search/female/ HTTP/1.1" 200 42410 "-" "Mozilla/5.0 (compatible; BacklinksExtendedBot)"
154.255.48.135 - - [30/Jan/2026:01:24:28 -0500] "GET /user/barebackedmel-15/ HTTP/1.1" 200 56899 "-" "Mozilla/5.0 (Macintosh; Intel Mac OS X 10_15_4) AppleWebKit/537.36 (KHTML, like Gecko) Brave Chrome/84.0.4147.89 Safari/537.36"
184.94.156.53 - - [30/Jan/2026:01:25:03 -0500] "GET / HTTP/1.1" 200 140591 "-" "curl/7.29.0"
43.173.172.227 - - [30/Jan/2026:01:25:44 -0500] "GET /filters?hd=false&ref=/user/barebackedericjames-50/ HTTP/1.1" 302 - "-" "Mozilla/5.0 (Windows NT 10.0; Win64; x64) AppleWebKit/537.36 (KHTML, like Gecko) Chrome/117.0.0.0 Safari/537.36"
43.173.172.227 - - [30/Jan/2026:01:25:45 -0500] "GET / HTTP/1.1" 200 140591 "http://www.baretube.com/filters?hd=false&ref=/user/barebackedericjames-50/" "Mozilla/5.0 (Windows NT 10.0; Win64; x64) AppleWebKit/537.36 (KHTML, like Gecko) Chrome/117.0.0.0 Safari/537.36"
43.173.175.234 - - [30/Jan/2026:01:25:59 -0500] "GET /filters?hd=false&ref=/user/barebackedericjames-50/ HTTP/1.1" 302 - "-" "Mozilla/5.0 (Windows NT 10.0; Win64; x64) AppleWebKit/537.36 (KHTML, like Gecko) Chrome/107.0.0.0 Safari/537.36"
43.173.175.234 - - [30/Jan/2026:01:26:00 -0500] "GET / HTTP/1.1" 200 140591 "http://www.baretube.com/filters?hd=false&ref=/user/barebackedericjames-50/" "Mozilla/5.0 (Windows NT 10.0; Win64; x64) AppleWebKit/537.36 (KHTML, like Gecko) Chrome/107.0.0.0 Safari/537.36"
114.119.136.254 - - [30/Jan/2026:01:27:13 -0500] "GET /search/jacking-cock-masturbation-webcam-stroking-jerking-dick-hunk-muscular/views/page1.html HTTP/1.1" 200 84110 "http://www.baretube.com/search/jacking-cock-masturbation-webcam-stroking-jerking-dick-hunk-muscular/views/page1.html" "Mozilla/5.0 (Linux; Android 7.0;) AppleWebKit/537.36 (KHTML, like Gecko) Mobile Safari/537.36 (compatible; PetalBot;+https://webmaster.petalsearch.com/site/petalbot)"
192.133.77.14 - - [30/Jan/2026:01:27:56 -0500] "GET /robots.txt HTTP/1.1" 200 243 "-" "Twitterbot/1.0"
192.133.77.14 - - [30/Jan/2026:01:27:56 -0500] "GET / HTTP/1.1" 200 140591 "-" "Twitterbot/1.0"
114.119.150.32 - - [30/Jan/2026:01:28:20 -0500] "GET /search/tranny-playing-cock/views/page1.html HTTP/1.1" 200 84272 "http://www.baretube.com/search/tranny-playing-cock/views/page1.html" "Mozilla/5.0 (Linux; Android 7.0;) AppleWebKit/537.36 (KHTML, like Gecko) Mobile Safari/537.36 (compatible; PetalBot;+https://webmaster.petalsearch.com/site/petalbot)"
114.119.132.242 - - [30/Jan/2026:01:29:29 -0500] "GET /video/hot-babe-demonstrate-masturbations-106.html HTTP/1.1" 200 80737 "http://baretube.com/most-viewed/page4.html" "Mozilla/5.0 (Linux; Android 7.0;) AppleWebKit/537.36 (KHTML, like Gecko) Mobile Safari/537.36 (compatible; PetalBot;+https://webmaster.petalsearch.com/site/petalbot)"
184.94.156.53 - - [30/Jan/2026:01:30:03 -0500] "GET / HTTP/1.1" 200 140574 "-" "curl/7.29.0"
128.1.194.4 - - [30/Jan/2026:01:30:06 -0500] "POST / HTTP/1.1" 200 140574 "-" "-"
128.1.194.4 - - [30/Jan/2026:01:30:06 -0500] "POST / HTTP/1.1" 200 140574 "-" "-"
114.119.132.242 - - [30/Jan/2026:01:30:36 -0500] "GET /uploads-by-user/12/ HTTP/1.1" 200 65533 "http://baretube.com/filters?hd=false&ref=/uploads-by-user/12/day/" "Mozilla/5.0 (Linux; Android 7.0;) AppleWebKit/537.36 (KHTML, like Gecko) Mobile Safari/537.36 (compatible; PetalBot;+https://webmaster.petalsearch.com/site/petalbot)"
85.208.96.198 - - [30/Jan/2026:01:31:38 -0500] "GET /robots.txt HTTP/1.1" 403 - "-" "Mozilla/5.0 (compatible; SemrushBot/7~bl; +http://www.semrush.com/bot.html)"
85.208.96.202 - - [30/Jan/2026:01:31:38 -0500] "GET /channels/17/interracial/rating/ HTTP/1.1" 403 - "-" "Mozilla/5.0 (compatible; SemrushBot/7~bl; +http://www.semrush.com/bot.html)"
114.119.138.33 - - [30/Jan/2026:01:31:43 -0500] "GET /filters?hd=true&ref=/channels/40/japanese-gay/views/ HTTP/1.1" 302 - "http://baretube.com/filters?hd=false&ref=/channels/40/japanese-gay/views/" "Mozilla/5.0 (Linux; Android 7.0;) AppleWebKit/537.36 (KHTML, like Gecko) Mobile Safari/537.36 (compatible; PetalBot;+https://webmaster.petalsearch.com/site/petalbot)"
114.119.138.33 - - [30/Jan/2026:01:31:44 -0500] "GET /filters?hd=false&ref=/channels/40/japanese-gay/views/ HTTP/1.1" 302 - "http://baretube.com/filters?hd=false&ref=/channels/40/japanese-gay/views/" "Mozilla/5.0 (Linux; Android 7.0;) AppleWebKit/537.36 (KHTML, like Gecko) Mobile Safari/537.36 (compatible; PetalBot;+https://webmaster.petalsearch.com/site/petalbot)"
114.119.138.33 - - [30/Jan/2026:01:31:44 -0500] "GET /filters?hd=false&ref=/channels/40/japanese-gay/views/ HTTP/1.1" 302 - "http://baretube.com/filters?hd=false&ref=/channels/40/japanese-gay/views/" "Mozilla/5.0 (Linux; Android 7.0;) AppleWebKit/537.36 (KHTML, like Gecko) Mobile Safari/537.36 (compatible; PetalBot;+https://webmaster.petalsearch.com/site/petalbot)"
114.119.138.33 - - [30/Jan/2026:01:31:45 -0500] "GET /filters?hd=false&ref=/channels/40/japanese-gay/views/ HTTP/1.1" 302 - "http://baretube.com/filters?hd=false&ref=/channels/40/japanese-gay/views/" "Mozilla/5.0 (Linux; Android 7.0;) AppleWebKit/537.36 (KHTML, like Gecko) Mobile Safari/537.36 (compatible; PetalBot;+https://webmaster.petalsearch.com/site/petalbot)"
114.119.138.33 - - [30/Jan/2026:01:31:45 -0500] "GET /filters?hd=false&ref=/channels/40/japanese-gay/views/ HTTP/1.1" 302 - "http://baretube.com/filters?hd=false&ref=/channels/40/japanese-gay/views/" "Mozilla/5.0 (Linux; Android 7.0;) AppleWebKit/537.36 (KHTML, like Gecko) Mobile Safari/537.36 (compatible; PetalBot;+https://webmaster.petalsearch.com/site/petalbot)"
114.119.138.33 - - [30/Jan/2026:01:31:46 -0500] "GET /filters?hd=false&ref=/channels/40/japanese-gay/views/ HTTP/1.1" 302 - "http://baretube.com/filters?hd=false&ref=/channels/40/japanese-gay/views/" "Mozilla/5.0 (Linux; Android 7.0;) AppleWebKit/537.36 (KHTML, like Gecko) Mobile Safari/537.36 (compatible; PetalBot;+https://webmaster.petalsearch.com/site/petalbot)"
114.119.138.33 - - [30/Jan/2026:01:31:46 -0500] "GET /filters?hd=false&ref=/channels/40/japanese-gay/views/ HTTP/1.1" 302 - "http://baretube.com/filters?hd=false&ref=/channels/40/japanese-gay/views/" "Mozilla/5.0 (Linux; Android 7.0;) AppleWebKit/537.36 (KHTML, like Gecko) Mobile Safari/537.36 (compatible; PetalBot;+https://webmaster.petalsearch.com/site/petalbot)"
114.119.138.33 - - [30/Jan/2026:01:31:47 -0500] "GET /filters?hd=false&ref=/channels/40/japanese-gay/views/ HTTP/1.1" 302 - "http://baretube.com/filters?hd=false&ref=/channels/40/japanese-gay/views/" "Mozilla/5.0 (Linux; Android 7.0;) AppleWebKit/537.36 (KHTML, like Gecko) Mobile Safari/537.36 (compatible; PetalBot;+https://webmaster.petalsearch.com/site/petalbot)"
114.119.138.33 - - [30/Jan/2026:01:31:47 -0500] "GET /filters?hd=false&ref=/channels/40/japanese-gay/views/ HTTP/1.1" 302 - "http://baretube.com/filters?hd=false&ref=/channels/40/japanese-gay/views/" "Mozilla/5.0 (Linux; Android 7.0;) AppleWebKit/537.36 (KHTML, like Gecko) Mobile Safari/537.36 (compatible; PetalBot;+https://webmaster.petalsearch.com/site/petalbot)"
114.119.138.33 - - [30/Jan/2026:01:31:48 -0500] "GET /filters?hd=false&ref=/channels/40/japanese-gay/views/ HTTP/1.1" 302 - "http://baretube.com/filters?hd=false&ref=/channels/40/japanese-gay/views/" "Mozilla/5.0 (Linux; Android 7.0;) AppleWebKit/537.36 (KHTML, like Gecko) Mobile Safari/537.36 (compatible; PetalBot;+https://webmaster.petalsearch.com/site/petalbot)"
114.119.150.32 - - [30/Jan/2026:01:33:58 -0500] "GET /filters?hd=false&ref=/uploads-by-user/74/month/ HTTP/1.1" 302 - "http://baretube.com/uploads-by-user/74/month/" "Mozilla/5.0 (Linux; Android 7.0;) AppleWebKit/537.36 (KHTML, like Gecko) Mobile Safari/537.36 (compatible; PetalBot;+https://webmaster.petalsearch.com/site/petalbot)"
114.119.150.32 - - [30/Jan/2026:01:33:59 -0500] "GET /uploads-by-user/74/month/ HTTP/1.1" 200 61066 "http://baretube.com/uploads-by-user/74/month/" "Mozilla/5.0 (Linux; Android 7.0;) AppleWebKit/537.36 (KHTML, like Gecko) Mobile Safari/537.36 (compatible; PetalBot;+https://webmaster.petalsearch.com/site/petalbot)"
123.22.153.231 - - [30/Jan/2026:01:34:08 -0500] "GET /filters?ref=%2Fphotos%2Fmost-discussed%2F&vr=true HTTP/1.1" 302 - "-" "Mozilla/5.0 (X11; CrOS i686 3912.101.0) AppleWebKit/537.36 (KHTML, like Gecko) Chrome/27.0.1453.116 Safari/537.36"
123.22.153.231 - - [30/Jan/2026:01:34:09 -0500] "GET / HTTP/1.1" 200 60264 "-" "Mozilla/5.0 (X11; CrOS i686 3912.101.0) AppleWebKit/537.36 (KHTML, like Gecko) Chrome/27.0.1453.116 Safari/537.36"
222.252.177.7 - - [30/Jan/2026:01:34:24 -0500] "GET /video/bareback-wild-gay-couple-73.html HTTP/1.1" 200 82502 "-" "Mozilla/5.0 (Windows NT 6.1; Win64; x64) AppleWebKit/537.36 (KHTML, like Gecko) Chrome/101.0.0.0 Safari/537.36"
184.94.156.53 - - [30/Jan/2026:01:35:02 -0500] "GET / HTTP/1.1" 200 140574 "-" "curl/7.29.0"
114.119.150.32 - - [30/Jan/2026:01:35:06 -0500] "GET /channels/21/latino/rating/ HTTP/1.1" 200 62659 "http://baretube.com/filters?hd=true&ref=/channels/21/latino/views/" "Mozilla/5.0 (Linux; Android 7.0;) AppleWebKit/537.36 (KHTML, like Gecko) Mobile Safari/537.36 (compatible; PetalBot;+https://webmaster.petalsearch.com/site/petalbot)"
114.119.136.254 - - [30/Jan/2026:01:36:14 -0500] "GET /filters?hd=false&ref=/search/Blond/page1.html HTTP/1.1" 302 - "http://baretube.com/filters?hd=false&ref=/search/Blond/page1.html" "Mozilla/5.0 (Linux; Android 7.0;) AppleWebKit/537.36 (KHTML, like Gecko) Mobile Safari/537.36 (compatible; PetalBot;+https://webmaster.petalsearch.com/site/petalbot)"
114.119.136.254 - - [30/Jan/2026:01:36:15 -0500] "GET /filters?hd=false&ref=/search/Blond/page1.html HTTP/1.1" 302 - "http://baretube.com/filters?hd=false&ref=/search/Blond/page1.html" "Mozilla/5.0 (Linux; Android 7.0;) AppleWebKit/537.36 (KHTML, like Gecko) Mobile Safari/537.36 (compatible; PetalBot;+https://webmaster.petalsearch.com/site/petalbot)"
114.119.136.254 - - [30/Jan/2026:01:36:16 -0500] "GET /filters?hd=false&ref=/search/Blond/page1.html HTTP/1.1" 302 - "http://baretube.com/filters?hd=false&ref=/search/Blond/page1.html" "Mozilla/5.0 (Linux; Android 7.0;) AppleWebKit/537.36 (KHTML, like Gecko) Mobile Safari/537.36 (compatible; PetalBot;+https://webmaster.petalsearch.com/site/petalbot)"
114.119.136.254 - - [30/Jan/2026:01:36:17 -0500] "GET /filters?hd=false&ref=/search/Blond/page1.html HTTP/1.1" 302 - "http://baretube.com/filters?hd=false&ref=/search/Blond/page1.html" "Mozilla/5.0 (Linux; Android 7.0;) AppleWebKit/537.36 (KHTML, like Gecko) Mobile Safari/537.36 (compatible; PetalBot;+https://webmaster.petalsearch.com/site/petalbot)"
114.119.136.254 - - [30/Jan/2026:01:36:17 -0500] "GET /filters?hd=false&ref=/search/Blond/page1.html HTTP/1.1" 302 - "http://baretube.com/filters?hd=false&ref=/search/Blond/page1.html" "Mozilla/5.0 (Linux; Android 7.0;) AppleWebKit/537.36 (KHTML, like Gecko) Mobile Safari/537.36 (compatible; PetalBot;+https://webmaster.petalsearch.com/site/petalbot)"
114.119.136.254 - - [30/Jan/2026:01:36:17 -0500] "GET /filters?hd=false&ref=/search/Blond/page1.html HTTP/1.1" 302 - "http://baretube.com/filters?hd=false&ref=/search/Blond/page1.html" "Mozilla/5.0 (Linux; Android 7.0;) AppleWebKit/537.36 (KHTML, like Gecko) Mobile Safari/537.36 (compatible; PetalBot;+https://webmaster.petalsearch.com/site/petalbot)"
114.119.136.254 - - [30/Jan/2026:01:36:18 -0500] "GET /filters?hd=false&ref=/search/Blond/page1.html HTTP/1.1" 302 - "http://baretube.com/filters?hd=false&ref=/search/Blond/page1.html" "Mozilla/5.0 (Linux; Android 7.0;) AppleWebKit/537.36 (KHTML, like Gecko) Mobile Safari/537.36 (compatible; PetalBot;+https://webmaster.petalsearch.com/site/petalbot)"
114.119.136.254 - - [30/Jan/2026:01:36:18 -0500] "GET /filters?hd=false&ref=/search/Blond/page1.html HTTP/1.1" 302 - "http://baretube.com/filters?hd=false&ref=/search/Blond/page1.html" "Mozilla/5.0 (Linux; Android 7.0;) AppleWebKit/537.36 (KHTML, like Gecko) Mobile Safari/537.36 (compatible; PetalBot;+https://webmaster.petalsearch.com/site/petalbot)"
114.119.136.254 - - [30/Jan/2026:01:36:19 -0500] "GET /filters?hd=false&ref=/search/Blond/page1.html HTTP/1.1" 302 - "http://baretube.com/filters?hd=false&ref=/search/Blond/page1.html" "Mozilla/5.0 (Linux; Android 7.0;) AppleWebKit/537.36 (KHTML, like Gecko) Mobile Safari/537.36 (compatible; PetalBot;+https://webmaster.petalsearch.com/site/petalbot)"
114.119.136.254 - - [30/Jan/2026:01:36:19 -0500] "GET /filters?hd=false&ref=/search/Blond/page1.html HTTP/1.1" 302 - "http://baretube.com/filters?hd=false&ref=/search/Blond/page1.html" "Mozilla/5.0 (Linux; Android 7.0;) AppleWebKit/537.36 (KHTML, like Gecko) Mobile Safari/537.36 (compatible; PetalBot;+https://webmaster.petalsearch.com/site/petalbot)"
114.119.150.32 - - [30/Jan/2026:01:37:22 -0500] "GET /action.php?action=reportVideo&id=64 HTTP/1.1" 200 3601 "http://baretube.com/video/blondie-hottie-blowjob-master-64.html" "Mozilla/5.0 (Linux; Android 7.0;) AppleWebKit/537.36 (KHTML, like Gecko) Mobile Safari/537.36 (compatible; PetalBot;+https://webmaster.petalsearch.com/site/petalbot)"
220.181.108.157 - - [30/Jan/2026:01:38:31 -0500] "GET /videos/horny-hot-latino-gay-fucking-tight-ass--9654.html HTTP/1.1" 403 - "-" "Mozilla/5.0 (compatible; Baiduspider/2.0; +http://www.baidu.com/search/spider.html)"
220.181.51.116 - - [30/Jan/2026:01:38:32 -0500] "GET /videos/horny-hot-latino-gay-fucking-tight-ass--9654.html HTTP/1.1" 404 34894 "-" "Mozilla/5.0 (Windows NT 10.0; WOW64) AppleWebKit/537.36 (KHTML, like Gecko) Chrome/48.0.2564.116 Safari/537.36"
116.179.33.137 - - [30/Jan/2026:01:38:34 -0500] "GET /videos/horny-hot-latino-gay-fucking-tight-ass--9654.html HTTP/1.1" 404 34894 "-" "Mozilla/5.0 (Windows NT 10.0; Win64; x64) AppleWebKit/537.36 (KHTML, like Gecko) Chrome/99.0.4844.51 Safari/537.36"
184.94.156.53 - - [30/Jan/2026:01:40:03 -0500] "GET / HTTP/1.1" 200 140574 "-" "curl/7.29.0"
178.20.44.82 - - [30/Jan/2026:01:40:09 -0500] "GET /signup.php HTTP/1.1" 200 1534 "http://baretube.com/signup.php" "Mozilla/5.0 (Windows NT 10.0; Win64; x64) AppleWebKit/537.36 (KHTML, like Gecko) Chrome/129.0.0.0 Safari/537.36"
178.20.44.82 - - [30/Jan/2026:01:40:09 -0500] "GET /captcha.php HTTP/1.1" 200 5278 "http://baretube.com/signup.php" "Mozilla/5.0 (Windows NT 10.0; Win64; x64) AppleWebKit/537.36 (KHTML, like Gecko) Chrome/129.0.0.0 Safari/537.36"
178.20.44.82 - - [30/Jan/2026:01:40:10 -0500] "GET /captcha.php HTTP/1.1" 200 5953 "http://baretube.com/signup.php" "Mozilla/5.0 (Windows NT 10.0; Win64; x64) AppleWebKit/537.36 (KHTML, like Gecko) Chrome/129.0.0.0 Safari/537.36"
178.20.44.82 - - [30/Jan/2026:01:40:10 -0500] "GET /captcha.php HTTP/1.1" 200 6059 "http://baretube.com/signup.php" "Mozilla/5.0 (Windows NT 10.0; Win64; x64) AppleWebKit/537.36 (KHTML, like Gecko) Chrome/129.0.0.0 Safari/537.36"
178.20.44.82 - - [30/Jan/2026:01:40:11 -0500] "GET /captcha.php HTTP/1.1" 200 5918 "http://baretube.com/signup.php" "Mozilla/5.0 (Windows NT 10.0; Win64; x64) AppleWebKit/537.36 (KHTML, like Gecko) Chrome/129.0.0.0 Safari/537.36"
38.54.17.33 - - [30/Jan/2026:01:43:36 -0500] "GET / HTTP/1.1" 200 139850 "-" "Mozilla/5.0 (X11; Linux x86_64) AppleWebKit/537.36 (KHTML, like Gecko) Chrome/131.0.0.0 Safari/537.36"
123.28.5.250 - - [30/Jan/2026:01:44:29 -0500] "GET /filters?hd=false&ref=%2Fvideo%2Faurora-seduce-her-viewers-by-playing-her-dildo-29.html HTTP/1.1" 302 - "-" "Mozilla/5.0 (Windows NT 6.1) AppleWebKit/537.36 (KHTML, like Gecko) Chrome/88.0.4324.104 Safari/537.36"
123.28.5.250 - - [30/Jan/2026:01:44:29 -0500] "GET / HTTP/1.1" 200 140574 "-" "Mozilla/5.0 (Windows NT 6.1) AppleWebKit/537.36 (KHTML, like Gecko) Chrome/88.0.4324.104 Safari/537.36"
40.77.167.13 - - [30/Jan/2026:01:44:36 -0500] "GET /channels/11/daddies/longest/ HTTP/1.1" 200 70039 "-" "Mozilla/5.0 AppleWebKit/537.36 (KHTML, like Gecko; compatible; bingbot/2.0; +http://www.bing.com/bingbot.htm) Chrome/116.0.1938.76 Safari/537.36"
184.94.156.53 - - [30/Jan/2026:01:45:02 -0500] "GET / HTTP/1.1" 200 140574 "-" "curl/7.29.0"
184.94.156.53 - - [30/Jan/2026:01:50:02 -0500] "GET / HTTP/1.1" 200 140574 "-" "curl/7.29.0"
49.51.52.250 - - [30/Jan/2026:01:50:41 -0500] "GET /action.php?action=add_favorites&id=103 HTTP/1.1" 200 727 "-" "Mozilla/5.0 (iPhone; CPU iPhone OS 13_2_3 like Mac OS X) AppleWebKit/605.1.15 (KHTML, like Gecko) Version/13.0.3 Mobile/15E148 Safari/604.1"
184.94.156.53 - - [30/Jan/2026:01:55:03 -0500] "GET / HTTP/1.1" 200 140574 "-" "curl/7.29.0"
18.214.251.19 - - [30/Jan/2026:01:55:39 -0500] "GET /vr/month/ HTTP/1.1" 200 60893 "-" "Mozilla/5.0 AppleWebKit/537.36 (KHTML, like Gecko; compatible; Amazonbot/0.1; +https://developer.amazon.com/support/amazonbot) Chrome/119.0.6045.214 Safari/537.36"
52.3.104.214 - - [30/Jan/2026:01:55:44 -0500] "GET /filters?hd=true&ref=/models/q/ HTTP/1.1" 302 - "-" "Mozilla/5.0 AppleWebKit/537.36 (KHTML, like Gecko; compatible; Amazonbot/0.1; +https://developer.amazon.com/support/amazonbot) Chrome/119.0.6045.214 Safari/537.36"
3.219.81.66 - - [30/Jan/2026:01:55:47 -0500] "GET /models/r/rating/ HTTP/1.1" 200 38524 "-" "Mozilla/5.0 AppleWebKit/537.36 (KHTML, like Gecko; compatible; Amazonbot/0.1; +https://developer.amazon.com/support/amazonbot) Chrome/119.0.6045.214 Safari/537.36"
52.167.144.138 - - [30/Jan/2026:01:58:24 -0500] "GET /filters?hd=false&ref=/search/russian-blonde-webcam-babes-sexy-cam-girls-ukranian-blond-teen-solo-girls-booty-shake-lingerie-vibrator-dildo-masturbation-squirt-wet-pussy-multiple-squirt-webcams/page2.html HTTP/1.1" 302 - "-" "Mozilla/5.0 AppleWebKit/537.36 (KHTML, like Gecko; compatible; bingbot/2.0; +http://www.bing.com/bingbot.htm) Chrome/116.0.1938.76 Safari/537.36"
52.167.144.138 - - [30/Jan/2026:01:58:25 -0500] "GET / HTTP/1.1" 200 139850 "-" "Mozilla/5.0 AppleWebKit/537.36 (KHTML, like Gecko; compatible; bingbot/2.0; +http://www.bing.com/bingbot.htm) Chrome/116.0.1938.76 Safari/537.36"
114.119.138.33 - - [30/Jan/2026:01:58:28 -0500] "GET /search/tranny-cams-Asian-TS-Cams-busty-tranny-ts-tubes-pretty-tranny-cumshot-transexual-masturbation-big-cock-shemale-self-sucking-TS-tubes-shemale-webcams-lady-boy-monster-cock/newest/page3.html HTTP/1.1" 200 67404 "http://www.baretube.com/search/tranny-cams-Asian-TS-Cams-busty-tranny-ts-tubes-pretty-tranny-cumshot-transexual-masturbation-big-cock-shemale-self-sucking-TS-tubes-shemale-webcams-lady-boy-monster-cock/newest/page3.html" "Mozilla/5.0 (Linux; Android 7.0;) AppleWebKit/537.36 (KHTML, like Gecko) Mobile Safari/537.36 (compatible; PetalBot;+https://webmaster.petalsearch.com/site/petalbot)"
43.164.197.224 - - [30/Jan/2026:01:59:14 -0500] "GET /templates/default_tube2018/js/manifest.json HTTP/1.1" 404 34610 "-" "Mozilla/5.0 (iPhone; CPU iPhone OS 13_2_3 like Mac OS X) AppleWebKit/605.1.15 (KHTML, like Gecko) Version/13.0.3 Mobile/15E148 Safari/604.1"
184.94.156.53 - - [30/Jan/2026:02:00:04 -0500] "GET / HTTP/1.1" 200 140574 "-" "curl/7.29.0"
47.128.121.92 - - [30/Jan/2026:02:00:40 -0500] "GET /photos/most-viewed/ HTTP/1.1" 200 61523 "-" "Mozilla/5.0 (Linux; Android 5.0) AppleWebKit/537.36 (KHTML, like Gecko) Mobile Safari/537.36 (compatible; TikTokSpider; ttspider-feedback@tiktok.com)"
114.119.138.33 - - [30/Jan/2026:02:00:42 -0500] "GET /channels/22/hunks/ HTTP/1.1" 200 63090 "http://www.baretube.com/uploads-by-user/12/" "Mozilla/5.0 (Linux; Android 7.0;) AppleWebKit/537.36 (KHTML, like Gecko) Mobile Safari/537.36 (compatible; PetalBot;+https://webmaster.petalsearch.com/site/petalbot)"
103.134.219.175 - - [30/Jan/2026:02:00:44 -0500] "GET /video/horny-gay-stud-barebacked-and-ass-cumshot-111.html HTTP/1.1" 200 82258 "-" "Mozilla/5.0 (Macintosh; Intel Mac OS X 10_13_6) AppleWebKit/537.36 (KHTML, like Gecko) Chrome/89.0.4389.114 Safari/537.36"
114.119.132.242 - - [30/Jan/2026:02:02:58 -0500] "GET /video/pretty-blonde-dildo-sucking-22.html HTTP/1.1" 200 56300 "http://www.baretube.com/video/sexy-blonde-is-doing-a-hand-job-show-27.html" "Mozilla/5.0 (Linux; Android 7.0;) AppleWebKit/537.36 (KHTML, like Gecko) Mobile Safari/537.36 (compatible; PetalBot;+https://webmaster.petalsearch.com/site/petalbot)"
47.128.122.101 - - [30/Jan/2026:02:04:21 -0500] "GET /robots.txt HTTP/1.1" 200 243 "-" "-"
184.94.156.53 - - [30/Jan/2026:02:05:02 -0500] "GET / HTTP/1.1" 200 140560 "-" "curl/7.29.0"
114.119.144.88 - - [30/Jan/2026:02:05:13 -0500] "GET /uploads-by-user/57/ HTTP/1.1" 200 61498 "http://www.baretube.com/filters?vr=true&ref=/user/-57/" "Mozilla/5.0 (Linux; Android 7.0;) AppleWebKit/537.36 (KHTML, like Gecko) Mobile Safari/537.36 (compatible; PetalBot;+https://webmaster.petalsearch.com/site/petalbot)"
177.241.174.171 - - [30/Jan/2026:02:06:00 -0500] "GET /filters?ref=%2Fvideo%2Fhot-girl-playing-with-sex-toy-233.html&vr=true HTTP/1.1" 302 - "-" "Mozilla/5.0 (Macintosh; Intel Mac OS X 10_10_5) AppleWebKit/537.36 (KHTML, like Gecko) Chrome/87.0.4280.88 Safari/537.36"
177.241.174.171 - - [30/Jan/2026:02:06:00 -0500] "GET / HTTP/1.1" 200 60716 "-" "Mozilla/5.0 (Macintosh; Intel Mac OS X 10_10_5) AppleWebKit/537.36 (KHTML, like Gecko) Chrome/87.0.4280.88 Safari/537.36"
114.119.136.254 - - [30/Jan/2026:02:06:20 -0500] "GET /search/dildo-anal-tranny-shemale-ass-booty-ladyboy-tranvestite-webcam-solo-amateur/rating/page2.html HTTP/1.1" 200 84344 "http://www.baretube.com/search/dildo-anal-tranny-shemale-ass-booty-ladyboy-tranvestite-webcam-solo-amateur/rating/page2.html" "Mozilla/5.0 (Linux; Android 7.0;) AppleWebKit/537.36 (KHTML, like Gecko) Mobile Safari/537.36 (compatible; PetalBot;+https://webmaster.petalsearch.com/site/petalbot)"
114.119.138.33 - - [30/Jan/2026:02:07:27 -0500] "GET /video/hot-gay-sex-by-the-beach-8.html HTTP/1.1" 200 55648 "http://baretube.com/filters?hd=false&ref=/most-recent/page5.html" "Mozilla/5.0 (Linux; Android 7.0;) AppleWebKit/537.36 (KHTML, like Gecko) Mobile Safari/537.36 (compatible; PetalBot;+https://webmaster.petalsearch.com/site/petalbot)"
114.119.132.242 - - [30/Jan/2026:02:09:43 -0500] "GET /search/tranny-ass-booty-masturbate-shemale-gay-homo-tranvestite/views/ HTTP/1.1" 200 52299 "http://www.baretube.com/filters?vr=true&ref=/search/tranny-ass-booty-masturbate-shemale-gay-homo-tranvestite/page2.html" "Mozilla/5.0 (Linux; Android 7.0;) AppleWebKit/537.36 (KHTML, like Gecko) Mobile Safari/537.36 (compatible; PetalBot;+https://webmaster.petalsearch.com/site/petalbot)"
5.102.173.71 - - [30/Jan/2026:02:10:01 -0500] "GET /robots.txt HTTP/1.1" 200 243 "-" "Mozilla/5.0 (compatible; MojeekBot/0.11; +https://www.mojeek.com/bot.html)"
5.102.173.71 - - [30/Jan/2026:02:10:01 -0500] "GET /search/outdoor-sex/newest/ HTTP/1.1" 200 40673 "-" "Mozilla/5.0 (compatible; MojeekBot/0.11; +https://www.mojeek.com/bot.html)"
184.94.156.53 - - [30/Jan/2026:02:10:02 -0500] "GET / HTTP/1.1" 200 140633 "-" "curl/7.29.0"
43.130.71.237 - - [30/Jan/2026:02:10:44 -0500] "GET /channels/36/bondage/ HTTP/1.1" 200 62638 "-" "Mozilla/5.0 (iPhone; CPU iPhone OS 13_2_3 like Mac OS X) AppleWebKit/605.1.15 (KHTML, like Gecko) Version/13.0.3 Mobile/15E148 Safari/604.1"
114.119.150.32 - - [30/Jan/2026:02:11:59 -0500] "GET /video/gay-lovers-hardcore-deep-anal-fuck-110.html HTTP/1.1" 200 82148 "http://baretube.com/channels/6/bareback/longest/" "Mozilla/5.0 (Linux; Android 7.0;) AppleWebKit/537.36 (KHTML, like Gecko) Mobile Safari/537.36 (compatible; PetalBot;+https://webmaster.petalsearch.com/site/petalbot)"
114.119.136.254 - - [30/Jan/2026:02:13:06 -0500] "GET /uploads-by-user/61/month/ HTTP/1.1" 200 61066 "http://baretube.com/uploads-by-user/61/day/" "Mozilla/5.0 (Linux; Android 7.0;) AppleWebKit/537.36 (KHTML, like Gecko) Mobile Safari/537.36 (compatible; PetalBot;+https://webmaster.petalsearch.com/site/petalbot)"
184.94.156.53 - - [30/Jan/2026:02:15:02 -0500] "GET / HTTP/1.1" 200 140825 "-" "curl/7.29.0"
114.119.131.11 - - [30/Jan/2026:02:15:21 -0500] "GET /uploads-by-user/33/day/ HTTP/1.1" 200 61043 "http://baretube.com/uploads-by-user/33/month/" "Mozilla/5.0 (Linux; Android 7.0;) AppleWebKit/537.36 (KHTML, like Gecko) Mobile Safari/537.36 (compatible; PetalBot;+https://webmaster.petalsearch.com/site/petalbot)"
114.119.144.88 - - [30/Jan/2026:02:17:37 -0500] "GET /filters?hd=true&ref=/user/barebackedmel-15/ HTTP/1.1" 302 - "http://baretube.com/user/barebackedmel-15/" "Mozilla/5.0 (Linux; Android 7.0;) AppleWebKit/537.36 (KHTML, like Gecko) Mobile Safari/537.36 (compatible; PetalBot;+https://webmaster.petalsearch.com/site/petalbot)"
114.119.144.88 - - [30/Jan/2026:02:17:38 -0500] "GET /user/barebackedmel-15/ HTTP/1.1" 200 56899 "http://baretube.com/user/barebackedmel-15/" "Mozilla/5.0 (Linux; Android 7.0;) AppleWebKit/537.36 (KHTML, like Gecko) Mobile Safari/537.36 (compatible; PetalBot;+https://webmaster.petalsearch.com/site/petalbot)"
114.119.138.33 - - [30/Jan/2026:02:19:53 -0500] "GET /filters?hd=false&ref=/channels/7/blowjob/rating/ HTTP/1.1" 302 - "http://baretube.com/filters?hd=true&ref=/channels/7/blowjob/rating/" "Mozilla/5.0 (Linux; Android 7.0;) AppleWebKit/537.36 (KHTML, like Gecko) Mobile Safari/537.36 (compatible; PetalBot;+https://webmaster.petalsearch.com/site/petalbot)"
114.119.138.33 - - [30/Jan/2026:02:19:54 -0500] "GET /filters?hd=true&ref=/channels/7/blowjob/rating/ HTTP/1.1" 302 - "http://baretube.com/filters?hd=true&ref=/channels/7/blowjob/rating/" "Mozilla/5.0 (Linux; Android 7.0;) AppleWebKit/537.36 (KHTML, like Gecko) Mobile Safari/537.36 (compatible; PetalBot;+https://webmaster.petalsearch.com/site/petalbot)"
114.119.138.33 - - [30/Jan/2026:02:19:55 -0500] "GET /filters?hd=true&ref=/channels/7/blowjob/rating/ HTTP/1.1" 302 - "http://baretube.com/filters?hd=true&ref=/channels/7/blowjob/rating/" "Mozilla/5.0 (Linux; Android 7.0;) AppleWebKit/537.36 (KHTML, like Gecko) Mobile Safari/537.36 (compatible; PetalBot;+https://webmaster.petalsearch.com/site/petalbot)"
114.119.138.33 - - [30/Jan/2026:02:19:56 -0500] "GET /filters?hd=true&ref=/channels/7/blowjob/rating/ HTTP/1.1" 302 - "http://baretube.com/filters?hd=true&ref=/channels/7/blowjob/rating/" "Mozilla/5.0 (Linux; Android 7.0;) AppleWebKit/537.36 (KHTML, like Gecko) Mobile Safari/537.36 (compatible; PetalBot;+https://webmaster.petalsearch.com/site/petalbot)"
114.119.138.33 - - [30/Jan/2026:02:19:56 -0500] "GET /filters?hd=true&ref=/channels/7/blowjob/rating/ HTTP/1.1" 302 - "http://baretube.com/filters?hd=true&ref=/channels/7/blowjob/rating/" "Mozilla/5.0 (Linux; Android 7.0;) AppleWebKit/537.36 (KHTML, like Gecko) Mobile Safari/537.36 (compatible; PetalBot;+https://webmaster.petalsearch.com/site/petalbot)"
114.119.138.33 - - [30/Jan/2026:02:19:57 -0500] "GET /filters?hd=true&ref=/channels/7/blowjob/rating/ HTTP/1.1" 302 - "http://baretube.com/filters?hd=true&ref=/channels/7/blowjob/rating/" "Mozilla/5.0 (Linux; Android 7.0;) AppleWebKit/537.36 (KHTML, like Gecko) Mobile Safari/537.36 (compatible; PetalBot;+https://webmaster.petalsearch.com/site/petalbot)"
114.119.138.33 - - [30/Jan/2026:02:19:57 -0500] "GET /filters?hd=true&ref=/channels/7/blowjob/rating/ HTTP/1.1" 302 - "http://baretube.com/filters?hd=true&ref=/channels/7/blowjob/rating/" "Mozilla/5.0 (Linux; Android 7.0;) AppleWebKit/537.36 (KHTML, like Gecko) Mobile Safari/537.36 (compatible; PetalBot;+https://webmaster.petalsearch.com/site/petalbot)"
114.119.138.33 - - [30/Jan/2026:02:19:58 -0500] "GET /filters?hd=true&ref=/channels/7/blowjob/rating/ HTTP/1.1" 302 - "http://baretube.com/filters?hd=true&ref=/channels/7/blowjob/rating/" "Mozilla/5.0 (Linux; Android 7.0;) AppleWebKit/537.36 (KHTML, like Gecko) Mobile Safari/537.36 (compatible; PetalBot;+https://webmaster.petalsearch.com/site/petalbot)"
114.119.138.33 - - [30/Jan/2026:02:19:58 -0500] "GET /filters?hd=true&ref=/channels/7/blowjob/rating/ HTTP/1.1" 302 - "http://baretube.com/filters?hd=true&ref=/channels/7/blowjob/rating/" "Mozilla/5.0 (Linux; Android 7.0;) AppleWebKit/537.36 (KHTML, like Gecko) Mobile Safari/537.36 (compatible; PetalBot;+https://webmaster.petalsearch.com/site/petalbot)"
114.119.138.33 - - [30/Jan/2026:02:19:59 -0500] "GET /filters?hd=true&ref=/channels/7/blowjob/rating/ HTTP/1.1" 302 - "http://baretube.com/filters?hd=true&ref=/channels/7/blowjob/rating/" "Mozilla/5.0 (Linux; Android 7.0;) AppleWebKit/537.36 (KHTML, like Gecko) Mobile Safari/537.36 (compatible; PetalBot;+https://webmaster.petalsearch.com/site/petalbot)"
184.94.156.53 - - [30/Jan/2026:02:20:02 -0500] "GET / HTTP/1.1" 200 140825 "-" "curl/7.29.0"
43.153.7.191 - - [30/Jan/2026:02:20:04 -0500] "GET /video/aurora-will-make-you-cum-and-make-you-dream-of-her-19.html HTTP/1.1" 200 80554 "-" "Mozilla/5.0 (iPhone; CPU iPhone OS 13_2_3 like Mac OS X) AppleWebKit/605.1.15 (KHTML, like Gecko) Version/13.0.3 Mobile/15E148 Safari/604.1"
184.94.156.53 - - [30/Jan/2026:02:25:02 -0500] "GET / HTTP/1.1" 200 140884 "-" "curl/7.29.0"
52.0.218.219 - - [30/Jan/2026:02:25:03 -0500] "GET /filters?ref=/models/q/&vr=true HTTP/1.1" 302 - "-" "Mozilla/5.0 AppleWebKit/537.36 (KHTML, like Gecko; compatible; Amazonbot/0.1; +https://developer.amazon.com/support/amazonbot) Chrome/119.0.6045.214 Safari/537.36"
184.94.156.53 - - [30/Jan/2026:02:30:02 -0500] "GET / HTTP/1.1" 200 140884 "-" "curl/7.29.0"
14.169.42.209 - - [30/Jan/2026:02:32:08 -0500] "GET /filters?hd=false&ref=%2Fvideo%2Fblondie-hottie-blowjob-master-64.html HTTP/1.1" 302 - "-" "Mozilla/5.0 (Windows NT 10.0; WOW64) AppleWebKit/537.36 (KHTML, like Gecko) Chrome/68.0.3440.75 Safari/537.36"
14.169.42.209 - - [30/Jan/2026:02:32:08 -0500] "GET / HTTP/1.1" 200 140160 "-" "Mozilla/5.0 (Windows NT 10.0; WOW64) AppleWebKit/537.36 (KHTML, like Gecko) Chrome/68.0.3440.75 Safari/537.36"
114.119.131.11 - - [30/Jan/2026:02:34:52 -0500] "GET /search/tscam4free-tranny-transexual-TS-shemale-tranny-masturbation-pussyboy-lady-boy-jerk-tranny-shemale-cams-shemale-ass-hot-tranny-tranny-hot-shemale-ts-cams-tgirls-lady-tranny/rating/ HTTP/1.1" 200 76958 "http://www.baretube.com/search/tscam4free-tranny-transexual-TS-shemale-tranny-masturbation-pussyboy-lady-boy-jerk-tranny-shemale-cams-shemale-ass-hot-tranny-tranny-hot-shemale-ts-cams-tgirls-lady-tranny/rating/" "Mozilla/5.0 (Linux; Android 7.0;) AppleWebKit/537.36 (KHTML, like Gecko) Mobile Safari/537.36 (compatible; PetalBot;+https://webmaster.petalsearch.com/site/petalbot)"
184.94.156.53 - - [30/Jan/2026:02:35:02 -0500] "GET / HTTP/1.1" 200 140884 "-" "curl/7.29.0"
192.178.6.1 - - [30/Jan/2026:02:35:33 -0500] "GET /webvtt/140.vtt HTTP/1.1" 200 2408 "-" "Mozilla/5.0 (Linux; Android 6.0.1; Nexus 5X Build/MMB29P) AppleWebKit/537.36 (KHTML, like Gecko) Chrome/143.0.7499.192 Mobile Safari/537.36 (compatible; Googlebot/2.1; +http://www.google.com/bot.html)"
114.119.136.254 - - [30/Jan/2026:02:36:00 -0500] "GET /search/Barebacked-dick-penis-asshole-gay-anal-asshole-ass-gay-tube-gay-porn-hardcore-blowjob-oral-sex-penis-sucking-dick-sucking-gay-fuck-butt-sex-hot-sex-gay-movies-dudes/views/ HTTP/1.1" 200 85756 "http://www.baretube.com/search/Barebacked-dick-penis-asshole-gay-anal-asshole-ass-gay-tube-gay-porn-hardcore-blowjob-oral-sex-penis-sucking-dick-sucking-gay-fuck-butt-sex-hot-sex-gay-movies-dudes/views/" "Mozilla/5.0 (Linux; Android 7.0;) AppleWebKit/537.36 (KHTML, like Gecko) Mobile Safari/537.36 (compatible; PetalBot;+https://webmaster.petalsearch.com/site/petalbot)"
51.75.24.242 - - [30/Jan/2026:02:36:25 -0500] "GET /search/Big-dicks/page1.html HTTP/1.1" 200 45028 "-" "Mozilla/5.0 (Windows NT 10.0; Win64; x64) AppleWebKit/537.36 (KHTML, like Gecko) Chrome/139.0.0.0 Safari/537.36"
57.129.69.52 - - [30/Jan/2026:02:36:28 -0500] "GET /action.php?action=reportVideo&id=69 HTTP/1.1" 200 3605 "-" "Mozilla/5.0 (Windows NT 10.0; Win64; x64) AppleWebKit/537.36 (KHTML, like Gecko) Chrome/139.0.0.0 Safari/537.36"
114.119.131.11 - - [30/Jan/2026:02:37:07 -0500] "GET /search/Asian-shemale-ladyboy-blowjob-dildo-tranny-horny-jerking-jugs-boobs-dick-hot-solo-webcam/rating/page4.html HTTP/1.1" 200 84204 "http://www.baretube.com/search/Asian-shemale-ladyboy-blowjob-dildo-tranny-horny-jerking-jugs-boobs-dick-hot-solo-webcam/rating/page1.html" "Mozilla/5.0 (Linux; Android 7.0;) AppleWebKit/537.36 (KHTML, like Gecko) Mobile Safari/537.36 (compatible; PetalBot;+https://webmaster.petalsearch.com/site/petalbot)"
14.186.228.193 - - [30/Jan/2026:02:37:41 -0500] "GET /filters?hd=true&ref=%2Fpaysites%2F HTTP/1.1" 302 - "-" "Mozilla/5.0 (Macintosh; Intel Mac OS X 10_15_7) AppleWebKit/537.36 (KHTML, like Gecko) Chrome/101.0.4951.64 Safari/537.36"
14.186.228.193 - - [30/Jan/2026:02:37:41 -0500] "GET / HTTP/1.1" 200 142816 "-" "Mozilla/5.0 (Macintosh; Intel Mac OS X 10_15_7) AppleWebKit/537.36 (KHTML, like Gecko) Chrome/101.0.4951.64 Safari/537.36"
114.119.132.242 - - [30/Jan/2026:02:39:24 -0500] "GET /channels/31/teens/ HTTP/1.1" 200 109592 "http://www.baretube.com/uploads-by-user/12/" "Mozilla/5.0 (Linux; Android 7.0;) AppleWebKit/537.36 (KHTML, like Gecko) Mobile Safari/537.36 (compatible; PetalBot;+https://webmaster.petalsearch.com/site/petalbot)"
184.94.156.53 - - [30/Jan/2026:02:40:04 -0500] "GET / HTTP/1.1" 200 140884 "-" "curl/7.29.0"
43.135.142.37 - - [30/Jan/2026:02:40:08 -0500] "GET /filters?hd=false&ref=/templates/default_tube2018/js/manifest.json HTTP/1.1" 302 - "-" "Mozilla/5.0 (iPhone; CPU iPhone OS 13_2_3 like Mac OS X) AppleWebKit/605.1.15 (KHTML, like Gecko) Version/13.0.3 Mobile/15E148 Safari/604.1"
43.135.142.37 - - [30/Jan/2026:02:40:09 -0500] "GET / HTTP/1.1" 200 140184 "http://baretube.com/filters?hd=false&ref=/templates/default_tube2018/js/manifest.json" "Mozilla/5.0 (iPhone; CPU iPhone OS 13_2_3 like Mac OS X) AppleWebKit/605.1.15 (KHTML, like Gecko) Version/13.0.3 Mobile/15E148 Safari/604.1"
113.180.209.19 - - [30/Jan/2026:02:42:25 -0500] "GET /filters?ref=%2Fchannels%2F15%2Ftwinks%2F&vr=true HTTP/1.1" 302 - "-" "Mozilla/5.0 (Macintosh; Intel Mac OS X 10_7_3) AppleWebKit/537.36 (KHTML, like Gecko, Mediapartners-Google) Chrome/87.0.4280.90 Safari/537.36"
113.180.209.19 - - [30/Jan/2026:02:42:25 -0500] "GET / HTTP/1.1" 200 60264 "-" "Mozilla/5.0 (Macintosh; Intel Mac OS X 10_7_3) AppleWebKit/537.36 (KHTML, like Gecko, Mediapartners-Google) Chrome/87.0.4280.90 Safari/537.36"
184.94.156.53 - - [30/Jan/2026:02:45:02 -0500] "GET / HTTP/1.1" 200 140884 "-" "curl/7.29.0"
114.119.131.11 - - [30/Jan/2026:02:45:03 -0500] "GET /video/horny-aurora-plays-her-masturbation-toy-71.html HTTP/1.1" 200 81500 "http://www.baretube.com/search/wild-jerk-shemale-tranny-sexy-penis-webcam-cock-shecams-TS/views/page2.html" "Mozilla/5.0 (Linux; Android 7.0;) AppleWebKit/537.36 (KHTML, like Gecko) Mobile Safari/537.36 (compatible; PetalBot;+https://webmaster.petalsearch.com/site/petalbot)"
114.119.131.11 - - [30/Jan/2026:02:46:12 -0500] "GET /channels/24/exhibitionist HTTP/1.1" 404 34770 "http://www.baretube.com/filters?vr=true&ref=/channels/57/gay-latin-men/page14.html" "Mozilla/5.0 (Linux; Android 7.0;) AppleWebKit/537.36 (KHTML, like Gecko) Mobile Safari/537.36 (compatible; PetalBot;+https://webmaster.petalsearch.com/site/petalbot)"
14.191.205.149 - - [30/Jan/2026:02:47:24 -0500] "GET /video/alex-joi-s-dildo-tease-160.html HTTP/1.1" 200 81216 "-" "Mozilla/5.0 (Macintosh; Intel Mac OS X 10_13_6) AppleWebKit/537.36 (KHTML, like Gecko) Chrome/84.0.4147.125 Safari/537.36"
114.119.131.11 - - [30/Jan/2026:02:48:27 -0500] "GET /models/z/rating HTTP/1.1" 404 34498 "http://baretube.com/filters?hd=false&ref=/models/z/rating/" "Mozilla/5.0 (Linux; Android 7.0;) AppleWebKit/537.36 (KHTML, like Gecko) Mobile Safari/537.36 (compatible; PetalBot;+https://webmaster.petalsearch.com/site/petalbot)"
184.94.156.53 - - [30/Jan/2026:02:50:03 -0500] "GET / HTTP/1.1" 200 140519 "-" "curl/7.29.0"
114.119.131.11 - - [30/Jan/2026:02:50:42 -0500] "GET /filters?hd=false&ref=/video/hot-chick-plays-with-her-sex-toys-171.html HTTP/1.1" 302 - "http://baretube.com/filters?hd=true&ref=/video/hot-chick-plays-with-her-sex-toys-171.html" "Mozilla/5.0 (Linux; Android 7.0;) AppleWebKit/537.36 (KHTML, like Gecko) Mobile Safari/537.36 (compatible; PetalBot;+https://webmaster.petalsearch.com/site/petalbot)"
114.119.131.11 - - [30/Jan/2026:02:50:42 -0500] "GET /filters?hd=true&ref=/video/hot-chick-plays-with-her-sex-toys-171.html HTTP/1.1" 302 - "http://baretube.com/filters?hd=true&ref=/video/hot-chick-plays-with-her-sex-toys-171.html" "Mozilla/5.0 (Linux; Android 7.0;) AppleWebKit/537.36 (KHTML, like Gecko) Mobile Safari/537.36 (compatible; PetalBot;+https://webmaster.petalsearch.com/site/petalbot)"
114.119.131.11 - - [30/Jan/2026:02:50:43 -0500] "GET /filters?hd=true&ref=/video/hot-chick-plays-with-her-sex-toys-171.html HTTP/1.1" 302 - "http://baretube.com/filters?hd=true&ref=/video/hot-chick-plays-with-her-sex-toys-171.html" "Mozilla/5.0 (Linux; Android 7.0;) AppleWebKit/537.36 (KHTML, like Gecko) Mobile Safari/537.36 (compatible; PetalBot;+https://webmaster.petalsearch.com/site/petalbot)"
114.119.131.11 - - [30/Jan/2026:02:50:43 -0500] "GET /filters?hd=true&ref=/video/hot-chick-plays-with-her-sex-toys-171.html HTTP/1.1" 302 - "http://baretube.com/filters?hd=true&ref=/video/hot-chick-plays-with-her-sex-toys-171.html" "Mozilla/5.0 (Linux; Android 7.0;) AppleWebKit/537.36 (KHTML, like Gecko) Mobile Safari/537.36 (compatible; PetalBot;+https://webmaster.petalsearch.com/site/petalbot)"
114.119.131.11 - - [30/Jan/2026:02:50:44 -0500] "GET /filters?hd=true&ref=/video/hot-chick-plays-with-her-sex-toys-171.html HTTP/1.1" 302 - "http://baretube.com/filters?hd=true&ref=/video/hot-chick-plays-with-her-sex-toys-171.html" "Mozilla/5.0 (Linux; Android 7.0;) AppleWebKit/537.36 (KHTML, like Gecko) Mobile Safari/537.36 (compatible; PetalBot;+https://webmaster.petalsearch.com/site/petalbot)"
114.119.131.11 - - [30/Jan/2026:02:50:44 -0500] "GET /filters?hd=true&ref=/video/hot-chick-plays-with-her-sex-toys-171.html HTTP/1.1" 302 - "http://baretube.com/filters?hd=true&ref=/video/hot-chick-plays-with-her-sex-toys-171.html" "Mozilla/5.0 (Linux; Android 7.0;) AppleWebKit/537.36 (KHTML, like Gecko) Mobile Safari/537.36 (compatible; PetalBot;+https://webmaster.petalsearch.com/site/petalbot)"
114.119.131.11 - - [30/Jan/2026:02:50:45 -0500] "GET /filters?hd=true&ref=/video/hot-chick-plays-with-her-sex-toys-171.html HTTP/1.1" 302 - "http://baretube.com/filters?hd=true&ref=/video/hot-chick-plays-with-her-sex-toys-171.html" "Mozilla/5.0 (Linux; Android 7.0;) AppleWebKit/537.36 (KHTML, like Gecko) Mobile Safari/537.36 (compatible; PetalBot;+https://webmaster.petalsearch.com/site/petalbot)"
114.119.131.11 - - [30/Jan/2026:02:50:45 -0500] "GET /filters?hd=true&ref=/video/hot-chick-plays-with-her-sex-toys-171.html HTTP/1.1" 302 - "http://baretube.com/filters?hd=true&ref=/video/hot-chick-plays-with-her-sex-toys-171.html" "Mozilla/5.0 (Linux; Android 7.0;) AppleWebKit/537.36 (KHTML, like Gecko) Mobile Safari/537.36 (compatible; PetalBot;+https://webmaster.petalsearch.com/site/petalbot)"
114.119.131.11 - - [30/Jan/2026:02:50:46 -0500] "GET /filters?hd=true&ref=/video/hot-chick-plays-with-her-sex-toys-171.html HTTP/1.1" 302 - "http://baretube.com/filters?hd=true&ref=/video/hot-chick-plays-with-her-sex-toys-171.html" "Mozilla/5.0 (Linux; Android 7.0;) AppleWebKit/537.36 (KHTML, like Gecko) Mobile Safari/537.36 (compatible; PetalBot;+https://webmaster.petalsearch.com/site/petalbot)"
114.119.131.11 - - [30/Jan/2026:02:50:47 -0500] "GET /filters?hd=true&ref=/video/hot-chick-plays-with-her-sex-toys-171.html HTTP/1.1" 302 - "http://baretube.com/filters?hd=true&ref=/video/hot-chick-plays-with-her-sex-toys-171.html" "Mozilla/5.0 (Linux; Android 7.0;) AppleWebKit/537.36 (KHTML, like Gecko) Mobile Safari/537.36 (compatible; PetalBot;+https://webmaster.petalsearch.com/site/petalbot)"
114.119.136.254 - - [30/Jan/2026:02:51:51 -0500] "GET /filters?hd=false&ref=/video/blonde-hottie-teaches-how-to-jerk-off-with-a-dildo-135.html HTTP/1.1" 302 - "http://baretube.com/video/blonde-hottie-teaches-how-to-jerk-off-with-a-dildo-135.html" "Mozilla/5.0 (Linux; Android 7.0;) AppleWebKit/537.36 (KHTML, like Gecko) Mobile Safari/537.36 (compatible; PetalBot;+https://webmaster.petalsearch.com/site/petalbot)"
114.119.136.254 - - [30/Jan/2026:02:51:51 -0500] "GET /video/blonde-hottie-teaches-how-to-jerk-off-with-a-dildo-135.html HTTP/1.1" 200 81438 "http://baretube.com/video/blonde-hottie-teaches-how-to-jerk-off-with-a-dildo-135.html" "Mozilla/5.0 (Linux; Android 7.0;) AppleWebKit/537.36 (KHTML, like Gecko) Mobile Safari/537.36 (compatible; PetalBot;+https://webmaster.petalsearch.com/site/petalbot)"
114.119.131.11 - - [30/Jan/2026:02:52:57 -0500] "GET /filters?hd=false&ref=/uploads-by-user/24/ HTTP/1.1" 302 - "http://baretube.com/filters?hd=false&ref=/uploads-by-user/24/" "Mozilla/5.0 (Linux; Android 7.0;) AppleWebKit/537.36 (KHTML, like Gecko) Mobile Safari/537.36 (compatible; PetalBot;+https://webmaster.petalsearch.com/site/petalbot)"
114.119.131.11 - - [30/Jan/2026:02:52:58 -0500] "GET /filters?hd=false&ref=/uploads-by-user/24/ HTTP/1.1" 302 - "http://baretube.com/filters?hd=false&ref=/uploads-by-user/24/" "Mozilla/5.0 (Linux; Android 7.0;) AppleWebKit/537.36 (KHTML, like Gecko) Mobile Safari/537.36 (compatible; PetalBot;+https://webmaster.petalsearch.com/site/petalbot)"
114.119.131.11 - - [30/Jan/2026:02:52:59 -0500] "GET /filters?hd=false&ref=/uploads-by-user/24/ HTTP/1.1" 302 - "http://baretube.com/filters?hd=false&ref=/uploads-by-user/24/" "Mozilla/5.0 (Linux; Android 7.0;) AppleWebKit/537.36 (KHTML, like Gecko) Mobile Safari/537.36 (compatible; PetalBot;+https://webmaster.petalsearch.com/site/petalbot)"
114.119.131.11 - - [30/Jan/2026:02:53:00 -0500] "GET /filters?hd=false&ref=/uploads-by-user/24/ HTTP/1.1" 302 - "http://baretube.com/filters?hd=false&ref=/uploads-by-user/24/" "Mozilla/5.0 (Linux; Android 7.0;) AppleWebKit/537.36 (KHTML, like Gecko) Mobile Safari/537.36 (compatible; PetalBot;+https://webmaster.petalsearch.com/site/petalbot)"
114.119.131.11 - - [30/Jan/2026:02:53:00 -0500] "GET /filters?hd=false&ref=/uploads-by-user/24/ HTTP/1.1" 302 - "http://baretube.com/filters?hd=false&ref=/uploads-by-user/24/" "Mozilla/5.0 (Linux; Android 7.0;) AppleWebKit/537.36 (KHTML, like Gecko) Mobile Safari/537.36 (compatible; PetalBot;+https://webmaster.petalsearch.com/site/petalbot)"
114.119.131.11 - - [30/Jan/2026:02:53:01 -0500] "GET /filters?hd=false&ref=/uploads-by-user/24/ HTTP/1.1" 302 - "http://baretube.com/filters?hd=false&ref=/uploads-by-user/24/" "Mozilla/5.0 (Linux; Android 7.0;) AppleWebKit/537.36 (KHTML, like Gecko) Mobile Safari/537.36 (compatible; PetalBot;+https://webmaster.petalsearch.com/site/petalbot)"
114.119.131.11 - - [30/Jan/2026:02:53:01 -0500] "GET /filters?hd=false&ref=/uploads-by-user/24/ HTTP/1.1" 302 - "http://baretube.com/filters?hd=false&ref=/uploads-by-user/24/" "Mozilla/5.0 (Linux; Android 7.0;) AppleWebKit/537.36 (KHTML, like Gecko) Mobile Safari/537.36 (compatible; PetalBot;+https://webmaster.petalsearch.com/site/petalbot)"
114.119.131.11 - - [30/Jan/2026:02:53:02 -0500] "GET /filters?hd=false&ref=/uploads-by-user/24/ HTTP/1.1" 302 - "http://baretube.com/filters?hd=false&ref=/uploads-by-user/24/" "Mozilla/5.0 (Linux; Android 7.0;) AppleWebKit/537.36 (KHTML, like Gecko) Mobile Safari/537.36 (compatible; PetalBot;+https://webmaster.petalsearch.com/site/petalbot)"
114.119.131.11 - - [30/Jan/2026:02:53:02 -0500] "GET /filters?hd=false&ref=/uploads-by-user/24/ HTTP/1.1" 302 - "http://baretube.com/filters?hd=false&ref=/uploads-by-user/24/" "Mozilla/5.0 (Linux; Android 7.0;) AppleWebKit/537.36 (KHTML, like Gecko) Mobile Safari/537.36 (compatible; PetalBot;+https://webmaster.petalsearch.com/site/petalbot)"
114.119.131.11 - - [30/Jan/2026:02:53:03 -0500] "GET /filters?hd=false&ref=/uploads-by-user/24/ HTTP/1.1" 302 - "http://baretube.com/filters?hd=false&ref=/uploads-by-user/24/" "Mozilla/5.0 (Linux; Android 7.0;) AppleWebKit/537.36 (KHTML, like Gecko) Mobile Safari/537.36 (compatible; PetalBot;+https://webmaster.petalsearch.com/site/petalbot)"
184.94.156.53 - - [30/Jan/2026:02:55:02 -0500] "GET / HTTP/1.1" 200 140435 "-" "curl/7.29.0"
40.77.167.255 - - [30/Jan/2026:02:55:10 -0500] "GET /search/russian-blonde-webcam-babes-sexy-cam-girls-ukranian-blond-teen-solo-girls-booty-shake-lingerie-vibrator-dildo-masturbation-squirt-wet-pussy-multiple-squirt-webcams/page4.html HTTP/1.1" 200 63093 "-" "Mozilla/5.0 AppleWebKit/537.36 (KHTML, like Gecko; compatible; bingbot/2.0; +http://www.bing.com/bingbot.htm) Chrome/116.0.1938.76 Safari/537.36"
114.119.132.242 - - [30/Jan/2026:02:55:32 -0500] "GET /channels/9/amateur/views/page4.html HTTP/1.1" 200 55196 "http://www.baretube.com/channels/9/amateur/views/" "Mozilla/5.0 (Linux; Android 7.0;) AppleWebKit/537.36 (KHTML, like Gecko) Mobile Safari/537.36 (compatible; PetalBot;+https://webmaster.petalsearch.com/site/petalbot)"
192.178.6.1 - - [30/Jan/2026:02:55:33 -0500] "GET /uploads-by-user/66/month/ HTTP/1.1" 200 61518 "-" "Mozilla/5.0 (Linux; Android 6.0.1; Nexus 5X Build/MMB29P) AppleWebKit/537.36 (KHTML, like Gecko) Chrome/143.0.7499.192 Mobile Safari/537.36 (compatible; Googlebot/2.1; +http://www.google.com/bot.html)"
114.119.138.33 - - [30/Jan/2026:02:57:42 -0500] "GET /action.php?action=reportVideo&id=135 HTTP/1.1" 200 3602 "http://baretube.com/video/blonde-hottie-teaches-how-to-jerk-off-with-a-dildo-135.html" "Mozilla/5.0 (Linux; Android 7.0;) AppleWebKit/537.36 (KHTML, like Gecko) Mobile Safari/537.36 (compatible; PetalBot;+https://webmaster.petalsearch.com/site/petalbot)"
52.167.144.182 - - [30/Jan/2026:02:57:46 -0500] "GET /user/baretubebro-48/ HTTP/1.1" 200 63555 "-" "Mozilla/5.0 AppleWebKit/537.36 (KHTML, like Gecko; compatible; bingbot/2.0; +http://www.bing.com/bingbot.htm) Chrome/116.0.1938.76 Safari/537.36"
114.119.132.242 - - [30/Jan/2026:02:58:41 -0500] "GET /channels/56/gay-blacktube/page18.html HTTP/1.1" 200 63126 "http://www.baretube.com/channels/56/gay-blacktube/page18.html" "Mozilla/5.0 (Linux; Android 7.0;) AppleWebKit/537.36 (KHTML, like Gecko) Mobile Safari/537.36 (compatible; PetalBot;+https://webmaster.petalsearch.com/site/petalbot)"
45.3.40.0 - - [30/Jan/2026:02:59:58 -0500] "GET /contact HTTP/1.1" 200 38312 "-" "Mozilla/5.0 (Linux x86_64; rv:114.0) Gecko/20100101 Firefox/114.0"
184.94.156.53 - - [30/Jan/2026:03:00:03 -0500] "GET / HTTP/1.1" 200 140435 "-" "curl/7.29.0"
170.106.37.134 - - [30/Jan/2026:03:00:42 -0500] "GET /most-recent/ HTTP/1.1" 200 108435 "-" "Mozilla/5.0 (iPhone; CPU iPhone OS 13_2_3 like Mac OS X) AppleWebKit/605.1.15 (KHTML, like Gecko) Version/13.0.3 Mobile/15E148 Safari/604.1"
17.246.15.25 - - [30/Jan/2026:03:01:12 -0500] "GET /robots.txt HTTP/1.1" 200 243 "-" "Mozilla/5.0 (Macintosh; Intel Mac OS X 10_15_7) AppleWebKit/605.1.15 (KHTML, like Gecko) Version/17.4 Safari/605.1.15 (Applebot/0.1; +http://www.apple.com/go/applebot)"
17.246.15.25 - - [30/Jan/2026:03:01:13 -0500] "GET /random/week/ HTTP/1.1" 200 61378 "-" "Mozilla/5.0 (Macintosh; Intel Mac OS X 10_15_7) AppleWebKit/605.1.15 (KHTML, like Gecko) Version/17.4 Safari/605.1.15 (Applebot/0.1; +http://www.apple.com/go/applebot)"
123.30.45.132 - - [30/Jan/2026:03:04:02 -0500] "GET /filters?ref=%2Fchannels%2F32%2Fchub%2Fviews%2F&vr=true HTTP/1.1" 302 - "-" "Mozilla/5.0 (Macintosh; Intel Mac OS X 11_1_0) AppleWebKit/537.36 (KHTML, like Gecko) Brave Chrome/89.0.4389.72 Safari/537.36"
123.30.45.132 - - [30/Jan/2026:03:04:02 -0500] "GET / HTTP/1.1" 200 60264 "-" "Mozilla/5.0 (Macintosh; Intel Mac OS X 11_1_0) AppleWebKit/537.36 (KHTML, like Gecko) Brave Chrome/89.0.4389.72 Safari/537.36"
184.94.156.53 - - [30/Jan/2026:03:05:02 -0500] "GET / HTTP/1.1" 200 140435 "-" "curl/7.29.0"
181.199.61.92 - - [30/Jan/2026:03:06:18 -0500] "GET /filters?hd=true&ref=%2Fchannels%2F46%2Funderwear%2Fpage1.html HTTP/1.1" 302 - "-" "Mozilla/5.0 (Windows NT 10.0; Win64; x64) AppleWebKit/537.36 (KHTML, like Gecko) Chrome/80.0.3987.132 Safari/537.36"
