114.119.132.242 - - [29/Jan/2026:19:40:47 -0500] "GET /filter-content/T HTTP/1.1" 302 - "http://baretube.com/filter-content/T" "Mozilla/5.0 (Linux; Android 7.0;) AppleWebKit/537.36 (KHTML, like Gecko) Mobile Safari/537.36 (compatible; PetalBot;+https://webmaster.petalsearch.com/site/petalbot)"
114.119.132.242 - - [29/Jan/2026:19:40:47 -0500] "GET /filter-content/T HTTP/1.1" 302 - "http://baretube.com/filter-content/T" "Mozilla/5.0 (Linux; Android 7.0;) AppleWebKit/537.36 (KHTML, like Gecko) Mobile Safari/537.36 (compatible; PetalBot;+https://webmaster.petalsearch.com/site/petalbot)"
114.119.132.242 - - [29/Jan/2026:19:40:48 -0500] "GET /filter-content/T HTTP/1.1" 302 - "http://baretube.com/filter-content/T" "Mozilla/5.0 (Linux; Android 7.0;) AppleWebKit/537.36 (KHTML, like Gecko) Mobile Safari/537.36 (compatible; PetalBot;+https://webmaster.petalsearch.com/site/petalbot)"
114.119.132.242 - - [29/Jan/2026:19:40:48 -0500] "GET /filter-content/T HTTP/1.1" 302 - "http://baretube.com/filter-content/T" "Mozilla/5.0 (Linux; Android 7.0;) AppleWebKit/537.36 (KHTML, like Gecko) Mobile Safari/537.36 (compatible; PetalBot;+https://webmaster.petalsearch.com/site/petalbot)"
114.119.132.242 - - [29/Jan/2026:19:40:49 -0500] "GET /filter-content/T HTTP/1.1" 302 - "http://baretube.com/filter-content/T" "Mozilla/5.0 (Linux; Android 7.0;) AppleWebKit/537.36 (KHTML, like Gecko) Mobile Safari/537.36 (compatible; PetalBot;+https://webmaster.petalsearch.com/site/petalbot)"
43.166.130.123 - - [29/Jan/2026:19:42:22 -0500] "GET /action.php?action=add_favorites&id=27 HTTP/1.1" 200 727 "-" "Mozilla/5.0 (iPhone; CPU iPhone OS 13_2_3 like Mac OS X) AppleWebKit/605.1.15 (KHTML, like Gecko) Version/13.0.3 Mobile/15E148 Safari/604.1"
114.119.150.32 - - [29/Jan/2026:19:43:07 -0500] "GET /filters?hd=true&ref=/channels/47/jocks/ HTTP/1.1" 302 - "http://baretube.com/filters?hd=true&ref=/channels/47/jocks/" "Mozilla/5.0 (Linux; Android 7.0;) AppleWebKit/537.36 (KHTML, like Gecko) Mobile Safari/537.36 (compatible; PetalBot;+https://webmaster.petalsearch.com/site/petalbot)"
114.119.150.32 - - [29/Jan/2026:19:43:07 -0500] "GET /filters?hd=true&ref=/channels/47/jocks/ HTTP/1.1" 302 - "http://baretube.com/filters?hd=true&ref=/channels/47/jocks/" "Mozilla/5.0 (Linux; Android 7.0;) AppleWebKit/537.36 (KHTML, like Gecko) Mobile Safari/537.36 (compatible; PetalBot;+https://webmaster.petalsearch.com/site/petalbot)"
114.119.150.32 - - [29/Jan/2026:19:43:08 -0500] "GET /filters?hd=true&ref=/channels/47/jocks/ HTTP/1.1" 302 - "http://baretube.com/filters?hd=true&ref=/channels/47/jocks/" "Mozilla/5.0 (Linux; Android 7.0;) AppleWebKit/537.36 (KHTML, like Gecko) Mobile Safari/537.36 (compatible; PetalBot;+https://webmaster.petalsearch.com/site/petalbot)"
114.119.150.32 - - [29/Jan/2026:19:43:08 -0500] "GET /filters?hd=true&ref=/channels/47/jocks/ HTTP/1.1" 302 - "http://baretube.com/filters?hd=true&ref=/channels/47/jocks/" "Mozilla/5.0 (Linux; Android 7.0;) AppleWebKit/537.36 (KHTML, like Gecko) Mobile Safari/537.36 (compatible; PetalBot;+https://webmaster.petalsearch.com/site/petalbot)"
114.119.150.32 - - [29/Jan/2026:19:43:09 -0500] "GET /filters?hd=true&ref=/channels/47/jocks/ HTTP/1.1" 302 - "http://baretube.com/filters?hd=true&ref=/channels/47/jocks/" "Mozilla/5.0 (Linux; Android 7.0;) AppleWebKit/537.36 (KHTML, like Gecko) Mobile Safari/537.36 (compatible; PetalBot;+https://webmaster.petalsearch.com/site/petalbot)"
114.119.150.32 - - [29/Jan/2026:19:43:09 -0500] "GET /filters?hd=true&ref=/channels/47/jocks/ HTTP/1.1" 302 - "http://baretube.com/filters?hd=true&ref=/channels/47/jocks/" "Mozilla/5.0 (Linux; Android 7.0;) AppleWebKit/537.36 (KHTML, like Gecko) Mobile Safari/537.36 (compatible; PetalBot;+https://webmaster.petalsearch.com/site/petalbot)"
114.119.150.32 - - [29/Jan/2026:19:43:10 -0500] "GET /filters?hd=true&ref=/channels/47/jocks/ HTTP/1.1" 302 - "http://baretube.com/filters?hd=true&ref=/channels/47/jocks/" "Mozilla/5.0 (Linux; Android 7.0;) AppleWebKit/537.36 (KHTML, like Gecko) Mobile Safari/537.36 (compatible; PetalBot;+https://webmaster.petalsearch.com/site/petalbot)"
114.119.150.32 - - [29/Jan/2026:19:43:10 -0500] "GET /filters?hd=true&ref=/channels/47/jocks/ HTTP/1.1" 302 - "http://baretube.com/filters?hd=true&ref=/channels/47/jocks/" "Mozilla/5.0 (Linux; Android 7.0;) AppleWebKit/537.36 (KHTML, like Gecko) Mobile Safari/537.36 (compatible; PetalBot;+https://webmaster.petalsearch.com/site/petalbot)"
114.119.150.32 - - [29/Jan/2026:19:43:11 -0500] "GET /filters?hd=true&ref=/channels/47/jocks/ HTTP/1.1" 302 - "http://baretube.com/filters?hd=true&ref=/channels/47/jocks/" "Mozilla/5.0 (Linux; Android 7.0;) AppleWebKit/537.36 (KHTML, like Gecko) Mobile Safari/537.36 (compatible; PetalBot;+https://webmaster.petalsearch.com/site/petalbot)"
114.119.150.32 - - [29/Jan/2026:19:43:11 -0500] "GET /filters?hd=true&ref=/channels/47/jocks/ HTTP/1.1" 302 - "http://baretube.com/filters?hd=true&ref=/channels/47/jocks/" "Mozilla/5.0 (Linux; Android 7.0;) AppleWebKit/537.36 (KHTML, like Gecko) Mobile Safari/537.36 (compatible; PetalBot;+https://webmaster.petalsearch.com/site/petalbot)"
184.94.156.53 - - [29/Jan/2026:19:45:02 -0500] "GET / HTTP/1.1" 200 140708 "-" "curl/7.29.0"
114.119.144.88 - - [29/Jan/2026:19:45:32 -0500] "GET /filters?hd=false&ref=/video/naughty-redhead-s-dildo-tease-162.html HTTP/1.1" 302 - "http://baretube.com/video/naughty-redhead-s-dildo-tease-162.html" "Mozilla/5.0 (Linux; Android 7.0;) AppleWebKit/537.36 (KHTML, like Gecko) Mobile Safari/537.36 (compatible; PetalBot;+https://webmaster.petalsearch.com/site/petalbot)"
114.119.144.88 - - [29/Jan/2026:19:45:32 -0500] "GET /video/naughty-redhead-s-dildo-tease-162.html HTTP/1.1" 200 81417 "http://baretube.com/video/naughty-redhead-s-dildo-tease-162.html" "Mozilla/5.0 (Linux; Android 7.0;) AppleWebKit/537.36 (KHTML, like Gecko) Mobile Safari/537.36 (compatible; PetalBot;+https://webmaster.petalsearch.com/site/petalbot)"
192.178.6.10 - - [29/Jan/2026:19:45:33 -0500] "GET /robots.txt HTTP/1.1" 200 243 "-" "Mozilla/5.0 (compatible; Googlebot/2.1; +http://www.google.com/bot.html)"
192.178.6.10 - - [29/Jan/2026:19:45:33 -0500] "GET /filters?hd=false&ref=/video/horny-bareback-gays-pumping-one-another-68.html HTTP/1.1" 302 - "-" "Mozilla/5.0 (Linux; Android 6.0.1; Nexus 5X Build/MMB29P) AppleWebKit/537.36 (KHTML, like Gecko) Chrome/143.0.7499.192 Mobile Safari/537.36 (compatible; Googlebot/2.1; +http://www.google.com/bot.html)"
192.178.6.10 - - [29/Jan/2026:19:45:34 -0500] "GET / HTTP/1.1" 200 140714 "-" "Mozilla/5.0 (Linux; Android 6.0.1; Nexus 5X Build/MMB29P) AppleWebKit/537.36 (KHTML, like Gecko) Chrome/143.0.7499.192 Mobile Safari/537.36 (compatible; Googlebot/2.1; +http://www.google.com/bot.html)"
116.76.36.172 - - [29/Jan/2026:19:46:04 -0500] "GET /robots.txt HTTP/1.1" 200 243 "-" "Mozilla/5.0 (Windows NT 10.0; Win64; x64) AppleWebKit/537.36 (KHTML, like Gecko) Chrome/73.0.2690.155 Safari/537.36 Edge/18.18362"
185.191.171.8 - - [29/Jan/2026:19:47:36 -0500] "GET /search/Redhead/newest/ HTTP/1.1" 403 - "-" "Mozilla/5.0 (compatible; SemrushBot/7~bl; +http://www.semrush.com/bot.html)"
14.191.99.24 - - [29/Jan/2026:19:47:54 -0500] "GET /action.php?action=reportVideo&id=161 HTTP/1.1" 200 3602 "-" "Mozilla/5.0 (Macintosh; Intel Mac OS X 10_14_6) AppleWebKit/537.36 (KHTML, like Gecko) Chrome/80.0.3987.132 Safari/537.36"
184.94.156.53 - - [29/Jan/2026:19:50:02 -0500] "GET / HTTP/1.1" 200 140690 "-" "curl/7.29.0"
114.119.136.254 - - [29/Jan/2026:19:50:20 -0500] "GET /filters?hd=false&ref=/user/barebackedmiguel-51/ HTTP/1.1" 302 - "http://baretube.com/user/barebackedmiguel-51/" "Mozilla/5.0 (Linux; Android 7.0;) AppleWebKit/537.36 (KHTML, like Gecko) Mobile Safari/537.36 (compatible; PetalBot;+https://webmaster.petalsearch.com/site/petalbot)"
114.119.136.254 - - [29/Jan/2026:19:50:22 -0500] "GET /user/barebackedmiguel-51/ HTTP/1.1" 200 54704 "http://baretube.com/user/barebackedmiguel-51/" "Mozilla/5.0 (Linux; Android 7.0;) AppleWebKit/537.36 (KHTML, like Gecko) Mobile Safari/537.36 (compatible; PetalBot;+https://webmaster.petalsearch.com/site/petalbot)"
49.36.189.18 - - [29/Jan/2026:19:52:39 -0500] "GET /channels/3/big-cock/page1.html HTTP/1.1" 200 104709 "-" "Mozilla/5.0 (Windows NT 10.0; Win64; x64) AppleWebKit/537.36 (KHTML, like Gecko) Chrome/101.0.4951.26 Safari/537.36"
114.119.132.242 - - [29/Jan/2026:19:52:41 -0500] "GET /filters?hd=false&ref=/uploads-by-user/43/day/ HTTP/1.1" 302 - "http://baretube.com/filters?hd=true&ref=/uploads-by-user/43/day/" "Mozilla/5.0 (Linux; Android 7.0;) AppleWebKit/537.36 (KHTML, like Gecko) Mobile Safari/537.36 (compatible; PetalBot;+https://webmaster.petalsearch.com/site/petalbot)"
114.119.132.242 - - [29/Jan/2026:19:52:42 -0500] "GET /filters?hd=true&ref=/uploads-by-user/43/day/ HTTP/1.1" 302 - "http://baretube.com/filters?hd=true&ref=/uploads-by-user/43/day/" "Mozilla/5.0 (Linux; Android 7.0;) AppleWebKit/537.36 (KHTML, like Gecko) Mobile Safari/537.36 (compatible; PetalBot;+https://webmaster.petalsearch.com/site/petalbot)"
114.119.132.242 - - [29/Jan/2026:19:52:42 -0500] "GET /filters?hd=true&ref=/uploads-by-user/43/day/ HTTP/1.1" 302 - "http://baretube.com/filters?hd=true&ref=/uploads-by-user/43/day/" "Mozilla/5.0 (Linux; Android 7.0;) AppleWebKit/537.36 (KHTML, like Gecko) Mobile Safari/537.36 (compatible; PetalBot;+https://webmaster.petalsearch.com/site/petalbot)"
114.119.132.242 - - [29/Jan/2026:19:52:43 -0500] "GET /filters?hd=true&ref=/uploads-by-user/43/day/ HTTP/1.1" 302 - "http://baretube.com/filters?hd=true&ref=/uploads-by-user/43/day/" "Mozilla/5.0 (Linux; Android 7.0;) AppleWebKit/537.36 (KHTML, like Gecko) Mobile Safari/537.36 (compatible; PetalBot;+https://webmaster.petalsearch.com/site/petalbot)"
114.119.132.242 - - [29/Jan/2026:19:52:43 -0500] "GET /filters?hd=true&ref=/uploads-by-user/43/day/ HTTP/1.1" 302 - "http://baretube.com/filters?hd=true&ref=/uploads-by-user/43/day/" "Mozilla/5.0 (Linux; Android 7.0;) AppleWebKit/537.36 (KHTML, like Gecko) Mobile Safari/537.36 (compatible; PetalBot;+https://webmaster.petalsearch.com/site/petalbot)"
114.119.132.242 - - [29/Jan/2026:19:52:44 -0500] "GET /filters?hd=true&ref=/uploads-by-user/43/day/ HTTP/1.1" 302 - "http://baretube.com/filters?hd=true&ref=/uploads-by-user/43/day/" "Mozilla/5.0 (Linux; Android 7.0;) AppleWebKit/537.36 (KHTML, like Gecko) Mobile Safari/537.36 (compatible; PetalBot;+https://webmaster.petalsearch.com/site/petalbot)"
114.119.132.242 - - [29/Jan/2026:19:52:44 -0500] "GET /filters?hd=true&ref=/uploads-by-user/43/day/ HTTP/1.1" 302 - "http://baretube.com/filters?hd=true&ref=/uploads-by-user/43/day/" "Mozilla/5.0 (Linux; Android 7.0;) AppleWebKit/537.36 (KHTML, like Gecko) Mobile Safari/537.36 (compatible; PetalBot;+https://webmaster.petalsearch.com/site/petalbot)"
114.119.132.242 - - [29/Jan/2026:19:52:45 -0500] "GET /filters?hd=true&ref=/uploads-by-user/43/day/ HTTP/1.1" 302 - "http://baretube.com/filters?hd=true&ref=/uploads-by-user/43/day/" "Mozilla/5.0 (Linux; Android 7.0;) AppleWebKit/537.36 (KHTML, like Gecko) Mobile Safari/537.36 (compatible; PetalBot;+https://webmaster.petalsearch.com/site/petalbot)"
114.119.132.242 - - [29/Jan/2026:19:52:45 -0500] "GET /filters?hd=true&ref=/uploads-by-user/43/day/ HTTP/1.1" 302 - "http://baretube.com/filters?hd=true&ref=/uploads-by-user/43/day/" "Mozilla/5.0 (Linux; Android 7.0;) AppleWebKit/537.36 (KHTML, like Gecko) Mobile Safari/537.36 (compatible; PetalBot;+https://webmaster.petalsearch.com/site/petalbot)"
114.119.132.242 - - [29/Jan/2026:19:52:46 -0500] "GET /filters?hd=true&ref=/uploads-by-user/43/day/ HTTP/1.1" 302 - "http://baretube.com/filters?hd=true&ref=/uploads-by-user/43/day/" "Mozilla/5.0 (Linux; Android 7.0;) AppleWebKit/537.36 (KHTML, like Gecko) Mobile Safari/537.36 (compatible; PetalBot;+https://webmaster.petalsearch.com/site/petalbot)"
115.45.43.11 - - [29/Jan/2026:19:53:00 -0500] "GET /robots.txt HTTP/1.1" 200 243 "-" "Mozilla/5.0 (Windows NT 10.0; WOW64) AppleWebKit/537.36 (KHTML, like Gecko) Chrome/89.0.3736.62 Safari/537.36 SE 2.X MetaSr 1.0"
52.11.149.89 - - [29/Jan/2026:19:54:02 -0500] "GET /robots.txt HTTP/1.1" 200 243 "-" "expo-research-bot"
54.218.208.99 - - [29/Jan/2026:19:54:03 -0500] "GET /models/g/ HTTP/1.1" 200 38310 "-" "expo-research-bot"
52.11.149.89 - - [29/Jan/2026:19:54:03 -0500] "GET /templates/default_tube2018/fonts/fontello/fontello.woff HTTP/1.1" 200 436816 "http://baretube.com/templates/default_tube2018/css/styles.css" "expo-research-bot"
184.94.156.53 - - [29/Jan/2026:19:55:01 -0500] "GET / HTTP/1.1" 200 140690 "-" "curl/7.29.0"
114.119.132.242 - - [29/Jan/2026:19:55:05 -0500] "GET /filters?hd=false&ref=/uploads-by-user/1/month/ HTTP/1.1" 302 - "http://baretube.com/uploads-by-user/1/month/" "Mozilla/5.0 (Linux; Android 7.0;) AppleWebKit/537.36 (KHTML, like Gecko) Mobile Safari/537.36 (compatible; PetalBot;+https://webmaster.petalsearch.com/site/petalbot)"
114.119.132.242 - - [29/Jan/2026:19:55:05 -0500] "GET /uploads-by-user/1/month/ HTTP/1.1" 200 61044 "http://baretube.com/uploads-by-user/1/month/" "Mozilla/5.0 (Linux; Android 7.0;) AppleWebKit/537.36 (KHTML, like Gecko) Mobile Safari/537.36 (compatible; PetalBot;+https://webmaster.petalsearch.com/site/petalbot)"
14.191.179.118 - - [29/Jan/2026:19:55:36 -0500] "GET /video/hot-girl-playing-with-sex-toy-233.html HTTP/1.1" 200 80697 "-" "Mozilla/5.0 (Windows NT 6.2; WOW64) AppleWebKit/537.36 (KHTML, like Gecko) Chrome/29.0.1547.2 Safari/537.36"
114.119.144.88 - - [29/Jan/2026:19:56:17 -0500] "GET /filters?hd=false&ref=/tags/z HTTP/1.1" 302 - "http://baretube.com/tags/z" "Mozilla/5.0 (Linux; Android 7.0;) AppleWebKit/537.36 (KHTML, like Gecko) Mobile Safari/537.36 (compatible; PetalBot;+https://webmaster.petalsearch.com/site/petalbot)"
114.119.144.88 - - [29/Jan/2026:19:56:18 -0500] "GET /tags/z HTTP/1.1" 200 37439 "http://baretube.com/tags/z" "Mozilla/5.0 (Linux; Android 7.0;) AppleWebKit/537.36 (KHTML, like Gecko) Mobile Safari/537.36 (compatible; PetalBot;+https://webmaster.petalsearch.com/site/petalbot)"
114.119.132.242 - - [29/Jan/2026:19:57:27 -0500] "GET /filters?hd=false&ref=/search/tits/page1.html HTTP/1.1" 302 - "http://baretube.com/filters?hd=false&ref=/search/tits/page1.html" "Mozilla/5.0 (Linux; Android 7.0;) AppleWebKit/537.36 (KHTML, like Gecko) Mobile Safari/537.36 (compatible; PetalBot;+https://webmaster.petalsearch.com/site/petalbot)"
114.119.132.242 - - [29/Jan/2026:19:57:28 -0500] "GET /filters?hd=false&ref=/search/tits/page1.html HTTP/1.1" 302 - "http://baretube.com/filters?hd=false&ref=/search/tits/page1.html" "Mozilla/5.0 (Linux; Android 7.0;) AppleWebKit/537.36 (KHTML, like Gecko) Mobile Safari/537.36 (compatible; PetalBot;+https://webmaster.petalsearch.com/site/petalbot)"
114.119.132.242 - - [29/Jan/2026:19:57:28 -0500] "GET /filters?hd=false&ref=/search/tits/page1.html HTTP/1.1" 302 - "http://baretube.com/filters?hd=false&ref=/search/tits/page1.html" "Mozilla/5.0 (Linux; Android 7.0;) AppleWebKit/537.36 (KHTML, like Gecko) Mobile Safari/537.36 (compatible; PetalBot;+https://webmaster.petalsearch.com/site/petalbot)"
114.119.132.242 - - [29/Jan/2026:19:57:29 -0500] "GET /filters?hd=false&ref=/search/tits/page1.html HTTP/1.1" 302 - "http://baretube.com/filters?hd=false&ref=/search/tits/page1.html" "Mozilla/5.0 (Linux; Android 7.0;) AppleWebKit/537.36 (KHTML, like Gecko) Mobile Safari/537.36 (compatible; PetalBot;+https://webmaster.petalsearch.com/site/petalbot)"
114.119.132.242 - - [29/Jan/2026:19:57:29 -0500] "GET /filters?hd=false&ref=/search/tits/page1.html HTTP/1.1" 302 - "http://baretube.com/filters?hd=false&ref=/search/tits/page1.html" "Mozilla/5.0 (Linux; Android 7.0;) AppleWebKit/537.36 (KHTML, like Gecko) Mobile Safari/537.36 (compatible; PetalBot;+https://webmaster.petalsearch.com/site/petalbot)"
114.119.132.242 - - [29/Jan/2026:19:57:30 -0500] "GET /filters?hd=false&ref=/search/tits/page1.html HTTP/1.1" 302 - "http://baretube.com/filters?hd=false&ref=/search/tits/page1.html" "Mozilla/5.0 (Linux; Android 7.0;) AppleWebKit/537.36 (KHTML, like Gecko) Mobile Safari/537.36 (compatible; PetalBot;+https://webmaster.petalsearch.com/site/petalbot)"
114.119.132.242 - - [29/Jan/2026:19:57:30 -0500] "GET /filters?hd=false&ref=/search/tits/page1.html HTTP/1.1" 302 - "http://baretube.com/filters?hd=false&ref=/search/tits/page1.html" "Mozilla/5.0 (Linux; Android 7.0;) AppleWebKit/537.36 (KHTML, like Gecko) Mobile Safari/537.36 (compatible; PetalBot;+https://webmaster.petalsearch.com/site/petalbot)"
114.119.132.242 - - [29/Jan/2026:19:57:31 -0500] "GET /filters?hd=false&ref=/search/tits/page1.html HTTP/1.1" 302 - "http://baretube.com/filters?hd=false&ref=/search/tits/page1.html" "Mozilla/5.0 (Linux; Android 7.0;) AppleWebKit/537.36 (KHTML, like Gecko) Mobile Safari/537.36 (compatible; PetalBot;+https://webmaster.petalsearch.com/site/petalbot)"
114.119.132.242 - - [29/Jan/2026:19:57:31 -0500] "GET /filters?hd=false&ref=/search/tits/page1.html HTTP/1.1" 302 - "http://baretube.com/filters?hd=false&ref=/search/tits/page1.html" "Mozilla/5.0 (Linux; Android 7.0;) AppleWebKit/537.36 (KHTML, like Gecko) Mobile Safari/537.36 (compatible; PetalBot;+https://webmaster.petalsearch.com/site/petalbot)"
114.119.132.242 - - [29/Jan/2026:19:57:31 -0500] "GET /filters?hd=false&ref=/search/tits/page1.html HTTP/1.1" 302 - "http://baretube.com/filters?hd=false&ref=/search/tits/page1.html" "Mozilla/5.0 (Linux; Android 7.0;) AppleWebKit/537.36 (KHTML, like Gecko) Mobile Safari/537.36 (compatible; PetalBot;+https://webmaster.petalsearch.com/site/petalbot)"
14.191.136.110 - - [29/Jan/2026:19:58:10 -0500] "GET /channels/6/bareback/page1.html HTTP/1.1" 200 110075 "-" "Mozilla/5.0 (Macintosh; Intel Mac OS X 10_15_6) AppleWebKit/537.36 (KHTML, like Gecko) Brave Chrome/88.0.4324.152 Safari/537.36"
185.191.171.7 - - [29/Jan/2026:19:58:22 -0500] "GET /robots.txt HTTP/1.1" 403 - "-" "Mozilla/5.0 (compatible; SemrushBot/7~bl; +http://www.semrush.com/bot.html)"
185.191.171.18 - - [29/Jan/2026:19:58:22 -0500] "GET /filters?hd=true&ref=%2Fchannels%2F38%2Fhairy%2Flongest%2F HTTP/1.1" 403 - "-" "Mozilla/5.0 (compatible; SemrushBot/7~bl; +http://www.semrush.com/bot.html)"
114.119.132.242 - - [29/Jan/2026:19:58:57 -0500] "GET /filters?hd=false&ref=/search/18%2B-dildo-blonde-hot--hand-job-tease-sex-toy-petite-bedroom/page2.html HTTP/1.1" 302 - "http://baretube.com/filters?hd=false&ref=/search/18%2B-dildo-blonde-hot--hand-job-tease-sex-toy-petite-bedroom/page2.html" "Mozilla/5.0 (Linux; Android 7.0;) AppleWebKit/537.36 (KHTML, like Gecko) Mobile Safari/537.36 (compatible; PetalBot;+https://webmaster.petalsearch.com/site/petalbot)"
114.119.132.242 - - [29/Jan/2026:19:58:57 -0500] "GET /filters?hd=false&ref=/search/18%2B-dildo-blonde-hot--hand-job-tease-sex-toy-petite-bedroom/page2.html HTTP/1.1" 302 - "http://baretube.com/filters?hd=false&ref=/search/18%2B-dildo-blonde-hot--hand-job-tease-sex-toy-petite-bedroom/page2.html" "Mozilla/5.0 (Linux; Android 7.0;) AppleWebKit/537.36 (KHTML, like Gecko) Mobile Safari/537.36 (compatible; PetalBot;+https://webmaster.petalsearch.com/site/petalbot)"
114.119.132.242 - - [29/Jan/2026:19:58:57 -0500] "GET /filters?hd=false&ref=/search/18%2B-dildo-blonde-hot--hand-job-tease-sex-toy-petite-bedroom/page2.html HTTP/1.1" 302 - "http://baretube.com/filters?hd=false&ref=/search/18%2B-dildo-blonde-hot--hand-job-tease-sex-toy-petite-bedroom/page2.html" "Mozilla/5.0 (Linux; Android 7.0;) AppleWebKit/537.36 (KHTML, like Gecko) Mobile Safari/537.36 (compatible; PetalBot;+https://webmaster.petalsearch.com/site/petalbot)"
114.119.132.242 - - [29/Jan/2026:19:58:58 -0500] "GET /filters?hd=false&ref=/search/18%2B-dildo-blonde-hot--hand-job-tease-sex-toy-petite-bedroom/page2.html HTTP/1.1" 302 - "http://baretube.com/filters?hd=false&ref=/search/18%2B-dildo-blonde-hot--hand-job-tease-sex-toy-petite-bedroom/page2.html" "Mozilla/5.0 (Linux; Android 7.0;) AppleWebKit/537.36 (KHTML, like Gecko) Mobile Safari/537.36 (compatible; PetalBot;+https://webmaster.petalsearch.com/site/petalbot)"
114.119.132.242 - - [29/Jan/2026:19:58:59 -0500] "GET /filters?hd=false&ref=/search/18%2B-dildo-blonde-hot--hand-job-tease-sex-toy-petite-bedroom/page2.html HTTP/1.1" 302 - "http://baretube.com/filters?hd=false&ref=/search/18%2B-dildo-blonde-hot--hand-job-tease-sex-toy-petite-bedroom/page2.html" "Mozilla/5.0 (Linux; Android 7.0;) AppleWebKit/537.36 (KHTML, like Gecko) Mobile Safari/537.36 (compatible; PetalBot;+https://webmaster.petalsearch.com/site/petalbot)"
114.119.132.242 - - [29/Jan/2026:19:59:00 -0500] "GET /filters?hd=false&ref=/search/18%2B-dildo-blonde-hot--hand-job-tease-sex-toy-petite-bedroom/page2.html HTTP/1.1" 302 - "http://baretube.com/filters?hd=false&ref=/search/18%2B-dildo-blonde-hot--hand-job-tease-sex-toy-petite-bedroom/page2.html" "Mozilla/5.0 (Linux; Android 7.0;) AppleWebKit/537.36 (KHTML, like Gecko) Mobile Safari/537.36 (compatible; PetalBot;+https://webmaster.petalsearch.com/site/petalbot)"
114.119.132.242 - - [29/Jan/2026:19:59:01 -0500] "GET /filters?hd=false&ref=/search/18%2B-dildo-blonde-hot--hand-job-tease-sex-toy-petite-bedroom/page2.html HTTP/1.1" 302 - "http://baretube.com/filters?hd=false&ref=/search/18%2B-dildo-blonde-hot--hand-job-tease-sex-toy-petite-bedroom/page2.html" "Mozilla/5.0 (Linux; Android 7.0;) AppleWebKit/537.36 (KHTML, like Gecko) Mobile Safari/537.36 (compatible; PetalBot;+https://webmaster.petalsearch.com/site/petalbot)"
114.119.132.242 - - [29/Jan/2026:19:59:02 -0500] "GET /filters?hd=false&ref=/search/18%2B-dildo-blonde-hot--hand-job-tease-sex-toy-petite-bedroom/page2.html HTTP/1.1" 302 - "http://baretube.com/filters?hd=false&ref=/search/18%2B-dildo-blonde-hot--hand-job-tease-sex-toy-petite-bedroom/page2.html" "Mozilla/5.0 (Linux; Android 7.0;) AppleWebKit/537.36 (KHTML, like Gecko) Mobile Safari/537.36 (compatible; PetalBot;+https://webmaster.petalsearch.com/site/petalbot)"
114.119.132.242 - - [29/Jan/2026:19:59:02 -0500] "GET /filters?hd=false&ref=/search/18%2B-dildo-blonde-hot--hand-job-tease-sex-toy-petite-bedroom/page2.html HTTP/1.1" 302 - "http://baretube.com/filters?hd=false&ref=/search/18%2B-dildo-blonde-hot--hand-job-tease-sex-toy-petite-bedroom/page2.html" "Mozilla/5.0 (Linux; Android 7.0;) AppleWebKit/537.36 (KHTML, like Gecko) Mobile Safari/537.36 (compatible; PetalBot;+https://webmaster.petalsearch.com/site/petalbot)"
114.119.132.242 - - [29/Jan/2026:19:59:03 -0500] "GET /filters?hd=false&ref=/search/18%2B-dildo-blonde-hot--hand-job-tease-sex-toy-petite-bedroom/page2.html HTTP/1.1" 302 - "http://baretube.com/filters?hd=false&ref=/search/18%2B-dildo-blonde-hot--hand-job-tease-sex-toy-petite-bedroom/page2.html" "Mozilla/5.0 (Linux; Android 7.0;) AppleWebKit/537.36 (KHTML, like Gecko) Mobile Safari/537.36 (compatible; PetalBot;+https://webmaster.petalsearch.com/site/petalbot)"
114.119.150.32 - - [29/Jan/2026:19:59:51 -0500] "GET /filters?hd=false&ref=/channels/9/amateur/views/ HTTP/1.1" 302 - "http://baretube.com/filters?hd=false&ref=/channels/9/amateur/views/" "Mozilla/5.0 (Linux; Android 7.0;) AppleWebKit/537.36 (KHTML, like Gecko) Mobile Safari/537.36 (compatible; PetalBot;+https://webmaster.petalsearch.com/site/petalbot)"
114.119.150.32 - - [29/Jan/2026:19:59:52 -0500] "GET /filters?hd=false&ref=/channels/9/amateur/views/ HTTP/1.1" 302 - "http://baretube.com/filters?hd=false&ref=/channels/9/amateur/views/" "Mozilla/5.0 (Linux; Android 7.0;) AppleWebKit/537.36 (KHTML, like Gecko) Mobile Safari/537.36 (compatible; PetalBot;+https://webmaster.petalsearch.com/site/petalbot)"
114.119.150.32 - - [29/Jan/2026:19:59:53 -0500] "GET /filters?hd=false&ref=/channels/9/amateur/views/ HTTP/1.1" 302 - "http://baretube.com/filters?hd=false&ref=/channels/9/amateur/views/" "Mozilla/5.0 (Linux; Android 7.0;) AppleWebKit/537.36 (KHTML, like Gecko) Mobile Safari/537.36 (compatible; PetalBot;+https://webmaster.petalsearch.com/site/petalbot)"
114.119.150.32 - - [29/Jan/2026:19:59:53 -0500] "GET /filters?hd=false&ref=/channels/9/amateur/views/ HTTP/1.1" 302 - "http://baretube.com/filters?hd=false&ref=/channels/9/amateur/views/" "Mozilla/5.0 (Linux; Android 7.0;) AppleWebKit/537.36 (KHTML, like Gecko) Mobile Safari/537.36 (compatible; PetalBot;+https://webmaster.petalsearch.com/site/petalbot)"
114.119.150.32 - - [29/Jan/2026:19:59:54 -0500] "GET /filters?hd=false&ref=/channels/9/amateur/views/ HTTP/1.1" 302 - "http://baretube.com/filters?hd=false&ref=/channels/9/amateur/views/" "Mozilla/5.0 (Linux; Android 7.0;) AppleWebKit/537.36 (KHTML, like Gecko) Mobile Safari/537.36 (compatible; PetalBot;+https://webmaster.petalsearch.com/site/petalbot)"
114.119.150.32 - - [29/Jan/2026:19:59:54 -0500] "GET /filters?hd=false&ref=/channels/9/amateur/views/ HTTP/1.1" 302 - "http://baretube.com/filters?hd=false&ref=/channels/9/amateur/views/" "Mozilla/5.0 (Linux; Android 7.0;) AppleWebKit/537.36 (KHTML, like Gecko) Mobile Safari/537.36 (compatible; PetalBot;+https://webmaster.petalsearch.com/site/petalbot)"
114.119.150.32 - - [29/Jan/2026:19:59:55 -0500] "GET /filters?hd=false&ref=/channels/9/amateur/views/ HTTP/1.1" 302 - "http://baretube.com/filters?hd=false&ref=/channels/9/amateur/views/" "Mozilla/5.0 (Linux; Android 7.0;) AppleWebKit/537.36 (KHTML, like Gecko) Mobile Safari/537.36 (compatible; PetalBot;+https://webmaster.petalsearch.com/site/petalbot)"
114.119.150.32 - - [29/Jan/2026:19:59:55 -0500] "GET /filters?hd=false&ref=/channels/9/amateur/views/ HTTP/1.1" 302 - "http://baretube.com/filters?hd=false&ref=/channels/9/amateur/views/" "Mozilla/5.0 (Linux; Android 7.0;) AppleWebKit/537.36 (KHTML, like Gecko) Mobile Safari/537.36 (compatible; PetalBot;+https://webmaster.petalsearch.com/site/petalbot)"
114.119.150.32 - - [29/Jan/2026:19:59:55 -0500] "GET /filters?hd=false&ref=/channels/9/amateur/views/ HTTP/1.1" 302 - "http://baretube.com/filters?hd=false&ref=/channels/9/amateur/views/" "Mozilla/5.0 (Linux; Android 7.0;) AppleWebKit/537.36 (KHTML, like Gecko) Mobile Safari/537.36 (compatible; PetalBot;+https://webmaster.petalsearch.com/site/petalbot)"
114.119.150.32 - - [29/Jan/2026:19:59:56 -0500] "GET /filters?hd=false&ref=/channels/9/amateur/views/ HTTP/1.1" 302 - "http://baretube.com/filters?hd=false&ref=/channels/9/amateur/views/" "Mozilla/5.0 (Linux; Android 7.0;) AppleWebKit/537.36 (KHTML, like Gecko) Mobile Safari/537.36 (compatible; PetalBot;+https://webmaster.petalsearch.com/site/petalbot)"
184.94.156.53 - - [29/Jan/2026:20:00:02 -0500] "GET / HTTP/1.1" 200 140722 "-" "curl/7.29.0"
52.167.144.213 - - [29/Jan/2026:20:00:43 -0500] "GET /search/aurora-helps-you-cum/newest/ HTTP/1.1" 200 83205 "-" "Mozilla/5.0 AppleWebKit/537.36 (KHTML, like Gecko; compatible; bingbot/2.0; +http://www.bing.com/bingbot.htm) Chrome/116.0.1938.76 Safari/537.36"
114.119.136.254 - - [29/Jan/2026:20:01:03 -0500] "GET /filters?hd=false&ref=/channels/7/blowjob/views/page2.html HTTP/1.1" 302 - "http://baretube.com/filters?hd=true&ref=/channels/7/blowjob/views/page2.html" "Mozilla/5.0 (Linux; Android 7.0;) AppleWebKit/537.36 (KHTML, like Gecko) Mobile Safari/537.36 (compatible; PetalBot;+https://webmaster.petalsearch.com/site/petalbot)"
114.119.136.254 - - [29/Jan/2026:20:01:04 -0500] "GET /filters?hd=true&ref=/channels/7/blowjob/views/page2.html HTTP/1.1" 302 - "http://baretube.com/filters?hd=true&ref=/channels/7/blowjob/views/page2.html" "Mozilla/5.0 (Linux; Android 7.0;) AppleWebKit/537.36 (KHTML, like Gecko) Mobile Safari/537.36 (compatible; PetalBot;+https://webmaster.petalsearch.com/site/petalbot)"
114.119.136.254 - - [29/Jan/2026:20:01:04 -0500] "GET /filters?hd=true&ref=/channels/7/blowjob/views/page2.html HTTP/1.1" 302 - "http://baretube.com/filters?hd=true&ref=/channels/7/blowjob/views/page2.html" "Mozilla/5.0 (Linux; Android 7.0;) AppleWebKit/537.36 (KHTML, like Gecko) Mobile Safari/537.36 (compatible; PetalBot;+https://webmaster.petalsearch.com/site/petalbot)"
114.119.136.254 - - [29/Jan/2026:20:01:05 -0500] "GET /filters?hd=true&ref=/channels/7/blowjob/views/page2.html HTTP/1.1" 302 - "http://baretube.com/filters?hd=true&ref=/channels/7/blowjob/views/page2.html" "Mozilla/5.0 (Linux; Android 7.0;) AppleWebKit/537.36 (KHTML, like Gecko) Mobile Safari/537.36 (compatible; PetalBot;+https://webmaster.petalsearch.com/site/petalbot)"
114.119.136.254 - - [29/Jan/2026:20:01:05 -0500] "GET /filters?hd=true&ref=/channels/7/blowjob/views/page2.html HTTP/1.1" 302 - "http://baretube.com/filters?hd=true&ref=/channels/7/blowjob/views/page2.html" "Mozilla/5.0 (Linux; Android 7.0;) AppleWebKit/537.36 (KHTML, like Gecko) Mobile Safari/537.36 (compatible; PetalBot;+https://webmaster.petalsearch.com/site/petalbot)"
114.119.136.254 - - [29/Jan/2026:20:01:06 -0500] "GET /filters?hd=true&ref=/channels/7/blowjob/views/page2.html HTTP/1.1" 302 - "http://baretube.com/filters?hd=true&ref=/channels/7/blowjob/views/page2.html" "Mozilla/5.0 (Linux; Android 7.0;) AppleWebKit/537.36 (KHTML, like Gecko) Mobile Safari/537.36 (compatible; PetalBot;+https://webmaster.petalsearch.com/site/petalbot)"
114.119.136.254 - - [29/Jan/2026:20:01:06 -0500] "GET /filters?hd=true&ref=/channels/7/blowjob/views/page2.html HTTP/1.1" 302 - "http://baretube.com/filters?hd=true&ref=/channels/7/blowjob/views/page2.html" "Mozilla/5.0 (Linux; Android 7.0;) AppleWebKit/537.36 (KHTML, like Gecko) Mobile Safari/537.36 (compatible; PetalBot;+https://webmaster.petalsearch.com/site/petalbot)"
114.119.136.254 - - [29/Jan/2026:20:01:07 -0500] "GET /filters?hd=true&ref=/channels/7/blowjob/views/page2.html HTTP/1.1" 302 - "http://baretube.com/filters?hd=true&ref=/channels/7/blowjob/views/page2.html" "Mozilla/5.0 (Linux; Android 7.0;) AppleWebKit/537.36 (KHTML, like Gecko) Mobile Safari/537.36 (compatible; PetalBot;+https://webmaster.petalsearch.com/site/petalbot)"
114.119.136.254 - - [29/Jan/2026:20:01:07 -0500] "GET /filters?hd=true&ref=/channels/7/blowjob/views/page2.html HTTP/1.1" 302 - "http://baretube.com/filters?hd=true&ref=/channels/7/blowjob/views/page2.html" "Mozilla/5.0 (Linux; Android 7.0;) AppleWebKit/537.36 (KHTML, like Gecko) Mobile Safari/537.36 (compatible; PetalBot;+https://webmaster.petalsearch.com/site/petalbot)"
114.119.136.254 - - [29/Jan/2026:20:01:08 -0500] "GET /filters?hd=true&ref=/channels/7/blowjob/views/page2.html HTTP/1.1" 302 - "http://baretube.com/filters?hd=true&ref=/channels/7/blowjob/views/page2.html" "Mozilla/5.0 (Linux; Android 7.0;) AppleWebKit/537.36 (KHTML, like Gecko) Mobile Safari/537.36 (compatible; PetalBot;+https://webmaster.petalsearch.com/site/petalbot)"
149.40.50.210 - - [29/Jan/2026:20:01:52 -0500] "GET /contact HTTP/1.1" 200 38076 "-" "Mozilla/5.0 (Linux x86_64; rv:114.0) Gecko/20100101 Firefox/114.0"
149.40.50.210 - - [29/Jan/2026:20:01:53 -0500] "GET /captcha.php?1769734912 HTTP/1.1" 200 6334 "http://baretube.com/contact" "Mozilla/5.0 (Linux x86_64; rv:114.0) Gecko/20100101 Firefox/114.0"
149.40.50.210 - - [29/Jan/2026:20:01:55 -0500] "POST /contact HTTP/1.1" 302 - "http://baretube.com/contact" "Mozilla/5.0 (Linux x86_64; rv:114.0) Gecko/20100101 Firefox/114.0"
149.40.50.210 - - [29/Jan/2026:20:01:55 -0500] "GET /contact HTTP/1.1" 200 38154 "http://baretube.com/contact" "Mozilla/5.0 (Linux x86_64; rv:114.0) Gecko/20100101 Firefox/114.0"
114.119.136.254 - - [29/Jan/2026:20:02:14 -0500] "GET /filters?hd=false&ref=/channels/6/bareback/longest/ HTTP/1.1" 302 - "http://baretube.com/filters?hd=false&ref=/channels/6/bareback/longest/" "Mozilla/5.0 (Linux; Android 7.0;) AppleWebKit/537.36 (KHTML, like Gecko) Mobile Safari/537.36 (compatible; PetalBot;+https://webmaster.petalsearch.com/site/petalbot)"
114.119.136.254 - - [29/Jan/2026:20:02:15 -0500] "GET /filters?hd=false&ref=/channels/6/bareback/longest/ HTTP/1.1" 302 - "http://baretube.com/filters?hd=false&ref=/channels/6/bareback/longest/" "Mozilla/5.0 (Linux; Android 7.0;) AppleWebKit/537.36 (KHTML, like Gecko) Mobile Safari/537.36 (compatible; PetalBot;+https://webmaster.petalsearch.com/site/petalbot)"
114.119.136.254 - - [29/Jan/2026:20:02:16 -0500] "GET /filters?hd=false&ref=/channels/6/bareback/longest/ HTTP/1.1" 302 - "http://baretube.com/filters?hd=false&ref=/channels/6/bareback/longest/" "Mozilla/5.0 (Linux; Android 7.0;) AppleWebKit/537.36 (KHTML, like Gecko) Mobile Safari/537.36 (compatible; PetalBot;+https://webmaster.petalsearch.com/site/petalbot)"
114.119.136.254 - - [29/Jan/2026:20:02:17 -0500] "GET /filters?hd=false&ref=/channels/6/bareback/longest/ HTTP/1.1" 302 - "http://baretube.com/filters?hd=false&ref=/channels/6/bareback/longest/" "Mozilla/5.0 (Linux; Android 7.0;) AppleWebKit/537.36 (KHTML, like Gecko) Mobile Safari/537.36 (compatible; PetalBot;+https://webmaster.petalsearch.com/site/petalbot)"
114.119.136.254 - - [29/Jan/2026:20:02:17 -0500] "GET /filters?hd=false&ref=/channels/6/bareback/longest/ HTTP/1.1" 302 - "http://baretube.com/filters?hd=false&ref=/channels/6/bareback/longest/" "Mozilla/5.0 (Linux; Android 7.0;) AppleWebKit/537.36 (KHTML, like Gecko) Mobile Safari/537.36 (compatible; PetalBot;+https://webmaster.petalsearch.com/site/petalbot)"
114.119.136.254 - - [29/Jan/2026:20:02:18 -0500] "GET /filters?hd=false&ref=/channels/6/bareback/longest/ HTTP/1.1" 302 - "http://baretube.com/filters?hd=false&ref=/channels/6/bareback/longest/" "Mozilla/5.0 (Linux; Android 7.0;) AppleWebKit/537.36 (KHTML, like Gecko) Mobile Safari/537.36 (compatible; PetalBot;+https://webmaster.petalsearch.com/site/petalbot)"
114.119.136.254 - - [29/Jan/2026:20:02:18 -0500] "GET /filters?hd=false&ref=/channels/6/bareback/longest/ HTTP/1.1" 302 - "http://baretube.com/filters?hd=false&ref=/channels/6/bareback/longest/" "Mozilla/5.0 (Linux; Android 7.0;) AppleWebKit/537.36 (KHTML, like Gecko) Mobile Safari/537.36 (compatible; PetalBot;+https://webmaster.petalsearch.com/site/petalbot)"
114.119.136.254 - - [29/Jan/2026:20:02:19 -0500] "GET /filters?hd=false&ref=/channels/6/bareback/longest/ HTTP/1.1" 302 - "http://baretube.com/filters?hd=false&ref=/channels/6/bareback/longest/" "Mozilla/5.0 (Linux; Android 7.0;) AppleWebKit/537.36 (KHTML, like Gecko) Mobile Safari/537.36 (compatible; PetalBot;+https://webmaster.petalsearch.com/site/petalbot)"
114.119.136.254 - - [29/Jan/2026:20:02:19 -0500] "GET /filters?hd=false&ref=/channels/6/bareback/longest/ HTTP/1.1" 302 - "http://baretube.com/filters?hd=false&ref=/channels/6/bareback/longest/" "Mozilla/5.0 (Linux; Android 7.0;) AppleWebKit/537.36 (KHTML, like Gecko) Mobile Safari/537.36 (compatible; PetalBot;+https://webmaster.petalsearch.com/site/petalbot)"
114.119.136.254 - - [29/Jan/2026:20:02:20 -0500] "GET /filters?hd=false&ref=/channels/6/bareback/longest/ HTTP/1.1" 302 - "http://baretube.com/filters?hd=false&ref=/channels/6/bareback/longest/" "Mozilla/5.0 (Linux; Android 7.0;) AppleWebKit/537.36 (KHTML, like Gecko) Mobile Safari/537.36 (compatible; PetalBot;+https://webmaster.petalsearch.com/site/petalbot)"
145.239.10.137 - - [29/Jan/2026:20:03:16 -0500] "GET /safari.php HTTP/1.1" 404 34478 "http://baretube.com/safari.php" "Mozilla/5.0 (iPhone; CPU iPhone OS 17_5_1 like Mac OS X) AppleWebKit/605.1.15 (KHTML, like Gecko) Version/17.5 Mobile/15E148 Safari/604.1"
72.37.216.68 - - [29/Jan/2026:20:03:51 -0500] "GET /signup.php HTTP/1.1" 200 1534 "http://baretube.com/signup.php" "Mozilla/5.0 (Windows NT 10.0; Win64; x64) AppleWebKit/537.36 (KHTML, like Gecko) Chrome/130.0.0.0 Safari/537.36 CCleaner/130.0.0.0"
72.37.216.68 - - [29/Jan/2026:20:03:52 -0500] "GET /captcha.php HTTP/1.1" 200 5992 "http://baretube.com/signup.php" "Mozilla/5.0 (Windows NT 10.0; Win64; x64) AppleWebKit/537.36 (KHTML, like Gecko) Chrome/130.0.0.0 Safari/537.36 CCleaner/130.0.0.0"
72.37.216.68 - - [29/Jan/2026:20:03:53 -0500] "POST /signup.php HTTP/1.1" 500 - "http://baretube.com/signup.php" "Mozilla/5.0 (Windows NT 10.0; Win64; x64) AppleWebKit/537.36 (KHTML, like Gecko) Chrome/130.0.0.0 Safari/537.36 CCleaner/130.0.0.0"
72.37.216.68 - - [29/Jan/2026:20:03:54 -0500] "GET /captcha.php HTTP/1.1" 200 5274 "http://baretube.com/signup.php" "Mozilla/5.0 (Windows NT 10.0; Win64; x64) AppleWebKit/537.36 (KHTML, like Gecko) Chrome/130.0.0.0 Safari/537.36 CCleaner/130.0.0.0"
72.37.216.68 - - [29/Jan/2026:20:03:55 -0500] "POST /signup.php HTTP/1.1" 500 - "http://baretube.com/signup.php" "Mozilla/5.0 (Windows NT 10.0; Win64; x64) AppleWebKit/537.36 (KHTML, like Gecko) Chrome/130.0.0.0 Safari/537.36 CCleaner/130.0.0.0"
52.167.144.205 - - [29/Jan/2026:20:04:25 -0500] "GET /search/russian-blonde-webcam-babes-sexy-cam-girls-ukranian-blond-teen-solo-girls-booty-shake-lingerie-vibrator-dildo-masturbation-squirt-wet-pussy-multiple-squirt-webcams/rating/page2.html HTTP/1.1" 200 84722 "-" "Mozilla/5.0 AppleWebKit/537.36 (KHTML, like Gecko; compatible; bingbot/2.0; +http://www.bing.com/bingbot.htm) Chrome/116.0.1938.76 Safari/537.36"
114.119.136.254 - - [29/Jan/2026:20:04:38 -0500] "GET /filters?hd=false&ref=/channels/34/anon/longest/ HTTP/1.1" 302 - "http://baretube.com/channels/34/anon/longest/" "Mozilla/5.0 (Linux; Android 7.0;) AppleWebKit/537.36 (KHTML, like Gecko) Mobile Safari/537.36 (compatible; PetalBot;+https://webmaster.petalsearch.com/site/petalbot)"
114.119.136.254 - - [29/Jan/2026:20:04:38 -0500] "GET /channels/34/anon/longest/ HTTP/1.1" 200 62641 "http://baretube.com/channels/34/anon/longest/" "Mozilla/5.0 (Linux; Android 7.0;) AppleWebKit/537.36 (KHTML, like Gecko) Mobile Safari/537.36 (compatible; PetalBot;+https://webmaster.petalsearch.com/site/petalbot)"
184.94.156.53 - - [29/Jan/2026:20:05:03 -0500] "GET / HTTP/1.1" 200 140722 "-" "curl/7.29.0"
114.119.150.32 - - [29/Jan/2026:20:05:49 -0500] "GET /filters?hd=false&ref=/channels/3/big-cock/page1.html HTTP/1.1" 302 - "http://baretube.com/channels/3/big-cock/page1.html" "Mozilla/5.0 (Linux; Android 7.0;) AppleWebKit/537.36 (KHTML, like Gecko) Mobile Safari/537.36 (compatible; PetalBot;+https://webmaster.petalsearch.com/site/petalbot)"
114.119.150.32 - - [29/Jan/2026:20:05:50 -0500] "GET /channels/3/big-cock/page1.html HTTP/1.1" 200 104709 "http://baretube.com/channels/3/big-cock/page1.html" "Mozilla/5.0 (Linux; Android 7.0;) AppleWebKit/537.36 (KHTML, like Gecko) Mobile Safari/537.36 (compatible; PetalBot;+https://webmaster.petalsearch.com/site/petalbot)"
114.119.131.11 - - [29/Jan/2026:20:07:01 -0500] "GET /filters?hd=false&ref=/channels/19/fisting/longest/ HTTP/1.1" 302 - "http://baretube.com/channels/19/fisting/longest/" "Mozilla/5.0 (Linux; Android 7.0;) AppleWebKit/537.36 (KHTML, like Gecko) Mobile Safari/537.36 (compatible; PetalBot;+https://webmaster.petalsearch.com/site/petalbot)"
114.119.131.11 - - [29/Jan/2026:20:07:02 -0500] "GET /channels/19/fisting/longest/ HTTP/1.1" 200 62671 "http://baretube.com/channels/19/fisting/longest/" "Mozilla/5.0 (Linux; Android 7.0;) AppleWebKit/537.36 (KHTML, like Gecko) Mobile Safari/537.36 (compatible; PetalBot;+https://webmaster.petalsearch.com/site/petalbot)"
216.244.66.195 - - [29/Jan/2026:20:07:21 -0500] "GET /robots.txt HTTP/1.1" 403 - "-" "Mozilla/5.0 (compatible; DotBot/1.2; +https://opensiteexplorer.org/dotbot; help@moz.com)"
38.54.17.33 - - [29/Jan/2026:20:09:06 -0500] "GET / HTTP/1.1" 200 140722 "-" "Mozilla/5.0 (X11; Linux x86_64) AppleWebKit/537.36 (KHTML, like Gecko) Chrome/131.0.0.0 Safari/537.36"
114.119.136.254 - - [29/Jan/2026:20:09:28 -0500] "GET /filters?hd=false&ref=/channels/1/amateur-gay/longest/ HTTP/1.1" 302 - "http://baretube.com/channels/1/amateur-gay/longest/" "Mozilla/5.0 (Linux; Android 7.0;) AppleWebKit/537.36 (KHTML, like Gecko) Mobile Safari/537.36 (compatible; PetalBot;+https://webmaster.petalsearch.com/site/petalbot)"
114.119.136.254 - - [29/Jan/2026:20:09:30 -0500] "GET /channels/1/amateur-gay/longest/ HTTP/1.1" 200 62703 "http://baretube.com/channels/1/amateur-gay/longest/" "Mozilla/5.0 (Linux; Android 7.0;) AppleWebKit/537.36 (KHTML, like Gecko) Mobile Safari/537.36 (compatible; PetalBot;+https://webmaster.petalsearch.com/site/petalbot)"
17.241.219.192 - - [29/Jan/2026:20:09:32 -0500] "GET /action.php?action=reportVideo&id=19 HTTP/1.1" 200 3601 "-" "Mozilla/5.0 (Macintosh; Intel Mac OS X 10_15_7) AppleWebKit/605.1.15 (KHTML, like Gecko) Version/17.4 Safari/605.1.15 (Applebot/0.1; +http://www.apple.com/go/applebot)"
184.94.156.53 - - [29/Jan/2026:20:10:02 -0500] "GET / HTTP/1.1" 200 140722 "-" "curl/7.29.0"
114.119.144.88 - - [29/Jan/2026:20:10:36 -0500] "GET /channels/9/amateur/views/page2.html HTTP/1.1" 200 82604 "http://baretube.com/filters?hd=false&ref=/channels/9/amateur/views/" "Mozilla/5.0 (Linux; Android 7.0;) AppleWebKit/537.36 (KHTML, like Gecko) Mobile Safari/537.36 (compatible; PetalBot;+https://webmaster.petalsearch.com/site/petalbot)"
3.213.106.226 - - [29/Jan/2026:20:11:30 -0500] "GET /models/q/rating/ HTTP/1.1" 200 38524 "-" "Mozilla/5.0 AppleWebKit/537.36 (KHTML, like Gecko; compatible; Amazonbot/0.1; +https://developer.amazon.com/support/amazonbot) Chrome/119.0.6045.214 Safari/537.36"
114.119.131.11 - - [29/Jan/2026:20:11:47 -0500] "GET /channels/9/amateur/longest/ HTTP/1.1" 200 109823 "http://baretube.com/filters?hd=false&ref=/channels/9/amateur/page1.html" "Mozilla/5.0 (Linux; Android 7.0;) AppleWebKit/537.36 (KHTML, like Gecko) Mobile Safari/537.36 (compatible; PetalBot;+https://webmaster.petalsearch.com/site/petalbot)"
5.102.173.71 - - [29/Jan/2026:20:12:21 -0500] "GET /robots.txt HTTP/1.1" 200 243 "-" "Mozilla/5.0 (compatible; MojeekBot/0.11; +https://www.mojeek.com/bot.html)"
5.102.173.71 - - [29/Jan/2026:20:12:21 -0500] "GET /search/deepthroat-sucking/page1.html HTTP/1.1" 200 69422 "-" "Mozilla/5.0 (compatible; MojeekBot/0.11; +https://www.mojeek.com/bot.html)"
145.239.10.137 - - [29/Jan/2026:20:13:10 -0500] "GET /b1.php HTTP/1.1" 404 34462 "http://baretube.com/b1.php" "Mozilla/5.0 (iPhone; CPU iPhone OS 17_5_1 like Mac OS X) AppleWebKit/605.1.15 (KHTML, like Gecko) Version/17.5 Mobile/15E148 Safari/604.1"
184.94.156.53 - - [29/Jan/2026:20:15:03 -0500] "GET / HTTP/1.1" 200 140722 "-" "curl/7.29.0"
114.119.150.32 - - [29/Jan/2026:20:15:25 -0500] "GET /channels/16/bdsm/rating/ HTTP/1.1" 200 62639 "http://baretube.com/filters?hd=false&ref=/channels/16/bdsm/longest/" "Mozilla/5.0 (Linux; Android 7.0;) AppleWebKit/537.36 (KHTML, like Gecko) Mobile Safari/537.36 (compatible; PetalBot;+https://webmaster.petalsearch.com/site/petalbot)"
114.119.131.11 - - [29/Jan/2026:20:16:35 -0500] "GET /channels/14/asian/rating/ HTTP/1.1" 200 64997 "http://baretube.com/channels/14/asian/page1.html" "Mozilla/5.0 (Linux; Android 7.0;) AppleWebKit/537.36 (KHTML, like Gecko) Mobile Safari/537.36 (compatible; PetalBot;+https://webmaster.petalsearch.com/site/petalbot)"
114.119.150.32 - - [29/Jan/2026:20:17:47 -0500] "GET /channels/13/bear/views/ HTTP/1.1" 200 62637 "http://baretube.com/filters?hd=true&ref=/channels/13/bear/views/" "Mozilla/5.0 (Linux; Android 7.0;) AppleWebKit/537.36 (KHTML, like Gecko) Mobile Safari/537.36 (compatible; PetalBot;+https://webmaster.petalsearch.com/site/petalbot)"
145.239.10.137 - - [29/Jan/2026:20:17:48 -0500] "GET /2.php HTTP/1.1" 404 34458 "http://baretube.com/2.php" "Mozilla/5.0 (iPhone; CPU iPhone OS 17_5_1 like Mac OS X) AppleWebKit/605.1.15 (KHTML, like Gecko) Version/17.5 Mobile/15E148 Safari/604.1"
145.239.10.137 - - [29/Jan/2026:20:17:49 -0500] "GET /m44.php HTTP/1.1" 404 34466 "http://baretube.com/m44.php" "Mozilla/5.0 (iPhone; CPU iPhone OS 17_5_1 like Mac OS X) AppleWebKit/605.1.15 (KHTML, like Gecko) Version/17.5 Mobile/15E148 Safari/604.1"
184.94.156.53 - - [29/Jan/2026:20:20:02 -0500] "GET / HTTP/1.1" 200 140722 "-" "curl/7.29.0"
114.119.132.242 - - [29/Jan/2026:20:21:21 -0500] "GET /action.php?action=reportVideo&id=130 HTTP/1.1" 200 3602 "http://baretube.com/filters?hd=false&ref=/video/my-sister-dirty-talk-130.html" "Mozilla/5.0 (Linux; Android 7.0;) AppleWebKit/537.36 (KHTML, like Gecko) Mobile Safari/537.36 (compatible; PetalBot;+https://webmaster.petalsearch.com/site/petalbot)"
114.119.136.254 - - [29/Jan/2026:20:22:34 -0500] "GET /action.php?action=add_favorites&id=232 HTTP/1.1" 200 727 "http://baretube.com/filters?hd=true&ref=/video/guy-gets-his-ass-fucked-hard-9.html" "Mozilla/5.0 (Linux; Android 7.0;) AppleWebKit/537.36 (KHTML, like Gecko) Mobile Safari/537.36 (compatible; PetalBot;+https://webmaster.petalsearch.com/site/petalbot)"
114.119.131.11 - - [29/Jan/2026:20:23:46 -0500] "GET /action.php?action=add_favorites&id=12 HTTP/1.1" 200 727 "http://baretube.com/filters?hd=false&ref=/page6.html" "Mozilla/5.0 (Linux; Android 7.0;) AppleWebKit/537.36 (KHTML, like Gecko) Mobile Safari/537.36 (compatible; PetalBot;+https://webmaster.petalsearch.com/site/petalbot)"
184.94.156.53 - - [29/Jan/2026:20:25:03 -0500] "GET / HTTP/1.1" 200 140722 "-" "curl/7.29.0"
185.191.171.19 - - [29/Jan/2026:20:26:16 -0500] "GET /robots.txt HTTP/1.1" 403 - "-" "Mozilla/5.0 (compatible; SemrushBot/7~bl; +http://www.semrush.com/bot.html)"
185.191.171.14 - - [29/Jan/2026:20:26:17 -0500] "GET /filters?hd=false&ref=%2Fchannels%2F33%2Fpissing%2F HTTP/1.1" 403 - "-" "Mozilla/5.0 (compatible; SemrushBot/7~bl; +http://www.semrush.com/bot.html)"
54.84.169.196 - - [29/Jan/2026:20:26:36 -0500] "GET /filters?hd=false&ref=/models/t/ HTTP/1.1" 302 - "-" "Mozilla/5.0 AppleWebKit/537.36 (KHTML, like Gecko; compatible; Amazonbot/0.1; +https://developer.amazon.com/support/amazonbot) Chrome/119.0.6045.214 Safari/537.36"
3.90.73.206 - - [29/Jan/2026:20:26:38 -0500] "GET /models/s/ HTTP/1.1" 200 38310 "-" "Mozilla/5.0 AppleWebKit/537.36 (KHTML, like Gecko; compatible; Amazonbot/0.1; +https://developer.amazon.com/support/amazonbot) Chrome/119.0.6045.214 Safari/537.36"
184.94.156.53 - - [29/Jan/2026:20:30:02 -0500] "GET / HTTP/1.1" 200 140722 "-" "curl/7.29.0"
5.102.173.71 - - [29/Jan/2026:20:31:40 -0500] "GET /robots.txt HTTP/1.1" 200 243 "-" "Mozilla/5.0 (compatible; MojeekBot/0.11; +https://www.mojeek.com/bot.html)"
5.102.173.71 - - [29/Jan/2026:20:31:40 -0500] "GET /search/group-fuck/page1.html HTTP/1.1" 200 57451 "-" "Mozilla/5.0 (compatible; MojeekBot/0.11; +https://www.mojeek.com/bot.html)"
184.94.156.53 - - [29/Jan/2026:20:35:02 -0500] "GET / HTTP/1.1" 200 140722 "-" "curl/7.29.0"
5.102.173.71 - - [29/Jan/2026:20:36:18 -0500] "GET /search/masturbate/page2.html HTTP/1.1" 200 36009 "-" "Mozilla/5.0 (compatible; MojeekBot/0.11; +https://www.mojeek.com/bot.html)"
14.240.113.33 - - [29/Jan/2026:20:37:45 -0500] "GET /galleries/horny-chick-playing-dildo-232.html HTTP/1.1" 200 79560 "-" "Mozilla/5.0 (Macintosh; Intel Mac OS X 10_13_6) AppleWebKit/537.36 (KHTML, like Gecko) Chrome/99.0.4844.84 Safari/537.36"
184.94.156.53 - - [29/Jan/2026:20:40:02 -0500] "GET / HTTP/1.1" 200 140722 "-" "curl/7.29.0"
222.252.52.127 - - [29/Jan/2026:20:40:19 -0500] "GET /filters?hd=false&ref=%2Fchannels%2F33%2Fpissing%2Flongest%2F HTTP/1.1" 302 - "-" "Mozilla/5.0 (Macintosh; Intel Mac OS X 10_13_6) AppleWebKit/537.36 (KHTML, like Gecko) Chrome/91.0.4472.114 Safari/537.36"
222.252.52.127 - - [29/Jan/2026:20:40:20 -0500] "GET / HTTP/1.1" 200 139998 "-" "Mozilla/5.0 (Macintosh; Intel Mac OS X 10_13_6) AppleWebKit/537.36 (KHTML, like Gecko) Chrome/91.0.4472.114 Safari/537.36"
123.28.236.246 - - [29/Jan/2026:20:42:58 -0500] "GET /action.php?action=add_favorites&id=8 HTTP/1.1" 200 727 "-" "Mozilla/5.0 (Macintosh; Intel Mac OS X 10_11_6) AppleWebKit/537.36 (KHTML, like Gecko) Brave Chrome/84.0.4147.135 Safari/537.36"
184.94.156.53 - - [29/Jan/2026:20:45:02 -0500] "GET / HTTP/1.1" 200 140722 "-" "curl/7.29.0"
184.94.156.53 - - [29/Jan/2026:20:50:02 -0500] "GET / HTTP/1.1" 200 140722 "-" "curl/7.29.0"
216.244.66.195 - - [29/Jan/2026:20:54:03 -0500] "GET /robots.txt HTTP/1.1" 403 - "-" "Mozilla/5.0 (compatible; DotBot/1.2; +https://opensiteexplorer.org/dotbot; help@moz.com)"
184.94.156.53 - - [29/Jan/2026:20:55:02 -0500] "GET / HTTP/1.1" 200 140722 "-" "curl/7.29.0"
44.215.235.20 - - [29/Jan/2026:20:59:14 -0500] "GET /filters?ref=/models/p/&vr=true HTTP/1.1" 302 - "-" "Mozilla/5.0 AppleWebKit/537.36 (KHTML, like Gecko; compatible; Amazonbot/0.1; +https://developer.amazon.com/support/amazonbot) Chrome/119.0.6045.214 Safari/537.36"
3.212.205.90 - - [29/Jan/2026:20:59:18 -0500] "GET /filters?ref=/models/z/&vr=true HTTP/1.1" 302 - "-" "Mozilla/5.0 AppleWebKit/537.36 (KHTML, like Gecko; compatible; Amazonbot/0.1; +https://developer.amazon.com/support/amazonbot) Chrome/119.0.6045.214 Safari/537.36"
44.217.255.167 - - [29/Jan/2026:20:59:23 -0500] "GET /models/t/rating/ HTTP/1.1" 200 38524 "-" "Mozilla/5.0 AppleWebKit/537.36 (KHTML, like Gecko; compatible; Amazonbot/0.1; +https://developer.amazon.com/support/amazonbot) Chrome/119.0.6045.214 Safari/537.36"
184.94.156.53 - - [29/Jan/2026:21:00:02 -0500] "GET / HTTP/1.1" 200 140722 "-" "curl/7.29.0"
40.77.167.235 - - [29/Jan/2026:21:01:52 -0500] "GET /channels/18/interracial-dildos-/-toys/page1.html HTTP/1.1" 200 86535 "-" "Mozilla/5.0 AppleWebKit/537.36 (KHTML, like Gecko; compatible; bingbot/2.0; +http://www.bing.com/bingbot.htm) Chrome/116.0.1938.76 Safari/537.36"
40.77.167.235 - - [29/Jan/2026:21:02:53 -0500] "GET /search/barebacked/newest/ HTTP/1.1" 200 81309 "-" "Mozilla/5.0 AppleWebKit/537.36 (KHTML, like Gecko; compatible; bingbot/2.0; +http://www.bing.com/bingbot.htm) Chrome/116.0.1938.76 Safari/537.36"
23.180.120.131 - - [29/Jan/2026:21:03:13 -0500] "GET / HTTP/1.1" 200 139998 "-" "Mozilla/5.0 (X11; Linux x86_64) AppleWebKit/537.36 Chrome/122.0.0.0 Safari/537.36"
185.191.171.3 - - [29/Jan/2026:21:03:36 -0500] "GET /robots.txt HTTP/1.1" 403 - "-" "Mozilla/5.0 (compatible; SemrushBot/7~bl; +http://www.semrush.com/bot.html)"
185.191.171.18 - - [29/Jan/2026:21:03:36 -0500] "GET /filters?hd=false&ref=%2Fsearch%2Fhandjob%2Fpage1.html HTTP/1.1" 403 - "-" "Mozilla/5.0 (compatible; SemrushBot/7~bl; +http://www.semrush.com/bot.html)"
184.94.156.53 - - [29/Jan/2026:21:05:02 -0500] "GET / HTTP/1.1" 200 140722 "-" "curl/7.29.0"
