114.119.136.254 - - [29/Jan/2026:23:57:54 -0500] "GET /filters?vr=true&ref=/search/aurora-helps-you-cum/page1.html HTTP/1.1" 302 - "http://baretube.com/filters?vr=true&ref=%2Fsearch%2Faurora-helps-you-cum%2Fpage1.html" "Mozilla/5.0 (Linux; Android 7.0;) AppleWebKit/537.36 (KHTML, like Gecko) Mobile Safari/537.36 (compatible; PetalBot;+https://webmaster.petalsearch.com/site/petalbot)"
114.119.136.254 - - [29/Jan/2026:23:57:55 -0500] "GET /filters?vr=true&ref=/search/aurora-helps-you-cum/page1.html HTTP/1.1" 302 - "http://baretube.com/filters?vr=true&ref=%2Fsearch%2Faurora-helps-you-cum%2Fpage1.html" "Mozilla/5.0 (Linux; Android 7.0;) AppleWebKit/537.36 (KHTML, like Gecko) Mobile Safari/537.36 (compatible; PetalBot;+https://webmaster.petalsearch.com/site/petalbot)"
114.119.136.254 - - [29/Jan/2026:23:57:56 -0500] "GET /filters?vr=true&ref=/search/aurora-helps-you-cum/page1.html HTTP/1.1" 302 - "http://baretube.com/filters?vr=true&ref=%2Fsearch%2Faurora-helps-you-cum%2Fpage1.html" "Mozilla/5.0 (Linux; Android 7.0;) AppleWebKit/537.36 (KHTML, like Gecko) Mobile Safari/537.36 (compatible; PetalBot;+https://webmaster.petalsearch.com/site/petalbot)"
114.119.136.254 - - [29/Jan/2026:23:57:56 -0500] "GET /filters?vr=true&ref=/search/aurora-helps-you-cum/page1.html HTTP/1.1" 302 - "http://baretube.com/filters?vr=true&ref=%2Fsearch%2Faurora-helps-you-cum%2Fpage1.html" "Mozilla/5.0 (Linux; Android 7.0;) AppleWebKit/537.36 (KHTML, like Gecko) Mobile Safari/537.36 (compatible; PetalBot;+https://webmaster.petalsearch.com/site/petalbot)"
114.119.136.254 - - [29/Jan/2026:23:57:57 -0500] "GET /filters?vr=true&ref=/search/aurora-helps-you-cum/page1.html HTTP/1.1" 302 - "http://baretube.com/filters?vr=true&ref=%2Fsearch%2Faurora-helps-you-cum%2Fpage1.html" "Mozilla/5.0 (Linux; Android 7.0;) AppleWebKit/537.36 (KHTML, like Gecko) Mobile Safari/537.36 (compatible; PetalBot;+https://webmaster.petalsearch.com/site/petalbot)"
114.119.131.11 - - [29/Jan/2026:23:59:02 -0500] "GET /tags/l/ HTTP/1.1" 200 37784 "http://www.baretube.com/tags/r/" "Mozilla/5.0 (Linux; Android 7.0;) AppleWebKit/537.36 (KHTML, like Gecko) Mobile Safari/537.36 (compatible; PetalBot;+https://webmaster.petalsearch.com/site/petalbot)"
184.94.156.53 - - [30/Jan/2026:00:00:04 -0500] "GET / HTTP/1.1" 200 140298 "-" "curl/7.29.0"
114.119.136.254 - - [30/Jan/2026:00:00:14 -0500] "GET /search/guy-webcam/ HTTP/1.1" 200 79515 "http://www.baretube.com/search/guy-webcam/" "Mozilla/5.0 (Linux; Android 7.0;) AppleWebKit/537.36 (KHTML, like Gecko) Mobile Safari/537.36 (compatible; PetalBot;+https://webmaster.petalsearch.com/site/petalbot)"
179.106.165.189 - - [30/Jan/2026:00:00:29 -0500] "GET /video/bareback-wild-gay-couple-73.html HTTP/1.1" 200 82074 "-" "Mozilla/5.0 (Windows NT 10.0; Win64; x64) AppleWebKit/537.36 (KHTML, like Gecko) Chrome/89.0.4389.82 Safari/537.36"
114.119.131.11 - - [30/Jan/2026:00:02:37 -0500] "GET /search/guy-masturbation/page9.html HTTP/1.1" 200 36075 "http://www.baretube.com/search/guy-masturbation/page9.html" "Mozilla/5.0 (Linux; Android 7.0;) AppleWebKit/537.36 (KHTML, like Gecko) Mobile Safari/537.36 (compatible; PetalBot;+https://webmaster.petalsearch.com/site/petalbot)"
18.235.81.246 - - [30/Jan/2026:00:02:49 -0500] "GET /unsetFilters HTTP/1.1" 302 - "-" "Mozilla/5.0 AppleWebKit/537.36 (KHTML, like Gecko; compatible; Amazonbot/0.1; +https://developer.amazon.com/support/amazonbot) Chrome/119.0.6045.214 Safari/537.36"
54.156.248.117 - - [30/Jan/2026:00:02:49 -0500] "GET /members/ HTTP/1.1" 200 58563 "-" "Mozilla/5.0 AppleWebKit/537.36 (KHTML, like Gecko; compatible; Amazonbot/0.1; +https://developer.amazon.com/support/amazonbot) Chrome/119.0.6045.214 Safari/537.36"
18.211.39.188 - - [30/Jan/2026:00:02:54 -0500] "GET /longest/week/ HTTP/1.1" 200 61389 "-" "Mozilla/5.0 AppleWebKit/537.36 (KHTML, like Gecko; compatible; Amazonbot/0.1; +https://developer.amazon.com/support/amazonbot) Chrome/119.0.6045.214 Safari/537.36"
52.45.77.169 - - [30/Jan/2026:00:02:59 -0500] "GET /vr/week/ HTTP/1.1" 200 61348 "-" "Mozilla/5.0 AppleWebKit/537.36 (KHTML, like Gecko; compatible; Amazonbot/0.1; +https://developer.amazon.com/support/amazonbot) Chrome/119.0.6045.214 Safari/537.36"
54.85.126.86 - - [30/Jan/2026:00:03:03 -0500] "GET /photos/ HTTP/1.1" 200 61002 "-" "Mozilla/5.0 AppleWebKit/537.36 (KHTML, like Gecko; compatible; Amazonbot/0.1; +https://developer.amazon.com/support/amazonbot) Chrome/119.0.6045.214 Safari/537.36"
54.225.98.148 - - [30/Jan/2026:00:03:05 -0500] "GET /channels/21/latino/ HTTP/1.1" 200 63100 "-" "Mozilla/5.0 AppleWebKit/537.36 (KHTML, like Gecko; compatible; Amazonbot/0.1; +https://developer.amazon.com/support/amazonbot) Chrome/119.0.6045.214 Safari/537.36"
34.196.6.199 - - [30/Jan/2026:00:03:09 -0500] "GET /most-recent/day/ HTTP/1.1" 200 62337 "-" "Mozilla/5.0 AppleWebKit/537.36 (KHTML, like Gecko; compatible; Amazonbot/0.1; +https://developer.amazon.com/support/amazonbot) Chrome/119.0.6045.214 Safari/537.36"
44.208.223.68 - - [30/Jan/2026:00:03:15 -0500] "GET /models/ HTTP/1.1" 200 38297 "-" "Mozilla/5.0 AppleWebKit/537.36 (KHTML, like Gecko; compatible; Amazonbot/0.1; +https://developer.amazon.com/support/amazonbot) Chrome/119.0.6045.214 Safari/537.36"
114.119.150.32 - - [30/Jan/2026:00:05:00 -0500] "GET /filters?hd=false&ref=/video/barebacked-hard-fucking-anal-103.html HTTP/1.1" 302 - "http://baretube.com/video/barebacked-hard-fucking-anal-103.html" "Mozilla/5.0 (Linux; Android 7.0;) AppleWebKit/537.36 (KHTML, like Gecko) Mobile Safari/537.36 (compatible; PetalBot;+https://webmaster.petalsearch.com/site/petalbot)"
114.119.150.32 - - [30/Jan/2026:00:05:01 -0500] "GET /video/barebacked-hard-fucking-anal-103.html HTTP/1.1" 200 81661 "http://baretube.com/video/barebacked-hard-fucking-anal-103.html" "Mozilla/5.0 (Linux; Android 7.0;) AppleWebKit/537.36 (KHTML, like Gecko) Mobile Safari/537.36 (compatible; PetalBot;+https://webmaster.petalsearch.com/site/petalbot)"
184.94.156.53 - - [30/Jan/2026:00:05:02 -0500] "GET / HTTP/1.1" 200 140506 "-" "curl/7.29.0"
40.77.167.28 - - [30/Jan/2026:00:06:06 -0500] "GET /search/sexy-dildo-toy-alluring-babe-blonde-horny-stoking/newest/ HTTP/1.1" 200 81923 "-" "Mozilla/5.0 AppleWebKit/537.36 (KHTML, like Gecko; compatible; bingbot/2.0; +http://www.bing.com/bingbot.htm) Chrome/116.0.1938.76 Safari/537.36"
114.119.132.242 - - [30/Jan/2026:00:07:24 -0500] "GET /filters?hd=false&ref=/user/barebackedaira-18/ HTTP/1.1" 302 - "http://baretube.com/user/barebackedaira-18/" "Mozilla/5.0 (Linux; Android 7.0;) AppleWebKit/537.36 (KHTML, like Gecko) Mobile Safari/537.36 (compatible; PetalBot;+https://webmaster.petalsearch.com/site/petalbot)"
114.119.132.242 - - [30/Jan/2026:00:07:24 -0500] "GET /user/barebackedaira-18/ HTTP/1.1" 200 59021 "http://baretube.com/user/barebackedaira-18/" "Mozilla/5.0 (Linux; Android 7.0;) AppleWebKit/537.36 (KHTML, like Gecko) Mobile Safari/537.36 (compatible; PetalBot;+https://webmaster.petalsearch.com/site/petalbot)"
184.94.156.53 - - [30/Jan/2026:00:10:02 -0500] "GET / HTTP/1.1" 200 140506 "-" "curl/7.29.0"
114.119.131.11 - - [30/Jan/2026:00:10:40 -0500] "GET /filters?hd=false&ref=/search/fingering/page1.html HTTP/1.1" 302 - "http://baretube.com/filters?hd=false&ref=/search/fingering/page1.html" "Mozilla/5.0 (Linux; Android 7.0;) AppleWebKit/537.36 (KHTML, like Gecko) Mobile Safari/537.36 (compatible; PetalBot;+https://webmaster.petalsearch.com/site/petalbot)"
114.119.131.11 - - [30/Jan/2026:00:10:41 -0500] "GET /filters?hd=false&ref=/search/fingering/page1.html HTTP/1.1" 302 - "http://baretube.com/filters?hd=false&ref=/search/fingering/page1.html" "Mozilla/5.0 (Linux; Android 7.0;) AppleWebKit/537.36 (KHTML, like Gecko) Mobile Safari/537.36 (compatible; PetalBot;+https://webmaster.petalsearch.com/site/petalbot)"
114.119.131.11 - - [30/Jan/2026:00:10:42 -0500] "GET /filters?hd=false&ref=/search/fingering/page1.html HTTP/1.1" 302 - "http://baretube.com/filters?hd=false&ref=/search/fingering/page1.html" "Mozilla/5.0 (Linux; Android 7.0;) AppleWebKit/537.36 (KHTML, like Gecko) Mobile Safari/537.36 (compatible; PetalBot;+https://webmaster.petalsearch.com/site/petalbot)"
114.119.131.11 - - [30/Jan/2026:00:10:42 -0500] "GET /filters?hd=false&ref=/search/fingering/page1.html HTTP/1.1" 302 - "http://baretube.com/filters?hd=false&ref=/search/fingering/page1.html" "Mozilla/5.0 (Linux; Android 7.0;) AppleWebKit/537.36 (KHTML, like Gecko) Mobile Safari/537.36 (compatible; PetalBot;+https://webmaster.petalsearch.com/site/petalbot)"
114.119.131.11 - - [30/Jan/2026:00:10:43 -0500] "GET /filters?hd=false&ref=/search/fingering/page1.html HTTP/1.1" 302 - "http://baretube.com/filters?hd=false&ref=/search/fingering/page1.html" "Mozilla/5.0 (Linux; Android 7.0;) AppleWebKit/537.36 (KHTML, like Gecko) Mobile Safari/537.36 (compatible; PetalBot;+https://webmaster.petalsearch.com/site/petalbot)"
114.119.131.11 - - [30/Jan/2026:00:10:44 -0500] "GET /filters?hd=false&ref=/search/fingering/page1.html HTTP/1.1" 302 - "http://baretube.com/filters?hd=false&ref=/search/fingering/page1.html" "Mozilla/5.0 (Linux; Android 7.0;) AppleWebKit/537.36 (KHTML, like Gecko) Mobile Safari/537.36 (compatible; PetalBot;+https://webmaster.petalsearch.com/site/petalbot)"
114.119.131.11 - - [30/Jan/2026:00:10:45 -0500] "GET /filters?hd=false&ref=/search/fingering/page1.html HTTP/1.1" 302 - "http://baretube.com/filters?hd=false&ref=/search/fingering/page1.html" "Mozilla/5.0 (Linux; Android 7.0;) AppleWebKit/537.36 (KHTML, like Gecko) Mobile Safari/537.36 (compatible; PetalBot;+https://webmaster.petalsearch.com/site/petalbot)"
114.119.131.11 - - [30/Jan/2026:00:10:46 -0500] "GET /filters?hd=false&ref=/search/fingering/page1.html HTTP/1.1" 302 - "http://baretube.com/filters?hd=false&ref=/search/fingering/page1.html" "Mozilla/5.0 (Linux; Android 7.0;) AppleWebKit/537.36 (KHTML, like Gecko) Mobile Safari/537.36 (compatible; PetalBot;+https://webmaster.petalsearch.com/site/petalbot)"
114.119.131.11 - - [30/Jan/2026:00:10:47 -0500] "GET /filters?hd=false&ref=/search/fingering/page1.html HTTP/1.1" 302 - "http://baretube.com/filters?hd=false&ref=/search/fingering/page1.html" "Mozilla/5.0 (Linux; Android 7.0;) AppleWebKit/537.36 (KHTML, like Gecko) Mobile Safari/537.36 (compatible; PetalBot;+https://webmaster.petalsearch.com/site/petalbot)"
114.119.131.11 - - [30/Jan/2026:00:10:48 -0500] "GET /filters?hd=false&ref=/search/fingering/page1.html HTTP/1.1" 302 - "http://baretube.com/filters?hd=false&ref=/search/fingering/page1.html" "Mozilla/5.0 (Linux; Android 7.0;) AppleWebKit/537.36 (KHTML, like Gecko) Mobile Safari/537.36 (compatible; PetalBot;+https://webmaster.petalsearch.com/site/petalbot)"
114.119.144.88 - - [30/Jan/2026:00:11:09 -0500] "GET /filters?hd=false&ref=/search/couple/page1.html HTTP/1.1" 302 - "http://baretube.com/filters?vr=true&ref=%2Fsearch%2Fcouple%2Fpage1.html" "Mozilla/5.0 (Linux; Android 7.0;) AppleWebKit/537.36 (KHTML, like Gecko) Mobile Safari/537.36 (compatible; PetalBot;+https://webmaster.petalsearch.com/site/petalbot)"
114.119.144.88 - - [30/Jan/2026:00:11:10 -0500] "GET /filters?vr=true&ref=/search/couple/page1.html HTTP/1.1" 302 - "http://baretube.com/filters?vr=true&ref=%2Fsearch%2Fcouple%2Fpage1.html" "Mozilla/5.0 (Linux; Android 7.0;) AppleWebKit/537.36 (KHTML, like Gecko) Mobile Safari/537.36 (compatible; PetalBot;+https://webmaster.petalsearch.com/site/petalbot)"
114.119.144.88 - - [30/Jan/2026:00:11:11 -0500] "GET /filters?vr=true&ref=/search/couple/page1.html HTTP/1.1" 302 - "http://baretube.com/filters?vr=true&ref=%2Fsearch%2Fcouple%2Fpage1.html" "Mozilla/5.0 (Linux; Android 7.0;) AppleWebKit/537.36 (KHTML, like Gecko) Mobile Safari/537.36 (compatible; PetalBot;+https://webmaster.petalsearch.com/site/petalbot)"
114.119.144.88 - - [30/Jan/2026:00:11:13 -0500] "GET /filters?vr=true&ref=/search/couple/page1.html HTTP/1.1" 302 - "http://baretube.com/filters?vr=true&ref=%2Fsearch%2Fcouple%2Fpage1.html" "Mozilla/5.0 (Linux; Android 7.0;) AppleWebKit/537.36 (KHTML, like Gecko) Mobile Safari/537.36 (compatible; PetalBot;+https://webmaster.petalsearch.com/site/petalbot)"
114.119.144.88 - - [30/Jan/2026:00:11:14 -0500] "GET /filters?vr=true&ref=/search/couple/page1.html HTTP/1.1" 302 - "http://baretube.com/filters?vr=true&ref=%2Fsearch%2Fcouple%2Fpage1.html" "Mozilla/5.0 (Linux; Android 7.0;) AppleWebKit/537.36 (KHTML, like Gecko) Mobile Safari/537.36 (compatible; PetalBot;+https://webmaster.petalsearch.com/site/petalbot)"
114.119.144.88 - - [30/Jan/2026:00:11:15 -0500] "GET /filters?vr=true&ref=/search/couple/page1.html HTTP/1.1" 302 - "http://baretube.com/filters?vr=true&ref=%2Fsearch%2Fcouple%2Fpage1.html" "Mozilla/5.0 (Linux; Android 7.0;) AppleWebKit/537.36 (KHTML, like Gecko) Mobile Safari/537.36 (compatible; PetalBot;+https://webmaster.petalsearch.com/site/petalbot)"
114.119.144.88 - - [30/Jan/2026:00:11:16 -0500] "GET /filters?vr=true&ref=/search/couple/page1.html HTTP/1.1" 302 - "http://baretube.com/filters?vr=true&ref=%2Fsearch%2Fcouple%2Fpage1.html" "Mozilla/5.0 (Linux; Android 7.0;) AppleWebKit/537.36 (KHTML, like Gecko) Mobile Safari/537.36 (compatible; PetalBot;+https://webmaster.petalsearch.com/site/petalbot)"
114.119.144.88 - - [30/Jan/2026:00:11:18 -0500] "GET /filters?vr=true&ref=/search/couple/page1.html HTTP/1.1" 302 - "http://baretube.com/filters?vr=true&ref=%2Fsearch%2Fcouple%2Fpage1.html" "Mozilla/5.0 (Linux; Android 7.0;) AppleWebKit/537.36 (KHTML, like Gecko) Mobile Safari/537.36 (compatible; PetalBot;+https://webmaster.petalsearch.com/site/petalbot)"
114.119.144.88 - - [30/Jan/2026:00:11:22 -0500] "GET /filters?vr=true&ref=/search/couple/page1.html HTTP/1.1" 302 - "http://baretube.com/filters?vr=true&ref=%2Fsearch%2Fcouple%2Fpage1.html" "Mozilla/5.0 (Linux; Android 7.0;) AppleWebKit/537.36 (KHTML, like Gecko) Mobile Safari/537.36 (compatible; PetalBot;+https://webmaster.petalsearch.com/site/petalbot)"
114.119.144.88 - - [30/Jan/2026:00:11:23 -0500] "GET /filters?vr=true&ref=/search/couple/page1.html HTTP/1.1" 302 - "http://baretube.com/filters?vr=true&ref=%2Fsearch%2Fcouple%2Fpage1.html" "Mozilla/5.0 (Linux; Android 7.0;) AppleWebKit/537.36 (KHTML, like Gecko) Mobile Safari/537.36 (compatible; PetalBot;+https://webmaster.petalsearch.com/site/petalbot)"
98.89.254.180 - - [30/Jan/2026:00:11:25 -0500] "GET /robots.txt HTTP/1.1" 200 243 "-" "Mozilla/5.0 (Macintosh; Intel Mac OS X 10_10_1) AppleWebKit/600.2.5 (KHTML, like Gecko) Version/8.0.2 Safari/600.2.5 (TestUserAgent)"
114.119.131.11 - - [30/Jan/2026:00:13:22 -0500] "GET /filters?hd=true&ref=/channels/23/public/rating/ HTTP/1.1" 302 - "http://baretube.com/filters?hd=false&ref=/channels/23/public/rating/" "Mozilla/5.0 (Linux; Android 7.0;) AppleWebKit/537.36 (KHTML, like Gecko) Mobile Safari/537.36 (compatible; PetalBot;+https://webmaster.petalsearch.com/site/petalbot)"
114.119.131.11 - - [30/Jan/2026:00:13:22 -0500] "GET /filters?hd=false&ref=/channels/23/public/rating/ HTTP/1.1" 302 - "http://baretube.com/filters?hd=false&ref=/channels/23/public/rating/" "Mozilla/5.0 (Linux; Android 7.0;) AppleWebKit/537.36 (KHTML, like Gecko) Mobile Safari/537.36 (compatible; PetalBot;+https://webmaster.petalsearch.com/site/petalbot)"
114.119.131.11 - - [30/Jan/2026:00:13:22 -0500] "GET /filters?hd=false&ref=/channels/23/public/rating/ HTTP/1.1" 302 - "http://baretube.com/filters?hd=false&ref=/channels/23/public/rating/" "Mozilla/5.0 (Linux; Android 7.0;) AppleWebKit/537.36 (KHTML, like Gecko) Mobile Safari/537.36 (compatible; PetalBot;+https://webmaster.petalsearch.com/site/petalbot)"
114.119.131.11 - - [30/Jan/2026:00:13:23 -0500] "GET /filters?hd=false&ref=/channels/23/public/rating/ HTTP/1.1" 302 - "http://baretube.com/filters?hd=false&ref=/channels/23/public/rating/" "Mozilla/5.0 (Linux; Android 7.0;) AppleWebKit/537.36 (KHTML, like Gecko) Mobile Safari/537.36 (compatible; PetalBot;+https://webmaster.petalsearch.com/site/petalbot)"
186.227.125.79 - - [30/Jan/2026:00:13:23 -0500] "GET /models/y/ HTTP/1.1" 200 38310 "-" "Mozilla/5.0 (Windows NT 6.1) AppleWebKit/537.36 (KHTML, like Gecko) Chrome/98.0.4758.81 Safari/537.36"
114.119.131.11 - - [30/Jan/2026:00:13:23 -0500] "GET /filters?hd=false&ref=/channels/23/public/rating/ HTTP/1.1" 302 - "http://baretube.com/filters?hd=false&ref=/channels/23/public/rating/" "Mozilla/5.0 (Linux; Android 7.0;) AppleWebKit/537.36 (KHTML, like Gecko) Mobile Safari/537.36 (compatible; PetalBot;+https://webmaster.petalsearch.com/site/petalbot)"
114.119.131.11 - - [30/Jan/2026:00:13:24 -0500] "GET /filters?hd=false&ref=/channels/23/public/rating/ HTTP/1.1" 302 - "http://baretube.com/filters?hd=false&ref=/channels/23/public/rating/" "Mozilla/5.0 (Linux; Android 7.0;) AppleWebKit/537.36 (KHTML, like Gecko) Mobile Safari/537.36 (compatible; PetalBot;+https://webmaster.petalsearch.com/site/petalbot)"
114.119.131.11 - - [30/Jan/2026:00:13:24 -0500] "GET /filters?hd=false&ref=/channels/23/public/rating/ HTTP/1.1" 302 - "http://baretube.com/filters?hd=false&ref=/channels/23/public/rating/" "Mozilla/5.0 (Linux; Android 7.0;) AppleWebKit/537.36 (KHTML, like Gecko) Mobile Safari/537.36 (compatible; PetalBot;+https://webmaster.petalsearch.com/site/petalbot)"
114.119.131.11 - - [30/Jan/2026:00:13:25 -0500] "GET /filters?hd=false&ref=/channels/23/public/rating/ HTTP/1.1" 302 - "http://baretube.com/filters?hd=false&ref=/channels/23/public/rating/" "Mozilla/5.0 (Linux; Android 7.0;) AppleWebKit/537.36 (KHTML, like Gecko) Mobile Safari/537.36 (compatible; PetalBot;+https://webmaster.petalsearch.com/site/petalbot)"
114.119.131.11 - - [30/Jan/2026:00:13:25 -0500] "GET /filters?hd=false&ref=/channels/23/public/rating/ HTTP/1.1" 302 - "http://baretube.com/filters?hd=false&ref=/channels/23/public/rating/" "Mozilla/5.0 (Linux; Android 7.0;) AppleWebKit/537.36 (KHTML, like Gecko) Mobile Safari/537.36 (compatible; PetalBot;+https://webmaster.petalsearch.com/site/petalbot)"
114.119.131.11 - - [30/Jan/2026:00:13:26 -0500] "GET /filters?hd=false&ref=/channels/23/public/rating/ HTTP/1.1" 302 - "http://baretube.com/filters?hd=false&ref=/channels/23/public/rating/" "Mozilla/5.0 (Linux; Android 7.0;) AppleWebKit/537.36 (KHTML, like Gecko) Mobile Safari/537.36 (compatible; PetalBot;+https://webmaster.petalsearch.com/site/petalbot)"
184.94.156.53 - - [30/Jan/2026:00:15:02 -0500] "GET / HTTP/1.1" 200 140506 "-" "curl/7.29.0"
178.20.43.173 - - [30/Jan/2026:00:16:13 -0500] "GET /signup.php HTTP/1.1" 200 1534 "http://baretube.com/signup.php" "Mozilla/5.0 (Windows NT 10.0; Win64; x64) AppleWebKit/537.36 (KHTML, like Gecko) Chrome/131.0.0.0 Safari/537.36"
178.20.43.173 - - [30/Jan/2026:00:16:13 -0500] "GET /captcha.php HTTP/1.1" 200 6026 "http://baretube.com/signup.php" "Mozilla/5.0 (Windows NT 10.0; Win64; x64) AppleWebKit/537.36 (KHTML, like Gecko) Chrome/131.0.0.0 Safari/537.36"
178.20.43.173 - - [30/Jan/2026:00:16:14 -0500] "GET /captcha.php HTTP/1.1" 200 6045 "http://baretube.com/signup.php" "Mozilla/5.0 (Windows NT 10.0; Win64; x64) AppleWebKit/537.36 (KHTML, like Gecko) Chrome/131.0.0.0 Safari/537.36"
178.20.43.173 - - [30/Jan/2026:00:16:14 -0500] "GET /captcha.php HTTP/1.1" 200 6020 "http://baretube.com/signup.php" "Mozilla/5.0 (Windows NT 10.0; Win64; x64) AppleWebKit/537.36 (KHTML, like Gecko) Chrome/131.0.0.0 Safari/537.36"
178.20.43.173 - - [30/Jan/2026:00:16:15 -0500] "GET /captcha.php HTTP/1.1" 200 5205 "http://baretube.com/signup.php" "Mozilla/5.0 (Windows NT 10.0; Win64; x64) AppleWebKit/537.36 (KHTML, like Gecko) Chrome/131.0.0.0 Safari/537.36"
114.119.138.33 - - [30/Jan/2026:00:16:57 -0500] "GET /filters?hd=false&ref=/search/aurora-helps-you-cum/page1.html HTTP/1.1" 302 - "http://baretube.com/filters?hd=false&ref=/search/aurora-helps-you-cum/page1.html" "Mozilla/5.0 (Linux; Android 7.0;) AppleWebKit/537.36 (KHTML, like Gecko) Mobile Safari/537.36 (compatible; PetalBot;+https://webmaster.petalsearch.com/site/petalbot)"
43.173.181.183 - - [30/Jan/2026:00:16:58 -0500] "GET /filters?ref=/search/porn/page1.html&vr=true HTTP/1.1" 302 - "-" "Mozilla/5.0 (Windows NT 10.0; Win64; x64) AppleWebKit/537.36 (KHTML, like Gecko) Chrome/104.0.5112.81 Safari/537.36"
43.173.179.240 - - [30/Jan/2026:00:16:58 -0500] "GET /filters?ref=/search/gay-jerkoff/newest/&vr=true HTTP/1.1" 302 - "-" "Mozilla/5.0 (Windows NT 10.0; Win64; x64) AppleWebKit/537.36 (KHTML, like Gecko) Chrome/131.0.0.0 Safari/537.36"
114.119.138.33 - - [30/Jan/2026:00:16:58 -0500] "GET /filters?hd=false&ref=/search/aurora-helps-you-cum/page1.html HTTP/1.1" 302 - "http://baretube.com/filters?hd=false&ref=/search/aurora-helps-you-cum/page1.html" "Mozilla/5.0 (Linux; Android 7.0;) AppleWebKit/537.36 (KHTML, like Gecko) Mobile Safari/537.36 (compatible; PetalBot;+https://webmaster.petalsearch.com/site/petalbot)"
114.119.138.33 - - [30/Jan/2026:00:16:59 -0500] "GET /filters?hd=false&ref=/search/aurora-helps-you-cum/page1.html HTTP/1.1" 302 - "http://baretube.com/filters?hd=false&ref=/search/aurora-helps-you-cum/page1.html" "Mozilla/5.0 (Linux; Android 7.0;) AppleWebKit/537.36 (KHTML, like Gecko) Mobile Safari/537.36 (compatible; PetalBot;+https://webmaster.petalsearch.com/site/petalbot)"
43.173.179.240 - - [30/Jan/2026:00:16:59 -0500] "GET / HTTP/1.1" 200 140506 "http://www.baretube.com/filters?ref=/search/gay-jerkoff/newest/&vr=true" "Mozilla/5.0 (Windows NT 10.0; Win64; x64) AppleWebKit/537.36 (KHTML, like Gecko) Chrome/131.0.0.0 Safari/537.36"
43.173.181.183 - - [30/Jan/2026:00:17:00 -0500] "GET / HTTP/1.1" 200 140506 "http://www.baretube.com/filters?ref=/search/porn/page1.html&vr=true" "Mozilla/5.0 (Windows NT 10.0; Win64; x64) AppleWebKit/537.36 (KHTML, like Gecko) Chrome/104.0.5112.81 Safari/537.36"
114.119.138.33 - - [30/Jan/2026:00:17:00 -0500] "GET /filters?hd=false&ref=/search/aurora-helps-you-cum/page1.html HTTP/1.1" 302 - "http://baretube.com/filters?hd=false&ref=/search/aurora-helps-you-cum/page1.html" "Mozilla/5.0 (Linux; Android 7.0;) AppleWebKit/537.36 (KHTML, like Gecko) Mobile Safari/537.36 (compatible; PetalBot;+https://webmaster.petalsearch.com/site/petalbot)"
114.119.138.33 - - [30/Jan/2026:00:17:01 -0500] "GET /filters?hd=false&ref=/search/aurora-helps-you-cum/page1.html HTTP/1.1" 302 - "http://baretube.com/filters?hd=false&ref=/search/aurora-helps-you-cum/page1.html" "Mozilla/5.0 (Linux; Android 7.0;) AppleWebKit/537.36 (KHTML, like Gecko) Mobile Safari/537.36 (compatible; PetalBot;+https://webmaster.petalsearch.com/site/petalbot)"
114.119.138.33 - - [30/Jan/2026:00:17:01 -0500] "GET /filters?hd=false&ref=/search/aurora-helps-you-cum/page1.html HTTP/1.1" 302 - "http://baretube.com/filters?hd=false&ref=/search/aurora-helps-you-cum/page1.html" "Mozilla/5.0 (Linux; Android 7.0;) AppleWebKit/537.36 (KHTML, like Gecko) Mobile Safari/537.36 (compatible; PetalBot;+https://webmaster.petalsearch.com/site/petalbot)"
114.119.138.33 - - [30/Jan/2026:00:17:02 -0500] "GET /filters?hd=false&ref=/search/aurora-helps-you-cum/page1.html HTTP/1.1" 302 - "http://baretube.com/filters?hd=false&ref=/search/aurora-helps-you-cum/page1.html" "Mozilla/5.0 (Linux; Android 7.0;) AppleWebKit/537.36 (KHTML, like Gecko) Mobile Safari/537.36 (compatible; PetalBot;+https://webmaster.petalsearch.com/site/petalbot)"
114.119.138.33 - - [30/Jan/2026:00:17:03 -0500] "GET /filters?hd=false&ref=/search/aurora-helps-you-cum/page1.html HTTP/1.1" 302 - "http://baretube.com/filters?hd=false&ref=/search/aurora-helps-you-cum/page1.html" "Mozilla/5.0 (Linux; Android 7.0;) AppleWebKit/537.36 (KHTML, like Gecko) Mobile Safari/537.36 (compatible; PetalBot;+https://webmaster.petalsearch.com/site/petalbot)"
114.119.138.33 - - [30/Jan/2026:00:17:04 -0500] "GET /filters?hd=false&ref=/search/aurora-helps-you-cum/page1.html HTTP/1.1" 302 - "http://baretube.com/filters?hd=false&ref=/search/aurora-helps-you-cum/page1.html" "Mozilla/5.0 (Linux; Android 7.0;) AppleWebKit/537.36 (KHTML, like Gecko) Mobile Safari/537.36 (compatible; PetalBot;+https://webmaster.petalsearch.com/site/petalbot)"
114.119.138.33 - - [30/Jan/2026:00:17:06 -0500] "GET /filters?hd=false&ref=/search/aurora-helps-you-cum/page1.html HTTP/1.1" 302 - "http://baretube.com/filters?hd=false&ref=/search/aurora-helps-you-cum/page1.html" "Mozilla/5.0 (Linux; Android 7.0;) AppleWebKit/537.36 (KHTML, like Gecko) Mobile Safari/537.36 (compatible; PetalBot;+https://webmaster.petalsearch.com/site/petalbot)"
43.173.179.36 - - [30/Jan/2026:00:17:06 -0500] "GET /filters?ref=/search/porn/page1.html&vr=true HTTP/1.1" 302 - "-" "Mozilla/5.0 (Windows NT 10.0; Win64; x64) AppleWebKit/537.36 (KHTML, like Gecko) Chrome/108.0.0.0 Safari/537.36"
43.173.179.36 - - [30/Jan/2026:00:17:08 -0500] "GET / HTTP/1.1" 200 140506 "http://www.baretube.com/filters?ref=/search/porn/page1.html&vr=true" "Mozilla/5.0 (Windows NT 10.0; Win64; x64) AppleWebKit/537.36 (KHTML, like Gecko) Chrome/108.0.0.0 Safari/537.36"
43.173.176.45 - - [30/Jan/2026:00:17:16 -0500] "GET /filters?ref=/search/gay-jerkoff/newest/&vr=true HTTP/1.1" 302 - "-" "Mozilla/5.0 (Windows NT 10.0; Win64; x64) AppleWebKit/537.36 (KHTML, like Gecko) Chrome/120.0.0.0 Safari/537.36"
43.173.176.45 - - [30/Jan/2026:00:17:17 -0500] "GET / HTTP/1.1" 200 140506 "http://www.baretube.com/filters?ref=/search/gay-jerkoff/newest/&vr=true" "Mozilla/5.0 (Windows NT 10.0; Win64; x64) AppleWebKit/537.36 (KHTML, like Gecko) Chrome/120.0.0.0 Safari/537.36"
114.119.144.88 - - [30/Jan/2026:00:18:08 -0500] "GET /action.php?action=reportVideo&id=20 HTTP/1.1" 200 3601 "http://baretube.com/video/seductive-babe-play-by-herself-with-dildo-20.html" "Mozilla/5.0 (Linux; Android 7.0;) AppleWebKit/537.36 (KHTML, like Gecko) Mobile Safari/537.36 (compatible; PetalBot;+https://webmaster.petalsearch.com/site/petalbot)"
184.94.156.53 - - [30/Jan/2026:00:20:04 -0500] "GET / HTTP/1.1" 200 140506 "-" "curl/7.29.0"
52.167.144.150 - - [30/Jan/2026:00:21:56 -0500] "GET / HTTP/1.1" 200 140506 "-" "Mozilla/5.0 AppleWebKit/537.36 (KHTML, like Gecko; compatible; bingbot/2.0; +http://www.bing.com/bingbot.htm) Chrome/116.0.1938.76 Safari/537.36"
114.119.138.33 - - [30/Jan/2026:00:23:15 -0500] "GET /tags/w/ HTTP/1.1" 200 37444 "http://baretube.com/tags/g" "Mozilla/5.0 (Linux; Android 7.0;) AppleWebKit/537.36 (KHTML, like Gecko) Mobile Safari/537.36 (compatible; PetalBot;+https://webmaster.petalsearch.com/site/petalbot)"
114.119.150.32 - - [30/Jan/2026:00:24:32 -0500] "GET /filters?hd=true&ref=/channels/25/homemade/page2.html HTTP/1.1" 302 - "http://baretube.com/channels/25/homemade/page2.html" "Mozilla/5.0 (Linux; Android 7.0;) AppleWebKit/537.36 (KHTML, like Gecko) Mobile Safari/537.36 (compatible; PetalBot;+https://webmaster.petalsearch.com/site/petalbot)"
114.119.150.32 - - [30/Jan/2026:00:24:33 -0500] "GET /channels/25/homemade/page2.html HTTP/1.1" 200 62725 "http://baretube.com/channels/25/homemade/page2.html" "Mozilla/5.0 (Linux; Android 7.0;) AppleWebKit/537.36 (KHTML, like Gecko) Mobile Safari/537.36 (compatible; PetalBot;+https://webmaster.petalsearch.com/site/petalbot)"
184.94.156.53 - - [30/Jan/2026:00:25:02 -0500] "GET / HTTP/1.1" 200 140506 "-" "curl/7.29.0"
114.119.131.11 - - [30/Jan/2026:00:25:39 -0500] "GET /channels/27/breed/ HTTP/1.1" 200 62618 "http://baretube.com/filters?hd=true&ref=/channels/34/anon/rating/" "Mozilla/5.0 (Linux; Android 7.0;) AppleWebKit/537.36 (KHTML, like Gecko) Mobile Safari/537.36 (compatible; PetalBot;+https://webmaster.petalsearch.com/site/petalbot)"
184.94.156.53 - - [30/Jan/2026:00:30:02 -0500] "GET / HTTP/1.1" 200 140506 "-" "curl/7.29.0"
192.178.6.10 - - [30/Jan/2026:00:32:33 -0500] "GET /filters?vr=true&ref=/most-recent/ HTTP/1.1" 302 - "-" "Mozilla/5.0 (Linux; Android 6.0.1; Nexus 5X Build/MMB29P) AppleWebKit/537.36 (KHTML, like Gecko) Chrome/143.0.7499.192 Mobile Safari/537.36 (compatible; Googlebot/2.1; +http://www.google.com/bot.html)"
192.178.6.1 - - [30/Jan/2026:00:32:34 -0500] "GET / HTTP/1.1" 200 60740 "-" "Mozilla/5.0 (Linux; Android 6.0.1; Nexus 5X Build/MMB29P) AppleWebKit/537.36 (KHTML, like Gecko) Chrome/143.0.7499.192 Mobile Safari/537.36 (compatible; Googlebot/2.1; +http://www.google.com/bot.html)"
184.94.156.53 - - [30/Jan/2026:00:35:02 -0500] "GET / HTTP/1.1" 200 140506 "-" "curl/7.29.0"
184.94.156.53 - - [30/Jan/2026:00:40:02 -0500] "GET / HTTP/1.1" 200 140506 "-" "curl/7.29.0"
50.112.113.110 - - [30/Jan/2026:00:40:43 -0500] "GET /robots.txt HTTP/1.1" 200 243 "-" "expo-research-bot"
14.172.15.251 - - [30/Jan/2026:00:41:03 -0500] "GET /action.php?action=add_favorites&id=8 HTTP/1.1" 200 735 "-" "Mozilla/5.0 (Windows NT 6.1; WOW64) AppleWebKit/537.36 (KHTML, like Gecko) Chrome/36.0.1985.67 Safari/537.36"
191.9.66.205 - - [30/Jan/2026:00:41:38 -0500] "GET /action.php?action=add_favorites&id=168 HTTP/1.1" 200 735 "-" "Mozilla/5.0 (Macintosh; Intel Mac OS X 10_11_6) AppleWebKit/537.36 (KHTML, like Gecko) Chrome/71.0.3578.98 Safari/537.36"
184.94.156.53 - - [30/Jan/2026:00:45:02 -0500] "GET / HTTP/1.1" 200 140506 "-" "curl/7.29.0"
52.34.115.16 - - [30/Jan/2026:00:46:20 -0500] "GET /channels/21/latino/longest/ HTTP/1.1" 200 62661 "-" "expo-research-bot"
35.167.24.74 - - [30/Jan/2026:00:46:20 -0500] "GET /templates/default_tube2018/fonts/fontello/fontello.woff HTTP/1.1" 200 436816 "http://baretube.com/templates/default_tube2018/css/styles.css" "expo-research-bot"
35.82.226.35 - - [30/Jan/2026:00:46:26 -0500] "GET /models/rating/ HTTP/1.1" 200 38511 "-" "expo-research-bot"
34.214.90.166 - - [30/Jan/2026:00:46:27 -0500] "GET /templates/default_tube2018/fonts/fontello/fontello.woff HTTP/1.1" 200 436816 "http://baretube.com/templates/default_tube2018/css/styles.css" "expo-research-bot"
203.210.231.246 - - [30/Jan/2026:00:46:35 -0500] "GET /filters?ref=%2Fchannels%2F22%2Fhunks%2Frating%2F&vr=true HTTP/1.1" 302 - "-" "Mozilla/5.0 (Windows NT 10.0; Win64; x64) AppleWebKit/537.36 (KHTML, like Gecko) Chrome/75.0.3770.90 Safari/537.36"
114.119.138.33 - - [30/Jan/2026:00:46:52 -0500] "GET /search/shemales-bareback-trannytube-tranny-trannies-shemale-videos-shemale-tranny-porn-transvestite-creampie-sperm-cumshot-blowjob-anal-sex/newest/ HTTP/1.1" 200 84593 "http://www.baretube.com/search/shemales-bareback-trannytube-tranny-trannies-shemale-videos-shemale-tranny-porn-transvestite-creampie-sperm-cumshot-blowjob-anal-sex/newest/" "Mozilla/5.0 (Linux; Android 7.0;) AppleWebKit/537.36 (KHTML, like Gecko) Mobile Safari/537.36 (compatible; PetalBot;+https://webmaster.petalsearch.com/site/petalbot)"
123.28.150.237 - - [30/Jan/2026:00:47:39 -0500] "GET /video/aurora-will-make-you-cum-and-make-you-dream-of-her-19.html HTTP/1.1" 200 80554 "-" "Mozilla/5.0 (Macintosh; Intel Mac OS X 10_15_5) AppleWebKit/537.36 (KHTML, like Gecko) Chrome/88.0.4324.150 Safari/537.36"
114.119.150.32 - - [30/Jan/2026:00:49:13 -0500] "GET /longest HTTP/1.1" 404 34698 "http://www.baretube.com/filters?hd=false&ref=/search/black-gay-kissing/page12.html" "Mozilla/5.0 (Linux; Android 7.0;) AppleWebKit/537.36 (KHTML, like Gecko) Mobile Safari/537.36 (compatible; PetalBot;+https://webmaster.petalsearch.com/site/petalbot)"
47.128.59.175 - - [30/Jan/2026:00:49:35 -0500] "GET /video/bareback-gay-fucking-each-other-67.html HTTP/1.1" 200 82449 "-" "Mozilla/5.0 (Linux; Android 5.0) AppleWebKit/537.36 (KHTML, like Gecko) Mobile Safari/537.36 (compatible; Bytespider; spider-feedback@bytedance.com)"
184.94.156.53 - - [30/Jan/2026:00:50:02 -0500] "GET / HTTP/1.1" 200 140591 "-" "curl/7.29.0"
47.128.115.9 - - [30/Jan/2026:00:50:09 -0500] "GET /robots.txt HTTP/1.1" 200 243 "-" "Mozilla/5.0 (Linux; Android 5.0) AppleWebKit/537.36 (KHTML, like Gecko) Mobile Safari/537.36 (compatible; Bytespider; spider-feedback@bytedance.com)"
54.202.20.184 - - [30/Jan/2026:00:50:30 -0500] "GET /channels/21/latino/rating/ HTTP/1.1" 200 62659 "-" "expo-research-bot"
52.42.67.247 - - [30/Jan/2026:00:50:31 -0500] "GET /templates/default_tube2018/fonts/fontello/fontello.woff HTTP/1.1" 200 436816 "http://baretube.com/templates/default_tube2018/css/styles.css" "expo-research-bot"
52.42.67.247 - - [30/Jan/2026:00:50:34 -0500] "GET /models/s/ HTTP/1.1" 200 38310 "-" "expo-research-bot"
54.202.20.184 - - [30/Jan/2026:00:50:35 -0500] "GET /templates/default_tube2018/fonts/fontello/fontello.woff HTTP/1.1" 200 436816 "http://baretube.com/templates/default_tube2018/css/styles.css" "expo-research-bot"
44.238.69.216 - - [30/Jan/2026:00:51:22 -0500] "GET /robots.txt HTTP/1.1" 200 243 "-" "expo-research-bot"
44.238.69.216 - - [30/Jan/2026:00:51:22 -0500] "GET /uploads-by-user/47/month/ HTTP/1.1" 200 61520 "-" "expo-research-bot"
35.163.254.162 - - [30/Jan/2026:00:51:23 -0500] "GET /templates/default_tube2018/fonts/fontello/fontello.woff HTTP/1.1" 200 436816 "http://www.baretube.com/templates/default_tube2018/css/styles.css" "expo-research-bot"
114.119.144.88 - - [30/Jan/2026:00:51:25 -0500] "GET /channels/59/bareback-shemales/page17.html HTTP/1.1" 200 63142 "http://www.baretube.com/channels/59/bareback-shemales/page17.html" "Mozilla/5.0 (Linux; Android 7.0;) AppleWebKit/537.36 (KHTML, like Gecko) Mobile Safari/537.36 (compatible; PetalBot;+https://webmaster.petalsearch.com/site/petalbot)"
14.179.223.232 - - [30/Jan/2026:00:51:34 -0500] "GET /channels/48/leather/rating/ HTTP/1.1" 200 62669 "-" "Mozilla/5.0 (Windows NT 6.1) AppleWebKit/537.36 (KHTML, like Gecko) Chrome/97.0.4692.99 Safari/537.36"
114.119.144.88 - - [30/Jan/2026:00:52:39 -0500] "GET /filters?hd=false&ref=/videos/page5.html HTTP/1.1" 302 - "http://baretube.com/filters?hd=false&ref=/videos/page5.html" "Mozilla/5.0 (Linux; Android 7.0;) AppleWebKit/537.36 (KHTML, like Gecko) Mobile Safari/537.36 (compatible; PetalBot;+https://webmaster.petalsearch.com/site/petalbot)"
114.119.144.88 - - [30/Jan/2026:00:52:40 -0500] "GET /filters?hd=false&ref=/videos/page5.html HTTP/1.1" 302 - "http://baretube.com/filters?hd=false&ref=/videos/page5.html" "Mozilla/5.0 (Linux; Android 7.0;) AppleWebKit/537.36 (KHTML, like Gecko) Mobile Safari/537.36 (compatible; PetalBot;+https://webmaster.petalsearch.com/site/petalbot)"
114.119.144.88 - - [30/Jan/2026:00:52:41 -0500] "GET /filters?hd=false&ref=/videos/page5.html HTTP/1.1" 302 - "http://baretube.com/filters?hd=false&ref=/videos/page5.html" "Mozilla/5.0 (Linux; Android 7.0;) AppleWebKit/537.36 (KHTML, like Gecko) Mobile Safari/537.36 (compatible; PetalBot;+https://webmaster.petalsearch.com/site/petalbot)"
114.119.144.88 - - [30/Jan/2026:00:52:42 -0500] "GET /filters?hd=false&ref=/videos/page5.html HTTP/1.1" 302 - "http://baretube.com/filters?hd=false&ref=/videos/page5.html" "Mozilla/5.0 (Linux; Android 7.0;) AppleWebKit/537.36 (KHTML, like Gecko) Mobile Safari/537.36 (compatible; PetalBot;+https://webmaster.petalsearch.com/site/petalbot)"
114.119.144.88 - - [30/Jan/2026:00:52:43 -0500] "GET /filters?hd=false&ref=/videos/page5.html HTTP/1.1" 302 - "http://baretube.com/filters?hd=false&ref=/videos/page5.html" "Mozilla/5.0 (Linux; Android 7.0;) AppleWebKit/537.36 (KHTML, like Gecko) Mobile Safari/537.36 (compatible; PetalBot;+https://webmaster.petalsearch.com/site/petalbot)"
114.119.144.88 - - [30/Jan/2026:00:52:44 -0500] "GET /filters?hd=false&ref=/videos/page5.html HTTP/1.1" 302 - "http://baretube.com/filters?hd=false&ref=/videos/page5.html" "Mozilla/5.0 (Linux; Android 7.0;) AppleWebKit/537.36 (KHTML, like Gecko) Mobile Safari/537.36 (compatible; PetalBot;+https://webmaster.petalsearch.com/site/petalbot)"
114.119.144.88 - - [30/Jan/2026:00:52:45 -0500] "GET /filters?hd=false&ref=/videos/page5.html HTTP/1.1" 302 - "http://baretube.com/filters?hd=false&ref=/videos/page5.html" "Mozilla/5.0 (Linux; Android 7.0;) AppleWebKit/537.36 (KHTML, like Gecko) Mobile Safari/537.36 (compatible; PetalBot;+https://webmaster.petalsearch.com/site/petalbot)"
114.119.144.88 - - [30/Jan/2026:00:52:45 -0500] "GET /filters?hd=false&ref=/videos/page5.html HTTP/1.1" 302 - "http://baretube.com/filters?hd=false&ref=/videos/page5.html" "Mozilla/5.0 (Linux; Android 7.0;) AppleWebKit/537.36 (KHTML, like Gecko) Mobile Safari/537.36 (compatible; PetalBot;+https://webmaster.petalsearch.com/site/petalbot)"
114.119.144.88 - - [30/Jan/2026:00:52:46 -0500] "GET /filters?hd=false&ref=/videos/page5.html HTTP/1.1" 302 - "http://baretube.com/filters?hd=false&ref=/videos/page5.html" "Mozilla/5.0 (Linux; Android 7.0;) AppleWebKit/537.36 (KHTML, like Gecko) Mobile Safari/537.36 (compatible; PetalBot;+https://webmaster.petalsearch.com/site/petalbot)"
114.119.144.88 - - [30/Jan/2026:00:52:46 -0500] "GET /filters?hd=false&ref=/videos/page5.html HTTP/1.1" 302 - "http://baretube.com/filters?hd=false&ref=/videos/page5.html" "Mozilla/5.0 (Linux; Android 7.0;) AppleWebKit/537.36 (KHTML, like Gecko) Mobile Safari/537.36 (compatible; PetalBot;+https://webmaster.petalsearch.com/site/petalbot)"
114.119.150.32 - - [30/Jan/2026:00:53:43 -0500] "GET /filters?hd=false&ref=/tags/j/ HTTP/1.1" 302 - "http://baretube.com/filters?hd=true&ref=/tags/j/" "Mozilla/5.0 (Linux; Android 7.0;) AppleWebKit/537.36 (KHTML, like Gecko) Mobile Safari/537.36 (compatible; PetalBot;+https://webmaster.petalsearch.com/site/petalbot)"
114.119.150.32 - - [30/Jan/2026:00:53:44 -0500] "GET /filters?hd=true&ref=/tags/j/ HTTP/1.1" 302 - "http://baretube.com/filters?hd=true&ref=/tags/j/" "Mozilla/5.0 (Linux; Android 7.0;) AppleWebKit/537.36 (KHTML, like Gecko) Mobile Safari/537.36 (compatible; PetalBot;+https://webmaster.petalsearch.com/site/petalbot)"
114.119.150.32 - - [30/Jan/2026:00:53:45 -0500] "GET /filters?hd=true&ref=/tags/j/ HTTP/1.1" 302 - "http://baretube.com/filters?hd=true&ref=/tags/j/" "Mozilla/5.0 (Linux; Android 7.0;) AppleWebKit/537.36 (KHTML, like Gecko) Mobile Safari/537.36 (compatible; PetalBot;+https://webmaster.petalsearch.com/site/petalbot)"
114.119.150.32 - - [30/Jan/2026:00:53:45 -0500] "GET /filters?hd=true&ref=/tags/j/ HTTP/1.1" 302 - "http://baretube.com/filters?hd=true&ref=/tags/j/" "Mozilla/5.0 (Linux; Android 7.0;) AppleWebKit/537.36 (KHTML, like Gecko) Mobile Safari/537.36 (compatible; PetalBot;+https://webmaster.petalsearch.com/site/petalbot)"
114.119.150.32 - - [30/Jan/2026:00:53:46 -0500] "GET /filters?hd=true&ref=/tags/j/ HTTP/1.1" 302 - "http://baretube.com/filters?hd=true&ref=/tags/j/" "Mozilla/5.0 (Linux; Android 7.0;) AppleWebKit/537.36 (KHTML, like Gecko) Mobile Safari/537.36 (compatible; PetalBot;+https://webmaster.petalsearch.com/site/petalbot)"
114.119.150.32 - - [30/Jan/2026:00:53:46 -0500] "GET /filters?hd=true&ref=/tags/j/ HTTP/1.1" 302 - "http://baretube.com/filters?hd=true&ref=/tags/j/" "Mozilla/5.0 (Linux; Android 7.0;) AppleWebKit/537.36 (KHTML, like Gecko) Mobile Safari/537.36 (compatible; PetalBot;+https://webmaster.petalsearch.com/site/petalbot)"
114.119.150.32 - - [30/Jan/2026:00:53:47 -0500] "GET /filters?hd=true&ref=/tags/j/ HTTP/1.1" 302 - "http://baretube.com/filters?hd=true&ref=/tags/j/" "Mozilla/5.0 (Linux; Android 7.0;) AppleWebKit/537.36 (KHTML, like Gecko) Mobile Safari/537.36 (compatible; PetalBot;+https://webmaster.petalsearch.com/site/petalbot)"
114.119.150.32 - - [30/Jan/2026:00:53:47 -0500] "GET /filters?hd=true&ref=/tags/j/ HTTP/1.1" 302 - "http://baretube.com/filters?hd=true&ref=/tags/j/" "Mozilla/5.0 (Linux; Android 7.0;) AppleWebKit/537.36 (KHTML, like Gecko) Mobile Safari/537.36 (compatible; PetalBot;+https://webmaster.petalsearch.com/site/petalbot)"
114.119.150.32 - - [30/Jan/2026:00:53:48 -0500] "GET /filters?hd=true&ref=/tags/j/ HTTP/1.1" 302 - "http://baretube.com/filters?hd=true&ref=/tags/j/" "Mozilla/5.0 (Linux; Android 7.0;) AppleWebKit/537.36 (KHTML, like Gecko) Mobile Safari/537.36 (compatible; PetalBot;+https://webmaster.petalsearch.com/site/petalbot)"
114.119.150.32 - - [30/Jan/2026:00:53:48 -0500] "GET /filters?hd=true&ref=/tags/j/ HTTP/1.1" 302 - "http://baretube.com/filters?hd=true&ref=/tags/j/" "Mozilla/5.0 (Linux; Android 7.0;) AppleWebKit/537.36 (KHTML, like Gecko) Mobile Safari/537.36 (compatible; PetalBot;+https://webmaster.petalsearch.com/site/petalbot)"
184.94.156.53 - - [30/Jan/2026:00:55:02 -0500] "GET / HTTP/1.1" 200 140591 "-" "curl/7.29.0"
17.22.237.248 - - [30/Jan/2026:00:58:42 -0500] "GET /channels/8/jerk-off/rating/ HTTP/1.1" 200 107357 "-" "Mozilla/5.0 (Macintosh; Intel Mac OS X 10_15_7) AppleWebKit/605.1.15 (KHTML, like Gecko) Version/17.4 Safari/605.1.15 (Applebot/0.1; +http://www.apple.com/go/applebot)"
206.220.175.2 - - [30/Jan/2026:00:59:28 -0500] "GET /signup.php HTTP/1.1" 200 1534 "http://baretube.com/signup.php" "Mozilla/5.0 (Windows NT 10.0; Win64; x64) AppleWebKit/537.36 (KHTML, like Gecko) Chrome/130.0.0.0 Safari/537.36 CCleaner/130.0.0.0"
206.220.175.2 - - [30/Jan/2026:00:59:28 -0500] "GET /captcha.php HTTP/1.1" 200 6140 "http://baretube.com/signup.php" "Mozilla/5.0 (Windows NT 10.0; Win64; x64) AppleWebKit/537.36 (KHTML, like Gecko) Chrome/130.0.0.0 Safari/537.36 CCleaner/130.0.0.0"
206.220.175.2 - - [30/Jan/2026:00:59:30 -0500] "POST /signup.php HTTP/1.1" 500 - "http://baretube.com/signup.php" "Mozilla/5.0 (Windows NT 10.0; Win64; x64) AppleWebKit/537.36 (KHTML, like Gecko) Chrome/130.0.0.0 Safari/537.36 CCleaner/130.0.0.0"
206.220.175.2 - - [30/Jan/2026:00:59:31 -0500] "GET /captcha.php HTTP/1.1" 200 5906 "http://baretube.com/signup.php" "Mozilla/5.0 (Windows NT 10.0; Win64; x64) AppleWebKit/537.36 (KHTML, like Gecko) Chrome/130.0.0.0 Safari/537.36 CCleaner/130.0.0.0"
206.220.175.2 - - [30/Jan/2026:00:59:32 -0500] "POST /signup.php HTTP/1.1" 500 - "http://baretube.com/signup.php" "Mozilla/5.0 (Windows NT 10.0; Win64; x64) AppleWebKit/537.36 (KHTML, like Gecko) Chrome/130.0.0.0 Safari/537.36 CCleaner/130.0.0.0"
184.94.156.53 - - [30/Jan/2026:01:00:03 -0500] "GET / HTTP/1.1" 200 140591 "-" "curl/7.29.0"
54.37.19.39 - - [30/Jan/2026:01:02:56 -0500] "GET /search/stud/newest/ HTTP/1.1" 200 47721 "-" "Mozilla/5.0 (Windows NT 10.0; Win64; x64) AppleWebKit/537.36 (KHTML, like Gecko) Chrome/139.0.0.0 Safari/537.36"
57.129.139.88 - - [30/Jan/2026:01:03:02 -0500] "GET /search/stud/rating/ HTTP/1.1" 200 47724 "-" "Mozilla/5.0 (Windows NT 10.0; Win64; x64) AppleWebKit/537.36 (KHTML, like Gecko) Chrome/139.0.0.0 Safari/537.36"
52.42.67.247 - - [30/Jan/2026:01:04:30 -0500] "GET /robots.txt HTTP/1.1" 200 243 "-" "expo-research-bot"
54.202.20.184 - - [30/Jan/2026:01:04:31 -0500] "GET /channels/21/latino/views/ HTTP/1.1" 200 62657 "-" "expo-research-bot"
52.42.67.247 - - [30/Jan/2026:01:04:31 -0500] "GET /templates/default_tube2018/fonts/fontello/fontello.woff HTTP/1.1" 200 436816 "http://baretube.com/templates/default_tube2018/css/styles.css" "expo-research-bot"
184.94.156.53 - - [30/Jan/2026:01:05:02 -0500] "GET / HTTP/1.1" 200 140591 "-" "curl/7.29.0"
52.32.135.237 - - [30/Jan/2026:01:05:19 -0500] "GET /static/tos.html HTTP/1.1" 200 44447 "-" "expo-research-bot"
52.32.135.237 - - [30/Jan/2026:01:05:19 -0500] "GET /templates/default_tube2018/fonts/fontello/fontello.woff HTTP/1.1" 200 436816 "http://baretube.com/templates/default_tube2018/css/styles.css" "expo-research-bot"
54.202.20.184 - - [30/Jan/2026:01:06:10 -0500] "GET /robots.txt HTTP/1.1" 200 243 "-" "expo-research-bot"
54.202.20.184 - - [30/Jan/2026:01:06:10 -0500] "GET /static/tos.html HTTP/1.1" 200 44679 "-" "expo-research-bot"
52.42.67.247 - - [30/Jan/2026:01:06:11 -0500] "GET /templates/default_tube2018/fonts/fontello/fontello.woff HTTP/1.1" 200 436816 "http://www.baretube.com/templates/default_tube2018/css/styles.css" "expo-research-bot"
114.119.150.32 - - [30/Jan/2026:01:08:55 -0500] "GET /action.php?action=reportVideo&id=69 HTTP/1.1" 200 3605 "http://www.baretube.com/video/bareback-gay-with-dick-bick-69.html" "Mozilla/5.0 (Linux; Android 7.0;) AppleWebKit/537.36 (KHTML, like Gecko) Mobile Safari/537.36 (compatible; PetalBot;+https://webmaster.petalsearch.com/site/petalbot)"
52.88.127.133 - - [30/Jan/2026:01:09:04 -0500] "GET /uploads-by-user/47/week/ HTTP/1.1" 200 61515 "-" "expo-research-bot"
35.160.247.199 - - [30/Jan/2026:01:09:05 -0500] "GET /templates/default_tube2018/fonts/fontello/fontello.woff HTTP/1.1" 200 436816 "http://www.baretube.com/templates/default_tube2018/css/styles.css" "expo-research-bot"
184.94.156.53 - - [30/Jan/2026:01:10:02 -0500] "GET / HTTP/1.1" 200 140591 "-" "curl/7.29.0"
114.119.138.33 - - [30/Jan/2026:01:10:04 -0500] "GET /filters?hd=false&ref=/uploads-by-user/24/month/ HTTP/1.1" 302 - "http://baretube.com/filters?hd=false&ref=/uploads-by-user/24/month/" "Mozilla/5.0 (Linux; Android 7.0;) AppleWebKit/537.36 (KHTML, like Gecko) Mobile Safari/537.36 (compatible; PetalBot;+https://webmaster.petalsearch.com/site/petalbot)"
114.119.138.33 - - [30/Jan/2026:01:10:04 -0500] "GET /filters?hd=false&ref=/uploads-by-user/24/month/ HTTP/1.1" 302 - "http://baretube.com/filters?hd=false&ref=/uploads-by-user/24/month/" "Mozilla/5.0 (Linux; Android 7.0;) AppleWebKit/537.36 (KHTML, like Gecko) Mobile Safari/537.36 (compatible; PetalBot;+https://webmaster.petalsearch.com/site/petalbot)"
114.119.138.33 - - [30/Jan/2026:01:10:05 -0500] "GET /filters?hd=false&ref=/uploads-by-user/24/month/ HTTP/1.1" 302 - "http://baretube.com/filters?hd=false&ref=/uploads-by-user/24/month/" "Mozilla/5.0 (Linux; Android 7.0;) AppleWebKit/537.36 (KHTML, like Gecko) Mobile Safari/537.36 (compatible; PetalBot;+https://webmaster.petalsearch.com/site/petalbot)"
114.119.138.33 - - [30/Jan/2026:01:10:05 -0500] "GET /filters?hd=false&ref=/uploads-by-user/24/month/ HTTP/1.1" 302 - "http://baretube.com/filters?hd=false&ref=/uploads-by-user/24/month/" "Mozilla/5.0 (Linux; Android 7.0;) AppleWebKit/537.36 (KHTML, like Gecko) Mobile Safari/537.36 (compatible; PetalBot;+https://webmaster.petalsearch.com/site/petalbot)"
114.119.138.33 - - [30/Jan/2026:01:10:06 -0500] "GET /filters?hd=false&ref=/uploads-by-user/24/month/ HTTP/1.1" 302 - "http://baretube.com/filters?hd=false&ref=/uploads-by-user/24/month/" "Mozilla/5.0 (Linux; Android 7.0;) AppleWebKit/537.36 (KHTML, like Gecko) Mobile Safari/537.36 (compatible; PetalBot;+https://webmaster.petalsearch.com/site/petalbot)"
114.119.138.33 - - [30/Jan/2026:01:10:06 -0500] "GET /filters?hd=false&ref=/uploads-by-user/24/month/ HTTP/1.1" 302 - "http://baretube.com/filters?hd=false&ref=/uploads-by-user/24/month/" "Mozilla/5.0 (Linux; Android 7.0;) AppleWebKit/537.36 (KHTML, like Gecko) Mobile Safari/537.36 (compatible; PetalBot;+https://webmaster.petalsearch.com/site/petalbot)"
114.119.138.33 - - [30/Jan/2026:01:10:07 -0500] "GET /filters?hd=false&ref=/uploads-by-user/24/month/ HTTP/1.1" 302 - "http://baretube.com/filters?hd=false&ref=/uploads-by-user/24/month/" "Mozilla/5.0 (Linux; Android 7.0;) AppleWebKit/537.36 (KHTML, like Gecko) Mobile Safari/537.36 (compatible; PetalBot;+https://webmaster.petalsearch.com/site/petalbot)"
114.119.138.33 - - [30/Jan/2026:01:10:07 -0500] "GET /filters?hd=false&ref=/uploads-by-user/24/month/ HTTP/1.1" 302 - "http://baretube.com/filters?hd=false&ref=/uploads-by-user/24/month/" "Mozilla/5.0 (Linux; Android 7.0;) AppleWebKit/537.36 (KHTML, like Gecko) Mobile Safari/537.36 (compatible; PetalBot;+https://webmaster.petalsearch.com/site/petalbot)"
114.119.138.33 - - [30/Jan/2026:01:10:08 -0500] "GET /filters?hd=false&ref=/uploads-by-user/24/month/ HTTP/1.1" 302 - "http://baretube.com/filters?hd=false&ref=/uploads-by-user/24/month/" "Mozilla/5.0 (Linux; Android 7.0;) AppleWebKit/537.36 (KHTML, like Gecko) Mobile Safari/537.36 (compatible; PetalBot;+https://webmaster.petalsearch.com/site/petalbot)"
114.119.138.33 - - [30/Jan/2026:01:10:08 -0500] "GET /filters?hd=false&ref=/uploads-by-user/24/month/ HTTP/1.1" 302 - "http://baretube.com/filters?hd=false&ref=/uploads-by-user/24/month/" "Mozilla/5.0 (Linux; Android 7.0;) AppleWebKit/537.36 (KHTML, like Gecko) Mobile Safari/537.36 (compatible; PetalBot;+https://webmaster.petalsearch.com/site/petalbot)"
114.119.131.11 - - [30/Jan/2026:01:11:12 -0500] "GET /filters?hd=false&ref=/models/h/ HTTP/1.1" 302 - "http://baretube.com/models/h/" "Mozilla/5.0 (Linux; Android 7.0;) AppleWebKit/537.36 (KHTML, like Gecko) Mobile Safari/537.36 (compatible; PetalBot;+https://webmaster.petalsearch.com/site/petalbot)"
114.119.131.11 - - [30/Jan/2026:01:11:12 -0500] "GET /models/h/ HTTP/1.1" 200 38310 "http://baretube.com/models/h/" "Mozilla/5.0 (Linux; Android 7.0;) AppleWebKit/537.36 (KHTML, like Gecko) Mobile Safari/537.36 (compatible; PetalBot;+https://webmaster.petalsearch.com/site/petalbot)"
44.240.198.84 - - [30/Jan/2026:01:11:42 -0500] "GET /user/barebackedfrederick-8/ HTTP/1.1" 200 54847 "-" "expo-research-bot"
35.81.127.163 - - [30/Jan/2026:01:11:43 -0500] "GET /templates/default_tube2018/fonts/fontello/fontello.woff HTTP/1.1" 200 436816 "http://www.baretube.com/templates/default_tube2018/css/styles.css" "expo-research-bot"
5.102.173.71 - - [30/Jan/2026:01:12:06 -0500] "GET /robots.txt HTTP/1.1" 200 243 "-" "Mozilla/5.0 (compatible; MojeekBot/0.11; +https://www.mojeek.com/bot.html)"
5.102.173.71 - - [30/Jan/2026:01:12:07 -0500] "GET /search/hard-cock/page5.html HTTP/1.1" 200 36947 "-" "Mozilla/5.0 (compatible; MojeekBot/0.11; +https://www.mojeek.com/bot.html)"
187.49.163.228 - - [30/Jan/2026:01:14:06 -0500] "GET /filters?hd=true&ref=%2Fchannels%2F18%2Finterracial-dildos-toys%2F HTTP/1.1" 302 - "-" "Mozilla/5.0 (Windows NT 10.0; WOW64) AppleWebKit/537.36 (KHTML, like Gecko) Chrome/86.0.4240.198 Safari/537.36"
187.49.163.228 - - [30/Jan/2026:01:14:07 -0500] "GET / HTTP/1.1" 200 142843 "-" "Mozilla/5.0 (Windows NT 10.0; WOW64) AppleWebKit/537.36 (KHTML, like Gecko) Chrome/86.0.4240.198 Safari/537.36"
184.94.156.53 - - [30/Jan/2026:01:15:03 -0500] "GET / HTTP/1.1" 200 140591 "-" "curl/7.29.0"
43.173.178.164 - - [30/Jan/2026:01:15:41 -0500] "GET /filters?hd=true&ref=/search/gay-jerkoff/newest/ HTTP/1.1" 302 - "-" "Mozilla/5.0 (Windows NT 10.0; Win64; x64) AppleWebKit/537.36 (KHTML, like Gecko) Chrome/133.0.0.0 Safari/537.36"
43.173.178.164 - - [30/Jan/2026:01:15:42 -0500] "GET / HTTP/1.1" 200 140591 "http://www.baretube.com/filters?hd=true&ref=/search/gay-jerkoff/newest/" "Mozilla/5.0 (Windows NT 10.0; Win64; x64) AppleWebKit/537.36 (KHTML, like Gecko) Chrome/133.0.0.0 Safari/537.36"
