173.252.95.10 - - [27/Jan/2026:10:38:48 -0500] "GET /www/delivery/afr.php?zoneid=1&cb=INSERT_RANDOM_NUMBER_HERE HTTP/1.1" 200 1190 "http://www.xxxdads.com/" "Mozilla/5.0 (X11; Linux x86_64) AppleWebKit/537.36 (KHTML, like Gecko) Chrome/144.0.0.0 Safari/537.36"
173.252.95.10 - - [27/Jan/2026:10:38:48 -0500] "GET /www/images/8d12616584b03f11c16da85093c22360.jpg HTTP/1.1" 200 27726 "http://11.sureads.com/www/delivery/afr.php?zoneid=1&cb=INSERT_RANDOM_NUMBER_HERE" "Mozilla/5.0 (X11; Linux x86_64) AppleWebKit/537.36 (KHTML, like Gecko) Chrome/144.0.0.0 Safari/537.36"
173.252.95.7 - - [27/Jan/2026:10:38:48 -0500] "GET /www/delivery/afr.php?zoneid=1&cb=INSERT_RANDOM_NUMBER_HERE HTTP/1.1" 200 1125 "http://www.xxxdads.com/" "Mozilla/5.0 (X11; Linux x86_64) AppleWebKit/537.36 (KHTML, like Gecko) Chrome/144.0.0.0 Safari/537.36"
173.252.95.10 - - [27/Jan/2026:10:38:48 -0500] "GET /www/images/0b02df5579ff08c437f62dc6733ffff9.jpg HTTP/1.1" 200 26918 "http://11.sureads.com/www/delivery/afr.php?zoneid=1&cb=INSERT_RANDOM_NUMBER_HERE" "Mozilla/5.0 (X11; Linux x86_64) AppleWebKit/537.36 (KHTML, like Gecko) Chrome/144.0.0.0 Safari/537.36"
173.252.95.7 - - [27/Jan/2026:10:38:48 -0500] "GET /www/delivery/lg.php?bannerid=120&campaignid=3&zoneid=1&loc=http%3A%2F%2Fwww.xxxdads.com%2F&cb=4edbd69580 HTTP/1.1" 200 43 "http://11.sureads.com/www/delivery/afr.php?zoneid=1&cb=INSERT_RANDOM_NUMBER_HERE" "Mozilla/5.0 (X11; Linux x86_64) AppleWebKit/537.36 (KHTML, like Gecko) Chrome/144.0.0.0 Safari/537.36"
173.252.95.114 - - [27/Jan/2026:10:38:48 -0500] "GET /www/delivery/lg.php?bannerid=19&campaignid=3&zoneid=1&loc=http%3A%2F%2Fwww.xxxdads.com%2F&cb=374bd0b258 HTTP/1.1" 200 43 "http://11.sureads.com/www/delivery/afr.php?zoneid=1&cb=INSERT_RANDOM_NUMBER_HERE" "Mozilla/5.0 (X11; Linux x86_64) AppleWebKit/537.36 (KHTML, like Gecko) Chrome/144.0.0.0 Safari/537.36"
69.171.230.29 - - [27/Jan/2026:10:39:23 -0500] "GET /www/images/8d12616584b03f11c16da85093c22360.jpg HTTP/1.1" 200 27726 "-" "facebookexternalhit/1.1 (+http://www.facebook.com/externalhit_uatext.php)"
185.117.225.188 - - [27/Jan/2026:11:07:17 -0500] "GET /www/delivery/afr.php?zoneid=1&cb=INSERT_RANDOM_NUMBER_HERE HTTP/1.1" 200 1126 "http://www.gayidate.com/" "Mozilla/5.0 AppleWebKit/537.36 (KHTML, like Gecko) Chrome/123.0.6312.86 Safari/537.36 BitSightBot/1.0"
185.117.225.188 - - [27/Jan/2026:11:07:17 -0500] "GET /www/delivery/afr.php?zoneid=1&cb=INSERT_RANDOM_NUMBER_HERE HTTP/1.1" 200 1126 "http://www.gayidate.com/" "Mozilla/5.0 AppleWebKit/537.36 (KHTML, like Gecko) Chrome/123.0.6312.86 Safari/537.36 BitSightBot/1.0"
185.117.225.188 - - [27/Jan/2026:11:07:17 -0500] "GET /www/images/0b02df5579ff08c437f62dc6733ffff9.jpg HTTP/1.1" 200 26918 "http://11.sureads.com/www/delivery/afr.php?zoneid=1&cb=INSERT_RANDOM_NUMBER_HERE" "Mozilla/5.0 AppleWebKit/537.36 (KHTML, like Gecko) Chrome/123.0.6312.86 Safari/537.36 BitSightBot/1.0"
185.117.225.188 - - [27/Jan/2026:11:07:17 -0500] "GET /www/images/5ee3017ceb8500314ee7e473856c21da.jpg HTTP/1.1" 200 19171 "http://11.sureads.com/www/delivery/afr.php?zoneid=1&cb=INSERT_RANDOM_NUMBER_HERE" "Mozilla/5.0 AppleWebKit/537.36 (KHTML, like Gecko) Chrome/123.0.6312.86 Safari/537.36 BitSightBot/1.0"
185.117.225.188 - - [27/Jan/2026:11:07:17 -0500] "GET /www/delivery/lg.php?bannerid=120&campaignid=3&zoneid=1&loc=http%3A%2F%2Fwww.gayidate.com%2F&cb=89c1820f33 HTTP/1.1" 200 43 "http://11.sureads.com/www/delivery/afr.php?zoneid=1&cb=INSERT_RANDOM_NUMBER_HERE" "Mozilla/5.0 AppleWebKit/537.36 (KHTML, like Gecko) Chrome/123.0.6312.86 Safari/537.36 BitSightBot/1.0"
185.117.225.188 - - [27/Jan/2026:11:07:17 -0500] "GET /www/delivery/lg.php?bannerid=118&campaignid=3&zoneid=1&loc=http%3A%2F%2Fwww.gayidate.com%2F&cb=d8865780be HTTP/1.1" 200 43 "http://11.sureads.com/www/delivery/afr.php?zoneid=1&cb=INSERT_RANDOM_NUMBER_HERE" "Mozilla/5.0 AppleWebKit/537.36 (KHTML, like Gecko) Chrome/123.0.6312.86 Safari/537.36 BitSightBot/1.0"
110.235.163.251 - - [27/Jan/2026:11:13:19 -0500] "GET /www/delivery/afr.php?zoneid=1&cb=INSERT_RANDOM_NUMBER_HERE HTTP/1.1" 200 1190 "http://www.hunkytube.com/" "Mozilla/5.0 (iPhone; CPU iPhone OS 18_7 like Mac OS X) AppleWebKit/605.1.15 (KHTML, like Gecko) Version/26.1 Mobile/15E148 Safari/604.1"
110.235.163.251 - - [27/Jan/2026:11:13:19 -0500] "GET /www/delivery/afr.php?zoneid=1&cb=INSERT_RANDOM_NUMBER_HERE HTTP/1.1" 200 1190 "http://www.hunkytube.com/" "Mozilla/5.0 (iPhone; CPU iPhone OS 18_7 like Mac OS X) AppleWebKit/605.1.15 (KHTML, like Gecko) Version/26.1 Mobile/15E148 Safari/604.1"
110.235.163.251 - - [27/Jan/2026:11:13:19 -0500] "GET /www/images/dbb5c2b59d5ef4728950610971d1a12e.jpg HTTP/1.1" 200 119629 "http://11.sureads.com/" "Mozilla/5.0 (iPhone; CPU iPhone OS 18_7 like Mac OS X) AppleWebKit/605.1.15 (KHTML, like Gecko) Version/26.1 Mobile/15E148 Safari/604.1"
110.235.163.251 - - [27/Jan/2026:11:13:19 -0500] "GET /www/delivery/lg.php?bannerid=9&campaignid=3&zoneid=1&loc=http%3A%2F%2Fwww.hunkytube.com%2F&cb=70d5ed2fb4 HTTP/1.1" 200 43 "http://11.sureads.com/" "Mozilla/5.0 (iPhone; CPU iPhone OS 18_7 like Mac OS X) AppleWebKit/605.1.15 (KHTML, like Gecko) Version/26.1 Mobile/15E148 Safari/604.1"
110.235.163.251 - - [27/Jan/2026:11:13:20 -0500] "GET /www/delivery/lg.php?bannerid=9&campaignid=3&zoneid=1&loc=http%3A%2F%2Fwww.hunkytube.com%2F&cb=84ed18241c HTTP/1.1" 200 43 "http://11.sureads.com/" "Mozilla/5.0 (iPhone; CPU iPhone OS 18_7 like Mac OS X) AppleWebKit/605.1.15 (KHTML, like Gecko) Version/26.1 Mobile/15E148 Safari/604.1"
110.235.163.251 - - [27/Jan/2026:11:13:32 -0500] "GET /www/delivery/afr.php?zoneid=1&cb=INSERT_RANDOM_NUMBER_HERE HTTP/1.1" 200 1192 "http://www.hunkytube.com/" "Mozilla/5.0 (iPhone; CPU iPhone OS 18_7 like Mac OS X) AppleWebKit/605.1.15 (KHTML, like Gecko) Version/26.1 Mobile/15E148 Safari/604.1"
110.235.163.251 - - [27/Jan/2026:11:13:32 -0500] "GET /www/images/8d12616584b03f11c16da85093c22360.jpg HTTP/1.1" 200 27726 "http://11.sureads.com/" "Mozilla/5.0 (iPhone; CPU iPhone OS 18_7 like Mac OS X) AppleWebKit/605.1.15 (KHTML, like Gecko) Version/26.1 Mobile/15E148 Safari/604.1"
110.235.163.251 - - [27/Jan/2026:11:13:32 -0500] "GET /www/delivery/afr.php?zoneid=1&cb=INSERT_RANDOM_NUMBER_HERE HTTP/1.1" 200 1153 "http://www.hunkytube.com/" "Mozilla/5.0 (iPhone; CPU iPhone OS 18_7 like Mac OS X) AppleWebKit/605.1.15 (KHTML, like Gecko) Version/26.1 Mobile/15E148 Safari/604.1"
110.235.163.251 - - [27/Jan/2026:11:13:32 -0500] "GET /www/delivery/lg.php?bannerid=19&campaignid=3&zoneid=1&loc=http%3A%2F%2Fwww.hunkytube.com%2F&cb=c50afab3f0 HTTP/1.1" 200 43 "http://11.sureads.com/" "Mozilla/5.0 (iPhone; CPU iPhone OS 18_7 like Mac OS X) AppleWebKit/605.1.15 (KHTML, like Gecko) Version/26.1 Mobile/15E148 Safari/604.1"
110.235.163.251 - - [27/Jan/2026:11:13:33 -0500] "GET /www/images/94a4c9172bfd9385886a8936d19b0e14.gif HTTP/1.1" 200 236536 "http://11.sureads.com/" "Mozilla/5.0 (iPhone; CPU iPhone OS 18_7 like Mac OS X) AppleWebKit/605.1.15 (KHTML, like Gecko) Version/26.1 Mobile/15E148 Safari/604.1"
110.235.163.251 - - [27/Jan/2026:11:13:33 -0500] "GET /www/delivery/lg.php?bannerid=82&campaignid=3&zoneid=1&loc=http%3A%2F%2Fwww.hunkytube.com%2F&cb=55162f6960 HTTP/1.1" 200 43 "http://11.sureads.com/" "Mozilla/5.0 (iPhone; CPU iPhone OS 18_7 like Mac OS X) AppleWebKit/605.1.15 (KHTML, like Gecko) Version/26.1 Mobile/15E148 Safari/604.1"
43.173.178.137 - - [27/Jan/2026:11:18:39 -0500] "GET /www/delivery/ajs.php?zoneid=6&cb=33476634560&charset=UTF-8&loc=http%3A//www.hotvidstv.com/ HTTP/1.1" 200 921 "http://www.hotvidstv.com/" "Mozilla/5.0 (Windows NT 10.0; Win64; x64) AppleWebKit/537.36 (KHTML, like Gecko) Chrome/116.0.0.0 Safari/537.36"
43.173.175.104 - - [27/Jan/2026:11:18:40 -0500] "GET /www/delivery/ajs.php?zoneid=6&cb=87409794974&charset=UTF-8&loc=http%3A//www.hotvidstv.com/ HTTP/1.1" 200 875 "http://www.hotvidstv.com/" "Mozilla/5.0 (Windows NT 10.0; Win64; x64) AppleWebKit/537.36 (KHTML, like Gecko) Chrome/116.0.0.0 Safari/537.36"
130.43.209.248 - - [27/Jan/2026:11:30:31 -0500] "GET /www/delivery/afr.php?zoneid=1&cb=INSERT_RANDOM_NUMBER_HERE HTTP/1.1" 200 1126 "http://www.fotoseks.com/" "Mozilla/5.0 (iPhone; CPU iPhone OS 26_2_0 like Mac OS X) AppleWebKit/605.1.15 (KHTML, like Gecko) GSA/404.0.856692123 Mobile/15E148 Safari/604.1"
130.43.209.248 - - [27/Jan/2026:11:30:31 -0500] "GET /www/delivery/afr.php?zoneid=1&cb=INSERT_RANDOM_NUMBER_HERE HTTP/1.1" 200 1191 "http://www.fotoseks.com/" "Mozilla/5.0 (iPhone; CPU iPhone OS 26_2_0 like Mac OS X) AppleWebKit/605.1.15 (KHTML, like Gecko) GSA/404.0.856692123 Mobile/15E148 Safari/604.1"
130.43.209.248 - - [27/Jan/2026:11:30:33 -0500] "GET /www/images/8b0053f40c406375edcbb37ac2ff8701.gif HTTP/1.1" 200 180633 "http://11.sureads.com/" "Mozilla/5.0 (iPhone; CPU iPhone OS 26_2_0 like Mac OS X) AppleWebKit/605.1.15 (KHTML, like Gecko) GSA/404.0.856692123 Mobile/15E148 Safari/604.1"
130.43.209.248 - - [27/Jan/2026:11:30:33 -0500] "GET /www/delivery/lg.php?bannerid=127&campaignid=3&zoneid=1&loc=http%3A%2F%2Fwww.fotoseks.com%2F&cb=bcf0279d35 HTTP/1.1" 200 43 "http://11.sureads.com/" "Mozilla/5.0 (iPhone; CPU iPhone OS 26_2_0 like Mac OS X) AppleWebKit/605.1.15 (KHTML, like Gecko) GSA/404.0.856692123 Mobile/15E148 Safari/604.1"
130.43.209.248 - - [27/Jan/2026:11:30:34 -0500] "GET /www/images/8d12616584b03f11c16da85093c22360.jpg HTTP/1.1" 200 27726 "http://11.sureads.com/" "Mozilla/5.0 (iPhone; CPU iPhone OS 26_2_0 like Mac OS X) AppleWebKit/605.1.15 (KHTML, like Gecko) GSA/404.0.856692123 Mobile/15E148 Safari/604.1"
130.43.209.248 - - [27/Jan/2026:11:30:34 -0500] "GET /www/delivery/lg.php?bannerid=19&campaignid=3&zoneid=1&loc=http%3A%2F%2Fwww.fotoseks.com%2F&cb=d50ecbc836 HTTP/1.1" 200 43 "http://11.sureads.com/" "Mozilla/5.0 (iPhone; CPU iPhone OS 26_2_0 like Mac OS X) AppleWebKit/605.1.15 (KHTML, like Gecko) GSA/404.0.856692123 Mobile/15E148 Safari/604.1"
201.77.15.152 - - [27/Jan/2026:11:41:17 -0500] "GET /www/delivery/afr.php?zoneid=1&cb=INSERT_RANDOM_NUMBER_HERE HTTP/1.1" 200 1192 "http://www.hunkytube.com/" "Mozilla/5.0 (Linux; Android 10; K) AppleWebKit/537.36 (KHTML, like Gecko) Chrome/144.0.0.0 Mobile Safari/537.36"
201.77.15.152 - - [27/Jan/2026:11:41:18 -0500] "GET /www/delivery/afr.php?zoneid=1&cb=INSERT_RANDOM_NUMBER_HERE HTTP/1.1" 200 1127 "http://www.hunkytube.com/" "Mozilla/5.0 (Linux; Android 10; K) AppleWebKit/537.36 (KHTML, like Gecko) Chrome/144.0.0.0 Mobile Safari/537.36"
201.77.15.152 - - [27/Jan/2026:11:41:18 -0500] "GET /www/images/8d12616584b03f11c16da85093c22360.jpg HTTP/1.1" 200 27726 "http://11.sureads.com/www/delivery/afr.php?zoneid=1&cb=INSERT_RANDOM_NUMBER_HERE" "Mozilla/5.0 (Linux; Android 10; K) AppleWebKit/537.36 (KHTML, like Gecko) Chrome/144.0.0.0 Mobile Safari/537.36"
201.77.15.152 - - [27/Jan/2026:11:41:18 -0500] "GET /www/delivery/lg.php?bannerid=19&campaignid=3&zoneid=1&loc=http%3A%2F%2Fwww.hunkytube.com%2F&cb=3490df482b HTTP/1.1" 200 43 "http://11.sureads.com/www/delivery/afr.php?zoneid=1&cb=INSERT_RANDOM_NUMBER_HERE" "Mozilla/5.0 (Linux; Android 10; K) AppleWebKit/537.36 (KHTML, like Gecko) Chrome/144.0.0.0 Mobile Safari/537.36"
201.77.15.152 - - [27/Jan/2026:11:41:18 -0500] "GET /www/images/8b0053f40c406375edcbb37ac2ff8701.gif HTTP/1.1" 200 180633 "http://11.sureads.com/www/delivery/afr.php?zoneid=1&cb=INSERT_RANDOM_NUMBER_HERE" "Mozilla/5.0 (Linux; Android 10; K) AppleWebKit/537.36 (KHTML, like Gecko) Chrome/144.0.0.0 Mobile Safari/537.36"
201.77.15.152 - - [27/Jan/2026:11:41:18 -0500] "GET /www/delivery/lg.php?bannerid=127&campaignid=3&zoneid=1&loc=http%3A%2F%2Fwww.hunkytube.com%2F&cb=b1a5fe1f1b HTTP/1.1" 200 43 "http://11.sureads.com/www/delivery/afr.php?zoneid=1&cb=INSERT_RANDOM_NUMBER_HERE" "Mozilla/5.0 (Linux; Android 10; K) AppleWebKit/537.36 (KHTML, like Gecko) Chrome/144.0.0.0 Mobile Safari/537.36"
201.77.15.152 - - [27/Jan/2026:11:41:32 -0500] "GET /www/delivery/afr.php?zoneid=1&cb=INSERT_RANDOM_NUMBER_HERE HTTP/1.1" 200 1153 "http://www.hunkytube.com/" "Mozilla/5.0 (Linux; Android 10; K) AppleWebKit/537.36 (KHTML, like Gecko) Chrome/144.0.0.0 Mobile Safari/537.36"
1.192.195.11 - - [27/Jan/2026:11:43:53 -0500] "GET /www/delivery/afr.php?zoneid=1&cb=INSERT_RANDOM_NUMBER_HERE HTTP/1.1" 200 1194 "http://www.studreviews.com/" "Mozilla/5.0 (Macintosh; Intel Mac OS X 10_7_0) AppleWebKit/535.11 (KHTML, like Gecko) Chrome/17.0.963.56 Safari/535.11"
1.192.195.5 - - [27/Jan/2026:11:43:55 -0500] "GET /www/delivery/afr.php?zoneid=1&cb=INSERT_RANDOM_NUMBER_HERE HTTP/1.1" 200 1129 "http://www.studreviews.com/" "Mozilla/5.0 (Macintosh; Intel Mac OS X 10_7_0) AppleWebKit/535.11 (KHTML, like Gecko) Chrome/17.0.963.56 Safari/535.11"
172.171.97.153 - - [27/Jan/2026:11:54:43 -0500] "GET /www/delivery/ajs.php?zoneid=6&cb=49057803322&charset=UTF-8&loc=http%3A//www.bangoffice.com/index.php/couple-having-sex/sexy-hot-couple-cam.html HTTP/1.1" 200 978 "http://www.bangoffice.com/" "Mozilla/5.0 (X11; Linux x86_64) AppleWebKit/537.36 (KHTML, like Gecko) HeadlessChrome/144.0.0.0 Safari/537.36"
172.171.97.153 - - [27/Jan/2026:11:54:43 -0500] "GET /www/images/080353b399b425706758f1f7de2ed95f.gif HTTP/1.1" 200 207625 "http://www.bangoffice.com/" "Mozilla/5.0 (X11; Linux x86_64) AppleWebKit/537.36 (KHTML, like Gecko) HeadlessChrome/144.0.0.0 Safari/537.36"
4.154.210.108 - - [27/Jan/2026:11:54:43 -0500] "GET /www/delivery/lg.php?bannerid=109&campaignid=8&zoneid=6&loc=http%3A%2F%2Fwww.bangoffice.com%2Findex.php%2Fcouple-having-sex%2Fsexy-hot-couple-cam.html&cb=52b155424b HTTP/1.1" 200 43 "http://www.bangoffice.com/" "Mozilla/5.0 (X11; Linux x86_64) AppleWebKit/537.36 (KHTML, like Gecko) HeadlessChrome/144.0.0.0 Safari/537.36"
172.171.100.19 - - [27/Jan/2026:11:54:43 -0500] "GET /www/delivery/ajs.php?zoneid=6&cb=12575905779&charset=UTF-8&loc=http%3A//www.bangoffice.com/index.php/couple-having-sex/sexy-hot-couple-cam.html HTTP/1.1" 200 994 "http://www.bangoffice.com/" "Mozilla/5.0 (X11; Linux x86_64) AppleWebKit/537.36 (KHTML, like Gecko) HeadlessChrome/144.0.0.0 Safari/537.36"
172.171.100.19 - - [27/Jan/2026:11:54:44 -0500] "GET /www/images/4a774894370b7ba9cef800681dc37d9a.gif HTTP/1.1" 200 62143 "http://www.bangoffice.com/" "Mozilla/5.0 (X11; Linux x86_64) AppleWebKit/537.36 (KHTML, like Gecko) HeadlessChrome/144.0.0.0 Safari/537.36"
4.154.210.108 - - [27/Jan/2026:11:54:44 -0500] "GET /www/delivery/lg.php?bannerid=132&campaignid=8&zoneid=6&loc=http%3A%2F%2Fwww.bangoffice.com%2Findex.php%2Fcouple-having-sex%2Fsexy-hot-couple-cam.html&cb=e8b0b0f47d HTTP/1.1" 200 43 "http://www.bangoffice.com/" "Mozilla/5.0 (X11; Linux x86_64) AppleWebKit/537.36 (KHTML, like Gecko) HeadlessChrome/144.0.0.0 Safari/537.36"
103.131.71.178 - - [27/Jan/2026:12:00:58 -0500] "GET /robots.txt HTTP/1.1" 200 384 "-" "Mozilla/5.0 (compatible; coccocbot-web/1.0; +http://help.coccoc.com/searchengine)"
88.102.151.130 - - [27/Jan/2026:12:11:09 -0500] "GET /www/delivery/afr.php?zoneid=1&cb=INSERT_RANDOM_NUMBER_HERE HTTP/1.1" 200 1125 "http://www.gaytubo.com/" "Mozilla/5.0 (Linux; Android 10; K) AppleWebKit/537.36 (KHTML, like Gecko) Chrome/144.0.0.0 Mobile Safari/537.36"
88.102.151.130 - - [27/Jan/2026:12:11:09 -0500] "GET /www/delivery/afr.php?zoneid=1&cb=INSERT_RANDOM_NUMBER_HERE HTTP/1.1" 200 1190 "http://www.gaytubo.com/" "Mozilla/5.0 (Linux; Android 10; K) AppleWebKit/537.36 (KHTML, like Gecko) Chrome/144.0.0.0 Mobile Safari/537.36"
88.102.151.130 - - [27/Jan/2026:12:11:09 -0500] "GET /www/images/5ee3017ceb8500314ee7e473856c21da.jpg HTTP/1.1" 200 19171 "http://11.sureads.com/www/delivery/afr.php?zoneid=1&cb=INSERT_RANDOM_NUMBER_HERE" "Mozilla/5.0 (Linux; Android 10; K) AppleWebKit/537.36 (KHTML, like Gecko) Chrome/144.0.0.0 Mobile Safari/537.36"
205.169.39.6 - - [27/Jan/2026:12:11:43 -0500] "GET /www/delivery/ajs.php?zoneid=6&cb=55007847648&charset=UTF-8&loc=http%3A//www.kmasutra.com/ HTTP/1.1" 200 920 "http://www.kmasutra.com/" "Mozilla/5.0 (Windows NT 10.0; Win64; x64) AppleWebKit/537.36 (KHTML, like Gecko) Chrome/117.0.5938.132 Safari/537.36"
205.169.39.6 - - [27/Jan/2026:12:11:43 -0500] "GET /www/images/2ecd2bf6a3bb589ba03578c72e0e7e2d.gif HTTP/1.1" 200 381741 "http://www.kmasutra.com/" "Mozilla/5.0 (Windows NT 10.0; Win64; x64) AppleWebKit/537.36 (KHTML, like Gecko) Chrome/117.0.5938.132 Safari/537.36"
205.169.39.6 - - [27/Jan/2026:12:11:43 -0500] "GET /www/delivery/ajs.php?zoneid=6&cb=14134879260&charset=UTF-8&loc=http%3A//www.kmasutra.com/ HTTP/1.1" 200 920 "http://www.kmasutra.com/" "Mozilla/5.0 (Windows NT 10.0; Win64; x64) AppleWebKit/537.36 (KHTML, like Gecko) Chrome/117.0.5938.132 Safari/537.36"
205.169.39.6 - - [27/Jan/2026:12:11:43 -0500] "GET /www/delivery/lg.php?bannerid=112&campaignid=8&zoneid=6&loc=http%3A%2F%2Fwww.kmasutra.com%2F&cb=432a14822c HTTP/1.1" 200 43 "http://www.kmasutra.com/" "Mozilla/5.0 (Windows NT 10.0; Win64; x64) AppleWebKit/537.36 (KHTML, like Gecko) Chrome/117.0.5938.132 Safari/537.36"
205.169.39.6 - - [27/Jan/2026:12:11:44 -0500] "GET /www/images/080353b399b425706758f1f7de2ed95f.gif HTTP/1.1" 200 207625 "http://www.kmasutra.com/" "Mozilla/5.0 (Windows NT 10.0; Win64; x64) AppleWebKit/537.36 (KHTML, like Gecko) Chrome/117.0.5938.132 Safari/537.36"
205.169.39.6 - - [27/Jan/2026:12:11:44 -0500] "GET /www/delivery/lg.php?bannerid=109&campaignid=8&zoneid=6&loc=http%3A%2F%2Fwww.kmasutra.com%2F&cb=fe21dcad6a HTTP/1.1" 200 43 "http://www.kmasutra.com/" "Mozilla/5.0 (Windows NT 10.0; Win64; x64) AppleWebKit/537.36 (KHTML, like Gecko) Chrome/117.0.5938.132 Safari/537.36"
217.113.196.190 - - [27/Jan/2026:12:11:53 -0500] "GET /robots.txt HTTP/1.1" 200 384 "-" "Mozilla/5.0 (compatible; IbouBot/1.0; +bot@ibou.io; +https://ibou.io/iboubot.html)"
173.252.127.20 - - [27/Jan/2026:12:12:06 -0500] "GET /www/delivery/afr.php?zoneid=1&cb=INSERT_RANDOM_NUMBER_HERE HTTP/1.1" 200 1194 "http://www.discreetmen.com/" "Mozilla/5.0 (X11; Linux x86_64) AppleWebKit/537.36 (KHTML, like Gecko) Chrome/144.0.0.0 Safari/537.36"
173.252.127.20 - - [27/Jan/2026:12:12:06 -0500] "GET /www/images/8d12616584b03f11c16da85093c22360.jpg HTTP/1.1" 200 27726 "http://11.sureads.com/www/delivery/afr.php?zoneid=1&cb=INSERT_RANDOM_NUMBER_HERE" "Mozilla/5.0 (X11; Linux x86_64) AppleWebKit/537.36 (KHTML, like Gecko) Chrome/144.0.0.0 Safari/537.36"
173.252.127.5 - - [27/Jan/2026:12:12:07 -0500] "GET /www/delivery/afr.php?zoneid=1&cb=INSERT_RANDOM_NUMBER_HERE HTTP/1.1" 200 1194 "http://www.discreetmen.com/" "Mozilla/5.0 (X11; Linux x86_64) AppleWebKit/537.36 (KHTML, like Gecko) Chrome/144.0.0.0 Safari/537.36"
173.252.127.21 - - [27/Jan/2026:12:12:07 -0500] "GET /www/delivery/lg.php?bannerid=19&campaignid=3&zoneid=1&loc=http%3A%2F%2Fwww.discreetmen.com%2F&cb=8b8b524a2e HTTP/1.1" 200 43 "http://11.sureads.com/www/delivery/afr.php?zoneid=1&cb=INSERT_RANDOM_NUMBER_HERE" "Mozilla/5.0 (X11; Linux x86_64) AppleWebKit/537.36 (KHTML, like Gecko) Chrome/144.0.0.0 Safari/537.36"
173.252.127.5 - - [27/Jan/2026:12:12:07 -0500] "GET /www/delivery/lg.php?bannerid=19&campaignid=3&zoneid=1&loc=http%3A%2F%2Fwww.discreetmen.com%2F&cb=7f256df805 HTTP/1.1" 200 43 "http://11.sureads.com/www/delivery/afr.php?zoneid=1&cb=INSERT_RANDOM_NUMBER_HERE" "Mozilla/5.0 (X11; Linux x86_64) AppleWebKit/537.36 (KHTML, like Gecko) Chrome/144.0.0.0 Safari/537.36"
213.113.48.9 - - [27/Jan/2026:12:24:16 -0500] "GET /www/delivery/afr.php?zoneid=1&cb=INSERT_RANDOM_NUMBER_HERE HTTP/1.1" 200 1126 "http://www.yayotube.com/" "Mozilla/5.0 (iPhone; CPU iPhone OS 18_7 like Mac OS X) AppleWebKit/605.1.15 (KHTML, like Gecko) Version/26.2 Mobile/15E148 Safari/604.1"
213.113.48.9 - - [27/Jan/2026:12:24:16 -0500] "GET /www/delivery/afr.php?zoneid=1&cb=INSERT_RANDOM_NUMBER_HERE HTTP/1.1" 200 1126 "http://www.yayotube.com/" "Mozilla/5.0 (iPhone; CPU iPhone OS 18_7 like Mac OS X) AppleWebKit/605.1.15 (KHTML, like Gecko) Version/26.2 Mobile/15E148 Safari/604.1"
213.113.48.9 - - [27/Jan/2026:12:24:16 -0500] "GET /www/images/8b0053f40c406375edcbb37ac2ff8701.gif HTTP/1.1" 200 180633 "http://11.sureads.com/" "Mozilla/5.0 (iPhone; CPU iPhone OS 18_7 like Mac OS X) AppleWebKit/605.1.15 (KHTML, like Gecko) Version/26.2 Mobile/15E148 Safari/604.1"
213.113.48.9 - - [27/Jan/2026:12:24:17 -0500] "GET /www/delivery/lg.php?bannerid=127&campaignid=3&zoneid=1&loc=http%3A%2F%2Fwww.yayotube.com%2F&cb=1c7b3e24d9 HTTP/1.1" 200 43 "http://11.sureads.com/" "Mozilla/5.0 (iPhone; CPU iPhone OS 18_7 like Mac OS X) AppleWebKit/605.1.15 (KHTML, like Gecko) Version/26.2 Mobile/15E148 Safari/604.1"
213.113.48.9 - - [27/Jan/2026:12:24:17 -0500] "GET /www/delivery/lg.php?bannerid=127&campaignid=3&zoneid=1&loc=http%3A%2F%2Fwww.yayotube.com%2F&cb=a79eb45825 HTTP/1.1" 200 43 "http://11.sureads.com/" "Mozilla/5.0 (iPhone; CPU iPhone OS 18_7 like Mac OS X) AppleWebKit/605.1.15 (KHTML, like Gecko) Version/26.2 Mobile/15E148 Safari/604.1"
213.113.48.9 - - [27/Jan/2026:12:24:21 -0500] "GET /www/delivery/afr.php?zoneid=1&cb=INSERT_RANDOM_NUMBER_HERE HTTP/1.1" 200 1153 "http://www.nachotube.com/" "Mozilla/5.0 (iPhone; CPU iPhone OS 18_7 like Mac OS X) AppleWebKit/605.1.15 (KHTML, like Gecko) Version/26.2 Mobile/15E148 Safari/604.1"
213.113.48.9 - - [27/Jan/2026:12:24:21 -0500] "GET /www/delivery/afr.php?zoneid=1&cb=INSERT_RANDOM_NUMBER_HERE HTTP/1.1" 200 1190 "http://www.nachotube.com/" "Mozilla/5.0 (iPhone; CPU iPhone OS 18_7 like Mac OS X) AppleWebKit/605.1.15 (KHTML, like Gecko) Version/26.2 Mobile/15E148 Safari/604.1"
213.113.48.9 - - [27/Jan/2026:12:24:21 -0500] "GET /www/images/94a4c9172bfd9385886a8936d19b0e14.gif HTTP/1.1" 200 236536 "http://11.sureads.com/" "Mozilla/5.0 (iPhone; CPU iPhone OS 18_7 like Mac OS X) AppleWebKit/605.1.15 (KHTML, like Gecko) Version/26.2 Mobile/15E148 Safari/604.1"
213.113.48.9 - - [27/Jan/2026:12:24:22 -0500] "GET /www/delivery/lg.php?bannerid=82&campaignid=3&zoneid=1&loc=http%3A%2F%2Fwww.nachotube.com%2F&cb=0be0d22964 HTTP/1.1" 200 43 "http://11.sureads.com/" "Mozilla/5.0 (iPhone; CPU iPhone OS 18_7 like Mac OS X) AppleWebKit/605.1.15 (KHTML, like Gecko) Version/26.2 Mobile/15E148 Safari/604.1"
213.113.48.9 - - [27/Jan/2026:12:24:22 -0500] "GET /www/images/dbb5c2b59d5ef4728950610971d1a12e.jpg HTTP/1.1" 200 119629 "http://11.sureads.com/" "Mozilla/5.0 (iPhone; CPU iPhone OS 18_7 like Mac OS X) AppleWebKit/605.1.15 (KHTML, like Gecko) Version/26.2 Mobile/15E148 Safari/604.1"
213.113.48.9 - - [27/Jan/2026:12:24:22 -0500] "GET /www/delivery/lg.php?bannerid=9&campaignid=3&zoneid=1&loc=http%3A%2F%2Fwww.nachotube.com%2F&cb=a527a4878f HTTP/1.1" 200 43 "http://11.sureads.com/" "Mozilla/5.0 (iPhone; CPU iPhone OS 18_7 like Mac OS X) AppleWebKit/605.1.15 (KHTML, like Gecko) Version/26.2 Mobile/15E148 Safari/604.1"
173.208.207.210 - - [27/Jan/2026:12:27:07 -0500] "GET /www/delivery/ajs.php?zoneid=6&cb=1255220251&charset=UTF-8&loc=http%3A//www.bangoffice.com/index.php/young-couple-sex/straight-porn.html&referer=https%3A//www.google.com/ HTTP/1.1" 200 1015 "http://www.bangoffice.com/" "Mozilla/5.0 (iPhone; CPU iPhone OS 26_3_0 like Mac OS X) AppleWebKit/605.1.15 (KHTML, like Gecko) GSA/404.0.856692123 Mobile/15E148 Safari/604.1"
173.208.207.210 - - [27/Jan/2026:12:27:07 -0500] "GET /www/images/2ecd2bf6a3bb589ba03578c72e0e7e2d.gif HTTP/1.1" 200 381741 "http://www.bangoffice.com/" "Mozilla/5.0 (iPhone; CPU iPhone OS 26_3_0 like Mac OS X) AppleWebKit/605.1.15 (KHTML, like Gecko) GSA/404.0.856692123 Mobile/15E148 Safari/604.1"
173.208.207.210 - - [27/Jan/2026:12:27:07 -0500] "GET /www/delivery/ajs.php?zoneid=6&cb=13822174435&charset=UTF-8&loc=http%3A//www.bangoffice.com/index.php/young-couple-sex/straight-porn.html&referer=https%3A//www.google.com/ HTTP/1.1" 200 1031 "http://www.bangoffice.com/" "Mozilla/5.0 (iPhone; CPU iPhone OS 26_3_0 like Mac OS X) AppleWebKit/605.1.15 (KHTML, like Gecko) GSA/404.0.856692123 Mobile/15E148 Safari/604.1"
173.208.207.210 - - [27/Jan/2026:12:27:07 -0500] "GET /www/delivery/lg.php?bannerid=112&campaignid=8&zoneid=6&loc=http%3A%2F%2Fwww.bangoffice.com%2Findex.php%2Fyoung-couple-sex%2Fstraight-porn.html&referer=https%3A%2F%2Fwww.google.com%2F&cb=5927af3c10 HTTP/1.1" 200 43 "http://www.bangoffice.com/" "Mozilla/5.0 (iPhone; CPU iPhone OS 26_3_0 like Mac OS X) AppleWebKit/605.1.15 (KHTML, like Gecko) GSA/404.0.856692123 Mobile/15E148 Safari/604.1"
173.208.207.210 - - [27/Jan/2026:12:27:07 -0500] "GET /www/images/4a774894370b7ba9cef800681dc37d9a.gif HTTP/1.1" 200 62143 "http://www.bangoffice.com/" "Mozilla/5.0 (iPhone; CPU iPhone OS 26_3_0 like Mac OS X) AppleWebKit/605.1.15 (KHTML, like Gecko) GSA/404.0.856692123 Mobile/15E148 Safari/604.1"
173.208.207.210 - - [27/Jan/2026:12:27:08 -0500] "GET /www/delivery/lg.php?bannerid=132&campaignid=8&zoneid=6&loc=http%3A%2F%2Fwww.bangoffice.com%2Findex.php%2Fyoung-couple-sex%2Fstraight-porn.html&referer=https%3A%2F%2Fwww.google.com%2F&cb=3b2457dda6 HTTP/1.1" 200 43 "http://www.bangoffice.com/" "Mozilla/5.0 (iPhone; CPU iPhone OS 26_3_0 like Mac OS X) AppleWebKit/605.1.15 (KHTML, like Gecko) GSA/404.0.856692123 Mobile/15E148 Safari/604.1"
66.11.247.29 - - [27/Jan/2026:12:32:13 -0500] "GET /www/delivery/ajs.php?zoneid=6&cb=37998866980&charset=UTF-8&loc=http%3A//www.kmasutra.com/index.php/kama-sutra-video/kama-sutra-sex-positions-photos.html HTTP/1.1" 200 1001 "http://www.kmasutra.com/" "Mozilla/5.0 (Macintosh; Intel Mac OS X 10_15_7) AppleWebKit/605.1.15 (KHTML, like Gecko) Version/18.6 Safari/605.1.15"
66.11.247.29 - - [27/Jan/2026:12:32:13 -0500] "GET /www/images/8306ca0bb8c3f7ad26f6d47579145d7d.gif HTTP/1.1" 200 150229 "http://www.kmasutra.com/" "Mozilla/5.0 (Macintosh; Intel Mac OS X 10_15_7) AppleWebKit/605.1.15 (KHTML, like Gecko) Version/18.6 Safari/605.1.15"
66.11.247.29 - - [27/Jan/2026:12:32:13 -0500] "GET /www/delivery/lg.php?bannerid=107&campaignid=8&zoneid=6&loc=http%3A%2F%2Fwww.kmasutra.com%2Findex.php%2Fkama-sutra-video%2Fkama-sutra-sex-positions-photos.html&cb=c2a448b95c HTTP/1.1" 200 43 "http://www.kmasutra.com/" "Mozilla/5.0 (Macintosh; Intel Mac OS X 10_15_7) AppleWebKit/605.1.15 (KHTML, like Gecko) Version/18.6 Safari/605.1.15"
66.11.247.29 - - [27/Jan/2026:12:32:13 -0500] "GET /www/delivery/ajs.php?zoneid=6&cb=69201700474&charset=UTF-8&loc=http%3A//www.kmasutra.com/index.php/kama-sutra-video/kama-sutra-sex-positions-photos.html HTTP/1.1" 200 941 "http://www.kmasutra.com/" "Mozilla/5.0 (Macintosh; Intel Mac OS X 10_15_7) AppleWebKit/605.1.15 (KHTML, like Gecko) Version/18.6 Safari/605.1.15"
66.11.247.29 - - [27/Jan/2026:12:32:13 -0500] "GET /www/images/478a3a2340a9c892383084f985b1393f.gif HTTP/1.1" 200 39308 "http://www.kmasutra.com/" "Mozilla/5.0 (Macintosh; Intel Mac OS X 10_15_7) AppleWebKit/605.1.15 (KHTML, like Gecko) Version/18.6 Safari/605.1.15"
66.11.247.29 - - [27/Jan/2026:12:32:13 -0500] "GET /www/delivery/lg.php?bannerid=66&campaignid=8&zoneid=6&loc=http%3A%2F%2Fwww.kmasutra.com%2Findex.php%2Fkama-sutra-video%2Fkama-sutra-sex-positions-photos.html&cb=111b5c507b HTTP/1.1" 200 43 "http://www.kmasutra.com/" "Mozilla/5.0 (Macintosh; Intel Mac OS X 10_15_7) AppleWebKit/605.1.15 (KHTML, like Gecko) Version/18.6 Safari/605.1.15"
14.0.43.202 - - [27/Jan/2026:12:37:42 -0500] "GET /www/delivery/afr.php?zoneid=1&cb=INSERT_RANDOM_NUMBER_HERE HTTP/1.1" 200 1126 "http://www.pooftube.com/" "Mozilla/5.0 (Linux; Android 11; V2111A) AppleWebKit/537.36 (KHTML, like Gecko) Chrome/131.0.6778.200 Mobile Safari/537.36 VivoBrowser/27.5.3.0"
112.96.203.166 - - [27/Jan/2026:12:37:42 -0500] "GET /www/images/0b02df5579ff08c437f62dc6733ffff9.jpg HTTP/1.1" 200 26918 "http://11.sureads.com/www/delivery/afr.php?zoneid=1&cb=INSERT_RANDOM_NUMBER_HERE" "Mozilla/5.0 (Linux; Android 11; V2111A) AppleWebKit/537.36 (KHTML, like Gecko) Chrome/131.0.6778.200 Mobile Safari/537.36 VivoBrowser/27.5.3.0"
14.0.43.202 - - [27/Jan/2026:12:37:42 -0500] "GET /www/delivery/afr.php?zoneid=1&cb=INSERT_RANDOM_NUMBER_HERE HTTP/1.1" 200 1189 "http://www.pooftube.com/" "Mozilla/5.0 (Linux; Android 11; V2111A) AppleWebKit/537.36 (KHTML, like Gecko) Chrome/131.0.6778.200 Mobile Safari/537.36 VivoBrowser/27.5.3.0"
112.96.203.166 - - [27/Jan/2026:12:37:42 -0500] "GET /www/delivery/lg.php?bannerid=120&campaignid=3&zoneid=1&loc=http%3A%2F%2Fwww.pooftube.com%2F&cb=669f8fb6fa HTTP/1.1" 200 43 "http://11.sureads.com/www/delivery/afr.php?zoneid=1&cb=INSERT_RANDOM_NUMBER_HERE" "Mozilla/5.0 (Linux; Android 11; V2111A) AppleWebKit/537.36 (KHTML, like Gecko) Chrome/131.0.6778.200 Mobile Safari/537.36 VivoBrowser/27.5.3.0"
112.96.203.166 - - [27/Jan/2026:12:37:42 -0500] "GET /www/images/dbb5c2b59d5ef4728950610971d1a12e.jpg HTTP/1.1" 200 119629 "http://11.sureads.com/www/delivery/afr.php?zoneid=1&cb=INSERT_RANDOM_NUMBER_HERE" "Mozilla/5.0 (Linux; Android 11; V2111A) AppleWebKit/537.36 (KHTML, like Gecko) Chrome/131.0.6778.200 Mobile Safari/537.36 VivoBrowser/27.5.3.0"
112.96.203.166 - - [27/Jan/2026:12:37:42 -0500] "GET /www/delivery/lg.php?bannerid=9&campaignid=3&zoneid=1&loc=http%3A%2F%2Fwww.pooftube.com%2F&cb=e4b2b5a4b1 HTTP/1.1" 200 43 "http://11.sureads.com/www/delivery/afr.php?zoneid=1&cb=INSERT_RANDOM_NUMBER_HERE" "Mozilla/5.0 (Linux; Android 11; V2111A) AppleWebKit/537.36 (KHTML, like Gecko) Chrome/131.0.6778.200 Mobile Safari/537.36 VivoBrowser/27.5.3.0"
14.0.43.202 - - [27/Jan/2026:12:37:57 -0500] "GET /www/delivery/afr.php?zoneid=1&cb=INSERT_RANDOM_NUMBER_HERE HTTP/1.1" 200 1189 "http://www.pooftube.com/" "Mozilla/5.0 (Linux; Android 11; V2111A) AppleWebKit/537.36 (KHTML, like Gecko) Chrome/131.0.6778.200 Mobile Safari/537.36 VivoBrowser/27.5.3.0"
112.96.203.166 - - [27/Jan/2026:12:37:57 -0500] "GET /www/delivery/lg.php?bannerid=9&campaignid=3&zoneid=1&loc=http%3A%2F%2Fwww.pooftube.com%2F&cb=249e53ac38 HTTP/1.1" 200 43 "http://11.sureads.com/www/delivery/afr.php?zoneid=1&cb=INSERT_RANDOM_NUMBER_HERE" "Mozilla/5.0 (Linux; Android 11; V2111A) AppleWebKit/537.36 (KHTML, like Gecko) Chrome/131.0.6778.200 Mobile Safari/537.36 VivoBrowser/27.5.3.0"
14.0.43.202 - - [27/Jan/2026:12:37:57 -0500] "GET /www/delivery/afr.php?zoneid=1&cb=INSERT_RANDOM_NUMBER_HERE HTTP/1.1" 200 1189 "http://www.pooftube.com/" "Mozilla/5.0 (Linux; Android 11; V2111A) AppleWebKit/537.36 (KHTML, like Gecko) Chrome/131.0.6778.200 Mobile Safari/537.36 VivoBrowser/27.5.3.0"
112.96.203.166 - - [27/Jan/2026:12:37:57 -0500] "GET /www/delivery/lg.php?bannerid=9&campaignid=3&zoneid=1&loc=http%3A%2F%2Fwww.pooftube.com%2F&cb=790cf47842 HTTP/1.1" 200 43 "http://11.sureads.com/www/delivery/afr.php?zoneid=1&cb=INSERT_RANDOM_NUMBER_HERE" "Mozilla/5.0 (Linux; Android 11; V2111A) AppleWebKit/537.36 (KHTML, like Gecko) Chrome/131.0.6778.200 Mobile Safari/537.36 VivoBrowser/27.5.3.0"
27.115.124.118 - - [27/Jan/2026:12:38:14 -0500] "GET /www/delivery/afr.php?zoneid=1&cb=INSERT_RANDOM_NUMBER_HERE HTTP/1.1" 200 1126 "http://www.pooftube.com/" "Mozilla/5.0 (Linux; Android 10; HUAWEI P30 Pro) AppleWebKit/537.36 (KHTML, like Gecko) Chrome/89.0.4389.105 Mobile Safari/537.36"
27.115.124.6 - - [27/Jan/2026:12:38:14 -0500] "GET /www/delivery/afr.php?zoneid=1&cb=INSERT_RANDOM_NUMBER_HERE HTTP/1.1" 200 1191 "http://www.pooftube.com/" "Mozilla/5.0 (Linux; Android 10; HUAWEI P30 Pro) AppleWebKit/537.36 (KHTML, like Gecko) Chrome/89.0.4389.105 Mobile Safari/537.36"
27.115.124.118 - - [27/Jan/2026:12:38:14 -0500] "GET /www/images/5ee3017ceb8500314ee7e473856c21da.jpg HTTP/1.1" 200 19171 "http://11.sureads.com/www/delivery/afr.php?zoneid=1&cb=INSERT_RANDOM_NUMBER_HERE" "Mozilla/5.0 (Linux; Android 10; HUAWEI P30 Pro) AppleWebKit/537.36 (KHTML, like Gecko) Chrome/89.0.4389.105 Mobile Safari/537.36"
27.115.124.38 - - [27/Jan/2026:12:38:14 -0500] "GET /www/delivery/lg.php?bannerid=118&campaignid=3&zoneid=1&loc=http%3A%2F%2Fwww.pooftube.com%2F&cb=62b3f7adb1 HTTP/1.1" 200 43 "http://11.sureads.com/www/delivery/afr.php?zoneid=1&cb=INSERT_RANDOM_NUMBER_HERE" "Mozilla/5.0 (Linux; Android 10; HUAWEI P30 Pro) AppleWebKit/537.36 (KHTML, like Gecko) Chrome/89.0.4389.105 Mobile Safari/537.36"
27.115.124.6 - - [27/Jan/2026:12:38:15 -0500] "GET /www/images/8d12616584b03f11c16da85093c22360.jpg HTTP/1.1" 200 27726 "http://11.sureads.com/www/delivery/afr.php?zoneid=1&cb=INSERT_RANDOM_NUMBER_HERE" "Mozilla/5.0 (Linux; Android 10; HUAWEI P30 Pro) AppleWebKit/537.36 (KHTML, like Gecko) Chrome/89.0.4389.105 Mobile Safari/537.36"
27.115.124.101 - - [27/Jan/2026:12:38:15 -0500] "GET /www/delivery/lg.php?bannerid=19&campaignid=3&zoneid=1&loc=http%3A%2F%2Fwww.pooftube.com%2F&cb=d4100c334e HTTP/1.1" 200 43 "http://11.sureads.com/www/delivery/afr.php?zoneid=1&cb=INSERT_RANDOM_NUMBER_HERE" "Mozilla/5.0 (Linux; Android 10; HUAWEI P30 Pro) AppleWebKit/537.36 (KHTML, like Gecko) Chrome/89.0.4389.105 Mobile Safari/537.36"
27.115.124.6 - - [27/Jan/2026:12:38:15 -0500] "GET /www/delivery/afr.php?zoneid=1&cb=INSERT_RANDOM_NUMBER_HERE HTTP/1.1" 200 1191 "http://www.pooftube.com/" "Mozilla/5.0 (Linux; Android 10; HUAWEI P30 Pro) AppleWebKit/537.36 (KHTML, like Gecko) Chrome/89.0.4389.105 Mobile Safari/537.36"
27.115.124.53 - - [27/Jan/2026:12:38:15 -0500] "GET /www/delivery/afr.php?zoneid=1&cb=INSERT_RANDOM_NUMBER_HERE HTTP/1.1" 200 1126 "http://www.pooftube.com/" "Mozilla/5.0 (Linux; Android 10; HUAWEI P30 Pro) AppleWebKit/537.36 (KHTML, like Gecko) Chrome/89.0.4389.105 Mobile Safari/537.36"
14.0.43.202 - - [27/Jan/2026:12:38:15 -0500] "GET /www/delivery/afr.php?zoneid=1&cb=INSERT_RANDOM_NUMBER_HERE HTTP/1.1" 200 1189 "http://www.pooftube.com/" "Mozilla/5.0 (Linux; Android 11; V2111A) AppleWebKit/537.36 (KHTML, like Gecko) Chrome/131.0.6778.200 Mobile Safari/537.36 VivoBrowser/27.5.3.0"
14.0.43.202 - - [27/Jan/2026:12:38:16 -0500] "GET /www/delivery/afr.php?zoneid=1&cb=INSERT_RANDOM_NUMBER_HERE HTTP/1.1" 200 1152 "http://www.pooftube.com/" "Mozilla/5.0 (Linux; Android 11; V2111A) AppleWebKit/537.36 (KHTML, like Gecko) Chrome/131.0.6778.200 Mobile Safari/537.36 VivoBrowser/27.5.3.0"
112.96.203.166 - - [27/Jan/2026:12:38:16 -0500] "GET /www/delivery/lg.php?bannerid=9&campaignid=3&zoneid=1&loc=http%3A%2F%2Fwww.pooftube.com%2F&cb=f0d2fafe84 HTTP/1.1" 200 43 "http://11.sureads.com/www/delivery/afr.php?zoneid=1&cb=INSERT_RANDOM_NUMBER_HERE" "Mozilla/5.0 (Linux; Android 11; V2111A) AppleWebKit/537.36 (KHTML, like Gecko) Chrome/131.0.6778.200 Mobile Safari/537.36 VivoBrowser/27.5.3.0"
112.96.203.166 - - [27/Jan/2026:12:38:16 -0500] "GET /www/images/94a4c9172bfd9385886a8936d19b0e14.gif HTTP/1.1" 200 236536 "http://11.sureads.com/www/delivery/afr.php?zoneid=1&cb=INSERT_RANDOM_NUMBER_HERE" "Mozilla/5.0 (Linux; Android 11; V2111A) AppleWebKit/537.36 (KHTML, like Gecko) Chrome/131.0.6778.200 Mobile Safari/537.36 VivoBrowser/27.5.3.0"
112.96.203.166 - - [27/Jan/2026:12:38:17 -0500] "GET /www/delivery/lg.php?bannerid=82&campaignid=3&zoneid=1&loc=http%3A%2F%2Fwww.pooftube.com%2F&cb=17b3a502a9 HTTP/1.1" 200 43 "http://11.sureads.com/www/delivery/afr.php?zoneid=1&cb=INSERT_RANDOM_NUMBER_HERE" "Mozilla/5.0 (Linux; Android 11; V2111A) AppleWebKit/537.36 (KHTML, like Gecko) Chrome/131.0.6778.200 Mobile Safari/537.36 VivoBrowser/27.5.3.0"
27.115.124.45 - - [27/Jan/2026:12:38:19 -0500] "GET /favicon.ico HTTP/1.1" 404 273 "-" "Mozilla/5.0 (Windows NT 10.0; WOW64) AppleWebKit/537.36 (KHTML, like Gecko) Chrome/78.0.3904.108 Safari/537.36"
27.115.124.70 - - [27/Jan/2026:12:38:20 -0500] "GET /favicon.ico HTTP/1.1" 404 273 "-" "Mozilla/5.0 (Windows NT 10.0; WOW64) AppleWebKit/537.36 (KHTML, like Gecko) Chrome/78.0.3904.108 Safari/537.36"
27.115.124.101 - - [27/Jan/2026:12:38:21 -0500] "GET /favicon.ico HTTP/1.1" 404 273 "-" "Mozilla/5.0 (Windows NT 10.0; Win64; x64) AppleWebKit/537.36 (KHTML, like Gecko) Chrome/120.0.0.0 Safari/537.36"
27.115.124.6 - - [27/Jan/2026:12:38:22 -0500] "GET /www/delivery/afr.php?zoneid=1&cb=INSERT_RANDOM_NUMBER_HERE HTTP/1.1" 200 1085 "-" "Mozilla/5.0 (Linux; Android 11; V2055A) AppleWebKit/537.36 (KHTML, like Gecko) Chrome/91.0.4472.101 Mobile Safari/537.36"
27.115.124.6 - - [27/Jan/2026:12:38:22 -0500] "GET /www/images/0b02df5579ff08c437f62dc6733ffff9.jpg HTTP/1.1" 200 26918 "http://11.sureads.com/www/delivery/afr.php?zoneid=1&cb=INSERT_RANDOM_NUMBER_HERE" "Mozilla/5.0 (Linux; Android 11; V2055A) AppleWebKit/537.36 (KHTML, like Gecko) Chrome/91.0.4472.101 Mobile Safari/537.36"
27.115.124.101 - - [27/Jan/2026:12:38:22 -0500] "GET /www/delivery/lg.php?bannerid=120&campaignid=3&zoneid=1&cb=e6d19648ee HTTP/1.1" 200 43 "http://11.sureads.com/www/delivery/afr.php?zoneid=1&cb=INSERT_RANDOM_NUMBER_HERE" "Mozilla/5.0 (Linux; Android 11; V2055A) AppleWebKit/537.36 (KHTML, like Gecko) Chrome/91.0.4472.101 Mobile Safari/537.36"
14.0.43.202 - - [27/Jan/2026:12:38:24 -0500] "GET /www/delivery/ck.php?oaparams=2__bannerid=9__zoneid=1__cb=f0d2fafe84__oadest=http%3A%2F%2Fa.rawpapi.com%2Ftrack%2FMTk2NTY1OjI6OA%2F HTTP/1.1" 302 - "http://11.sureads.com/www/delivery/afr.php?zoneid=1&cb=INSERT_RANDOM_NUMBER_HERE" "Mozilla/5.0 (Linux; Android 11; V2111A) AppleWebKit/537.36 (KHTML, like Gecko) Chrome/131.0.6778.200 Mobile Safari/537.36 VivoBrowser/27.5.3.0"
27.115.124.6 - - [27/Jan/2026:12:38:26 -0500] "GET /favicon.ico HTTP/1.1" 404 273 "-" "Mozilla/5.0 (Windows NT 10.0; WOW64) AppleWebKit/537.36 (KHTML, like Gecko) Chrome/78.0.3904.108 Safari/537.36"
27.115.124.118 - - [27/Jan/2026:12:38:27 -0500] "GET /favicon.ico HTTP/1.1" 404 273 "-" "Mozilla/5.0 (Windows NT 10.0; WOW64) AppleWebKit/537.36 (KHTML, like Gecko) Chrome/78.0.3904.108 Safari/537.36"
27.115.124.70 - - [27/Jan/2026:12:38:27 -0500] "GET /favicon.ico HTTP/1.1" 404 273 "-" "Mozilla/5.0 (Windows NT 10.0; Win64; x64) AppleWebKit/537.36 (KHTML, like Gecko) Chrome/120.0.0.0 Safari/537.36"
27.115.124.6 - - [27/Jan/2026:12:38:41 -0500] "GET /www/delivery/ck.php HTTP/1.1" 302 - "-" "Mozilla/5.0 (Linux; U; Android 8.1.0; zh-cn; MI 8 Build/OPM1.171019.011) AppleWebKit/537.36 (KHTML, like Gecko) Version/4.0 Chrome/57.0.2987.108 Mobile Safari/537.36"
27.115.124.6 - - [27/Jan/2026:12:38:41 -0500] "GET /www/delivery/ck.php?ct=1& HTTP/1.1" 200 - "-" "Mozilla/5.0 (Linux; U; Android 8.1.0; zh-cn; MI 8 Build/OPM1.171019.011) AppleWebKit/537.36 (KHTML, like Gecko) Version/4.0 Chrome/57.0.2987.108 Mobile Safari/537.36"
27.115.124.38 - - [27/Jan/2026:12:38:45 -0500] "GET /favicon.ico HTTP/1.1" 404 273 "-" "Mozilla/5.0 (Windows NT 10.0; WOW64) AppleWebKit/537.36 (KHTML, like Gecko) Chrome/78.0.3904.108 Safari/537.36"
27.115.124.118 - - [27/Jan/2026:12:38:45 -0500] "GET /favicon.ico HTTP/1.1" 404 273 "-" "Mozilla/5.0 (Windows NT 10.0; WOW64) AppleWebKit/537.36 (KHTML, like Gecko) Chrome/78.0.3904.108 Safari/537.36"
27.115.124.53 - - [27/Jan/2026:12:38:46 -0500] "GET /favicon.ico HTTP/1.1" 404 273 "-" "Mozilla/5.0 (Windows NT 10.0; Win64; x64) AppleWebKit/537.36 (KHTML, like Gecko) Chrome/120.0.0.0 Safari/537.36"
14.0.43.202 - - [27/Jan/2026:12:39:47 -0500] "GET /www/delivery/afr.php?zoneid=1&cb=INSERT_RANDOM_NUMBER_HERE HTTP/1.1" 200 1152 "http://www.pooftube.com/" "Mozilla/5.0 (Linux; Android 11; V2111A) AppleWebKit/537.36 (KHTML, like Gecko) Chrome/131.0.6778.200 Mobile Safari/537.36 VivoBrowser/27.5.3.0"
14.0.43.202 - - [27/Jan/2026:12:39:47 -0500] "GET /www/delivery/afr.php?zoneid=1&cb=INSERT_RANDOM_NUMBER_HERE HTTP/1.1" 200 1126 "http://www.pooftube.com/" "Mozilla/5.0 (Linux; Android 11; V2111A) AppleWebKit/537.36 (KHTML, like Gecko) Chrome/131.0.6778.200 Mobile Safari/537.36 VivoBrowser/27.5.3.0"
112.96.203.166 - - [27/Jan/2026:12:39:47 -0500] "GET /www/delivery/lg.php?bannerid=82&campaignid=3&zoneid=1&loc=http%3A%2F%2Fwww.pooftube.com%2F&cb=b5c4fdf0ed HTTP/1.1" 200 43 "http://11.sureads.com/www/delivery/afr.php?zoneid=1&cb=INSERT_RANDOM_NUMBER_HERE" "Mozilla/5.0 (Linux; Android 11; V2111A) AppleWebKit/537.36 (KHTML, like Gecko) Chrome/131.0.6778.200 Mobile Safari/537.36 VivoBrowser/27.5.3.0"
112.96.203.166 - - [27/Jan/2026:12:39:48 -0500] "GET /www/images/5ee3017ceb8500314ee7e473856c21da.jpg HTTP/1.1" 200 19171 "http://11.sureads.com/www/delivery/afr.php?zoneid=1&cb=INSERT_RANDOM_NUMBER_HERE" "Mozilla/5.0 (Linux; Android 11; V2111A) AppleWebKit/537.36 (KHTML, like Gecko) Chrome/131.0.6778.200 Mobile Safari/537.36 VivoBrowser/27.5.3.0"
112.96.203.166 - - [27/Jan/2026:12:39:48 -0500] "GET /www/delivery/lg.php?bannerid=118&campaignid=3&zoneid=1&loc=http%3A%2F%2Fwww.pooftube.com%2F&cb=b18de612dc HTTP/1.1" 200 43 "http://11.sureads.com/www/delivery/afr.php?zoneid=1&cb=INSERT_RANDOM_NUMBER_HERE" "Mozilla/5.0 (Linux; Android 11; V2111A) AppleWebKit/537.36 (KHTML, like Gecko) Chrome/131.0.6778.200 Mobile Safari/537.36 VivoBrowser/27.5.3.0"
14.0.43.202 - - [27/Jan/2026:12:40:14 -0500] "GET /www/delivery/afr.php?zoneid=1&cb=INSERT_RANDOM_NUMBER_HERE HTTP/1.1" 200 1126 "http://www.pooftube.com/" "Mozilla/5.0 (Linux; Android 11; V2111A) AppleWebKit/537.36 (KHTML, like Gecko) Chrome/131.0.6778.200 Mobile Safari/537.36 VivoBrowser/27.5.3.0"
23.120.35.64 - - [27/Jan/2026:12:40:14 -0500] "GET /www/delivery/ajs.php?zoneid=6&cb=68055939462&charset=UTF-8&loc=http%3A//www.bigmilkers.com/index.php/busty-nude-babes/87.html&referer=https%3A//www.google.com/ HTTP/1.1" 200 1004 "http://www.bigmilkers.com/" "Mozilla/5.0 (Macintosh; Intel Mac OS X 10.15; rv:147.0) Gecko/20100101 Firefox/147.0"
14.0.43.202 - - [27/Jan/2026:12:40:14 -0500] "GET /www/delivery/afr.php?zoneid=1&cb=INSERT_RANDOM_NUMBER_HERE HTTP/1.1" 200 1126 "http://www.pooftube.com/" "Mozilla/5.0 (Linux; Android 11; V2111A) AppleWebKit/537.36 (KHTML, like Gecko) Chrome/131.0.6778.200 Mobile Safari/537.36 VivoBrowser/27.5.3.0"
112.96.203.166 - - [27/Jan/2026:12:40:14 -0500] "GET /www/images/8b0053f40c406375edcbb37ac2ff8701.gif HTTP/1.1" 200 180633 "http://11.sureads.com/www/delivery/afr.php?zoneid=1&cb=INSERT_RANDOM_NUMBER_HERE" "Mozilla/5.0 (Linux; Android 11; V2111A) AppleWebKit/537.36 (KHTML, like Gecko) Chrome/131.0.6778.200 Mobile Safari/537.36 VivoBrowser/27.5.3.0"
23.120.35.64 - - [27/Jan/2026:12:40:14 -0500] "GET /www/images/2ecd2bf6a3bb589ba03578c72e0e7e2d.gif HTTP/1.1" 200 381741 "http://www.bigmilkers.com/" "Mozilla/5.0 (Macintosh; Intel Mac OS X 10.15; rv:147.0) Gecko/20100101 Firefox/147.0"
23.120.35.64 - - [27/Jan/2026:12:40:14 -0500] "GET /www/delivery/ajs.php?zoneid=6&cb=7548131890&charset=UTF-8&loc=http%3A//www.bigmilkers.com/index.php/busty-nude-babes/87.html&referer=https%3A//www.google.com/ HTTP/1.1" 200 1004 "http://www.bigmilkers.com/" "Mozilla/5.0 (Macintosh; Intel Mac OS X 10.15; rv:147.0) Gecko/20100101 Firefox/147.0"
23.120.35.64 - - [27/Jan/2026:12:40:14 -0500] "GET /www/delivery/lg.php?bannerid=112&campaignid=8&zoneid=6&loc=http%3A%2F%2Fwww.bigmilkers.com%2Findex.php%2Fbusty-nude-babes%2F87.html&referer=https%3A%2F%2Fwww.google.com%2F&cb=b489a7a39f HTTP/1.1" 200 43 "http://www.bigmilkers.com/" "Mozilla/5.0 (Macintosh; Intel Mac OS X 10.15; rv:147.0) Gecko/20100101 Firefox/147.0"
23.120.35.64 - - [27/Jan/2026:12:40:14 -0500] "GET /www/delivery/lg.php?bannerid=112&campaignid=8&zoneid=6&loc=http%3A%2F%2Fwww.bigmilkers.com%2Findex.php%2Fbusty-nude-babes%2F87.html&referer=https%3A%2F%2Fwww.google.com%2F&cb=2e9f834967 HTTP/1.1" 200 43 "http://www.bigmilkers.com/" "Mozilla/5.0 (Macintosh; Intel Mac OS X 10.15; rv:147.0) Gecko/20100101 Firefox/147.0"
112.96.203.166 - - [27/Jan/2026:12:40:15 -0500] "GET /www/delivery/lg.php?bannerid=127&campaignid=3&zoneid=1&loc=http%3A%2F%2Fwww.pooftube.com%2F&cb=df00e66c2e HTTP/1.1" 200 43 "http://11.sureads.com/www/delivery/afr.php?zoneid=1&cb=INSERT_RANDOM_NUMBER_HERE" "Mozilla/5.0 (Linux; Android 11; V2111A) AppleWebKit/537.36 (KHTML, like Gecko) Chrome/131.0.6778.200 Mobile Safari/537.36 VivoBrowser/27.5.3.0"
112.96.203.166 - - [27/Jan/2026:12:40:15 -0500] "GET /www/delivery/lg.php?bannerid=127&campaignid=3&zoneid=1&loc=http%3A%2F%2Fwww.pooftube.com%2F&cb=784ef0f543 HTTP/1.1" 200 43 "http://11.sureads.com/www/delivery/afr.php?zoneid=1&cb=INSERT_RANDOM_NUMBER_HERE" "Mozilla/5.0 (Linux; Android 11; V2111A) AppleWebKit/537.36 (KHTML, like Gecko) Chrome/131.0.6778.200 Mobile Safari/537.36 VivoBrowser/27.5.3.0"
42.236.17.222 - - [27/Jan/2026:12:42:31 -0500] "GET /www/delivery/ajs.php?zoneid=6&cb=50945876385&charset=UTF-8&loc=http%3A//www.rawhomevideos.com/ HTTP/1.1" 200 941 "http://www.rawhomevideos.com/" "Mozilla/5.0 (Windows NT 10.0; Win64; x64) AppleWebKit/537.36 (KHTML, like Gecko) Chrome/140.0.0.0 Safari/537.36 Edg/140.0.0.0; 360Spider"
42.236.17.222 - - [27/Jan/2026:12:42:32 -0500] "GET /www/delivery/ajs.php?zoneid=6&cb=90701770973&charset=UTF-8&loc=http%3A//www.rawhomevideos.com/ HTTP/1.1" 200 925 "http://www.rawhomevideos.com/" "Mozilla/5.0 (Windows NT 10.0; Win64; x64) AppleWebKit/537.36 (KHTML, like Gecko) Chrome/140.0.0.0 Safari/537.36 Edg/140.0.0.0; 360Spider"
172.171.97.153 - - [27/Jan/2026:12:47:27 -0500] "GET /www/delivery/ajs.php?zoneid=11&cb=25742056282&charset=UTF-8&loc=http%3A//www.trannieheaven.com/index.php/tag/hotbrazilian HTTP/1.1" 200 810 "http://www.trannieheaven.com/" "Mozilla/5.0 (X11; Linux x86_64) AppleWebKit/537.36 (KHTML, like Gecko) HeadlessChrome/144.0.0.0 Safari/537.36"
172.171.97.153 - - [27/Jan/2026:12:47:28 -0500] "GET /www/images/1e41da2e4705a60867a83396e0f425e6.gif HTTP/1.1" 200 153721 "http://www.trannieheaven.com/" "Mozilla/5.0 (X11; Linux x86_64) AppleWebKit/537.36 (KHTML, like Gecko) HeadlessChrome/144.0.0.0 Safari/537.36"
172.171.97.153 - - [27/Jan/2026:12:47:28 -0500] "GET /www/delivery/ajs.php?zoneid=11&cb=66943739062&charset=UTF-8&loc=http%3A//www.trannieheaven.com/index.php/tag/hotbrazilian HTTP/1.1" 200 810 "http://www.trannieheaven.com/" "Mozilla/5.0 (X11; Linux x86_64) AppleWebKit/537.36 (KHTML, like Gecko) HeadlessChrome/144.0.0.0 Safari/537.36"
172.171.99.205 - - [27/Jan/2026:12:47:28 -0500] "GET /www/delivery/lg.php?bannerid=104&campaignid=4&zoneid=11&loc=http%3A%2F%2Fwww.trannieheaven.com%2Findex.php%2Ftag%2Fhotbrazilian&cb=a975b71767 HTTP/1.1" 200 43 "http://www.trannieheaven.com/" "Mozilla/5.0 (X11; Linux x86_64) AppleWebKit/537.36 (KHTML, like Gecko) HeadlessChrome/144.0.0.0 Safari/537.36"
172.171.99.205 - - [27/Jan/2026:12:47:28 -0500] "GET /www/delivery/lg.php?bannerid=104&campaignid=4&zoneid=11&loc=http%3A%2F%2Fwww.trannieheaven.com%2Findex.php%2Ftag%2Fhotbrazilian&cb=48a8fe6126 HTTP/1.1" 200 43 "http://www.trannieheaven.com/" "Mozilla/5.0 (X11; Linux x86_64) AppleWebKit/537.36 (KHTML, like Gecko) HeadlessChrome/144.0.0.0 Safari/537.36"
172.171.97.153 - - [27/Jan/2026:12:47:28 -0500] "GET /www/delivery/ajs.php?zoneid=11&cb=29395269903&charset=UTF-8&loc=http%3A//www.trannieheaven.com/index.php/tag/hotbrazilian HTTP/1.1" 200 797 "http://www.trannieheaven.com/" "Mozilla/5.0 (X11; Linux x86_64) AppleWebKit/537.36 (KHTML, like Gecko) HeadlessChrome/144.0.0.0 Safari/537.36"
172.171.97.153 - - [27/Jan/2026:12:47:28 -0500] "GET /www/images/fc7c89326146ca1bdfc4394c88e1cb60.gif HTTP/1.1" 200 70140 "http://www.trannieheaven.com/" "Mozilla/5.0 (X11; Linux x86_64) AppleWebKit/537.36 (KHTML, like Gecko) HeadlessChrome/144.0.0.0 Safari/537.36"
172.171.97.153 - - [27/Jan/2026:12:47:28 -0500] "GET /www/delivery/lg.php?bannerid=135&campaignid=12&zoneid=11&loc=http%3A%2F%2Fwww.trannieheaven.com%2Findex.php%2Ftag%2Fhotbrazilian&cb=f3b67f114f HTTP/1.1" 200 43 "http://www.trannieheaven.com/" "Mozilla/5.0 (X11; Linux x86_64) AppleWebKit/537.36 (KHTML, like Gecko) HeadlessChrome/144.0.0.0 Safari/537.36"
95.168.118.43 - - [27/Jan/2026:12:58:13 -0500] "GET /www/delivery/afr.php?zoneid=1&cb=INSERT_RANDOM_NUMBER_HERE HTTP/1.1" 200 1126 "http://www.fotoseks.com/" "Mozilla/5.0 (Linux; Android 10; K) AppleWebKit/537.36 (KHTML, like Gecko) Chrome/144.0.0.0 Mobile Safari/537.36"
95.168.118.43 - - [27/Jan/2026:12:58:13 -0500] "GET /www/images/5ee3017ceb8500314ee7e473856c21da.jpg HTTP/1.1" 200 19171 "http://11.sureads.com/www/delivery/afr.php?zoneid=1&cb=INSERT_RANDOM_NUMBER_HERE" "Mozilla/5.0 (Linux; Android 10; K) AppleWebKit/537.36 (KHTML, like Gecko) Chrome/144.0.0.0 Mobile Safari/537.36"
95.168.118.43 - - [27/Jan/2026:12:58:13 -0500] "GET /www/delivery/afr.php?zoneid=1&cb=INSERT_RANDOM_NUMBER_HERE HTTP/1.1" 200 1126 "http://www.fotoseks.com/" "Mozilla/5.0 (Linux; Android 10; K) AppleWebKit/537.36 (KHTML, like Gecko) Chrome/144.0.0.0 Mobile Safari/537.36"
95.168.118.43 - - [27/Jan/2026:12:58:14 -0500] "GET /www/delivery/lg.php?bannerid=118&campaignid=3&zoneid=1&loc=http%3A%2F%2Fwww.fotoseks.com%2F&cb=8436b555db HTTP/1.1" 200 43 "http://11.sureads.com/www/delivery/afr.php?zoneid=1&cb=INSERT_RANDOM_NUMBER_HERE" "Mozilla/5.0 (Linux; Android 10; K) AppleWebKit/537.36 (KHTML, like Gecko) Chrome/144.0.0.0 Mobile Safari/537.36"
95.168.118.43 - - [27/Jan/2026:12:58:14 -0500] "GET /www/images/0b02df5579ff08c437f62dc6733ffff9.jpg HTTP/1.1" 200 26918 "http://11.sureads.com/www/delivery/afr.php?zoneid=1&cb=INSERT_RANDOM_NUMBER_HERE" "Mozilla/5.0 (Linux; Android 10; K) AppleWebKit/537.36 (KHTML, like Gecko) Chrome/144.0.0.0 Mobile Safari/537.36"
95.168.118.43 - - [27/Jan/2026:12:58:14 -0500] "GET /www/delivery/lg.php?bannerid=120&campaignid=3&zoneid=1&loc=http%3A%2F%2Fwww.fotoseks.com%2F&cb=ddc088c074 HTTP/1.1" 200 43 "http://11.sureads.com/www/delivery/afr.php?zoneid=1&cb=INSERT_RANDOM_NUMBER_HERE" "Mozilla/5.0 (Linux; Android 10; K) AppleWebKit/537.36 (KHTML, like Gecko) Chrome/144.0.0.0 Mobile Safari/537.36"
106.206.139.35 - - [27/Jan/2026:13:02:44 -0500] "GET /www/delivery/afr.php?zoneid=1&cb=INSERT_RANDOM_NUMBER_HERE HTTP/1.1" 200 1190 "http://www.xxxdads.com/" "Mozilla/5.0 (Linux; Android 10; K) AppleWebKit/537.36 (KHTML, like Gecko) Chrome/144.0.0.0 Mobile Safari/537.36"
106.206.139.35 - - [27/Jan/2026:13:02:45 -0500] "GET /www/images/8d12616584b03f11c16da85093c22360.jpg HTTP/1.1" 200 27726 "http://11.sureads.com/www/delivery/afr.php?zoneid=1&cb=INSERT_RANDOM_NUMBER_HERE" "Mozilla/5.0 (Linux; Android 10; K) AppleWebKit/537.36 (KHTML, like Gecko) Chrome/144.0.0.0 Mobile Safari/537.36"
106.206.139.35 - - [27/Jan/2026:13:02:45 -0500] "GET /www/delivery/afr.php?zoneid=1&cb=INSERT_RANDOM_NUMBER_HERE HTTP/1.1" 200 1188 "http://www.xxxdads.com/" "Mozilla/5.0 (Linux; Android 10; K) AppleWebKit/537.36 (KHTML, like Gecko) Chrome/144.0.0.0 Mobile Safari/537.36"
